641
CDUS44 KAMA 102238
CLIAMA


CLIMATE REPORT
NATIONAL WEATHER SERVICE AMARILLO TX
437 PM CST WED FEB 10 2016


...................................

...THE AMARILLO CLIMATE SUMMARY FOR FEBRUARY 10 2016...
VALID TODAY AS OF 0400 PM LOCAL TIME.

CLIMATE NORMAL PERIOD 1981 TO 2010
CLIMATE RECORD PERIOD 1892 TO 2016


WEATHER ITEM   OBSERVED TIME   RECORD YEAR NORMAL DEPARTURE LAST
                VALUE   (LST)  VALUE       VALUE  FROM      YEAR
                                                  NORMAL
..................................................................
TEMPERATURE (F)
 TODAY
  MAXIMUM         79    340 PM  82    1962  53     26       72
  MINIMUM         28    426 AM  -6    2011  25      3       39
  AVERAGE         54                        39     15       56

PRECIPITATION (IN)
  TODAY            0.00          0.46 1898   0.02  -0.02     0.00
  MONTH TO DATE    0.11                      0.22  -0.11      T
  SINCE DEC 1      1.08                      1.65  -0.57     1.74
  SINCE JAN 1      0.30                      0.94  -0.64     1.61

SNOWFALL (IN)
  TODAY            0.0           3.5  1898   0.1   -0.1      0.0
  MONTH TO DATE    T                         1.4   -1.4       T
  SINCE DEC 1      7.6                       9.8   -2.2     14.5
  SINCE JUL 1      8.9                      12.5   -3.6     17.0
  SNOW DEPTH       0

DEGREE DAYS
 HEATING
  TODAY           11                        26    -15        9
  MONTH TO DATE  261                       265     -4      169
  SINCE DEC 1   1803                      2006   -203     1815
  SINCE JUL 1   2462                      2850   -388     2609

 COOLING
  TODAY            0                         0      0        0
  MONTH TO DATE    0                         0      0        0
  SINCE DEC 1      0                         0      0        0
  SINCE JAN 1      0                         0      0        0
..................................................................


WIND (MPH)
  RESULTANT WIND SPEED  12   RESULTANT WIND DIRECTION   W (250)
  HIGHEST WIND SPEED    24   HIGHEST WIND DIRECTION    SW (240)
  HIGHEST GUST SPEED    29   HIGHEST GUST DIRECTION     W (250)
  AVERAGE WIND SPEED    12.3


SKY COVER
  AVERAGE SKY COVER 0.0


WEATHER CONDITIONS
 THE FOLLOWING WEATHER WAS RECORDED TODAY.
  NO SIGNIFICANT WEATHER WAS OBSERVED.


RELATIVE HUMIDITY (PERCENT)
 HIGHEST    69           300 AM
 LOWEST      8           300 PM
 AVERAGE    39

..........................................................


THE AMARILLO CLIMATE NORMALS FOR TOMORROW
                         NORMAL    RECORD    YEAR
 MAXIMUM TEMPERATURE (F)   53        85      1962
 MINIMUM TEMPERATURE (F)   26       -12      1986
                                             1899


SUNRISE AND SUNSET
FEBRUARY 10 2016......SUNRISE   739 AM CST   SUNSET   624 PM CST
FEBRUARY 11 2016......SUNRISE   738 AM CST   SUNSET   625 PM CST


-  INDICATES NEGATIVE NUMBERS.
R  INDICATES RECORD WAS SET OR TIED.
MM INDICATES DATA IS MISSING.
T  INDICATES TRACE AMOUNT.




$$
