000
CDUS44 KAMA 222131
CLIAMA


CLIMATE REPORT
NATIONAL WEATHER SERVICE AMARILLO TX
430 PM CDT FRI MAY 22 2015


...................................

...THE AMARILLO CLIMATE SUMMARY FOR MAY 22 2015...
VALID TODAY AS OF 0400 PM LOCAL TIME.

CLIMATE NORMAL PERIOD 1981 TO 2010
CLIMATE RECORD PERIOD 1892 TO 2015


WEATHER ITEM   OBSERVED TIME   RECORD YEAR NORMAL DEPARTURE LAST
                VALUE   (LST)  VALUE       VALUE  FROM      YEAR
                                                  NORMAL
..................................................................
TEMPERATURE (F)
 TODAY
  MAXIMUM         65    325 PM 101    1996  81    -16       88
  MINIMUM         49    258 AM  37    1931  54     -5       57
  AVERAGE         57                        67    -10       73

PRECIPITATION (IN)
  TODAY            0.44          1.81 1908   0.09   0.35     1.21
  MONTH TO DATE    6.81                      1.41   5.40     1.42
  SINCE MAR 1      9.99                      4.20   5.79     2.19
  SINCE JAN 1     12.07                      5.48   6.59     2.58

SNOWFALL (IN)
  TODAY           MM             T    1991   0.0   MM        0.0
  MONTH TO DATE    0.0                       0.2   -0.2      0.0
  SINCE MAR 1      0.1                       3.8   -3.7      0.7
  SINCE JUL 1     23.9                      17.8    6.1     12.8
  SNOW DEPTH       0

DEGREE DAYS
 HEATING
  TODAY            8                         2      6        0
  MONTH TO DATE   93                        72     21       62
  SINCE MAR 1    721                       883   -162      867
  SINCE JUL 1   3846                      4160   -314     4220

 COOLING
  TODAY            0                         4     -4        8
  MONTH TO DATE   17                        57    -40      126
  SINCE MAR 1     39                        78    -39      157
  SINCE JAN 1     39                        78    -39      157
..................................................................


WIND (MPH)
  RESULTANT WIND SPEED  11   RESULTANT WIND DIRECTION  SE (150)
  HIGHEST WIND SPEED    23   HIGHEST WIND DIRECTION     E (90)
  HIGHEST GUST SPEED    27   HIGHEST GUST DIRECTION     E (90)
  AVERAGE WIND SPEED    11.1


SKY COVER
  AVERAGE SKY COVER 1.0


WEATHER CONDITIONS
 THE FOLLOWING WEATHER WAS RECORDED TODAY.
  THUNDERSTORM
  HEAVY RAIN
  RAIN
  LIGHT RAIN
  FOG


RELATIVE HUMIDITY (PERCENT)
 HIGHEST    96           800 AM
 LOWEST     72           300 PM
 AVERAGE    84

..........................................................


THE AMARILLO CLIMATE NORMALS FOR TOMORROW
                         NORMAL    RECORD    YEAR
 MAXIMUM TEMPERATURE (F)   81       102      2000
 MINIMUM TEMPERATURE (F)   54        39      1893


SUNRISE AND SUNSET
MAY 22 2015...........SUNRISE   638 AM CDT   SUNSET   849 PM CDT
MAY 23 2015...........SUNRISE   638 AM CDT   SUNSET   850 PM CDT


-  INDICATES NEGATIVE NUMBERS.
R  INDICATES RECORD WAS SET OR TIED.
MM INDICATES DATA IS MISSING.
T  INDICATES TRACE AMOUNT.




$$
