000
CDUS44 KAMA 240628
CLIAMA


CLIMATE REPORT
NATIONAL WEATHER SERVICE AMARILLO TX
128 AM CDT SUN SEP 24 2017


...................................

...THE AMARILLO CLIMATE SUMMARY FOR SEPTEMBER 23 2017...

CLIMATE NORMAL PERIOD 1981 TO 2010
CLIMATE RECORD PERIOD 1892 TO 2017


WEATHER ITEM   OBSERVED TIME   RECORD YEAR NORMAL DEPARTURE LAST
                VALUE   (LST)  VALUE       VALUE  FROM      YEAR
                                                  NORMAL
..................................................................
TEMPERATURE (F)
 YESTERDAY
  MAXIMUM         88    356 PM  97    1933  80      8       86
  MINIMUM         69    656 AM  38    1946  53     16       62
  AVERAGE         79                        67     12       74

PRECIPITATION (IN)
  YESTERDAY        0.36          1.64 1960   0.06   0.30     0.00
  MONTH TO DATE    0.50                      1.49  -0.99     0.82
  SINCE SEP 1      0.50                      1.49  -0.99     0.82
  SINCE JAN 1     21.38                     16.76   4.62    15.70

SNOWFALL (IN)
  YESTERDAY        0.0           0.0    MM   0.0    0.0      0.0
  MONTH TO DATE    0.0                       0.0    0.0      0.0
  SINCE SEP 1      0.0                       0.0    0.0      0.0
  SINCE JUL 1      T                         0.0    0.0       T
  SNOW DEPTH       0

DEGREE DAYS
 HEATING
  YESTERDAY        0                         2     -2        0
  MONTH TO DATE    2                        20    -18        1
  SINCE SEP 1      2                        20    -18        1
  SINCE JUL 1      2                        21    -19        1

 COOLING
  YESTERDAY       14                         4     10        9
  MONTH TO DATE  186                       156     30      200
  SINCE SEP 1    186                       156     30      200
  SINCE JAN 1   1433                      1348     85     1574
..................................................................


WIND (MPH)
  RESULTANT WIND SPEED  17   RESULTANT WIND DIRECTION   S (160)
  HIGHEST WIND SPEED    20   HIGHEST WIND DIRECTION     S (160)
  HIGHEST GUST SPEED    33   HIGHEST GUST DIRECTION     S (170)
  AVERAGE WIND SPEED    17.0


SKY COVER
  AVERAGE SKY COVER 0.0


WEATHER CONDITIONS
 THE FOLLOWING WEATHER WAS RECORDED YESTERDAY.
  NO SIGNIFICANT WEATHER WAS OBSERVED.


RELATIVE HUMIDITY (PERCENT)
 HIGHEST    76           100 AM
 LOWEST     68          1200 AM
 AVERAGE    72

..........................................................


THE AMARILLO CLIMATE NORMALS FOR TODAY
                         NORMAL    RECORD    YEAR
 MAXIMUM TEMPERATURE (F)   80        98      1998
 MINIMUM TEMPERATURE (F)   53        35      1989


SUNRISE AND SUNSET
SEPTEMBER 24 2017.....SUNRISE   736 AM CDT   SUNSET   740 PM CDT
SEPTEMBER 25 2017.....SUNRISE   737 AM CDT   SUNSET   739 PM CDT


-  INDICATES NEGATIVE NUMBERS.
R  INDICATES RECORD WAS SET OR TIED.
MM INDICATES DATA IS MISSING.
T  INDICATES TRACE AMOUNT.




$$
