000
CDUS44 KAMA 210729
CLIAMA


CLIMATE REPORT
NATIONAL WEATHER SERVICE AMARILLO TX
129 AM CST SAT JAN 21 2017


...................................

...THE AMARILLO CLIMATE SUMMARY FOR JANUARY 20 2017...

CLIMATE NORMAL PERIOD 1981 TO 2010
CLIMATE RECORD PERIOD 1892 TO 2017


WEATHER ITEM   OBSERVED TIME   RECORD YEAR NORMAL DEPARTURE LAST
                VALUE   (LST)  VALUE       VALUE  FROM      YEAR
                                                  NORMAL
..................................................................
TEMPERATURE (F)
 YESTERDAY
  MAXIMUM         59    353 PM  80    1986  51      8       64
  MINIMUM         40   1154 PM  -2    1984  23     17       24
  AVERAGE         50                        37     13       44

PRECIPITATION (IN)
  YESTERDAY        0.00          0.68 2007   0.03  -0.03     0.00
  MONTH TO DATE    2.74                      0.42   2.32     0.19
  SINCE DEC 1      3.01                      1.13   1.88     0.97
  SINCE JAN 1      2.74                      0.42   2.32     0.19

SNOWFALL (IN)
  YESTERDAY        0.0           8.2  2007   0.2   -0.2      0.0
  MONTH TO DATE    6.4                       2.6    3.8      1.4
  SINCE DEC 1      6.9                       6.3    0.6      7.6
  SINCE JUL 1      6.9                       9.0   -2.1      8.9
  SNOW DEPTH       0

DEGREE DAYS
 HEATING
  YESTERDAY       15                        28    -13       21
  MONTH TO DATE  531                       566    -35      586
  SINCE DEC 1   1357                      1439    -82     1321
  SINCE JUL 1   1822                      2283   -461     1980

 COOLING
  YESTERDAY        0                         0      0        0
  MONTH TO DATE    0                         0      0        0
  SINCE DEC 1      0                         0      0        0
  SINCE JAN 1      0                         0      0        0
..................................................................


WIND (MPH)
  RESULTANT WIND SPEED  24   RESULTANT WIND DIRECTION   W (250)
  HIGHEST WIND SPEED    43   HIGHEST WIND DIRECTION     W (250)
  HIGHEST GUST SPEED    54   HIGHEST GUST DIRECTION     W (250)
  AVERAGE WIND SPEED    24.1


SKY COVER
  AVERAGE SKY COVER 0.0


WEATHER CONDITIONS
 THE FOLLOWING WEATHER WAS RECORDED YESTERDAY.
  NO SIGNIFICANT WEATHER WAS OBSERVED.


RELATIVE HUMIDITY (PERCENT)
 HIGHEST    65           100 AM
 LOWEST     21           400 PM
 AVERAGE    43

..........................................................


THE AMARILLO CLIMATE NORMALS FOR TODAY
                         NORMAL    RECORD    YEAR
 MAXIMUM TEMPERATURE (F)   51        81      1950
 MINIMUM TEMPERATURE (F)   23        -2      1984
                                             1935


SUNRISE AND SUNSET
JANUARY 21 2017.......SUNRISE   753 AM CST   SUNSET   604 PM CST
JANUARY 22 2017.......SUNRISE   752 AM CST   SUNSET   605 PM CST


-  INDICATES NEGATIVE NUMBERS.
R  INDICATES RECORD WAS SET OR TIED.
MM INDICATES DATA IS MISSING.
T  INDICATES TRACE AMOUNT.




$$
