000
CDUS44 KAMA 051405
CLIAMA


CLIMATE REPORT
NATIONAL WEATHER SERVICE AMARILLO TX
905 AM CDT THU MAY 5 2016


...................................

...THE AMARILLO CLIMATE SUMMARY FOR MAY 5 2016...
VALID AS OF 0900 AM LOCAL TIME.

CLIMATE NORMAL PERIOD 1981 TO 2010
CLIMATE RECORD PERIOD 1892 TO 2016


WEATHER ITEM   OBSERVED TIME   RECORD YEAR NORMAL DEPARTURE LAST
                VALUE   (LST)  VALUE       VALUE  FROM      YEAR
                                                  NORMAL
..................................................................
TEMPERATURE (F)
 TODAY
  MINIMUM         46    517 AM  32    1917  48     -2       52

PRECIPITATION (IN)
  TODAY            0.00          1.02 2015   0.05  -0.05     1.02
  MONTH TO DATE    0.01                      0.25  -0.24     1.10
  SINCE MAR 1      3.61                      3.04   0.57     4.28
  SINCE JAN 1      4.30                      4.32  -0.02     6.36

SNOWFALL (IN)
  TODAY            0.0           T    2008   0.0    0.0      0.0
                                      1993
  MONTH TO DATE    0.0                       0.1   -0.1      0.0
  SINCE MAR 1      1.3                       3.7   -2.4      0.1
  SINCE JUL 1     13.4                      17.7   -4.3     23.9
  SNOW DEPTH       0

..................................................................


WIND (MPH)
  RESULTANT WIND SPEED   6   RESULTANT WIND DIRECTION   S (160)
  HIGHEST WIND SPEED    13   HIGHEST WIND DIRECTION     S (160)
  HIGHEST GUST SPEED    15   HIGHEST GUST DIRECTION     S (160)
  AVERAGE WIND SPEED     7.2


SKY COVER
  AVERAGE SKY COVER 0.0


WEATHER CONDITIONS
 THE FOLLOWING WEATHER WAS RECORDED TODAY.
  NO SIGNIFICANT WEATHER WAS OBSERVED.


RELATIVE HUMIDITY (PERCENT)
 HIGHEST    71           400 AM
 LOWEST     47           200 AM
 AVERAGE    59

..........................................................


THE AMARILLO CLIMATE NORMALS FOR TOMORROW
                         NORMAL    RECORD    YEAR
 MAXIMUM TEMPERATURE (F)   77        97      2000
 MINIMUM TEMPERATURE (F)   49        31      1917


SUNRISE AND SUNSET
MAY  5 2016...........SUNRISE   651 AM CDT   SUNSET   836 PM CDT
MAY  6 2016...........SUNRISE   650 AM CDT   SUNSET   837 PM CDT


-  INDICATES NEGATIVE NUMBERS.
R  INDICATES RECORD WAS SET OR TIED.
MM INDICATES DATA IS MISSING.
T  INDICATES TRACE AMOUNT.




$$
