000
CDUS44 KAMA 260630
CLIAMA


CLIMATE REPORT
NATIONAL WEATHER SERVICE AMARILLO TX
128 AM CDT FRI AUG 26 2016


...................................

...THE AMARILLO CLIMATE SUMMARY FOR AUGUST 25 2016...

CLIMATE NORMAL PERIOD 1981 TO 2010
CLIMATE RECORD PERIOD 1892 TO 2016


WEATHER ITEM   OBSERVED TIME   RECORD YEAR NORMAL DEPARTURE LAST
                VALUE   (LST)  VALUE       VALUE  FROM      YEAR
                                                  NORMAL
..................................................................
TEMPERATURE (F)
 YESTERDAY
  MAXIMUM         82    336 PM 102    1936  89     -7       90
  MINIMUM         60    713 AM  49    2010  63     -3       64
                                      1928
  AVERAGE         71                        76     -5       77

PRECIPITATION (IN)
  YESTERDAY        0.20          0.92 1906   0.08   0.12     0.00
  MONTH TO DATE    3.05                      2.45   0.60     3.66
  SINCE JUN 1      7.94                      8.45  -0.51    14.14
  SINCE JAN 1     13.83                     14.81  -0.98    28.69

SNOWFALL (IN)
  YESTERDAY        0.0           0.0    MM   0.0    0.0      0.0
  MONTH TO DATE    0.0                       0.0    0.0      0.0
  SINCE JUN 1      T                         0.0    0.0      0.0
  SINCE JUL 1      T                         0.0    0.0      0.0
  SNOW DEPTH       0

DEGREE DAYS
 HEATING
  YESTERDAY        0                         0      0        0
  MONTH TO DATE    0                         0      0        0
  SINCE JUN 1      0                         7     -7        0
  SINCE JUL 1      0                         0      0        0

 COOLING
  YESTERDAY        6                        11     -5       12
  MONTH TO DATE  309                       305      4      302
  SINCE JUN 1   1246                      1005    241     1027
  SINCE JAN 1   1334                      1130    204     1076
..................................................................


WIND (MPH)
  RESULTANT WIND SPEED   2   RESULTANT WIND DIRECTION   N (10)
  HIGHEST WIND SPEED    39   HIGHEST WIND DIRECTION     E (110)
  HIGHEST GUST SPEED    51   HIGHEST GUST DIRECTION    SE (130)
  AVERAGE WIND SPEED     8.0


SKY COVER
  AVERAGE SKY COVER 0.3


WEATHER CONDITIONS
 THE FOLLOWING WEATHER WAS RECORDED YESTERDAY.
  THUNDERSTORM
  RAIN
  LIGHT RAIN
  FOG
  HAZE


RELATIVE HUMIDITY (PERCENT)
 HIGHEST    97           400 AM
 LOWEST     47           300 PM
 AVERAGE    72

..........................................................


THE AMARILLO CLIMATE NORMALS FOR TODAY
                         NORMAL    RECORD    YEAR
 MAXIMUM TEMPERATURE (F)   88       100      2011
                                             2000
                                             1952
 MINIMUM TEMPERATURE (F)   63        48      2010


SUNRISE AND SUNSET
AUGUST 26 2016........SUNRISE   715 AM CDT   SUNSET   821 PM CDT
AUGUST 27 2016........SUNRISE   716 AM CDT   SUNSET   820 PM CDT


-  INDICATES NEGATIVE NUMBERS.
R  INDICATES RECORD WAS SET OR TIED.
MM INDICATES DATA IS MISSING.
T  INDICATES TRACE AMOUNT.




$$
