000
CDUS44 KAMA 010634
CLIAMA


CLIMATE REPORT
NATIONAL WEATHER SERVICE AMARILLO TX
134 AM CDT SAT OCT 1 2016


...................................

...THE AMARILLO CLIMATE SUMMARY FOR SEPTEMBER 30 2016...

CLIMATE NORMAL PERIOD 1981 TO 2010
CLIMATE RECORD PERIOD 1892 TO 2016


WEATHER ITEM   OBSERVED TIME   RECORD YEAR NORMAL DEPARTURE LAST
                VALUE   (LST)  VALUE       VALUE  FROM      YEAR
                                                  NORMAL
..................................................................
TEMPERATURE (F)
 YESTERDAY
  MAXIMUM         82    357 PM  95    1977  77      5       86
  MINIMUM         48    545 AM  30    1984  51     -3       57
  AVERAGE         65                        64      1       72

PRECIPITATION (IN)
  YESTERDAY        0.00          0.95 1981   0.06  -0.06      T
  MONTH TO DATE    0.82                      1.92  -1.10     0.16
  SINCE SEP 1      0.82                      1.92  -1.10     0.16
  SINCE JAN 1     15.70                     17.19  -1.49    28.87

SNOWFALL (IN)
  YESTERDAY        0.0           0.0    MM   0.0    0.0      0.0
  MONTH TO DATE    0.0                       T      0.0      0.0
  SINCE SEP 1      0.0                       T      0.0      0.0
  SINCE JUL 1      T                         T      0.0      0.0
  SNOW DEPTH       0

DEGREE DAYS
 HEATING
  YESTERDAY        0                         4     -4        0
  MONTH TO DATE    9                        42    -33        0
  SINCE SEP 1      9                        43    -34        0
  SINCE JUL 1      9                        44    -35        0

 COOLING
  YESTERDAY        0                         2     -2        7
  MONTH TO DATE  212                       178     34      311
  SINCE SEP 1    212                       178     34      311
  SINCE JAN 1   1586                      1370    216     1457
..................................................................


WIND (MPH)
  RESULTANT WIND SPEED  14   RESULTANT WIND DIRECTION   S (180)
  HIGHEST WIND SPEED    24   HIGHEST WIND DIRECTION     S (160)
  HIGHEST GUST SPEED    32   HIGHEST GUST DIRECTION     S (170)
  AVERAGE WIND SPEED    14.4


SKY COVER
  AVERAGE SKY COVER 0.0


WEATHER CONDITIONS
 THE FOLLOWING WEATHER WAS RECORDED YESTERDAY.
  NO SIGNIFICANT WEATHER WAS OBSERVED.


RELATIVE HUMIDITY (PERCENT)
 HIGHEST    80           500 AM
 LOWEST     31           300 PM
 AVERAGE    56

..........................................................


THE AMARILLO CLIMATE NORMALS FOR TODAY
                         NORMAL    RECORD    YEAR
 MAXIMUM TEMPERATURE (F)   77        95      2000
 MINIMUM TEMPERATURE (F)   50        39      1985
                                             1965


SUNRISE AND SUNSET
OCTOBER  1 2016.......SUNRISE   742 AM CDT   SUNSET   730 PM CDT
OCTOBER  2 2016.......SUNRISE   743 AM CDT   SUNSET   728 PM CDT


-  INDICATES NEGATIVE NUMBERS.
R  INDICATES RECORD WAS SET OR TIED.
MM INDICATES DATA IS MISSING.
T  INDICATES TRACE AMOUNT.




$$
