000
CDUS42 KJAX 170531
CLIAMG


CLIMATE REPORT
NATIONAL WEATHER SERVICE JACKSONVILLE FL
130 AM EDT WED SEP 17 2014


...................................

...THE ALMA CLIMATE SUMMARY FOR SEPTEMBER 16 2014...

CLIMATE NORMAL PERIOD 1981 TO 2010
CLIMATE RECORD PERIOD 1948 TO 2014


WEATHER ITEM   OBSERVED TIME   RECORD YEAR NORMAL DEPARTURE LAST
                VALUE   (LST)  VALUE       VALUE  FROM      YEAR
                                                  NORMAL
..................................................................
TEMPERATURE (F)
 YESTERDAY
  MAXIMUM         87    212 PM  96    1972  87      0       93
  MINIMUM         71   1131 PM  52    1967  67      4       70
  AVERAGE         79                        77      2       82

PRECIPITATION (IN)
  YESTERDAY        0.18          1.58 1979   0.12   0.06      T
  MONTH TO DATE    2.84                      2.09   0.75     1.51
  SINCE SEP 1      2.84                      2.09   0.75     1.51
  SINCE JAN 1     30.70                     36.30  -5.60    44.38

SNOWFALL (IN)
  YESTERDAY        0.0           0.0    MM   0.0    0.0      0.0
  MONTH TO DATE    0.0                       0.0    0.0      0.0
  SINCE SEP 1      0.0                       0.0    0.0      0.0
  SINCE JUL 1      0.0                       0.0    0.0      0.0
  SNOW DEPTH       0

DEGREE DAYS
 HEATING
  YESTERDAY        0                         0      0        0
  MONTH TO DATE    0                         0      0        0
  SINCE SEP 1      0                         0      0        0
  SINCE JUL 1      0                         0      0        0

 COOLING
  YESTERDAY       14                        12      2       17
  MONTH TO DATE  263                       218     45      257
  SINCE SEP 1    263                       218     45      257
  SINCE JAN 1   2170                      2125     45     2034
..................................................................


WIND (MPH)
  HIGHEST WIND SPEED     9   HIGHEST WIND DIRECTION     S (170)
  HIGHEST GUST SPEED    14   HIGHEST GUST DIRECTION    NE (40)
  AVERAGE WIND SPEED     2.3


SKY COVER
  POSSIBLE SUNSHINE  MM
  AVERAGE SKY COVER 0.6


WEATHER CONDITIONS
 THE FOLLOWING WEATHER WAS RECORDED YESTERDAY.
  THUNDERSTORM
  HEAVY RAIN
  RAIN
  LIGHT RAIN
  FOG
  HAZE


RELATIVE HUMIDITY (PERCENT)
 HIGHEST   100           200 AM
 LOWEST     61           200 PM
 AVERAGE    81

..........................................................


THE ALMA CLIMATE NORMALS FOR TODAY
                         NORMAL    RECORD    YEAR
 MAXIMUM TEMPERATURE (F)   87        95      2005
                                             1958
 MINIMUM TEMPERATURE (F)   67        54      2001


SUNRISE AND SUNSET
SEPTEMBER 17 2014.....SUNRISE   715 AM EDT   SUNSET   733 PM EDT
SEPTEMBER 18 2014.....SUNRISE   716 AM EDT   SUNSET   732 PM EDT


-  INDICATES NEGATIVE NUMBERS.
R  INDICATES RECORD WAS SET OR TIED.
MM INDICATES DATA IS MISSING.
T  INDICATES TRACE AMOUNT.




$$
