000
CDUS42 KJAX 230527
CLIAMG


CLIMATE REPORT
NATIONAL WEATHER SERVICE JACKSONVILLE FL
126 AM EDT TUE MAY 23 2017


...................................

...THE ALMA CLIMATE SUMMARY FOR MAY 22 2017...

CLIMATE NORMAL PERIOD 1981 TO 2010
CLIMATE RECORD PERIOD 1948 TO 2017


WEATHER ITEM   OBSERVED TIME   RECORD YEAR NORMAL DEPARTURE LAST
                VALUE   (LST)  VALUE       VALUE  FROM      YEAR
                                                  NORMAL
..................................................................
TEMPERATURE (F)
 YESTERDAY
  MAXIMUM         89    253 PM  99    2011  87      2       81
  MINIMUM         69    600 AM  45    1981  64      5       58
  AVERAGE         79                        75      4       70

PRECIPITATION (IN)
  YESTERDAY        0.04          1.89 1967   0.09  -0.05     0.00
  MONTH TO DATE    1.82                      1.54   0.28     3.34
  SINCE MAR 1      4.82                      9.10  -4.28     9.53
  SINCE JAN 1     12.95                     17.16  -4.21    18.78

SNOWFALL (IN)
  YESTERDAY        0.0           0.0    MM   0.0    0.0      0.0
  MONTH TO DATE    0.0                       0.0    0.0      0.0
  SINCE MAR 1      0.0                       0.0    0.0      0.0
  SINCE JUL 1      0.0                       0.1   -0.1      0.0
  SNOW DEPTH       0

DEGREE DAYS
 HEATING
  YESTERDAY        0                         0      0        0
  MONTH TO DATE    3                         3      0        7
  SINCE MAR 1    227                       255    -28      176
  SINCE JUL 1   1083                      1656   -573     1274

 COOLING
  YESTERDAY       14                        10      4        5
  MONTH TO DATE  200                       171     29      176
  SINCE MAR 1    439                       309    130      349
  SINCE JAN 1    494                       325    169      362
..................................................................


WIND (MPH)
  HIGHEST WIND SPEED    12   HIGHEST WIND DIRECTION     S (200)
  HIGHEST GUST SPEED    14   HIGHEST GUST DIRECTION    SW (210)
  AVERAGE WIND SPEED     3.3


SKY COVER
  POSSIBLE SUNSHINE  MM
  AVERAGE SKY COVER 0.5


WEATHER CONDITIONS
 THE FOLLOWING WEATHER WAS RECORDED YESTERDAY.
  FOG


RELATIVE HUMIDITY (PERCENT)
 HIGHEST    97           400 AM
 LOWEST     47           300 PM
 AVERAGE    72

..........................................................


THE ALMA CLIMATE NORMALS FOR TODAY
                         NORMAL    RECORD    YEAR
 MAXIMUM TEMPERATURE (F)   87        97      2011
                                             1962
 MINIMUM TEMPERATURE (F)   64        48      2002


SUNRISE AND SUNSET
MAY 23 2017...........SUNRISE   629 AM EDT   SUNSET   825 PM EDT
MAY 24 2017...........SUNRISE   629 AM EDT   SUNSET   826 PM EDT


-  INDICATES NEGATIVE NUMBERS.
R  INDICATES RECORD WAS SET OR TIED.
MM INDICATES DATA IS MISSING.
T  INDICATES TRACE AMOUNT.




$$
