749
CDUS42 KJAX 192228
CLIAMG


CLIMATE REPORT
NATIONAL WEATHER SERVICE JACKSONVILLE FL
527 PM EST MON FEB 19 2018


...................................

...THE ALMA CLIMATE SUMMARY FOR FEBRUARY 19 2018...
VALID TODAY AS OF 0500 PM LOCAL TIME.

CLIMATE NORMAL PERIOD 1981 TO 2010
CLIMATE RECORD PERIOD 1948 TO 2018


WEATHER ITEM   OBSERVED TIME   RECORD YEAR NORMAL DEPARTURE LAST
                VALUE   (LST)  VALUE       VALUE  FROM      YEAR
                                                  NORMAL
..................................................................
TEMPERATURE (F)
 TODAY
  MAXIMUM         82R   258 PM  81    2011  66     16       77
                                      1951
  MINIMUM         64    901 AM  19    1958  44     20       50
  AVERAGE         73                        55     18       64

PRECIPITATION (IN)
  TODAY            0.00          3.01 1988   0.14  -0.14     0.00
  MONTH TO DATE    1.73                      2.53  -0.80     0.48
  SINCE DEC 1      5.14                     10.08  -4.94    12.29
  SINCE JAN 1      3.28                      6.79  -3.51     7.57

SNOWFALL (IN)
  TODAY            0.0           0.0    MM   0.0    0.0      0.0
  MONTH TO DATE    0.0                       0.0    0.0      0.0
  SINCE DEC 1      3.0                       0.1    2.9      0.0
  SINCE JUL 1      3.0                       0.1    2.9      0.0
  SNOW DEPTH       0

DEGREE DAYS
 HEATING
  TODAY            0                        10    -10        1
  MONTH TO DATE   99                       226   -127      124
  SINCE DEC 1   1021                      1071    -50      645
  SINCE JUL 1   1232                      1315    -83      833

 COOLING
  TODAY            8                         0      8        0
  MONTH TO DATE   39                         0     39        9
  SINCE DEC 1     57                        16     41       48
  SINCE JAN 1     44                         5     39       35
..................................................................


WIND (MPH)
  HIGHEST WIND SPEED    12   HIGHEST WIND DIRECTION    SE (140)
  HIGHEST GUST SPEED    16   HIGHEST GUST DIRECTION    SE (130)
  AVERAGE WIND SPEED     5.5


SKY COVER
  POSSIBLE SUNSHINE  MM
  AVERAGE SKY COVER 0.8


WEATHER CONDITIONS
 THE FOLLOWING WEATHER WAS RECORDED TODAY.
  FOG
  HAZE


RELATIVE HUMIDITY (PERCENT)
 HIGHEST    93           900 AM
 LOWEST     51           200 PM
 AVERAGE    72

..........................................................


THE ALMA CLIMATE NORMALS FOR TOMORROW
                         NORMAL    RECORD    YEAR
 MAXIMUM TEMPERATURE (F)   67        83      2014
 MINIMUM TEMPERATURE (F)   44        22      2015
                                             1958


SUNRISE AND SUNSET
FEBRUARY 19 2018......SUNRISE   708 AM EST   SUNSET   620 PM EST
FEBRUARY 20 2018......SUNRISE   707 AM EST   SUNSET   621 PM EST


-  INDICATES NEGATIVE NUMBERS.
R  INDICATES RECORD WAS SET OR TIED.
MM INDICATES DATA IS MISSING.
T  INDICATES TRACE AMOUNT.




$$
