000
CDUS42 KJAX 250534
CLIAMG


CLIMATE REPORT
NATIONAL WEATHER SERVICE JACKSONVILLE FL
1232 AM EST SAT FEB 25 2017


...................................

...THE ALMA CLIMATE SUMMARY FOR FEBRUARY 24 2017...

CLIMATE NORMAL PERIOD 1981 TO 2010
CLIMATE RECORD PERIOD 1948 TO 2017


WEATHER ITEM   OBSERVED TIME   RECORD YEAR NORMAL DEPARTURE LAST
                VALUE   (LST)  VALUE       VALUE  FROM      YEAR
                                                  NORMAL
..................................................................
TEMPERATURE (F)
 YESTERDAY
  MAXIMUM         83    310 PM  85    2012  68     15       77
  MINIMUM         57    726 AM  24    1964  45     12       51
  AVERAGE         70                        56     14       64

PRECIPITATION (IN)
  YESTERDAY        0.00          1.23 1979   0.14  -0.14     0.57
  MONTH TO DATE    1.01                      3.25  -2.24     4.66
  SINCE DEC 1     12.82                     10.80   2.02    11.22
  SINCE JAN 1      8.10                      7.51   0.59     9.25

SNOWFALL (IN)
  YESTERDAY        0.0           0.0    MM   0.0    0.0      0.0
  MONTH TO DATE    0.0                       0.0    0.0      0.0
  SINCE DEC 1      0.0                       0.1   -0.1      0.0
  SINCE JUL 1      0.0                       0.1   -0.1      0.0
  SNOW DEPTH       0

DEGREE DAYS
 HEATING
  YESTERDAY        0                         9     -9        1
  MONTH TO DATE  129                       275   -146      264
  SINCE DEC 1    650                      1120   -470      905
  SINCE JUL 1    838                      1364   -526     1023

 COOLING
  YESTERDAY        5                         0      5        0
  MONTH TO DATE   19                         0     19       13
  SINCE DEC 1     58                        16     42      110
  SINCE JAN 1     45                         5     40       13
..................................................................


WIND (MPH)
  HIGHEST WIND SPEED    12   HIGHEST WIND DIRECTION    SE (130)
  HIGHEST GUST SPEED    14   HIGHEST GUST DIRECTION    SE (120)
  AVERAGE WIND SPEED     3.5


SKY COVER
  POSSIBLE SUNSHINE  MM
  AVERAGE SKY COVER 0.1


WEATHER CONDITIONS
 THE FOLLOWING WEATHER WAS RECORDED YESTERDAY.
  FOG


RELATIVE HUMIDITY (PERCENT)
 HIGHEST   100          1200 AM
 LOWEST     47           300 PM
 AVERAGE    74

..........................................................


THE ALMA CLIMATE NORMALS FOR TODAY
                         NORMAL    RECORD    YEAR
 MAXIMUM TEMPERATURE (F)   68        83      2001
 MINIMUM TEMPERATURE (F)   45        22      1967


SUNRISE AND SUNSET
FEBRUARY 25 2017......SUNRISE   701 AM EST   SUNSET   625 PM EST
FEBRUARY 26 2017......SUNRISE   700 AM EST   SUNSET   626 PM EST


-  INDICATES NEGATIVE NUMBERS.
R  INDICATES RECORD WAS SET OR TIED.
MM INDICATES DATA IS MISSING.
T  INDICATES TRACE AMOUNT.




$$
