000
CDUS42 KJAX 270532
CLIAMG


CLIMATE REPORT
NATIONAL WEATHER SERVICE JACKSONVILLE FL
1231 AM EST TUE JAN 27 2015


...................................

...THE ALMA CLIMATE SUMMARY FOR JANUARY 26 2015...

CLIMATE NORMAL PERIOD 1981 TO 2010
CLIMATE RECORD PERIOD 1948 TO 2015


WEATHER ITEM   OBSERVED TIME   RECORD YEAR NORMAL DEPARTURE LAST
                VALUE   (LST)  VALUE       VALUE  FROM      YEAR
                                                  NORMAL
..................................................................
TEMPERATURE (F)
 YESTERDAY
  MAXIMUM         54   1135 AM  83    2012  62     -8       59
  MINIMUM         40   1159 PM  22    1955  40      0       34
  AVERAGE         47                        51     -4       47

PRECIPITATION (IN)
  YESTERDAY        0.00          2.01 1980   0.14  -0.14     0.00
  MONTH TO DATE    2.21                      3.52  -1.31     1.32
  SINCE DEC 1      6.63                      6.81  -0.18     4.15
  SINCE JAN 1      2.21                      3.52  -1.31     1.32

SNOWFALL (IN)
  YESTERDAY        0.0           0.0    MM   0.0    0.0      0.0
  MONTH TO DATE    0.0                       0.0    0.0      0.0
  SINCE DEC 1      0.0                       0.1   -0.1      0.0
  SINCE JUL 1      0.0                       0.1   -0.1      0.0
  SNOW DEPTH       0

DEGREE DAYS
 HEATING
  YESTERDAY       18                        14      4       18
  MONTH TO DATE  386                       382      4      496
  SINCE DEC 1    706                       778    -72      781
  SINCE JUL 1   1104                      1022     82     1056

 COOLING
  YESTERDAY        0                         0      0        0
  MONTH TO DATE    3                         0      3        1
  SINCE DEC 1      4                        11     -7       31
  SINCE JAN 1      3                         0      3        1
..................................................................


WIND (MPH)
  HIGHEST WIND SPEED    23   HIGHEST WIND DIRECTION     W (290)
  HIGHEST GUST SPEED    32   HIGHEST GUST DIRECTION    NW (310)
  AVERAGE WIND SPEED    11.9


SKY COVER
  POSSIBLE SUNSHINE  MM
  AVERAGE SKY COVER 0.4


WEATHER CONDITIONS
 THE FOLLOWING WEATHER WAS RECORDED YESTERDAY.
  NO SIGNIFICANT WEATHER WAS OBSERVED.


RELATIVE HUMIDITY (PERCENT)
 HIGHEST   100           500 AM
 LOWEST     54          1200 PM
 AVERAGE    77

..........................................................


THE ALMA CLIMATE NORMALS FOR TODAY
                         NORMAL    RECORD    YEAR
 MAXIMUM TEMPERATURE (F)   62        83      1974
 MINIMUM TEMPERATURE (F)   40        15      1985


SUNRISE AND SUNSET
JANUARY 27 2015.......SUNRISE   726 AM EST   SUNSET   600 PM EST
JANUARY 28 2015.......SUNRISE   725 AM EST   SUNSET   601 PM EST


-  INDICATES NEGATIVE NUMBERS.
R  INDICATES RECORD WAS SET OR TIED.
MM INDICATES DATA IS MISSING.
T  INDICATES TRACE AMOUNT.




$$
