000
CDUS44 KBMX 230830
CLIANB


CLIMATE REPORT
NATIONAL WEATHER SERVICE BIRMINGHAM, AL
235 AM CDT FRI JUN 23 2017


...................................

...THE ANNISTON CLIMATE SUMMARY FOR JUNE 22 2017...

CLIMATE NORMAL PERIOD 1981 TO 2010
CLIMATE RECORD PERIOD 1903 TO 2017


WEATHER ITEM   OBSERVED TIME   RECORD YEAR NORMAL DEPARTURE LAST
                VALUE   (LST)  VALUE       VALUE  FROM      YEAR
                                                  NORMAL
..................................................................
TEMPERATURE (F)
 YESTERDAY
  MAXIMUM         81    143 PM 101    1964  89     -8       92
  MINIMUM         72    405 AM  56    2003  68      4       68
                                      1972
  AVERAGE         77                        78     -1       80

PRECIPITATION (IN)
  YESTERDAY        1.05          1.28 1968   0.14   0.91     0.00
  MONTH TO DATE    4.48                      2.94   1.54     1.56
  SINCE JUN 1      4.48                      2.94   1.54     1.56
  SINCE JAN 1     30.40                     25.87   4.53    21.28

..................................................................


WIND (MPH)
  HIGHEST WIND SPEED    13   HIGHEST WIND DIRECTION     S (180)
  HIGHEST GUST SPEED    22   HIGHEST GUST DIRECTION     S (160)
  AVERAGE WIND SPEED     5.2


SKY COVER
  AVERAGE SKY COVER 0.8


WEATHER CONDITIONS
 THE FOLLOWING WEATHER WAS RECORDED YESTERDAY.
  RAIN
  LIGHT RAIN
  FOG


RELATIVE HUMIDITY (PERCENT)
 HIGHEST   100
 LOWEST     79
 AVERAGE    90

..........................................................


THE ANNISTON CLIMATE NORMALS FOR TODAY
                         NORMAL    RECORD    YEAR
 MAXIMUM TEMPERATURE (F)   89        99      2007
 MINIMUM TEMPERATURE (F)   68        52      1972


SUNRISE AND SUNSET
JUNE 23 2017..........SUNRISE   534 AM CDT   SUNSET   757 PM CDT
JUNE 24 2017..........SUNRISE   534 AM CDT   SUNSET   757 PM CDT


-  INDICATES NEGATIVE NUMBERS.
R  INDICATES RECORD WAS SET OR TIED.
MM INDICATES DATA IS MISSING.
T  INDICATES TRACE AMOUNT.




$$
