000
CDUS44 KBMX 200956
CLIANB


CLIMATE REPORT
NATIONAL WEATHER SERVICE BIRMINGHAM, AL
456 AM CDT MON OCT 20 2014


...................................

...THE ANNISTON CLIMATE SUMMARY FOR OCTOBER 19 2014...

CLIMATE NORMAL PERIOD 1981 TO 2010
CLIMATE RECORD PERIOD 1903 TO 2014


WEATHER ITEM   OBSERVED TIME   RECORD YEAR NORMAL DEPARTURE LAST
                VALUE   (LST)  VALUE       VALUE  FROM      YEAR
                                                  NORMAL
..................................................................
TEMPERATURE (F)
 YESTERDAY
  MAXIMUM         71    343 PM  89    1993  74     -3       68
  MINIMUM         44    600 AM  30    1948  50     -6       55
  AVERAGE         58                        62     -4       62

PRECIPITATION (IN)
  YESTERDAY        0.00          2.19 2004   0.10  -0.10     0.01
  MONTH TO DATE    3.29                      1.85   1.44     2.59
  SINCE SEP 1      4.79                      4.78   0.01     5.30
  SINCE JAN 1     37.43                     39.70  -2.27    63.08

SNOWFALL (IN)
  YESTERDAY        0.0                       0.0             0.0
  MONTH TO DATE    0.0                       0.0             0.0
  SINCE SEP 1      0.0                       0.0             0.0
  SINCE JUL 1      0.0                       0.0             0.0

DEGREE DAYS
 HEATING
  YESTERDAY        7
  MONTH TO DATE   37
  SINCE SEP 1     37
  SINCE JUL 1     37
..................................................................


WIND (MPH)
  HIGHEST WIND SPEED    10   HIGHEST WIND DIRECTION    NE (30)
  HIGHEST GUST SPEED    16   HIGHEST GUST DIRECTION     N (20)
  AVERAGE WIND SPEED     2.7


SKY COVER
  AVERAGE SKY COVER 0.0


WEATHER CONDITIONS
 THE FOLLOWING WEATHER WAS RECORDED YESTERDAY.
  NO SIGNIFICANT WEATHER WAS OBSERVED.


RELATIVE HUMIDITY (PERCENT)
 HIGHEST    93
 LOWEST     40
 AVERAGE    67

..........................................................


THE ANNISTON CLIMATE NORMALS FOR TODAY
                         NORMAL    RECORD    YEAR
 MAXIMUM TEMPERATURE (F)   74        87      1953
 MINIMUM TEMPERATURE (F)   50        29      1948


SUNRISE AND SUNSET
OCTOBER 20 2014.......SUNRISE   652 AM CDT   SUNSET   604 PM CDT
OCTOBER 21 2014.......SUNRISE   653 AM CDT   SUNSET   603 PM CDT


-  INDICATES NEGATIVE NUMBERS.
R  INDICATES RECORD WAS SET OR TIED.
MM INDICATES DATA IS MISSING.
T  INDICATES TRACE AMOUNT.




$$
