000
CDUS44 KBMX 292106
CLIANB


CLIMATE REPORT
NATIONAL WEATHER SERVICE BIRMINGHAM, AL
406 PM CDT FRI MAY 29 2015


...................................

...THE ANNISTON CLIMATE SUMMARY FOR MAY 29 2015...
VALID AS OF 0400 PM LOCAL TIME.

CLIMATE NORMAL PERIOD 1981 TO 2010
CLIMATE RECORD PERIOD 1903 TO 2015


WEATHER ITEM   OBSERVED TIME   RECORD YEAR NORMAL DEPARTURE LAST
                VALUE   (LST)  VALUE       VALUE  FROM      YEAR
                                                  NORMAL
..................................................................
TEMPERATURE (F)
 TODAY
  MAXIMUM         83   1221 PM  94    1904  84     -1       81
  MINIMUM         67    456 AM  48    1961  63      4       66
                                      1951
  AVERAGE         75

PRECIPITATION (IN)
  TODAY            0.00          1.67 2005   0.13  -0.13     0.11
  MONTH TO DATE    2.39                      4.00  -1.61     2.52
  SINCE MAR 1     16.22                     13.07   3.15    15.78
  SINCE JAN 1     24.38                     22.67   1.71    22.94

..................................................................


WIND (MPH)
  HIGHEST WIND SPEED    12   HIGHEST WIND DIRECTION     W (270)
  HIGHEST GUST SPEED    16   HIGHEST GUST DIRECTION     W (260)
  AVERAGE WIND SPEED     6.0


SKY COVER
  AVERAGE SKY COVER 0.6


WEATHER CONDITIONS
 THE FOLLOWING WEATHER WAS RECORDED TODAY.
  NO SIGNIFICANT WEATHER WAS OBSERVED.


RELATIVE HUMIDITY (PERCENT)
 HIGHEST    93
 LOWEST     58
 AVERAGE    76

..........................................................


THE ANNISTON CLIMATE NORMALS FOR TOMORROW
                         NORMAL    RECORD    YEAR
 MAXIMUM TEMPERATURE (F)   84        95      2011
 MINIMUM TEMPERATURE (F)   63        47      1984
                                             1971


SUNRISE AND SUNSET
MAY 29 2015...........SUNRISE   535 AM CDT   SUNSET   747 PM CDT
MAY 30 2015...........SUNRISE   535 AM CDT   SUNSET   747 PM CDT


-  INDICATES NEGATIVE NUMBERS.
R  INDICATES RECORD WAS SET OR TIED.
MM INDICATES DATA IS MISSING.
T  INDICATES TRACE AMOUNT.




$$
