201
CDUS44 KBMX 220831
CLIANB


CLIMATE REPORT
NATIONAL WEATHER SERVICE BIRMINGHAM, AL
331 AM CDT SUN OCT 22 2017


...................................

...THE ANNISTON CLIMATE SUMMARY FOR OCTOBER 21 2017...

CLIMATE NORMAL PERIOD 1981 TO 2010
CLIMATE RECORD PERIOD 1903 TO 2017


WEATHER ITEM   OBSERVED TIME   RECORD YEAR NORMAL DEPARTURE LAST
                VALUE   (LST)  VALUE       VALUE  FROM      YEAR
                                                  NORMAL
..................................................................
TEMPERATURE (F)
 YESTERDAY
  MAXIMUM         79    226 PM  90    1953  73      6       70
  MINIMUM         52    349 AM  29    1952  49      3       49
  AVERAGE         66                        61      5       60

PRECIPITATION (IN)
  YESTERDAY        0.00          1.83 1984   0.11  -0.11      T
  MONTH TO DATE    5.04                      2.06   2.98      T
  SINCE SEP 1      9.02                      4.99   4.03     0.61
  SINCE JAN 1     53.32                     39.91  13.41    26.47

SNOWFALL (IN)
  YESTERDAY        0.0                       0.0            MM
  MONTH TO DATE    0.0                       0.0             0.0
  SINCE SEP 1      0.0                       0.0             0.0
  SINCE JUL 1      0.0                       0.0             0.0

DEGREE DAYS
 HEATING
  YESTERDAY        0
  MONTH TO DATE   21
  SINCE SEP 1     30
  SINCE JUL 1     30
..................................................................


WIND (MPH)
  HIGHEST WIND SPEED    12   HIGHEST WIND DIRECTION    SE (120)
  HIGHEST GUST SPEED    15   HIGHEST GUST DIRECTION    SE (150)
  AVERAGE WIND SPEED     6.0


SKY COVER
  AVERAGE SKY COVER 0.0


WEATHER CONDITIONS
 THE FOLLOWING WEATHER WAS RECORDED YESTERDAY.
  NO SIGNIFICANT WEATHER WAS OBSERVED.


RELATIVE HUMIDITY (PERCENT)
 HIGHEST    93
 LOWEST     48
 AVERAGE    71

..........................................................


THE ANNISTON CLIMATE NORMALS FOR TODAY
                         NORMAL    RECORD    YEAR
 MAXIMUM TEMPERATURE (F)   73        87      1963
                                             1955
 MINIMUM TEMPERATURE (F)   49        28      1987


SUNRISE AND SUNSET
OCTOBER 22 2017.......SUNRISE   654 AM CDT   SUNSET   601 PM CDT
OCTOBER 23 2017.......SUNRISE   655 AM CDT   SUNSET   600 PM CDT


-  INDICATES NEGATIVE NUMBERS.
R  INDICATES RECORD WAS SET OR TIED.
MM INDICATES DATA IS MISSING.
T  INDICATES TRACE AMOUNT.




$$
