000
CDUS44 KBMX 010914
CLIANB


CLIMATE REPORT
NATIONAL WEATHER SERVICE BIRMINGHAM, AL
410 AM CDT TUE SEP 1 2015


...................................

...THE ANNISTON CLIMATE SUMMARY FOR AUGUST 31 2015...

CLIMATE NORMAL PERIOD 1981 TO 2010
CLIMATE RECORD PERIOD 1903 TO 2015


WEATHER ITEM   OBSERVED TIME   RECORD YEAR NORMAL DEPARTURE LAST
                VALUE   (LST)  VALUE       VALUE  FROM      YEAR
                                                  NORMAL
..................................................................
TEMPERATURE (F)
 YESTERDAY
  MAXIMUM         83    240 PM  97    1951  88     -5       92
  MINIMUM         69    107 AM  54    1946  68      1       71
  AVERAGE         76                        78     -2       82

PRECIPITATION (IN)
  YESTERDAY        0.00          1.47 2001   0.10  -0.10     0.00
  MONTH TO DATE    5.16                      3.29   1.87     3.44
  SINCE JUN 1     12.64                     11.99   0.65     9.12
  SINCE JAN 1     37.16                     34.92   2.24    32.64

..................................................................


WIND (MPH)
  HIGHEST WIND SPEED    10   HIGHEST WIND DIRECTION     N (10)
  HIGHEST GUST SPEED    13   HIGHEST GUST DIRECTION     N (360)
  AVERAGE WIND SPEED     3.4


SKY COVER
  AVERAGE SKY COVER 0.8


WEATHER CONDITIONS
 THE FOLLOWING WEATHER WAS RECORDED YESTERDAY.
  FOG


RELATIVE HUMIDITY (PERCENT)
 HIGHEST    93
 LOWEST     62
 AVERAGE    78

..........................................................


THE ANNISTON CLIMATE NORMALS FOR TODAY
                         NORMAL    RECORD    YEAR
 MAXIMUM TEMPERATURE (F)   88       101      1957
 MINIMUM TEMPERATURE (F)   68        54      1946


SUNRISE AND SUNSET
SEPTEMBER  1 2015.....SUNRISE   617 AM CDT   SUNSET   709 PM CDT
SEPTEMBER  2 2015.....SUNRISE   618 AM CDT   SUNSET   708 PM CDT


-  INDICATES NEGATIVE NUMBERS.
R  INDICATES RECORD WAS SET OR TIED.
MM INDICATES DATA IS MISSING.
T  INDICATES TRACE AMOUNT.




$$
