000
CDUS44 KBMX 302135
CLIANB


CLIMATE REPORT
NATIONAL WEATHER SERVICE BIRMINGHAM, AL
434 PM CDT SUN APR 30 2017


...................................

...THE ANNISTON CLIMATE SUMMARY FOR APRIL 30 2017...
VALID TODAY AS OF 0400 PM LOCAL TIME.

CLIMATE NORMAL PERIOD 1981 TO 2010
CLIMATE RECORD PERIOD 1903 TO 2017


WEATHER ITEM   OBSERVED RECORD YEAR NORMAL DEPARTURE LAST
                VALUE   VALUE       VALUE  FROM      YEAR
                                           NORMAL
...........................................................
TEMPERATURE (F)
 TODAY
  MAXIMUM         84     92    1970  77      7       87
  MINIMUM         71     39    1965  54     17       63
  AVERAGE         78

PRECIPITATION (IN)
  TODAY            0.00   2.49 1953   0.13  -0.13     0.00
  MONTH TO DATE    5.36               4.11   1.25     3.10
  SINCE MAR 1      9.61               9.07   0.54     6.39
  SINCE JAN 1     20.13              18.67   1.46    15.23

SNOWFALL (IN)
  TODAY            0.0                0.0             0.0
  MONTH TO DATE    0.0                0.2             0.0
  SINCE MAR 1      0.0                0.9             0.0
  SINCE JUL 1      0.0                2.0              T

DEGREE DAYS

 COOLING
  TODAY           13                  3     10       10
  MONTH TO DATE  118                 49     69       61
  SINCE MAR 1    161                 61    100       89
  SINCE JAN 1    163                 62    101       89
...........................................................


WIND (MPH)
  HIGHEST WIND SPEED    20   HIGHEST WIND DIRECTION     S (160)
  HIGHEST GUST SPEED    27   HIGHEST GUST DIRECTION     S (190)
  AVERAGE WIND SPEED     8.8


SKY COVER
  AVERAGE SKY COVER 0.5


WEATHER CONDITIONS
 THE FOLLOWING WEATHER WAS RECORDED TODAY.
  NO SIGNIFICANT WEATHER WAS OBSERVED.


RELATIVE HUMIDITY (PERCENT)
 HIGHEST    90
 LOWEST     55
 AVERAGE    73

..........................................................


THE ANNISTON CLIMATE NORMALS FOR TOMORROW
                         NORMAL    RECORD    YEAR
 MAXIMUM TEMPERATURE (F)   78        90      1987
                                             1959
 MINIMUM TEMPERATURE (F)   54        41      1999
                                             1996


SUNRISE AND SUNSET
APRIL 30 2017.........SUNRISE   556 AM CDT   SUNSET   726 PM CDT
MAY  1 2017...........SUNRISE   555 AM CDT   SUNSET   727 PM CDT


-  INDICATES NEGATIVE NUMBERS.
R  INDICATES RECORD WAS SET OR TIED.
MM INDICATES DATA IS MISSING.
T  INDICATES TRACE AMOUNT.




$$
