000
CDUS44 KBMX 010109
CLIANB


CLIMATE REPORT
NATIONAL WEATHER SERVICE BIRMINGHAM, AL
809 PM CDT FRI SEP 30 2016


...................................

...THE ANNISTON CLIMATE SUMMARY FOR SEPTEMBER 30 2016...
VALID TODAY AS OF 0700 PM LOCAL TIME.

CLIMATE NORMAL PERIOD 1981 TO 2010
CLIMATE RECORD PERIOD 1903 TO 2016


WEATHER ITEM   OBSERVED RECORD YEAR NORMAL DEPARTURE LAST
                VALUE   VALUE       VALUE  FROM      YEAR
                                           NORMAL
...........................................................
TEMPERATURE (F)
 TODAY
  MAXIMUM         78     94    1904  80     -2       83
  MINIMUM         47     34    1967  57    -10       69
  AVERAGE         63

PRECIPITATION (IN)
  TODAY            0.00   2.38 1973   0.10  -0.10     0.00
  MONTH TO DATE    0.61               2.93  -2.32     2.66
  SINCE SEP 1      0.61               2.93  -2.32     2.66
  SINCE JAN 1     26.47              37.85 -11.38    39.82

DEGREE DAYS

 COOLING
  TODAY            0                  5     -5       11
  MONTH TO DATE  438                266    172      289
  SINCE SEP 1    438                266    172      289
  SINCE JAN 1   2262               1783    479     1994
...........................................................


WIND (MPH)
  HIGHEST WIND SPEED    14   HIGHEST WIND DIRECTION     W (250)
  HIGHEST GUST SPEED    18   HIGHEST GUST DIRECTION     W (250)
  AVERAGE WIND SPEED     4.9


SKY COVER
  AVERAGE SKY COVER 0.2


WEATHER CONDITIONS
 THE FOLLOWING WEATHER WAS RECORDED TODAY.
  NO SIGNIFICANT WEATHER WAS OBSERVED.


RELATIVE HUMIDITY (PERCENT)
 HIGHEST    86
 LOWEST     31
 AVERAGE    59

..........................................................


THE ANNISTON CLIMATE NORMALS FOR TOMORROW
                         NORMAL    RECORD    YEAR
 MAXIMUM TEMPERATURE (F)   79        93      1954
 MINIMUM TEMPERATURE (F)   57        39      1972


SUNRISE AND SUNSET
SEPTEMBER 30 2016.....SUNRISE   637 AM CDT   SUNSET   628 PM CDT
OCTOBER  1 2016.......SUNRISE   638 AM CDT   SUNSET   627 PM CDT


-  INDICATES NEGATIVE NUMBERS.
R  INDICATES RECORD WAS SET OR TIED.
MM INDICATES DATA IS MISSING.
T  INDICATES TRACE AMOUNT.




$$
