000
CDUS44 KBMX 170658
CLIANB


CLIMATE REPORT
NATIONAL WEATHER SERVICE BIRMINGHAM, AL
1256 AM CST WED DEC 17 2014


...................................

...THE ANNISTON CLIMATE SUMMARY FOR DECEMBER 16 2014...

CLIMATE NORMAL PERIOD 1981 TO 2010
CLIMATE RECORD PERIOD 1903 TO 2014


WEATHER ITEM   OBSERVED TIME   RECORD YEAR NORMAL DEPARTURE LAST
                VALUE   (LST)  VALUE       VALUE  FROM      YEAR
                                                  NORMAL
..................................................................
TEMPERATURE (F)
 YESTERDAY
  MAXIMUM         65    233 AM  77    1971  55     10       55
  MINIMUM         35   1159 PM  13    1989  35      0       28
  AVERAGE         50                        45      5       42

PRECIPITATION (IN)
  YESTERDAY        0.03          1.66 1992   0.13  -0.10     0.00
  MONTH TO DATE    1.45                      2.27  -0.82     5.13
  SINCE DEC 1      1.45                      2.27  -0.82     5.13
  SINCE JAN 1     44.72                     47.82  -3.10    71.19

SNOWFALL (IN)
  YESTERDAY        0.0                       0.0             0.0
  MONTH TO DATE    0.0                       0.0             0.0
  SINCE DEC 1      0.0                       0.0             0.0
  SINCE JUL 1      0.0                       0.0             0.0

DEGREE DAYS
 HEATING
  YESTERDAY       15
  MONTH TO DATE  235
  SINCE DEC 1    235
  SINCE JUL 1    863
..................................................................


WIND (MPH)
  HIGHEST WIND SPEED    23   HIGHEST WIND DIRECTION    SW (220)
  HIGHEST GUST SPEED    30   HIGHEST GUST DIRECTION    SW (230)
  AVERAGE WIND SPEED     9.5


SKY COVER
  AVERAGE SKY COVER 0.4


WEATHER CONDITIONS
 THE FOLLOWING WEATHER WAS RECORDED YESTERDAY.
  FOG


RELATIVE HUMIDITY (PERCENT)
 HIGHEST    86
 LOWEST     47
 AVERAGE    67

..........................................................


THE ANNISTON CLIMATE NORMALS FOR TODAY
                         NORMAL    RECORD    YEAR
 MAXIMUM TEMPERATURE (F)   55        75      1990
                                             1984
 MINIMUM TEMPERATURE (F)   35        14      1945


SUNRISE AND SUNSET
DECEMBER 17 2014......SUNRISE   642 AM CST   SUNSET   437 PM CST
DECEMBER 18 2014......SUNRISE   642 AM CST   SUNSET   438 PM CST


-  INDICATES NEGATIVE NUMBERS.
R  INDICATES RECORD WAS SET OR TIED.
MM INDICATES DATA IS MISSING.
T  INDICATES TRACE AMOUNT.




$$
