000
CDAK48 PAFC 231310
CLIANC


CLIMATE REPORT
NATIONAL WEATHER SERVICE ANCHORAGE, AK
509 AM AKDT MON OCT 23 2017


...................................

...THE ANCHORAGE AK CLIMATE SUMMARY FOR OCTOBER 22 2017...

CLIMATE NORMAL PERIOD 1981 TO 2010
CLIMATE RECORD PERIOD 1952 TO 2017


WEATHER ITEM   OBSERVED TIME   RECORD YEAR NORMAL DEPARTURE LAST
                VALUE   (LST)  VALUE       VALUE  FROM      YEAR
                                                  NORMAL
..................................................................
TEMPERATURE (F)
 YESTERDAY
  MAXIMUM         36        MM  52    1957  37     -1       41
  MINIMUM         20        MM   4    1956  26     -6       27
  AVERAGE         28                        32     -4       34

PRECIPITATION (IN)
  YESTERDAY        0.02          0.32 1964   0.05  -0.03
  MONTH TO DATE    1.89                      1.61   0.28
  SINCE SEP 1      4.35                      4.60  -0.25
  SINCE JAN 1     16.29                     13.89   2.40

SNOWFALL (IN)
  YESTERDAY        0.2           3.3  1971   0.3   -0.1      0.0
  MONTH TO DATE    0.5                       4.9   -4.4      2.6
  SINCE SEP 1      0.5                       5.3   -4.8      2.6
  SINCE JUL 1      0.5                       5.3   -4.8      2.6
  SNOW DEPTH       T

DEGREE DAYS
 HEATING
  YESTERDAY       37                                4
  MONTH TO DATE  557                              -53
  SINCE SEP 1    954                             -150
  SINCE JUL 1   1322                             -232

 COOLING
  YESTERDAY        0                                0
  MONTH TO DATE    0                                0
  SINCE SEP 1      0                                0
  SINCE JAN 1      3                                1
..................................................................


WIND (MPH)
  HIGHEST WIND SPEED     6   HIGHEST WIND DIRECTION     E (110)
  HIGHEST GUST SPEED    MM   HIGHEST GUST DIRECTION    MM
  AVERAGE WIND SPEED     3.2




RELATIVE HUMIDITY (PERCENT)
 HIGHEST    85
 LOWEST     56
 AVERAGE    71

..........................................................


THE ANCHORAGE AK CLIMATE NORMALS FOR TODAY
                         NORMAL    RECORD    YEAR
 MAXIMUM TEMPERATURE (F)   37        54      2002
 MINIMUM TEMPERATURE (F)   25         7      1966


SUNRISE AND SUNSET
OCTOBER 23 2017.......SUNRISE   905 AM AKDT  SUNSET   623 PM AKDT
OCTOBER 24 2017.......SUNRISE   907 AM AKDT  SUNSET   620 PM AKDT


-  INDICATES NEGATIVE NUMBERS.
R  INDICATES RECORD WAS SET OR TIED.
MM INDICATES DATA IS MISSING.
T  INDICATES TRACE AMOUNT.




$$
