000
CDAK48 PAFC 290057
CLIANC

CLIMATE REPORT
NATIONAL WEATHER SERVICE ANCHORAGE, AK
357 PM AKST SUN DEC 28 2014


...................................

...THE ANCHORAGE AK CLIMATE SUMMARY FOR DECEMBER 28 2014...
VALID TODAY AS OF 0300 PM LOCAL TIME.

CLIMATE NORMAL PERIOD 1981 TO 2010
CLIMATE RECORD PERIOD 1953 TO 2014


WEATHER ITEM   OBSERVED RECORD YEAR NORMAL DEPARTURE LAST
                VALUE   VALUE       VALUE  FROM      YEAR
                                           NORMAL
...........................................................
TEMPERATURE (F)
 TODAY
  MAXIMUM         25     46    1982  24      1       23
  MINIMUM         22    -30    1961  12     10       14
  AVERAGE         24                 18              19

PRECIPITATION (IN)
  TODAY            0.00   0.73 1955   0.04  -0.04     0.00
  MONTH TO DATE    0.56               1.02  -0.46     1.60
  SINCE DEC 1      0.56               1.02  -0.46     1.60
  SINCE JAN 1     18.47              16.49   1.98    25.97

SNOWFALL (IN)
  TODAY            0.0   13.4  1955   0.5   -0.5      0.0
  MONTH TO DATE    7.2               15.3   -8.1     23.1
  SINCE DEC 1      7.2               15.3   -8.1     23.1
  SINCE JUL 1     13.2               36.7  -23.5     34.3
  SNOW DEPTH       6

DEGREE DAYS
 HEATING
  TODAY           41                 47     -6       46
  MONTH TO DATE 1060               1285   -225     1408
  SINCE DEC 1   1060               1285   -225     1408
  SINCE JUL 1   3775               4449   -674     4218

 COOLING
  TODAY            0                  0      0        0
  MONTH TO DATE    0                  0      0        0
  SINCE DEC 1      0                  0      0        0
  SINCE JAN 1      3                  2      1       21
...........................................................


WIND (MPH)
  RESULTANT WIND SPEED   4   RESULTANT WIND DIRECTION  NE (30)
  HIGHEST WIND SPEED     8   HIGHEST WIND DIRECTION     N (350)
  HIGHEST GUST SPEED    MM   HIGHEST GUST DIRECTION    MM
  AVERAGE WIND SPEED     4.3


SKY COVER
  POSSIBLE SUNSHINE  MM
  AVERAGE SKY COVER 0.8


WEATHER CONDITIONS
 THE FOLLOWING WEATHER WAS RECORDED TODAY.
  NO SIGNIFICANT WEATHER WAS OBSERVED.


RELATIVE HUMIDITY (PERCENT)
 HIGHEST    84           200 AM
 LOWEST     68           700 AM
 AVERAGE    76

..........................................................


THE ANCHORAGE AK CLIMATE NORMALS FOR TOMORROW
                         NORMAL    RECORD    YEAR
 MAXIMUM TEMPERATURE (F)   24        46      1967
 MINIMUM TEMPERATURE (F)   12       -28      1961


SUNRISE AND SUNSET
DECEMBER 28 2014......SUNRISE  1015 AM AKST  SUNSET   348 PM AKST
DECEMBER 29 2014......SUNRISE  1015 AM AKST  SUNSET   350 PM AKST

CIVIL TWILIGHT
DECEMBER 28 2014        START   914 AM AKST     END   450 PM AKST
DECEMBER 29 2014        START   914 AM AKST     END   451 PM AKST



-  INDICATES NEGATIVE NUMBERS.
R  INDICATES RECORD WAS SET OR TIED.
MM INDICATES DATA IS MISSING.
T  INDICATES TRACE AMOUNT.




$$
&&
------------------------------------------------------
AMOUNT OF DAYLIGHT TODAY  (HOUR:MIN)........ 5:33
GAIN/LOSS SINCE YESTERDAY (HOUR:MIN:SEC)....+0:01:18

-
