097
CDAK48 PANC 272256
CLIANC


CLIMATE REPORT
NATIONAL WEATHER SERVICE ANCHORAGE, AK
255 PM AKDT THU APR 27 2017


...................................

...THE ANCHORAGE AK CLIMATE SUMMARY FOR APRIL 27 2017...
VALID TODAY AS OF 0200 PM LOCAL TIME.

CLIMATE NORMAL PERIOD 9999 TO 9999
CLIMATE RECORD PERIOD 9999 TO 9999


WEATHER ITEM   OBSERVED RECORD YEAR NORMAL DEPARTURE LAST
                VALUE   VALUE       VALUE  FROM      YEAR
                                           NORMAL
...........................................................
TEMPERATURE (F)
 TODAY
  MAXIMUM         46     MM      MM  MM     MM       52
  MINIMUM         41     MM      MM  MM     MM       37
  AVERAGE         44                 MM              45

PRECIPITATION (IN)
  TODAY            T     MM      MM  MM     MM        0.00
  MONTH TO DATE    0.05              MM     MM        0.02
  SINCE MAR 1      0.65              MM     MM        1.25
  SINCE JAN 1      3.00              MM     MM        1.83

SNOWFALL (IN)
  TODAY           MM     MM      MM  MM     MM        0.0
  MONTH TO DATE    0.0               MM     MM        0.0
  SINCE MAR 1      0.0               MM     MM        0.0
  SINCE JUL 1      0.0               MM     MM        0.0
  SNOW DEPTH       0

DEGREE DAYS
 HEATING
  TODAY           21                 MM     MM       20
  MONTH TO DATE  677                 MM     MM      587
  SINCE MAR 1   2086                 MM     MM     1527
  SINCE JUL 1   8737                 MM     MM     7775

 COOLING
  TODAY            0                 MM     MM        0
  MONTH TO DATE    0                 MM     MM        0
  SINCE MAR 1      0                 MM     MM        0
  SINCE JAN 1      0                 MM     MM        0
...........................................................


WIND (MPH)
  RESULTANT WIND SPEED   3   RESULTANT WIND DIRECTION   S (200)
  HIGHEST WIND SPEED     7   HIGHEST WIND DIRECTION     S (190)
  HIGHEST GUST SPEED    MM   HIGHEST GUST DIRECTION    MM
  AVERAGE WIND SPEED     4.9


SKY COVER
  POSSIBLE SUNSHINE  MM
  AVERAGE SKY COVER 0.9


WEATHER CONDITIONS
 THE FOLLOWING WEATHER WAS RECORDED TODAY.
  LIGHT RAIN


RELATIVE HUMIDITY (PERCENT)
 HIGHEST    86           200 AM
 LOWEST     76          1200 AM
 AVERAGE    81

..........................................................


THE ANCHORAGE AK CLIMATE NORMALS FOR TOMORROW
                         NORMAL    RECORD    YEAR
 MAXIMUM TEMPERATURE (F)   MM        MM        MM
 MINIMUM TEMPERATURE (F)   MM        MM        MM


SUNRISE AND SUNSET
APRIL 27 2017.........SUNRISE   502 AM AKST  SUNSET   855 PM AKST
APRIL 28 2017.........SUNRISE   459 AM AKST  SUNSET   858 PM AKST


-  INDICATES NEGATIVE NUMBERS.
R  INDICATES RECORD WAS SET OR TIED.
MM INDICATES DATA IS MISSING.
T  INDICATES TRACE AMOUNT.




$$
