000
CDAK48 PAFC 230055
CLIANC

CLIMATE REPORT
NATIONAL WEATHER SERVICE ANCHORAGE, AK
354 PM AKST MON JAN 22 2018


...................................

...THE ANCHORAGE AK CLIMATE SUMMARY FOR JANUARY 22 2018...
VALID TODAY AS OF 0300 PM LOCAL TIME.

CLIMATE NORMAL PERIOD 1981 TO 2010
CLIMATE RECORD PERIOD 1952 TO 2018


WEATHER ITEM   OBSERVED TIME   RECORD YEAR NORMAL DEPARTURE LAST
                VALUE   (LST)  VALUE       VALUE  FROM      YEAR
                                                  NORMAL
..................................................................
TEMPERATURE (F)
 TODAY
  MAXIMUM         21    259 PM  44    1991  23     -2       15
  MINIMUM         15    511 AM -25    1989  11      4        2
  AVERAGE         18                        17      1        9

PRECIPITATION (IN)
  TODAY            0.00          0.29 1990   0.02  -0.02      T
  MONTH TO DATE    0.56                      0.51   0.05     1.31
  SINCE SEP 1      7.27                      7.80  -0.53     5.97
  SINCE JAN 1      0.56                      0.51   0.05     1.31

SNOWFALL (IN)
  TODAY            0.0           4.8  1990   0.3   -0.3      0.5
  MONTH TO DATE    4.2                       7.9   -3.7     23.8
  SINCE SEP 1     14.6                      46.0  -31.4     44.6
  SINCE JUL 1     14.6                      46.0  -31.4     44.6
  SNOW DEPTH       5

DEGREE DAYS
 HEATING
  TODAY           47                        48     -1       56
  MONTH TO DATE  912                      1053   -141     1237
  SINCE DEC 1   2098                      2479   -381     2746
  SINCE JUL 1   4972                      5643   -671     5399

 COOLING
  TODAY            0                         0      0        0
  MONTH TO DATE    0                         0      0        0
  SINCE DEC 1      0                         0      0        0
  SINCE JAN 1      0                         0      0        0
..................................................................


WIND (MPH)
  RESULTANT WIND SPEED   9   RESULTANT WIND DIRECTION   N (10)
  HIGHEST WIND SPEED    13   HIGHEST WIND DIRECTION     N (20)
  HIGHEST GUST SPEED    17   HIGHEST GUST DIRECTION     N (10)
  AVERAGE WIND SPEED     8.9


SKY COVER
  POSSIBLE SUNSHINE  MM
  AVERAGE SKY COVER 0.7


WEATHER CONDITIONS
 THE FOLLOWING WEATHER WAS RECORDED TODAY.
  NO SIGNIFICANT WEATHER WAS OBSERVED.


RELATIVE HUMIDITY (PERCENT)
 HIGHEST    59           100 AM
 LOWEST     51           100 PM
 AVERAGE    55

..........................................................


THE ANCHORAGE AK CLIMATE NORMALS FOR TOMORROW
                         NORMAL    RECORD    YEAR
 MAXIMUM TEMPERATURE (F)   23        48      2014
                                             1977
 MINIMUM TEMPERATURE (F)   11       -24      1973


SUNRISE AND SUNSET
JANUARY 22 2018.......SUNRISE   943 AM AKST  SUNSET   441 PM AKST
JANUARY 23 2018.......SUNRISE   941 AM AKST  SUNSET   444 PM AKST

CIVIL TWILIGHT
JANUARY 22 2018         START    850 AM GMT     END    535 PM GMT
JANUARY 23 2018         START    849 AM GMT     END    537 PM GMT



-  INDICATES NEGATIVE NUMBERS.
R  INDICATES RECORD WAS SET OR TIED.
MM INDICATES DATA IS MISSING.
T  INDICATES TRACE AMOUNT.




$$
&&
------------------------------------------------------
AMOUNT OF DAYLIGHT TODAY  (HOUR:MIN)........ 6:58
GAIN/LOSS SINCE YESTERDAY (HOUR:MIN:SEC)....+0:04:45
