000
CDAK48 PAFC 072235
CLIANC


CLIMATE REPORT
NATIONAL WEATHER SERVICE ANCHORAGE, AK
135 PM AKST WED DEC 7 2016


...................................

...THE ANCHORAGE AK CLIMATE SUMMARY FOR DECEMBER 7 2016...
VALID TODAY AS OF 0100 PM LOCAL TIME.

CLIMATE NORMAL PERIOD 1981 TO 2010
CLIMATE RECORD PERIOD 1952 TO 2016


WEATHER ITEM   OBSERVED TIME   RECORD YEAR NORMAL DEPARTURE LAST
                VALUE   (LST)  VALUE       VALUE  FROM      YEAR
                                                  NORMAL
..................................................................
TEMPERATURE (F)
 TODAY
  MAXIMUM         21    100 PM  43    1982  25     -4       15
                                      1960
  MINIMUM         16   1200 AM -20    1975  14      2        5
  AVERAGE         19                        20     -1       10

PRECIPITATION (IN)
  TODAY            T             0.39 1967   0.04  -0.04      T
  MONTH TO DATE    0.50                      0.26   0.24     0.06
  SINCE DEC 1      0.50                      0.26   0.24     0.06
  SINCE JAN 1     15.49                     15.73  -0.24    18.73

SNOWFALL (IN)
  TODAY           MM             7.4  1967   0.5   MM         T
  MONTH TO DATE    8.4                       3.8    4.6      1.2
  SINCE DEC 1      8.4                       3.8    4.6      1.2
  SINCE JUL 1     12.3                      25.2  -12.9     20.9
  SNOW DEPTH       5

DEGREE DAYS
 HEATING
  TODAY           46                        45      1       55
  MONTH TO DATE  359                       315     44      329
  SINCE DEC 1    359                       315     44      329
  SINCE JUL 1   3012                      3479   -467     3143

 COOLING
  TODAY            0                         0      0        0
  MONTH TO DATE    0                         0      0        0
  SINCE DEC 1      0                         0      0        0
  SINCE JAN 1     13                         2     11       34
..................................................................


WIND (MPH)
  RESULTANT WIND SPEED  11   RESULTANT WIND DIRECTION   N (0)
  HIGHEST WIND SPEED    14   HIGHEST WIND DIRECTION     N (360)
  HIGHEST GUST SPEED    MM   HIGHEST GUST DIRECTION    MM
  AVERAGE WIND SPEED    11.0


SKY COVER
  POSSIBLE SUNSHINE  MM
  AVERAGE SKY COVER 0.9


WEATHER CONDITIONS
 THE FOLLOWING WEATHER WAS RECORDED TODAY.
  NO SIGNIFICANT WEATHER WAS OBSERVED.


RELATIVE HUMIDITY (PERCENT)
 HIGHEST    62           900 AM
 LOWEST     52           100 PM
 AVERAGE    57

..........................................................


THE ANCHORAGE AK CLIMATE NORMALS FOR TOMORROW
                         NORMAL    RECORD    YEAR
 MAXIMUM TEMPERATURE (F)   25        45      2006
 MINIMUM TEMPERATURE (F)   14       -21      1975


SUNRISE AND SUNSET
DECEMBER  7 2016......SUNRISE   959 AM AKST  SUNSET   345 PM AKST
DECEMBER  8 2016......SUNRISE  1000 AM AKST  SUNSET   344 PM AKST


-  INDICATES NEGATIVE NUMBERS.
R  INDICATES RECORD WAS SET OR TIED.
MM INDICATES DATA IS MISSING.
T  INDICATES TRACE AMOUNT.




$$
