026
CDAK48 PAFC 171947 AAA
CLIANC

CLIMATE REPORT
NATIONAL WEATHER SERVICE ANCHORAGE, AK
415 AM AKST TUE JAN 17 2017


...................................

...THE ANCHORAGE AK CLIMATE SUMMARY FOR JANUARY 16 2017...

CLIMATE NORMAL PERIOD 1981 TO 2010
CLIMATE RECORD PERIOD 1952 TO 2017


WEATHER ITEM   OBSERVED TIME   RECORD YEAR NORMAL DEPARTURE LAST
                VALUE   (LST)  VALUE       VALUE  FROM      YEAR
                                                  NORMAL
..................................................................
TEMPERATURE (F)
 YESTERDAY
  MAXIMUM         18    308 PM  45    2009  23     -5       25
  MINIMUM         12    611 AM -25    1973  11      1       14
  AVERAGE         15                        17     -2       20

PRECIPITATION (IN)
  YESTERDAY        0.32R         0.21 2008   0.02   0.30
  MONTH TO DATE    0.74                      0.38   0.36
  SINCE DEC 1      2.21                      1.49   0.72
  SINCE JAN 1      0.74                      0.38   0.36

SNOWFALL (IN)
  YESTERDAY        5.3 R         3.7  2008   0.3    5.0      0.0
  MONTH TO DATE   10.6                       5.9    4.7      3.5
  SINCE DEC 1     27.5                      22.6    4.9      6.1
  SINCE JUL 1     31.4                      44.0  -12.6     25.8
  SNOW DEPTH      17

DEGREE DAYS
 HEATING
  YESTERDAY       50                                2
  MONTH TO DATE  862                               97
  SINCE DEC 1   2371                              180
  SINCE JUL 1   5024                             -331

 COOLING
  YESTERDAY        0                                0
  MONTH TO DATE    0                                0
  SINCE DEC 1      0                                0
  SINCE JAN 1      0                                0
..................................................................


WIND (MPH)
  HIGHEST WIND SPEED    16   HIGHEST WIND DIRECTION     S (200)
  HIGHEST GUST SPEED    22   HIGHEST GUST DIRECTION    SW (210)
  AVERAGE WIND SPEED     7.3




RELATIVE HUMIDITY (PERCENT)
 HIGHEST    92
 LOWEST     70
 AVERAGE    81

..........................................................


THE ANCHORAGE AK CLIMATE NORMALS FOR TODAY
                         NORMAL    RECORD    YEAR
 MAXIMUM TEMPERATURE (F)   23        46      2014
                                             1992
 MINIMUM TEMPERATURE (F)   11       -20      1956


SUNRISE AND SUNSET
JANUARY 17 2017.......SUNRISE   953 AM AKST  SUNSET   429 PM AKST
JANUARY 18 2017.......SUNRISE   951 AM AKST  SUNSET   431 PM AKST

CIVIL TWILIGHT
JANUARY 17 2017         START    858 AM GMT     END    524 PM GMT
JANUARY 18 2017         START    856 AM GMT     END    526 PM GMT



-  INDICATES NEGATIVE NUMBERS.
R  INDICATES RECORD WAS SET OR TIED.
MM INDICATES DATA IS MISSING.
T  INDICATES TRACE AMOUNT.




$$
&&
------------------------------------------------------
AMOUNT OF DAYLIGHT TODAY  (HOUR:MIN)........ 6:36
GAIN/LOSS SINCE YESTERDAY (HOUR:MIN:SEC)....+0:04:21
