000
CDAK48 PAFC 271246
CLIANC

CLIMATE REPORT
NATIONAL WEATHER SERVICE ANCHORAGE, AK
443 AM AKDT FRI MAY 27 2016


...................................

...THE ANCHORAGE AK CLIMATE SUMMARY FOR MAY 26 2016...

CLIMATE NORMAL PERIOD 1981 TO 2010
CLIMATE RECORD PERIOD 1952 TO 2016


WEATHER ITEM   OBSERVED TIME   RECORD YEAR NORMAL DEPARTURE LAST
                VALUE   (LST)  VALUE       VALUE  FROM      YEAR
                                                  NORMAL
..................................................................
TEMPERATURE (F)
 YESTERDAY
  MAXIMUM         69        MM  75    2006  59     10       58
  MINIMUM         45        MM  34    1967  43      2       47
  AVERAGE         57                        51      6       53

PRECIPITATION (IN)
  YESTERDAY        0.00          0.48 1999   0.02  -0.02
  MONTH TO DATE    0.30                      0.58  -0.28
  SINCE MAR 1      1.55                      1.65  -0.10
  SINCE JAN 1      2.13                      3.10  -0.97

SNOWFALL (IN)
  YESTERDAY        0.0           0.0    MM   0.0    0.0      0.0
  MONTH TO DATE    0.0                       0.3   -0.3      0.0
  SINCE MAR 1     10.7                      14.2   -3.5      4.6
  SINCE JUL 1     38.3                      74.5  -36.2     25.1
  SNOW DEPTH       0

DEGREE DAYS
 HEATING
  YESTERDAY        8                               -6
  MONTH TO DATE  362                             -104
  SINCE MAR 1   1971                             -533
  SINCE JUL 1   8307                            -1526

 COOLING
  YESTERDAY        0                                0
  MONTH TO DATE    0                                0
  SINCE MAR 1      0                                0
  SINCE JAN 1      0                                0
..................................................................


WIND (MPH)
  HIGHEST WIND SPEED     8   HIGHEST WIND DIRECTION     W (250)
  HIGHEST GUST SPEED    MM   HIGHEST GUST DIRECTION    MM
  AVERAGE WIND SPEED     3.7




RELATIVE HUMIDITY (PERCENT)
 HIGHEST    89
 LOWEST     37
 AVERAGE    63

..........................................................


THE ANCHORAGE AK CLIMATE NORMALS FOR TODAY
                         NORMAL    RECORD    YEAR
 MAXIMUM TEMPERATURE (F)   59        76      2010
                                             2006
 MINIMUM TEMPERATURE (F)   43        33      1964


SUNRISE AND SUNSET
MAY 27 2016...........SUNRISE   445 AM AKDT  SUNSET  1112 PM AKDT
MAY 28 2016...........SUNRISE   443 AM AKDT  SUNSET  1114 PM AKDT

CIVIL TWILIGHT
MAY 27 2016             START   314 AM AKDT     END  1246 AM AKDT
MAY 28 2016             START   310 AM AKDT     END  1250 AM AKDT



-  INDICATES NEGATIVE NUMBERS.
R  INDICATES RECORD WAS SET OR TIED.
MM INDICATES DATA IS MISSING.
T  INDICATES TRACE AMOUNT.




$$
&&
------------------------------------------------------
AMOUNT OF DAYLIGHT TODAY  (HOUR:MIN)........18:27
GAIN/LOSS SINCE YESTERDAY (HOUR:MIN:SEC)....+0:04:07
