000
CDUS43 KAPX 290529
CLIANJ


CLIMATE REPORT
NATIONAL WEATHER SERVICE GAYLORD MI
129 AM EDT TUE JUL 29 2014


...................................

...THE SAULT STE MARIE MI CLIMATE SUMMARY FOR JULY 28 2014...

CLIMATE NORMAL PERIOD 1981 TO 2010
CLIMATE RECORD PERIOD 1888 TO 2014


WEATHER ITEM   OBSERVED TIME   RECORD YEAR NORMAL DEPARTURE LAST
                VALUE   (LST)  VALUE       VALUE  FROM      YEAR
                                                  NORMAL
..................................................................
TEMPERATURE (F)
 YESTERDAY
  MAXIMUM         65    112 PM  90    1988  77    -12       65
                                      1931
  MINIMUM         50    548 AM  39    1978  55     -5       52
  AVERAGE         58                        66     -8       59

PRECIPITATION (IN)
  YESTERDAY        0.00          1.46 1940   0.10  -0.10     0.23
  MONTH TO DATE    1.48                      2.55  -1.07     5.17
  SINCE JUN 1      4.40                      5.25  -0.85     8.42
  SINCE JAN 1     16.44                     15.69   0.75    22.68

DEGREE DAYS
 HEATING
  YESTERDAY        7                         2      5        6
  MONTH TO DATE   94                        66     28       43
  SINCE JUN 1    203                       246    -43      189
  SINCE JUL 1     94                        66     28       43

 COOLING
  YESTERDAY        0                         3     -3        0
  MONTH TO DATE   21                        75    -54      115
  SINCE JUN 1     58                       105    -47      154
  SINCE JAN 1     60                       110    -50      163
..................................................................


WIND (MPH)
  HIGHEST WIND SPEED    18   HIGHEST WIND DIRECTION    NW (310)
  HIGHEST GUST SPEED    25   HIGHEST GUST DIRECTION    NW (310)
  AVERAGE WIND SPEED     8.5




RELATIVE HUMIDITY (PERCENT)
 HIGHEST    89
 LOWEST     51
 AVERAGE    70

..........................................................


THE SAULT STE MARIE MI CLIMATE NORMALS FOR TODAY
                         NORMAL    RECORD    YEAR
 MAXIMUM TEMPERATURE (F)   77        96      1916
 MINIMUM TEMPERATURE (F)   56        40      1968


SUNRISE AND SUNSET
JULY 29 2014..........SUNRISE   615 AM EDT   SUNSET   912 PM EDT
JULY 30 2014..........SUNRISE   616 AM EDT   SUNSET   911 PM EDT


-  INDICATES NEGATIVE NUMBERS.
R  INDICATES RECORD WAS SET OR TIED.
MM INDICATES DATA IS MISSING.
T  INDICATES TRACE AMOUNT.




$$
