000
CDUS43 KAPX 220538
CLIANJ


CLIMATE REPORT
NATIONAL WEATHER SERVICE GAYLORD MI
138 AM EDT FRI MAY 22 2015


...................................

...THE SAULT STE MARIE MI CLIMATE SUMMARY FOR MAY 21 2015...

CLIMATE NORMAL PERIOD 1981 TO 2010
CLIMATE RECORD PERIOD 1888 TO 2015


WEATHER ITEM   OBSERVED TIME   RECORD YEAR NORMAL DEPARTURE LAST
                VALUE   (LST)  VALUE       VALUE  FROM      YEAR
                                                  NORMAL
..................................................................
TEMPERATURE (F)
 YESTERDAY
  MAXIMUM         56   1217 PM  86    1994  64     -8       67
                                      1992
                                      1975
  MINIMUM         37    527 AM  25    1967  42     -5       39
  AVERAGE         47                        53     -6       53

PRECIPITATION (IN)
  YESTERDAY        T             1.07 2001   0.09  -0.09     0.46
  MONTH TO DATE    1.02                      1.69  -0.67     2.77
  SINCE MAR 1      4.18                      6.03  -1.85     8.68
  SINCE JAN 1      7.55                      9.56  -2.01    12.04

DEGREE DAYS
 HEATING
  YESTERDAY       18                        12      6       12
  MONTH TO DATE  266                       308    -42      394
  SINCE MAR 1   2389                      2251    138     2778
  SINCE JUL 1   9168                      8377    791     9558

 COOLING
  YESTERDAY        0                         0      0        0
  MONTH TO DATE    0                         0      0        0
  SINCE MAR 1      0                         0      0        0
  SINCE JAN 1      0                         0      0        0
..................................................................


WIND (MPH)
  HIGHEST WIND SPEED    24   HIGHEST WIND DIRECTION    NW (310)
  HIGHEST GUST SPEED    35   HIGHEST GUST DIRECTION    NW (300)
  AVERAGE WIND SPEED     8.6




RELATIVE HUMIDITY (PERCENT)
 HIGHEST    85
 LOWEST     41
 AVERAGE    63

..........................................................


THE SAULT STE MARIE MI CLIMATE NORMALS FOR TODAY
                         NORMAL    RECORD    YEAR
 MAXIMUM TEMPERATURE (F)   65        86      1992
 MINIMUM TEMPERATURE (F)   42        27      1967


SUNRISE AND SUNSET
MAY 22 2015...........SUNRISE   556 AM EDT   SUNSET   912 PM EDT
MAY 23 2015...........SUNRISE   555 AM EDT   SUNSET   913 PM EDT


-  INDICATES NEGATIVE NUMBERS.
R  INDICATES RECORD WAS SET OR TIED.
MM INDICATES DATA IS MISSING.
T  INDICATES TRACE AMOUNT.




$$
