000
CDUS43 KAPX 280544
CLIANJ


CLIMATE REPORT
NATIONAL WEATHER SERVICE GAYLORD MI
1244 AM EST SAT FEB 28 2015


...................................

...THE SAULT STE MARIE MI CLIMATE SUMMARY FOR FEBRUARY 27 2015...

CLIMATE NORMAL PERIOD 1981 TO 2010
CLIMATE RECORD PERIOD 1888 TO 2015


WEATHER ITEM   OBSERVED TIME   RECORD YEAR NORMAL DEPARTURE LAST
                VALUE   (LST)  VALUE       VALUE  FROM      YEAR
                                                  NORMAL
..................................................................
TEMPERATURE (F)
 YESTERDAY
  MAXIMUM         17    359 PM  46    1895  29    -12        2
  MINIMUM        -12    735 AM -24    1934  12    -24      -15
  AVERAGE          3                        20    -17       -6

PRECIPITATION (IN)
  YESTERDAY        T             0.66 1971   0.05  -0.05      T
  MONTH TO DATE    1.37                      1.29   0.08     0.68
  SINCE DEC 1      6.71                      6.27   0.44     6.07
  SINCE JAN 1      3.37                      3.48  -0.11     3.27

SNOWFALL (IN)
  YESTERDAY        T             5.6  1971   0.6   -0.6      0.3
  MONTH TO DATE   19.7                      18.1    1.6     15.0
  SINCE OCT 1    148.7                      99.7   49.0    105.2
  SINCE JUL 1    148.7                      99.7   49.0    105.2
  SNOW DEPTH      28

DEGREE DAYS
 HEATING
  YESTERDAY       62                        45     17       71
  MONTH TO DATE 1671                      1282    389     1480
  SINCE DEC 1   4558                      4150    408     4816
  SINCE JUL 1   6720                      6082    638     6709
..................................................................


WIND (MPH)
  HIGHEST WIND SPEED    15   HIGHEST WIND DIRECTION     W (280)
  HIGHEST GUST SPEED    19   HIGHEST GUST DIRECTION    NW (310)
  AVERAGE WIND SPEED     4.3




RELATIVE HUMIDITY (PERCENT)
 HIGHEST   100
 LOWEST     47
 AVERAGE    74

..........................................................


THE SAULT STE MARIE MI CLIMATE NORMALS FOR TODAY
                         NORMAL    RECORD    YEAR
 MAXIMUM TEMPERATURE (F)   29        46      1998
 MINIMUM TEMPERATURE (F)   12       -21      2014


SUNRISE AND SUNSET
FEBRUARY 28 2015......SUNRISE   719 AM EST   SUNSET   622 PM EST
MARCH  1 2015.........SUNRISE   717 AM EST   SUNSET   623 PM EST


-  INDICATES NEGATIVE NUMBERS.
R  INDICATES RECORD WAS SET OR TIED.
MM INDICATES DATA IS MISSING.
T  INDICATES TRACE AMOUNT.




$$
