000
CDUS43 KAPX 230527
CLIANJ


CLIMATE REPORT
NATIONAL WEATHER SERVICE GAYLORD MI
126 AM EDT SAT AUG 23 2014


...................................

...THE SAULT STE MARIE MI CLIMATE SUMMARY FOR AUGUST 22 2014...

CLIMATE NORMAL PERIOD 1981 TO 2010
CLIMATE RECORD PERIOD 1888 TO 2014


WEATHER ITEM   OBSERVED TIME   RECORD YEAR NORMAL DEPARTURE LAST
                VALUE   (LST)  VALUE       VALUE  FROM      YEAR
                                                  NORMAL
..................................................................
TEMPERATURE (F)
 YESTERDAY
  MAXIMUM         79    432 PM  85    1947  74      5       78
  MINIMUM         59    238 AM  32    1950  54      5       59
  AVERAGE         69                        64      5       69

PRECIPITATION (IN)
  YESTERDAY        0.00          2.19 1968   0.10  -0.10     0.00
  MONTH TO DATE    1.76                      2.23  -0.47     2.14
  SINCE JUN 1      6.16                      7.79  -1.63    11.13
  SINCE JAN 1     18.20                     18.23  -0.03    25.39

DEGREE DAYS
 HEATING
  YESTERDAY        0                         3     -3        0
  MONTH TO DATE   42                        46     -4       65
  SINCE JUN 1    262                       295    -33      261
  SINCE JUL 1    153                       115     38      115

 COOLING
  YESTERDAY        4                         2      2        4
  MONTH TO DATE   30                        55    -25       35
  SINCE JUN 1     88                       163    -75      190
  SINCE JAN 1     90                       168    -78      199
..................................................................


WIND (MPH)
  HIGHEST WIND SPEED     8   HIGHEST WIND DIRECTION    SE (140)
  HIGHEST GUST SPEED    12   HIGHEST GUST DIRECTION    SE (150)
  AVERAGE WIND SPEED     3.5




RELATIVE HUMIDITY (PERCENT)
 HIGHEST   100
 LOWEST     60
 AVERAGE    80

..........................................................


THE SAULT STE MARIE MI CLIMATE NORMALS FOR TODAY
                         NORMAL    RECORD    YEAR
 MAXIMUM TEMPERATURE (F)   74        96      1947
 MINIMUM TEMPERATURE (F)   54        38      1958


SUNRISE AND SUNSET
AUGUST 23 2014........SUNRISE   646 AM EDT   SUNSET   833 PM EDT
AUGUST 24 2014........SUNRISE   647 AM EDT   SUNSET   831 PM EDT


-  INDICATES NEGATIVE NUMBERS.
R  INDICATES RECORD WAS SET OR TIED.
MM INDICATES DATA IS MISSING.
T  INDICATES TRACE AMOUNT.




$$
