761
CDUS43 KAPX 172127
CLIANJ


CLIMATE REPORT
NATIONAL WEATHER SERVICE GAYLORD MI
527 PM EDT TUE OCT 17 2017


...................................

...THE SAULT STE MARIE MI CLIMATE SUMMARY FOR OCTOBER 17 2017...
VALID TODAY AS OF 0500 PM LOCAL TIME.

CLIMATE NORMAL PERIOD 1981 TO 2010
CLIMATE RECORD PERIOD 1888 TO 2017


WEATHER ITEM   OBSERVED TIME   RECORD YEAR NORMAL DEPARTURE LAST
                VALUE   (LST)  VALUE       VALUE  FROM      YEAR
                                                  NORMAL
..................................................................
TEMPERATURE (F)
 TODAY
  MAXIMUM         64    228 PM  77    1963  53     11       64
                                      1947
  MINIMUM         44    440 AM  22    1974  37      7       45
  AVERAGE         54                        45      9       55

PRECIPITATION (IN)
  TODAY            0.00          1.22 2016   0.12  -0.12     1.22
  MONTH TO DATE    2.46                      2.15   0.31     2.69
  SINCE SEP 1      3.51                      5.97  -2.46     7.51
  SINCE JAN 1     31.27                     25.14   6.13    27.59

SNOWFALL (IN)
  TODAY            0.0          10.1  1943   0.0             0.0
  MONTH TO DATE    0.0                       0.3             0.0
  SINCE OCT 1      0.0                       0.3             0.0
  SINCE JUL 1      0.0                       0.3             0.0

DEGREE DAYS
 HEATING
  TODAY           11                        20     -9       10
  MONTH TO DATE  168                       288   -120      176
  SINCE SEP 1    305                       542   -237      253
  SINCE JUL 1    388                       689   -301      288

 COOLING
  TODAY            0                         0      0        0
  MONTH TO DATE    4                         0      4        0
  SINCE SEP 1     86                        17     69       35
  SINCE JAN 1    214                       195     19      361
..................................................................


WIND (MPH)
  RESULTANT WIND SPEED   5   RESULTANT WIND DIRECTION   W (260)
  HIGHEST WIND SPEED    14   HIGHEST WIND DIRECTION    SW (210)
  HIGHEST GUST SPEED    20   HIGHEST GUST DIRECTION    SW (220)
  AVERAGE WIND SPEED     8.1


SKY COVER
  POSSIBLE SUNSHINE  MM
  AVERAGE SKY COVER 0.2


WEATHER CONDITIONS
 THE FOLLOWING WEATHER WAS RECORDED TODAY.
  NO SIGNIFICANT WEATHER WAS OBSERVED.


RELATIVE HUMIDITY (PERCENT)
 HIGHEST    86           100 AM
 LOWEST     51          1100 AM
 AVERAGE    69

..........................................................


THE SAULT STE MARIE MI CLIMATE NORMALS FOR TOMORROW
                         NORMAL    RECORD    YEAR
 MAXIMUM TEMPERATURE (F)   52        77      1910
 MINIMUM TEMPERATURE (F)   37        17      1974


SUNRISE AND SUNSET
OCTOBER 17 2017.......SUNRISE   758 AM EDT   SUNSET   647 PM EDT
OCTOBER 18 2017.......SUNRISE   759 AM EDT   SUNSET   645 PM EDT


-  INDICATES NEGATIVE NUMBERS.
R  INDICATES RECORD WAS SET OR TIED.
MM INDICATES DATA IS MISSING.
T  INDICATES TRACE AMOUNT.




$$
