000
CDUS43 KAPX 230544
CLIANJ


CLIMATE REPORT
NATIONAL WEATHER SERVICE GAYLORD MI
143 AM EDT WED AUG 23 2017


...................................

...THE SAULT STE MARIE MI CLIMATE SUMMARY FOR AUGUST 22 2017...

CLIMATE NORMAL PERIOD 1981 TO 2010
CLIMATE RECORD PERIOD 1888 TO 2017


WEATHER ITEM   OBSERVED TIME   RECORD YEAR NORMAL DEPARTURE LAST
                VALUE   (LST)  VALUE       VALUE  FROM      YEAR
                                                  NORMAL
..................................................................
TEMPERATURE (F)
 YESTERDAY
  MAXIMUM         70    609 AM  85    1947  74     -4       75
  MINIMUM         59   1159 PM  32    1950  54      5       48
  AVERAGE         65                        64      1       62

PRECIPITATION (IN)
  YESTERDAY        T             2.19 1968   0.10  -0.10     0.00
  MONTH TO DATE    6.07                      2.23   3.84     2.51
  SINCE JUN 1     14.26                      7.79   6.47     7.72
  SINCE JAN 1     27.70                     18.23   9.47    18.27

DEGREE DAYS
 HEATING
  YESTERDAY        0                         3     -3        3
  MONTH TO DATE    9                        46    -37        8
  SINCE JUN 1    152                       295   -143      194
  SINCE JUL 1     40                       115    -75       31

 COOLING
  YESTERDAY        0                         2     -2        0
  MONTH TO DATE   38                        55    -17      131
  SINCE JUN 1    123                       163    -40      297
  SINCE JAN 1    124                       168    -44      308
..................................................................


WIND (MPH)
  HIGHEST WIND SPEED    25   HIGHEST WIND DIRECTION    NW (300)
  HIGHEST GUST SPEED    40   HIGHEST GUST DIRECTION    NW (320)
  AVERAGE WIND SPEED    12.3




RELATIVE HUMIDITY (PERCENT)
 HIGHEST   100
 LOWEST     63
 AVERAGE    82

..........................................................


THE SAULT STE MARIE MI CLIMATE NORMALS FOR TODAY
                         NORMAL    RECORD    YEAR
 MAXIMUM TEMPERATURE (F)   74        96      1947
 MINIMUM TEMPERATURE (F)   54        38      1958


SUNRISE AND SUNSET
AUGUST 23 2017........SUNRISE   646 AM EDT   SUNSET   833 PM EDT
AUGUST 24 2017........SUNRISE   648 AM EDT   SUNSET   831 PM EDT


-  INDICATES NEGATIVE NUMBERS.
R  INDICATES RECORD WAS SET OR TIED.
MM INDICATES DATA IS MISSING.
T  INDICATES TRACE AMOUNT.




$$
