000
CDUS43 KAPX 110534
CLIANJ


CLIMATE REPORT
NATIONAL WEATHER SERVICE GAYLORD MI
1231 AM EST MON DEC 11 2017


...................................

...THE SAULT STE MARIE MI CLIMATE SUMMARY FOR DECEMBER 10 2017...

CLIMATE NORMAL PERIOD 1981 TO 2010
CLIMATE RECORD PERIOD 1888 TO 2017


WEATHER ITEM   OBSERVED TIME   RECORD YEAR NORMAL DEPARTURE LAST
                VALUE   (LST)  VALUE       VALUE  FROM      YEAR
                                                  NORMAL
..................................................................
TEMPERATURE (F)
 YESTERDAY
  MAXIMUM         22    904 AM  47    2015  30     -8       22
                                      1911
  MINIMUM          7   1057 PM -14    1958  18    -11       11
  AVERAGE         15                        24     -9       17

PRECIPITATION (IN)
  YESTERDAY        0.08          1.36 1995   0.10  -0.02     0.01
  MONTH TO DATE    2.04                      1.01   1.03     1.19
  SINCE DEC 1      2.04                      1.01   1.03     1.19
  SINCE JAN 1     41.35                     31.17  10.18    31.94

SNOWFALL (IN)
  YESTERDAY        0.9          26.6  1995   1.1   -0.2      0.3
  MONTH TO DATE   12.0                      10.0    2.0     11.7
  SINCE OCT 1     27.0                      26.7    0.3     18.6
  SINCE JUL 1     27.0                      26.7    0.3     18.6
  SNOW DEPTH       7

DEGREE DAYS
 HEATING
  YESTERDAY       50                        41      9       48
  MONTH TO DATE  350                       390    -40      347
  SINCE DEC 1    350                       390    -40      347
  SINCE JUL 1   1935                      2322   -387     1617
..................................................................


WIND (MPH)
  HIGHEST WIND SPEED    17   HIGHEST WIND DIRECTION    SW (230)
  HIGHEST GUST SPEED    22   HIGHEST GUST DIRECTION    NW (330)
  AVERAGE WIND SPEED     8.8




RELATIVE HUMIDITY (PERCENT)
 HIGHEST    84
 LOWEST     61
 AVERAGE    73

..........................................................


THE SAULT STE MARIE MI CLIMATE NORMALS FOR TODAY
                         NORMAL    RECORD    YEAR
 MAXIMUM TEMPERATURE (F)   30        47      2015
 MINIMUM TEMPERATURE (F)   18       -14      1988


SUNRISE AND SUNSET
DECEMBER 11 2017......SUNRISE   811 AM EST   SUNSET   450 PM EST
DECEMBER 12 2017......SUNRISE   812 AM EST   SUNSET   450 PM EST


-  INDICATES NEGATIVE NUMBERS.
R  INDICATES RECORD WAS SET OR TIED.
MM INDICATES DATA IS MISSING.
T  INDICATES TRACE AMOUNT.




$$
