000
CDAK47 PANT 261802
CLIANN

CLIMATE REPORT
NATIONAL WEATHER SERVICE ANNETTE, AK
1002 AM AKDT TUE MAY 26 2015

...................................
...THE ANNETTE WSO AP CLIMATE SUMMARY FOR MAY 26 2015...
VALID TODAY AS OF 2:00 PM LOCAL TIME

CLIMATE NORMAL PERIOD  1981 TO  2010
CLIMATE RECORD PERIOD  1948 TO  2015

WEATHER ITEM   OBSERVED TIME    RECORD YEAR NORMAL DEPARTURE LAST
               VALUE    (LST)   VALUE       VALUE  FROM      YEAR
                                                   NORMAL
...................................................................
TEMPERATURE
TODAY
 MAXIMUM            55  0857 AM    78  1993     58      -3     56
 MINIMUM            50  1252 AM    36  1973     46       4     49
 AVERAGE            53                          52       1     53

PRECIPITATION
(INCHES)
 TODAY            0.00           1.21  1999   0.17   -0.17   0.01
 MONTH TO DATE    0.50                        4.73   -4.23   4.95
 SINCE MAR 1     22.42                       19.55    2.87  28.69
 SINCE JAN 1     43.48                       37.59    5.89  40.79

SNOWFALL
(INCHES)
 TODAY             0.0            0.0  2015    0.0     0.0    0.0
 MONTH TO DATE     0.0                         0.1    -0.1    0.0
 SINCE MAR 1         T                         8.4    -8.4    0.3
 SINCE JUL 1      10.2                        34.9   -24.7   25.4
 SNOW DEPTH (IN)     0                                          0

DEGREE DAYS
 HEATING
  TODAY             12                          13      -1     12
  MONTH TO DATE    273                         400    -127    355
  SINCE MAR 1     1509                        1807    -298   1861
  SINCE JUL 1     5593                        6345    -752   6350

 COOLING
  TODAY              0                           0       0      0
  MONTH TO DATE      0                           0       0      0
  SINCE MAR 1        0                           0       0      0
  SINCE JAN 1        0                           0       0      0
...................................................................

WIND (MPH)
 HIGHEST WIND SPEED     8     HIGHEST WIND DIRECTION    140
 HIGHEST GUST SPEED    10     HIGHEST GUST DIRECTION    120
 AVERAGE WIND SPEED    MM

SKY COVER
  POSSIBLE SUNSHINE  MM            AVERAGE SKY COVER MM

WEATHER CONDITIONS
 THE FOLLOWING WEATHER WAS RECORDED TODAY.
   FOG


RELATIVE HUMIDITY
 HIGHEST RH     MM PERCENT       MM
 LOWEST  RH     MM PERCENT       MM
 AVERAGE RH     MM PERCENT       MM
...................................................................

THE ANNETTE CLIMATE NORMALS FOR TOMORROW
                        NORMAL    RECORD   YEAR
 MAXIMUM TEMPERATURE      59        84     1998
 MINIMUM TEMPERATURE      46        38     1966

SUNRISE AND SUNSET
 MAY 26 2015..........SUNRISE  4:22 AM      SUNSET  9:07 PM
 MAY 27 2015..........SUNRISE  4:21 AM      SUNSET  9:08 PM

-  INDICATES NEGATIVE NUMBERS.
R  INDICATES RECORD HAS BEEN SET OR TIED.
MM INDICATES DATA IS MISSING.
T  INDICATES TRACE OF PRECIPITATION.

&&
-------------------------------------------------------------------

AMOUNT OF DAYLIGHT TODAY  (HOUR:MIN)........16 HOURS 45 MINUTES
GAIN/LOSS SINCE YESTERDAY (HOUR:MIN:SEC)....+0:02:49

$$
MM MAY 15
