000
CDAK47 PANT 310903
CLIANN

CLIMATE REPORT
NATIONAL WEATHER SERVICE ANNETTE, AK
1203 AM AKST SAT JAN 31 2015

...................................
...THE ANNETTE WSO AP CLIMATE SUMMARY FOR JANUARY 30 2015...

CLIMATE NORMAL PERIOD  1981 TO  2010
CLIMATE RECORD PERIOD  1948 TO  2015

WEATHER ITEM   OBSERVED TIME    RECORD YEAR NORMAL DEPARTURE LAST
               VALUE    (LST)   VALUE       VALUE  FROM      YEAR
                                                   NORMAL
...................................................................
TEMPERATURE
YESTERDAY
 MAXIMUM            45  1245 PM    59  2000     42       3     43
 MINIMUM            38  1140 PM     6  1996     33       5     24
 AVERAGE            42                          37       5     34

PRECIPITATION
(INCHES)
 YESTERDAY        0.00           3.10  1976   0.32   -0.32   0.00
 MONTH TO DATE   14.71                       10.41    4.30   8.13
 SINCE DEC 1     27.67                       21.13    6.54  26.51
 SINCE JAN 1     14.71                       10.41    4.30   8.13

SNOWFALL
(INCHES)
 YESTERDAY         0.0            5.1  1969    0.3    -0.3    0.0
 MONTH TO DATE     3.3                         7.4    -4.1    1.0
 SINCE DEC 1       3.7                        15.5   -11.8    4.4
 SINCE JUL 1       7.9                        19.1   -11.2   10.1
 SNOW DEPTH (IN)     0                                          0

DEGREE DAYS
 HEATING
  YESTERDAY         23                          28      -5     31
  MONTH TO DATE    672                         840    -168    781
  SINCE DEC 1     1388                        1701    -313   1680
  SINCE JUL 1     3393                        3751    -358   3494

 COOLING
  YESTERDAY          0                           0       0      0
  MONTH TO DATE      0                           0       0      0
  SINCE DEC 1        0                           0       0      0
  SINCE JAN 1        0                           0       0      0
...................................................................

WIND (MPH)
 HIGHEST WIND SPEED    14     HIGHEST WIND DIRECTION    320
 HIGHEST GUST SPEED    19     HIGHEST GUST DIRECTION    330
 AVERAGE WIND SPEED   7.5

SKY COVER
  POSSIBLE SUNSHINE    MM          AVERAGE SKY COVER     MM

WEATHER CONDITIONS
 THE FOLLOWING WEATHER WAS RECORDED YESTERDAY.
  NO SIGNIFICANT WEATHER WAS OBSERVED.

RELATIVE HUMIDITY
 HIGHEST RH     MM PERCENT       MM
 LOWEST  RH     MM PERCENT       MM
 AVERAGE RH     MM PERCENT       MM
...................................................................

THE ANNETTE CLIMATE NORMALS FOR TODAY
                           NORMAL    RECORD   YEAR
 MAXIMUM TEMPERATURE (F)     42        57     1998
 MINIMUM TEMPERATURE (F)     33         7     1989

SUNRISE AND SUNSET
 JAN 31 2015..........SUNRISE  7:39 AM      SUNSET  4:22 PM
 FEB 1 2015..........SUNRISE  7:38 AM      SUNSET  4:24 PM

-  INDICATES NEGATIVE NUMBERS.
R  INDICATES RECORD HAS BEEN SET OR TIED.
MM INDICATES DATA IS MISSING.
T  INDICATES TRACE OF PRECIPITATION.

&&
-------------------------------------------------------------------

AMOUNT OF DAYLIGHT TODAY  (HOUR:MIN)........8 HOURS 43 MINUTES
GAIN/LOSS SINCE YESTERDAY (HOUR:MIN:SEC)....+0:03:50

$$
JZ JAN 15
