000
CDAK47 PANT 221200
CLIANN

CLIMATE REPORT
NATIONAL WEATHER SERVICE ANNETTE, AK
422 AM AKDT WED OCT 22 2014

...................................
...THE ANNETTE WSO AP CLIMATE SUMMARY FOR OCTOBER 21 2014...

CLIMATE NORMAL PERIOD  1981 TO  2010
CLIMATE RECORD PERIOD  1948 TO  2014

WEATHER ITEM   OBSERVED TIME    RECORD YEAR NORMAL DEPARTURE LAST
               VALUE    (LST)   VALUE       VALUE  FROM      YEAR
                                                   NORMAL
...................................................................
TEMPERATURE
YESTERDAY
 MAXIMUM            53  0455 PM    61  1957     50       3     53
 MINIMUM            48  1147 PM    28  1961     41       7     50
 AVERAGE            51                          45       6     52

PRECIPITATION
(INCHES)
 YESTERDAY        0.21           3.02  1999   0.48   -0.27   0.02
 MONTH TO DATE   11.87                        9.16    2.71   7.52
 SINCE SEP 1     21.55                       18.95    2.60  15.03
 SINCE JAN 1     83.63                       73.86    9.77  66.63

SNOWFALL
(INCHES)
 YESTERDAY         0.0            0.3  1966    0.0     0.0    0.0
 MONTH TO DATE     0.0                         0.0     0.0    0.0
 SINCE SEP 1       0.0                         0.0     0.0    0.0
 SINCE JUL 1       0.0                         0.0     0.0    0.0
 SNOW DEPTH (IN)     0                                          0

DEGREE DAYS
 HEATING
  YESTERDAY         14                          20      -6     13
  MONTH TO DATE    286                         355     -69    336
  SINCE SEP 1      517                         689    -172    596
  SINCE JUL 1     1086                        1090      -4    898

 COOLING
  YESTERDAY          0                           0       0      0
  MONTH TO DATE      0                           0       0      0
  SINCE SEP 1        0                           0       0      0
  SINCE JAN 1       MM                           0      MM     22
...................................................................

WIND (MPH)
 HIGHEST WIND SPEED    33     HIGHEST WIND DIRECTION    120
 HIGHEST GUST SPEED    45     HIGHEST GUST DIRECTION    130
 AVERAGE WIND SPEED  18.7

SKY COVER
  POSSIBLE SUNSHINE    MM          AVERAGE SKY COVER     MM

WEATHER CONDITIONS
 THE FOLLOWING WEATHER WAS RECORDED YESTERDAY.
  FOG
RAIN


RELATIVE HUMIDITY
 HIGHEST RH     MM PERCENT       MM
 LOWEST  RH     MM PERCENT       MM
 AVERAGE RH     MM PERCENT       MM
...................................................................

THE ANNETTE CLIMATE NORMALS FOR TODAY
                           NORMAL    RECORD   YEAR
 MAXIMUM TEMPERATURE (F)     50        61     1986
 MINIMUM TEMPERATURE (F)     40        30     1955

SUNRISE AND SUNSET
 OCT 22 2014..........SUNRISE  7:31 AM      SUNSET  5:31 PM
 OCT 23 2014..........SUNRISE  7:33 AM      SUNSET  5:29 PM

-  INDICATES NEGATIVE NUMBERS.
R  INDICATES RECORD HAS BEEN SET OR TIED.
MM INDICATES DATA IS MISSING.
T  INDICATES TRACE OF PRECIPITATION.

&&
-------------------------------------------------------------------

AMOUNT OF DAYLIGHT TODAY  (HOUR:MIN)........10 HOURS 0 MINUTES
GAIN/LOSS SINCE YESTERDAY (HOUR:MIN:SEC)....-0:04:18

$$
JZ OCT 14
