000
CDAK47 PANT 011400
CLIANN

CLIMATE REPORT
NATIONAL WEATHER SERVICE ANNETTE, AK
600 AM AKDT MON SEP 1 2014

...................................
...THE ANNETTE WSO AP CLIMATE SUMMARY FOR AUGUST 31 2014...

CLIMATE NORMAL PERIOD  1981 TO  2010
CLIMATE RECORD PERIOD  1948 TO  2014

WEATHER ITEM   OBSERVED TIME    RECORD YEAR NORMAL DEPARTURE LAST
               VALUE    (LST)   VALUE       VALUE  FROM      YEAR
                                                   NORMAL
...................................................................
TEMPERATURE
YESTERDAY
 MAXIMUM            57  1159 PM    79  1974     63      -6     68
 MINIMUM            54  0838 PM    40  1973     51       3     54
 AVERAGE            56                          57      -1     61

PRECIPITATION
(INCHES)
 YESTERDAY        0.71           2.97  1957   0.28    0.43      T
 MONTH TO DATE    5.93                        6.96   -1.03   4.71
 SINCE JUN 1     21.28                       16.49    4.79  12.29
 SINCE JAN 1     62.08                       54.91    7.17  51.60

SNOWFALL
(INCHES)
 YESTERDAY         0.0            0.0  2014    0.0     0.0    0.0
 MONTH TO DATE     0.0                         0.0     0.0    0.0
 SINCE JUN 1       0.0                         0.0     0.0    0.0
 SINCE JUL 1       0.0                         0.0     0.0    0.0
 SNOW DEPTH (IN)     0                                          0

DEGREE DAYS
 HEATING
  YESTERDAY          9                           8       1      4
  MONTH TO DATE     MM                         195      MM    151
  SINCE JUN 1      896                         699     197    522
  SINCE JUL 1      569                         401     168    302

 COOLING
  YESTERDAY          0                           0       0      0
  MONTH TO DATE     MM                           0      MM      2
  SINCE JUN 1       14                           0      14     22
  SINCE JAN 1       MM                           0      MM     22
...................................................................

WIND (MPH)
 HIGHEST WIND SPEED    18     HIGHEST WIND DIRECTION    130
 HIGHEST GUST SPEED    27     HIGHEST GUST DIRECTION    130
 AVERAGE WIND SPEED   9.8

SKY COVER
  POSSIBLE SUNSHINE    MM          AVERAGE SKY COVER     MM

WEATHER CONDITIONS
 THE FOLLOWING WEATHER WAS RECORDED YESTERDAY.
  FOG
RAIN


RELATIVE HUMIDITY
 HIGHEST RH     MM PERCENT       MM
 LOWEST  RH     MM PERCENT       MM
 AVERAGE RH     MM PERCENT       MM
...................................................................

THE ANNETTE CLIMATE NORMALS FOR TODAY
                           NORMAL    RECORD   YEAR
 MAXIMUM TEMPERATURE (F)     62        80     1974
 MINIMUM TEMPERATURE (F)     51        44     1999

SUNRISE AND SUNSET
 SEP 1 2014..........SUNRISE  5:53 AM      SUNSET  7:39 PM
 SEP 2 2014..........SUNRISE  5:55 AM      SUNSET  7:36 PM

-  INDICATES NEGATIVE NUMBERS.
R  INDICATES RECORD HAS BEEN SET OR TIED.
MM INDICATES DATA IS MISSING.
T  INDICATES TRACE OF PRECIPITATION.

&&
-------------------------------------------------------------------

AMOUNT OF DAYLIGHT TODAY  (HOUR:MIN)........13 HOURS 46 MINUTES
GAIN/LOSS SINCE YESTERDAY (HOUR:MIN:SEC)....-0:04:22

$$
JH SEP 14
