000
CDAK47 PANT 290930
CLIANN

CLIMATE REPORT
NATIONAL WEATHER SERVICE ANNETTE, AK
130 AM AKDT MON AUG 29 2016

...................................
...THE ANNETTE WSO AP CLIMATE SUMMARY FOR AUGUST 28 2016...

CLIMATE NORMAL PERIOD  1981 TO  2010
CLIMATE RECORD PERIOD  1948 TO  2016

WEATHER ITEM   OBSERVED TIME    RECORD YEAR NORMAL DEPARTURE LAST
               VALUE    (LST)   VALUE       VALUE  FROM      YEAR
                                                   NORMAL
...................................................................
TEMPERATURE
YESTERDAY
 MAXIMUM            64  1255 PM    83  1967     63       1     59
 MINIMUM            57  1005 PM    44  1971     52       5     57
 AVERAGE            61                          57       4     58

PRECIPITATION
(INCHES)
 YESTERDAY        0.10           2.77  1998   0.28   -0.18   2.60
 MONTH TO DATE    2.20                        6.13   -3.93   8.23
 SINCE JUN 1     10.21                       15.66   -5.45  19.86
 SINCE JAN 1     59.95                       54.08    5.87  63.34

SNOWFALL
(INCHES)
 YESTERDAY         0.0            0.0  2016    0.0     0.0    0.0
 MONTH TO DATE     0.0                         0.0     0.0    0.0
 SINCE JUN 1       0.0                         0.0     0.0    0.0
 SINCE JUL 1       0.0                         0.0     0.0    0.0
 SNOW DEPTH (IN)     0                                          0

DEGREE DAYS
 HEATING
  YESTERDAY          4                           8      -4      7
  MONTH TO DATE     57                         171    -114    142
  SINCE JUN 1      447                         675    -228    449
  SINCE JUL 1      178                         377    -199    261

 COOLING
  YESTERDAY          0                           0       0      0
  MONTH TO DATE     35                           0      35      0
  SINCE JUN 1       55                           0      55     37
  SINCE JAN 1       57                           0      57     37
...................................................................

WIND (MPH)
 HIGHEST WIND SPEED    10     HIGHEST WIND DIRECTION    100
 HIGHEST GUST SPEED    18     HIGHEST GUST DIRECTION    110
 AVERAGE WIND SPEED   4.0

SKY COVER
  POSSIBLE SUNSHINE    MM          AVERAGE SKY COVER     MM

WEATHER CONDITIONS
 THE FOLLOWING WEATHER WAS RECORDED YESTERDAY.
  RAIN


RELATIVE HUMIDITY
 HIGHEST RH     MM PERCENT       MM
 LOWEST  RH     MM PERCENT       MM
 AVERAGE RH     MM PERCENT       MM
...................................................................

THE ANNETTE CLIMATE NORMALS FOR TODAY
                           NORMAL    RECORD   YEAR
 MAXIMUM TEMPERATURE (F)     63        82     1974
 MINIMUM TEMPERATURE (F)     52        42     1960

SUNRISE AND SUNSET
 AUG 29 2016..........SUNRISE  5:49 AM      SUNSET  7:45 PM
 AUG 30 2016..........SUNRISE  5:51 AM      SUNSET  7:42 PM

-  INDICATES NEGATIVE NUMBERS.
R  INDICATES RECORD HAS BEEN SET OR TIED.
MM INDICATES DATA IS MISSING.
T  INDICATES TRACE OF PRECIPITATION.

&&
-------------------------------------------------------------------

AMOUNT OF DAYLIGHT TODAY  (HOUR:MIN)........13 HOURS 56 MINUTES
GAIN/LOSS SINCE YESTERDAY (HOUR:MIN:SEC)....-0:04:20

$$
JH AUG 16
