067
CDAK47 PAJK 151239
CLIANN
CLIMATE REPORT
NATIONAL WEATHER SERVICE JUNEAU, AK
329 AM AKST FRI DEC 15 2017


...................................

...THE ANNETTE ISLAND CLIMATE SUMMARY FOR DECEMBER 14 2017...

CLIMATE NORMAL PERIOD 1981 TO 2010
CLIMATE RECORD PERIOD 1941 TO 2017


WEATHER ITEM   OBSERVED RECORD YEAR NORMAL DEPARTURE LAST
                VALUE   VALUE       VALUE  FROM      YEAR
                                           NORMAL
...........................................................
TEMPERATURE (F)
 YESTERDAY
  MAXIMUM         51     55    1962  42      9       32
                               1958
  MINIMUM         41      5    1964  33      8       18
  AVERAGE         46                 37      9       25

PRECIPITATION (IN)
  YESTERDAY        0.93   2.13 1991   0.35   0.58     0.00
  MONTH TO DATE    5.71               5.06   0.65     2.66
  SINCE JAN 1     93.10              95.97  -2.87    90.64

SNOWFALL (IN)
  YESTERDAY        0.0    6.7  1946   0.3   -0.3      0.0
  MONTH TO DATE    0.0                3.2   -3.2      3.0
  SINCE JUL 1      0.0                6.8   -6.8      3.0
  SNOW DEPTH       0

DEGREE DAYS
 HEATING
  YESTERDAY       19                 28     -9       40
  MONTH TO DATE  269                385   -116      465
...........................................................


WIND (MPH)
  HIGHEST WIND SPEED    25   HIGHEST WIND DIRECTION    SE (140)
  HIGHEST GUST SPEED    37   HIGHEST GUST DIRECTION    SE (140)
  AVERAGE WIND SPEED     8.6


SKY COVER
  AVERAGE SKY COVER 0.9


WEATHER CONDITIONS
 THE FOLLOWING WEATHER WAS RECORDED YESTERDAY.
  HEAVY RAIN
  RAIN
  LIGHT RAIN
  FOG


..........................................................


THE ANNETTE ISLAND CLIMATE NORMALS FOR TODAY
                         NORMAL    RECORD    YEAR
 MAXIMUM TEMPERATURE (F)   41        54      1962
 MINIMUM TEMPERATURE (F)   33         1      1964


SUNRISE AND SUNSET
DECEMBER 15 2017......SUNRISE   806 AM AKST  SUNSET   318 PM AKST
DECEMBER 16 2017......SUNRISE   806 AM AKST  SUNSET   318 PM AKST


-  INDICATES NEGATIVE NUMBERS.
R  INDICATES RECORD WAS SET OR TIED.
MM INDICATES DATA IS MISSING.
T  INDICATES TRACE AMOUNT.




$$
--------------------------------------------------------------

AMOUNT OF DAYLIGHT TODAY (HOUR:MIN)......... 7 HOURS 12 MINUTES
GAIN/LOSS SINCE YESTERDAY (HOUR:MIN:SEC).... -0:00:49

$$
