000
CDUS41 KCTP 220642
CLIAOO


CLIMATE REPORT
NATIONAL WEATHER SERVICE STATE COLLEGE PA
141 AM EST WED NOV 22 2017


...................................

...THE ALTOONA CLIMATE SUMMARY FOR NOVEMBER 21 2017...

CLIMATE NORMAL PERIOD 1981 TO 2010
CLIMATE RECORD PERIOD 1948 TO 2017


WEATHER ITEM   OBSERVED TIME   RECORD YEAR NORMAL DEPARTURE LAST
                VALUE   (LST)  VALUE       VALUE  FROM      YEAR
                                                  NORMAL
..................................................................
TEMPERATURE (F)
 YESTERDAY
  MAXIMUM         59    119 PM  67    2007  47     12       32
  MINIMUM         32    707 AM  11    1951  32      0       29
  AVERAGE         46                        40      6       31

PRECIPITATION (IN)
  YESTERDAY        0.00          2.94 1952   0.12  -0.12      T
  MONTH TO DATE    1.84                      2.27  -0.43     0.61
  SINCE SEP 1      8.38                      8.33   0.05     5.46
  SINCE JAN 1     38.80                     32.26   6.54    23.12

DEGREE DAYS
 HEATING
  YESTERDAY       19                        25     -6       34
  MONTH TO DATE  483                       456     27      374
  SINCE SEP 1    830                      1039   -209      763
  SINCE JUL 1    864                      1071   -207      767

 COOLING
  YESTERDAY        0                         0      0        0
  MONTH TO DATE    0                         0      0        0
  SINCE SEP 1    113                        52     61      129
  SINCE JAN 1    655                       531    124      873
..................................................................


WIND (MPH)
  HIGHEST WIND SPEED    28   HIGHEST WIND DIRECTION    SW (230)
  HIGHEST GUST SPEED    35   HIGHEST GUST DIRECTION    SW (230)
  AVERAGE WIND SPEED     7.5


SKY COVER
  POSSIBLE SUNSHINE  MM
  AVERAGE SKY COVER 0.0


WEATHER CONDITIONS
 THE FOLLOWING WEATHER WAS RECORDED YESTERDAY.
  NO SIGNIFICANT WEATHER WAS OBSERVED.


RELATIVE HUMIDITY (PERCENT)
 HIGHEST    61           300 AM
 LOWEST     28           200 PM
 AVERAGE    45

..........................................................


THE ALTOONA CLIMATE NORMALS FOR TODAY
                         NORMAL    RECORD    YEAR
 MAXIMUM TEMPERATURE (F)   47        67      1979
 MINIMUM TEMPERATURE (F)   32        13      1964


SUNRISE AND SUNSET
NOVEMBER 22 2017......SUNRISE   707 AM EST   SUNSET   451 PM EST
NOVEMBER 23 2017......SUNRISE   708 AM EST   SUNSET   451 PM EST


-  INDICATES NEGATIVE NUMBERS.
R  INDICATES RECORD WAS SET OR TIED.
MM INDICATES DATA IS MISSING.
T  INDICATES TRACE AMOUNT.




$$
