000
CDUS41 KCTP 012153
CLIAOO


CLIMATE REPORT
NATIONAL WEATHER SERVICE STATE COLLEGE PA
552 PM EDT WED JUL 1 2015


...................................

...THE ALTOONA CLIMATE SUMMARY FOR JULY 1 2015...
VALID TODAY AS OF 0500 PM LOCAL TIME.

CLIMATE NORMAL PERIOD 1981 TO 2010
CLIMATE RECORD PERIOD 1948 TO 2015


WEATHER ITEM   OBSERVED TIME   RECORD YEAR NORMAL DEPARTURE LAST
                VALUE   (LST)  VALUE       VALUE  FROM      YEAR
                                                  NORMAL
..................................................................
TEMPERATURE (F)
 TODAY
  MAXIMUM         75    331 PM  94    1968  81     -6       88
  MINIMUM         59    517 AM  44    1988  59      0       68
  AVERAGE         67                        70     -3       78

PRECIPITATION (IN)
  TODAY            0.00          1.78 1999   0.11  -0.11     0.36
  MONTH TO DATE    0.00                      0.11  -0.11     0.36
  SINCE JUN 1      7.61                      3.59   4.02     7.13
  SINCE JAN 1     17.11                     17.77  -0.66    20.63

DEGREE DAYS
 HEATING
  TODAY            0                         1     -1        0
  MONTH TO DATE    0                         1     -1        0
  SINCE JUN 1     39                        59    -20       15
  SINCE JUL 1      0                         1     -1        0

 COOLING
  TODAY            2                         5     -3       13
  MONTH TO DATE    2                         5     -3       13
  SINCE JUN 1    150                       114     36      150
  SINCE JAN 1    254                       147    107      197
..................................................................


WIND (MPH)
  HIGHEST WIND SPEED    18   HIGHEST WIND DIRECTION     W (280)
  HIGHEST GUST SPEED    22   HIGHEST GUST DIRECTION     W (280)
  AVERAGE WIND SPEED     9.1


SKY COVER
  POSSIBLE SUNSHINE  MM
  AVERAGE SKY COVER 0.4


WEATHER CONDITIONS
 THE FOLLOWING WEATHER WAS RECORDED TODAY.
  NO SIGNIFICANT WEATHER WAS OBSERVED.


RELATIVE HUMIDITY (PERCENT)
 HIGHEST    84           100 AM
 LOWEST     54           300 PM
 AVERAGE    69

..........................................................


THE ALTOONA CLIMATE NORMALS FOR TOMORROW
                         NORMAL    RECORD    YEAR
 MAXIMUM TEMPERATURE (F)   81        97      1966
 MINIMUM TEMPERATURE (F)   59        44      2001


SUNRISE AND SUNSET
JULY  1 2015..........SUNRISE   547 AM EDT   SUNSET   847 PM EDT
JULY  2 2015..........SUNRISE   548 AM EDT   SUNSET   847 PM EDT


-  INDICATES NEGATIVE NUMBERS.
R  INDICATES RECORD WAS SET OR TIED.
MM INDICATES DATA IS MISSING.
T  INDICATES TRACE AMOUNT.




$$
