000
CDUS41 KCTP 010704
CLIAOO


CLIMATE REPORT
NATIONAL WEATHER SERVICE STATE COLLEGE PA
303 AM EDT WED JUN 1 2016


...................................

...THE ALTOONA CLIMATE SUMMARY FOR MAY 31 2016...

CLIMATE NORMAL PERIOD 1981 TO 2010
CLIMATE RECORD PERIOD 1948 TO 2016


WEATHER ITEM   OBSERVED TIME   RECORD YEAR NORMAL DEPARTURE LAST
                VALUE   (LST)  VALUE       VALUE  FROM      YEAR
                                                  NORMAL
..................................................................
TEMPERATURE (F)
 YESTERDAY
  MAXIMUM         85    319 PM  92    2011  73     12       85
  MINIMUM         56    514 AM  35    1966  52      4       63
  AVERAGE         71                        62      9       74

PRECIPITATION (IN)
  YESTERDAY        0.00          0.91 1974   0.12  -0.12      T
  MONTH TO DATE    3.23                      3.71  -0.48     1.16
  SINCE MAR 1      6.14                      9.97  -3.83     6.98
  SINCE JAN 1      9.98                     14.18  -4.20     9.50

DEGREE DAYS
 HEATING
  YESTERDAY        0                         4     -4        0
  MONTH TO DATE  249                       242      7      105
  SINCE MAR 1   1344                      1590   -246     1462
  SINCE JUL 1   5168                      6146   -978     6255

 COOLING
  YESTERDAY        6                         2      4        9
  MONTH TO DATE   51                        27     24      104
  SINCE MAR 1     51                        33     18      104
  SINCE JAN 1     51                        33     18      104
..................................................................


WIND (MPH)
  HIGHEST WIND SPEED    12   HIGHEST WIND DIRECTION     N (340)
  HIGHEST GUST SPEED    16   HIGHEST GUST DIRECTION     N (350)
  AVERAGE WIND SPEED     2.3


SKY COVER
  POSSIBLE SUNSHINE  MM
  AVERAGE SKY COVER 0.1


WEATHER CONDITIONS
 THE FOLLOWING WEATHER WAS RECORDED YESTERDAY.
  FOG


RELATIVE HUMIDITY (PERCENT)
 HIGHEST    97           200 AM
 LOWEST     28           300 PM
 AVERAGE    63

..........................................................


THE ALTOONA CLIMATE NORMALS FOR TODAY
                         NORMAL    RECORD    YEAR
 MAXIMUM TEMPERATURE (F)   73        90      1969
 MINIMUM TEMPERATURE (F)   52        32      1966


SUNRISE AND SUNSET
JUNE  1 2016..........SUNRISE   545 AM EDT   SUNSET   837 PM EDT
JUNE  2 2016..........SUNRISE   545 AM EDT   SUNSET   838 PM EDT


-  INDICATES NEGATIVE NUMBERS.
R  INDICATES RECORD WAS SET OR TIED.
MM INDICATES DATA IS MISSING.
T  INDICATES TRACE AMOUNT.




$$
