000
CDUS41 KCTP 100614
CLIAOO


CLIMATE REPORT
NATIONAL WEATHER SERVICE STATE COLLEGE PA
213 AM EDT THU JUL 10 2014


...................................

...THE ALTOONA CLIMATE SUMMARY FOR JULY 9 2014...

CLIMATE NORMAL PERIOD 1981 TO 2010
CLIMATE RECORD PERIOD 1948 TO 2014


WEATHER ITEM   OBSERVED TIME   RECORD YEAR NORMAL DEPARTURE LAST
                VALUE   (LST)  VALUE       VALUE  FROM      YEAR
                                                  NORMAL
..................................................................
TEMPERATURE (F)
 YESTERDAY
  MAXIMUM         81    410 PM  95    1988  81      0       80
  MINIMUM         62   1156 PM  44    1963  60      2       68
  AVERAGE         72                        71      1       74

PRECIPITATION (IN)
  YESTERDAY        0.00          1.72 1985   0.11  -0.11     0.07
  MONTH TO DATE    1.38                      0.96   0.42     0.66
  SINCE JUN 1      8.15                      4.44   3.71     3.95
  SINCE JAN 1     21.65                     18.62   3.03    14.80

DEGREE DAYS
 HEATING
  YESTERDAY        0                         0      0        0
  MONTH TO DATE    0                         1     -1        0
  SINCE JUN 1     15                        59    -44       20
  SINCE JUL 1      0                         1     -1        0

 COOLING
  YESTERDAY        7                         6      1        9
  MONTH TO DATE   70                        53     17       94
  SINCE JUN 1    207                       162     45      222
  SINCE JAN 1    254                       195     59      296
..................................................................


WIND (MPH)
  HIGHEST WIND SPEED    18   HIGHEST WIND DIRECTION    SW (230)
  HIGHEST GUST SPEED    23   HIGHEST GUST DIRECTION     W (290)
  AVERAGE WIND SPEED     7.9


SKY COVER
  POSSIBLE SUNSHINE  MM
  AVERAGE SKY COVER 0.3


WEATHER CONDITIONS
 THE FOLLOWING WEATHER WAS RECORDED YESTERDAY.
  NO SIGNIFICANT WEATHER WAS OBSERVED.


RELATIVE HUMIDITY (PERCENT)
 HIGHEST    90           100 AM
 LOWEST     45           300 PM
 AVERAGE    68

..........................................................


THE ALTOONA CLIMATE NORMALS FOR TODAY
                         NORMAL    RECORD    YEAR
 MAXIMUM TEMPERATURE (F)   81        96      1988
 MINIMUM TEMPERATURE (F)   60        46      1961


SUNRISE AND SUNSET
JULY 10 2014..........SUNRISE   553 AM EDT   SUNSET   844 PM EDT
JULY 11 2014..........SUNRISE   553 AM EDT   SUNSET   844 PM EDT


-  INDICATES NEGATIVE NUMBERS.
R  INDICATES RECORD WAS SET OR TIED.
MM INDICATES DATA IS MISSING.
T  INDICATES TRACE AMOUNT.




$$
