000
CDUS41 KCTP 272124
CLIAOO


CLIMATE REPORT
NATIONAL WEATHER SERVICE STATE COLLEGE PA
524 PM EDT MON JUL 27 2015


...................................

...THE ALTOONA CLIMATE SUMMARY FOR JULY 27 2015...
VALID TODAY AS OF 0500 PM LOCAL TIME.

CLIMATE NORMAL PERIOD 1981 TO 2010
CLIMATE RECORD PERIOD 1948 TO 2015


WEATHER ITEM   OBSERVED TIME   RECORD YEAR NORMAL DEPARTURE LAST
                VALUE   (LST)  VALUE       VALUE  FROM      YEAR
                                                  NORMAL
..................................................................
TEMPERATURE (F)
 TODAY
  MAXIMUM         85    322 PM  93    1955  82      3       86
  MINIMUM         63    537 AM  49    1977  60      3       65
  AVERAGE         74                        71      3       76

PRECIPITATION (IN)
  TODAY            0.00          0.93 1982   0.10  -0.10     0.56
  MONTH TO DATE    5.35                      2.86   2.49     3.21
  SINCE JUN 1     12.96                      6.34   6.62     9.98
  SINCE JAN 1     22.46                     20.52   1.94    23.48

DEGREE DAYS
 HEATING
  TODAY            0                         0      0        0
  MONTH TO DATE    3                         1      2        4
  SINCE JUN 1     42                        59    -17       19
  SINCE JUL 1      3                         1      2        4

 COOLING
  TODAY            9                         6      3       11
  MONTH TO DATE  148                       161    -13      166
  SINCE JUN 1    296                       270     26      303
  SINCE JAN 1    400                       303     97      350
..................................................................


WIND (MPH)
  HIGHEST WIND SPEED     8   HIGHEST WIND DIRECTION     E (80)
  HIGHEST GUST SPEED    12   HIGHEST GUST DIRECTION     E (80)
  AVERAGE WIND SPEED     2.3


SKY COVER
  POSSIBLE SUNSHINE  MM
  AVERAGE SKY COVER 0.5


WEATHER CONDITIONS
 THE FOLLOWING WEATHER WAS RECORDED TODAY.
  FOG
  HAZE


RELATIVE HUMIDITY (PERCENT)
 HIGHEST    93          1200 AM
 LOWEST     55           200 PM
 AVERAGE    74

..........................................................


THE ALTOONA CLIMATE NORMALS FOR TOMORROW
                         NORMAL    RECORD    YEAR
 MAXIMUM TEMPERATURE (F)   82        97      1952
 MINIMUM TEMPERATURE (F)   60        48      1962


SUNRISE AND SUNSET
JULY 27 2015..........SUNRISE   606 AM EDT   SUNSET   833 PM EDT
JULY 28 2015..........SUNRISE   607 AM EDT   SUNSET   832 PM EDT


-  INDICATES NEGATIVE NUMBERS.
R  INDICATES RECORD WAS SET OR TIED.
MM INDICATES DATA IS MISSING.
T  INDICATES TRACE AMOUNT.




$$
