000
CDUS41 KCTP 082217
CLIAOO


CLIMATE REPORT
NATIONAL WEATHER SERVICE STATE COLLEGE PA
517 PM EST MON FEB 8 2016


...................................

...THE ALTOONA CLIMATE SUMMARY FOR FEBRUARY 8 2016...
VALID TODAY AS OF 0500 PM LOCAL TIME.

CLIMATE NORMAL PERIOD 1981 TO 2010
CLIMATE RECORD PERIOD 1948 TO 2016


WEATHER ITEM   OBSERVED TIME   RECORD YEAR NORMAL DEPARTURE LAST
                VALUE   (LST)  VALUE       VALUE  FROM      YEAR
                                                  NORMAL
..................................................................
TEMPERATURE (F)
 TODAY
  MAXIMUM         41    145 PM  56    1965  36      5       53
  MINIMUM         22    414 AM  -2    1967  20      2       36
  AVERAGE         32                        28      4       45

PRECIPITATION (IN)
  TODAY            0.00          1.12 1994   0.06  -0.06      T
  MONTH TO DATE    0.55                      0.57  -0.02     0.58
  SINCE DEC 1      5.93                      5.16   0.77     4.04
  SINCE JAN 1      2.19                      2.74  -0.55     2.18

DEGREE DAYS
 HEATING
  TODAY           33                        37     -4       20
  MONTH TO DATE  235                       298    -63      308
  SINCE DEC 1   2090                      2545   -455     2504
  SINCE JUL 1   3083                      3851   -768     3806

 COOLING
  TODAY            0                         0      0        0
  MONTH TO DATE    0                         0      0        0
  SINCE DEC 1      0                         0      0        0
  SINCE JAN 1      0                         0      0        0
..................................................................


WIND (MPH)
  HIGHEST WIND SPEED    14   HIGHEST WIND DIRECTION     S (170)
  HIGHEST GUST SPEED    17   HIGHEST GUST DIRECTION     S (160)
  AVERAGE WIND SPEED     4.2


SKY COVER
  POSSIBLE SUNSHINE  MM
  AVERAGE SKY COVER 0.2


WEATHER CONDITIONS
 THE FOLLOWING WEATHER WAS RECORDED TODAY.
  FOG
  HAZE


RELATIVE HUMIDITY (PERCENT)
 HIGHEST    92           400 AM
 LOWEST     40           100 PM
 AVERAGE    66

..........................................................


THE ALTOONA CLIMATE NORMALS FOR TOMORROW
                         NORMAL    RECORD    YEAR
 MAXIMUM TEMPERATURE (F)   36        55      1990
 MINIMUM TEMPERATURE (F)   20         1      1979


SUNRISE AND SUNSET
FEBRUARY  8 2016......SUNRISE   716 AM EST   SUNSET   540 PM EST
FEBRUARY  9 2016......SUNRISE   714 AM EST   SUNSET   541 PM EST


-  INDICATES NEGATIVE NUMBERS.
R  INDICATES RECORD WAS SET OR TIED.
MM INDICATES DATA IS MISSING.
T  INDICATES TRACE AMOUNT.




$$
