000
CDUS41 KCTP 260609
CLIAOO


CLIMATE REPORT
NATIONAL WEATHER SERVICE STATE COLLEGE PA
208 AM EDT TUE JUL 26 2016


...................................

...THE ALTOONA CLIMATE SUMMARY FOR JULY 25 2016...

CLIMATE NORMAL PERIOD 1981 TO 2010
CLIMATE RECORD PERIOD 1948 TO 2016


WEATHER ITEM   OBSERVED TIME   RECORD YEAR NORMAL DEPARTURE LAST
                VALUE   (LST)  VALUE       VALUE  FROM      YEAR
                                                  NORMAL
..................................................................
TEMPERATURE (F)
 YESTERDAY
  MAXIMUM         95    306 PM  96    2001  82     13       83
  MINIMUM         69    420 AM  48    1957  60      9       56
  AVERAGE         82                        71     11       70

PRECIPITATION (IN)
  YESTERDAY        0.00          1.76 2001   0.10  -0.10     0.00
  MONTH TO DATE    0.91                      2.65  -1.74     5.28
  SINCE JUN 1      3.42                      6.13  -2.71    12.89
  SINCE JAN 1     13.40                     20.31  -6.91    22.39

DEGREE DAYS
 HEATING
  YESTERDAY        0                         0      0        0
  MONTH TO DATE    4                         1      3        3
  SINCE JUN 1     27                        59    -32       42
  SINCE JUL 1      4                         1      3        3

 COOLING
  YESTERDAY       17                         6     11        5
  MONTH TO DATE  228                       149     79      131
  SINCE JUN 1    361                       258    103      279
  SINCE JAN 1    412                       291    121      383
..................................................................


WIND (MPH)
  HIGHEST WIND SPEED    30   HIGHEST WIND DIRECTION    NW (310)
  HIGHEST GUST SPEED    40   HIGHEST GUST DIRECTION    NW (300)
  AVERAGE WIND SPEED     5.9


SKY COVER
  POSSIBLE SUNSHINE  MM
  AVERAGE SKY COVER 0.2


WEATHER CONDITIONS
 THE FOLLOWING WEATHER WAS RECORDED YESTERDAY.
  FOG


RELATIVE HUMIDITY (PERCENT)
 HIGHEST    90          1200 AM
 LOWEST     41           300 PM
 AVERAGE    66

..........................................................


THE ALTOONA CLIMATE NORMALS FOR TODAY
                         NORMAL    RECORD    YEAR
 MAXIMUM TEMPERATURE (F)   82        95      1952
 MINIMUM TEMPERATURE (F)   60        49      2013


SUNRISE AND SUNSET
JULY 26 2016..........SUNRISE   606 AM EDT   SUNSET   833 PM EDT
JULY 27 2016..........SUNRISE   607 AM EDT   SUNSET   832 PM EDT


-  INDICATES NEGATIVE NUMBERS.
R  INDICATES RECORD WAS SET OR TIED.
MM INDICATES DATA IS MISSING.
T  INDICATES TRACE AMOUNT.




$$
