000
CDUS41 KCTP 232118
CLIAOO


CLIMATE REPORT
NATIONAL WEATHER SERVICE STATE COLLEGE PA
518 PM EDT SUN APR 23 2017


...................................

...THE ALTOONA CLIMATE SUMMARY FOR APRIL 23 2017...
VALID TODAY AS OF 0500 PM LOCAL TIME.

CLIMATE NORMAL PERIOD 1981 TO 2010
CLIMATE RECORD PERIOD 1948 TO 2017


WEATHER ITEM   OBSERVED TIME   RECORD YEAR NORMAL DEPARTURE LAST
                VALUE   (LST)  VALUE       VALUE  FROM      YEAR
                                                  NORMAL
..................................................................
TEMPERATURE (F)
 TODAY
  MAXIMUM         66    359 PM  86    1960  63      3       66
  MINIMUM         35    548 AM  27    1982  40     -5       43
  AVERAGE         51                        52     -1       55

PRECIPITATION (IN)
  TODAY            0.00          0.72 1999   0.10  -0.10      T
  MONTH TO DATE    1.75                      2.44  -0.69     1.01
  SINCE MAR 1      6.08                      5.51   0.57     2.26
  SINCE JAN 1     10.71                      9.72   0.99     6.10

DEGREE DAYS
 HEATING
  TODAY           14                        14      0       10
  MONTH TO DATE  227                       402   -175      407
  SINCE MAR 1   1063                      1261   -198     1007
  SINCE JUL 1   4730                      5816  -1086     4831

 COOLING
  TODAY            0                         0      0        0
  MONTH TO DATE    8                         0      8        0
  SINCE MAR 1      8                         1      7        0
  SINCE JAN 1      8                         1      7        0
..................................................................


WIND (MPH)
  HIGHEST WIND SPEED    10   HIGHEST WIND DIRECTION    NE (50)
  HIGHEST GUST SPEED    14   HIGHEST GUST DIRECTION    NE (60)
  AVERAGE WIND SPEED     3.7


SKY COVER
  POSSIBLE SUNSHINE  MM
  AVERAGE SKY COVER 0.0


WEATHER CONDITIONS
 THE FOLLOWING WEATHER WAS RECORDED TODAY.
  NO SIGNIFICANT WEATHER WAS OBSERVED.


RELATIVE HUMIDITY (PERCENT)
 HIGHEST    86           700 AM
 LOWEST     34           400 PM
 AVERAGE    60

..........................................................


THE ALTOONA CLIMATE NORMALS FOR TOMORROW
                         NORMAL    RECORD    YEAR
 MAXIMUM TEMPERATURE (F)   63        86      1960
 MINIMUM TEMPERATURE (F)   41        28      1956


SUNRISE AND SUNSET
APRIL 23 2017.........SUNRISE   623 AM EDT   SUNSET   801 PM EDT
APRIL 24 2017.........SUNRISE   622 AM EDT   SUNSET   802 PM EDT


-  INDICATES NEGATIVE NUMBERS.
R  INDICATES RECORD WAS SET OR TIED.
MM INDICATES DATA IS MISSING.
T  INDICATES TRACE AMOUNT.




$$
