000
CDUS41 KCTP 260626
CLIAOO


CLIMATE REPORT
NATIONAL WEATHER SERVICE STATE COLLEGE PA
125 AM EST MON JAN 26 2015


...................................

...THE ALTOONA CLIMATE SUMMARY FOR JANUARY 25 2015...

CLIMATE NORMAL PERIOD 1981 TO 2010
CLIMATE RECORD PERIOD 1948 TO 2015


WEATHER ITEM   OBSERVED TIME   RECORD YEAR NORMAL DEPARTURE LAST
                VALUE   (LST)  VALUE       VALUE  FROM      YEAR
                                                  NORMAL
..................................................................
TEMPERATURE (F)
 YESTERDAY
  MAXIMUM         36    434 PM  74    1950  34      2       27
  MINIMUM         30   1159 PM  -4    1961  20     10       10
  AVERAGE         33                        27      6       19

PRECIPITATION (IN)
  YESTERDAY        0.11          1.11 1978   0.07   0.04      T
  MONTH TO DATE    1.25                      1.73  -0.48     0.79
  SINCE DEC 1      3.11                      4.15  -1.04     3.38
  SINCE JAN 1      1.25                      1.73  -0.48     0.79

DEGREE DAYS
 HEATING
  YESTERDAY       32                        38     -6       46
  MONTH TO DATE  973                       950     23     1054
  SINCE DEC 1   1927                      2015    -88     1999
  SINCE JUL 1   3229                      3325    -96     3309

 COOLING
  YESTERDAY        0                         0      0        0
  MONTH TO DATE    0                         0      0        0
  SINCE DEC 1      0                         0      0        0
  SINCE JAN 1      0                         0      0        0
..................................................................


WIND (MPH)
  HIGHEST WIND SPEED    23   HIGHEST WIND DIRECTION     W (260)
  HIGHEST GUST SPEED    32   HIGHEST GUST DIRECTION     W (270)
  AVERAGE WIND SPEED     7.7


SKY COVER
  POSSIBLE SUNSHINE  MM
  AVERAGE SKY COVER 1.0


WEATHER CONDITIONS
 THE FOLLOWING WEATHER WAS RECORDED YESTERDAY.
  SNOW
  LIGHT SNOW
  FOG


RELATIVE HUMIDITY (PERCENT)
 HIGHEST   100          1200 PM
 LOWEST     78           100 AM
 AVERAGE    89

..........................................................


THE ALTOONA CLIMATE NORMALS FOR TODAY
                         NORMAL    RECORD    YEAR
 MAXIMUM TEMPERATURE (F)   34        68      1950
 MINIMUM TEMPERATURE (F)   20        -1      1961


SUNRISE AND SUNSET
JANUARY 26 2015.......SUNRISE   728 AM EST   SUNSET   524 PM EST
JANUARY 27 2015.......SUNRISE   727 AM EST   SUNSET   525 PM EST


-  INDICATES NEGATIVE NUMBERS.
R  INDICATES RECORD WAS SET OR TIED.
MM INDICATES DATA IS MISSING.
T  INDICATES TRACE AMOUNT.




$$
