000
CDUS41 KCTP 200632
CLIAOO


CLIMATE REPORT
NATIONAL WEATHER SERVICE STATE COLLEGE PA
132 AM EST MON FEB 20 2017


...................................

...THE ALTOONA CLIMATE SUMMARY FOR FEBRUARY 19 2017...

CLIMATE NORMAL PERIOD 1981 TO 2010
CLIMATE RECORD PERIOD 1948 TO 2017


WEATHER ITEM   OBSERVED TIME   RECORD YEAR NORMAL DEPARTURE LAST
                VALUE   (LST)  VALUE       VALUE  FROM      YEAR
                                                  NORMAL
..................................................................
TEMPERATURE (F)
 YESTERDAY
  MAXIMUM         64R   248 PM  61    1994  38     26       38
  MINIMUM         46   1144 PM  -4    2015  21     25       16
                                      1993
  AVERAGE         55                        30     25       27

PRECIPITATION (IN)
  YESTERDAY        0.00          1.43 1972   0.07  -0.07     0.00
  MONTH TO DATE    1.15                      1.36  -0.21     1.60
  SINCE DEC 1      6.66                      5.95   0.71     6.98
  SINCE JAN 1      4.34                      3.53   0.81     3.24

DEGREE DAYS
 HEATING
  YESTERDAY       10                        35    -25       38
  MONTH TO DATE  556                       695   -139      723
  SINCE DEC 1   2524                      2942   -418     2578
  SINCE JUL 1   3515                      4248   -733     3571

 COOLING
  YESTERDAY        0                         0      0        0
  MONTH TO DATE    0                         0      0        0
  SINCE DEC 1      0                         0      0        0
  SINCE JAN 1      0                         0      0        0
..................................................................


WIND (MPH)
  HIGHEST WIND SPEED    20   HIGHEST WIND DIRECTION    NW (320)
  HIGHEST GUST SPEED    26   HIGHEST GUST DIRECTION    NW (310)
  AVERAGE WIND SPEED    10.2


SKY COVER
  POSSIBLE SUNSHINE  MM
  AVERAGE SKY COVER 0.3


WEATHER CONDITIONS
 THE FOLLOWING WEATHER WAS RECORDED YESTERDAY.
  NO SIGNIFICANT WEATHER WAS OBSERVED.


RELATIVE HUMIDITY (PERCENT)
 HIGHEST    86           700 AM
 LOWEST     36           300 PM
 AVERAGE    61

..........................................................


THE ALTOONA CLIMATE NORMALS FOR TODAY
                         NORMAL    RECORD    YEAR
 MAXIMUM TEMPERATURE (F)   38        62      2016
                                             1994
 MINIMUM TEMPERATURE (F)   22        -6      2015


SUNRISE AND SUNSET
FEBRUARY 20 2017......SUNRISE   659 AM EST   SUNSET   555 PM EST
FEBRUARY 21 2017......SUNRISE   658 AM EST   SUNSET   556 PM EST


-  INDICATES NEGATIVE NUMBERS.
R  INDICATES RECORD WAS SET OR TIED.
MM INDICATES DATA IS MISSING.
T  INDICATES TRACE AMOUNT.




$$
