000
CDUS45 KBOU 301226
CLIAPA


CLIMATE REPORT
NATIONAL WEATHER SERVICE BOULDER, CO
626 AM MDT THU JUL 30 2015


...................................

...THE CENTENNIAL CO CLIMATE SUMMARY FOR JULY 29 2015...

CLIMATE NORMAL PERIOD 1981 TO 2010
CLIMATE RECORD PERIOD 9999 TO 9999


WEATHER ITEM   OBSERVED RECORD YEAR NORMAL DEPARTURE LAST
                VALUE   VALUE       VALUE  FROM      YEAR
                                           NORMAL
...........................................................
TEMPERATURE (F)
 YESTERDAY
  MAXIMUM         82     MM      MM  86     -4       81
  MINIMUM         56     MM      MM  59     -3       57
  AVERAGE         69                 73     -4       69

PRECIPITATION (IN)
  YESTERDAY        0.00  MM      MM   0.08  -0.08     0.81
  MONTH TO DATE    0.97               1.87  -0.90     2.76
  SINCE JUN 1      6.24               3.99   2.25     3.88
  SINCE JAN 1     15.77              10.57   5.20     8.36

DEGREE DAYS
 HEATING
  YESTERDAY        0
  MONTH TO DATE    8

 COOLING
  YESTERDAY        4
  MONTH TO DATE  182
...........................................................


WIND (MPH)
  RESULTANT WIND SPEED  12   RESULTANT WIND DIRECTION   S (170)
  HIGHEST WIND SPEED    26   HIGHEST WIND DIRECTION     S (170)
  HIGHEST GUST SPEED    32   HIGHEST GUST DIRECTION    SE (150)


SKY COVER
  POSSIBLE SUNSHINE  MM
  AVERAGE SKY COVER 0.4


WEATHER CONDITIONS
 THE FOLLOWING WEATHER WAS RECORDED YESTERDAY.
  NO SIGNIFICANT WEATHER WAS OBSERVED.


RELATIVE HUMIDITY (PERCENT)
 HIGHEST    62
 LOWEST     31
 AVERAGE    47

..........................................................


THE CENTENNIAL CO CLIMATE NORMALS FOR TODAY
                         NORMAL    RECORD    YEAR
 MAXIMUM TEMPERATURE (F)   86        MM        MM
 MINIMUM TEMPERATURE (F)   59        MM        MM


SUNRISE AND SUNSET
JULY 30 2015..........SUNRISE   557 AM MDT   SUNSET   814 PM MDT
JULY 31 2015..........SUNRISE   558 AM MDT   SUNSET   813 PM MDT


-  INDICATES NEGATIVE NUMBERS.
R  INDICATES RECORD WAS SET OR TIED.
MM INDICATES DATA IS MISSING.
T  INDICATES TRACE AMOUNT.




$$
