000
CDUS45 KBOU 192120
CLIAPA


CLIMATE REPORT
NATIONAL WEATHER SERVICE BOULDER, CO
219 PM MST FRI DEC 19 2014


...................................

...THE CENTENNIAL CO CLIMATE SUMMARY FOR DECEMBER 18 2014...

CLIMATE NORMAL PERIOD 1981 TO 2010
CLIMATE RECORD PERIOD 9999 TO 9999


WEATHER ITEM   OBSERVED RECORD YEAR NORMAL DEPARTURE LAST
                VALUE   VALUE       VALUE  FROM      YEAR
                                           NORMAL
...........................................................
TEMPERATURE (F)
 YESTERDAY
  MAXIMUM         44     MM      MM  43      1       65
  MINIMUM         24     MM      MM  17      7       15
  AVERAGE         34                 30      4       40

PRECIPITATION (IN)
  YESTERDAY        0.00  MM      MM   0.01  -0.01     0.00
  MONTH TO DATE    0.11               0.42  -0.31     0.14
  SINCE DEC 1      0.11               0.42  -0.31     0.14
  SINCE JAN 1     15.66              17.16  -1.50    17.43

DEGREE DAYS
 HEATING
  YESTERDAY       31
  MONTH TO DATE  483

 COOLING
  YESTERDAY        0
  MONTH TO DATE    0
...........................................................


WIND (MPH)
  RESULTANT WIND SPEED   1   RESULTANT WIND DIRECTION   S (190)
  HIGHEST WIND SPEED    10   HIGHEST WIND DIRECTION     S (200)
  HIGHEST GUST SPEED    12   HIGHEST GUST DIRECTION     N (350)


SKY COVER
  POSSIBLE SUNSHINE  MM
  AVERAGE SKY COVER 0.4


WEATHER CONDITIONS
 THE FOLLOWING WEATHER WAS RECORDED YESTERDAY.
  FOG
  HAZE


RELATIVE HUMIDITY (PERCENT)
 HIGHEST   100
 LOWEST     45
 AVERAGE    73

..........................................................


THE CENTENNIAL CO CLIMATE NORMALS FOR TODAY
                         NORMAL    RECORD    YEAR
 MAXIMUM TEMPERATURE (F)   43        MM        MM
 MINIMUM TEMPERATURE (F)   17        MM        MM


SUNRISE AND SUNSET
DECEMBER 19 2014......SUNRISE   715 AM MST   SUNSET   438 PM MST
DECEMBER 20 2014......SUNRISE   716 AM MST   SUNSET   438 PM MST


-  INDICATES NEGATIVE NUMBERS.
R  INDICATES RECORD WAS SET OR TIED.
MM INDICATES DATA IS MISSING.
T  INDICATES TRACE AMOUNT.




$$
