000
CDUS42 KMFL 292016
CLIAPF


CLIMATE REPORT
NATIONAL WEATHER SERVICE MIAMI, FL
415 PM EDT MON MAY 29 2017


...................................

...THE NAPLES CLIMATE SUMMARY FOR MAY 29 2017...
VALID TODAY AS OF 0400 PM LOCAL TIME.

CLIMATE NORMAL PERIOD 1981 TO 2010
CLIMATE RECORD PERIOD 1942 TO 2017


WEATHER ITEM   OBSERVED TIME   RECORD YEAR NORMAL DEPARTURE LAST
                VALUE   (LST)  VALUE       VALUE  FROM      YEAR
                                                  NORMAL
..................................................................
TEMPERATURE (F)
 TODAY
  MAXIMUM         93    137 PM  96    2011  89      4       90
  MINIMUM         75    556 AM  62    1975  71      4       73
  AVERAGE         84                        80      4       82

PRECIPITATION (IN)
  TODAY            0.00          6.77 1975   0.15  -0.15     0.00
  MONTH TO DATE    2.58                      2.85  -0.27     2.44
  SINCE NOV 1      5.96                     15.03  -9.07    16.68
  SINCE JAN 1      5.61                     11.54  -5.93    12.06

SNOWFALL (IN)
  TODAY            0.0
  MONTH TO DATE    0.0
  SINCE MAR 1      0.0
  SINCE JUL 1      0.0
  SNOW DEPTH       0

DEGREE DAYS
 HEATING
  TODAY            0                         0      0        0
  MONTH TO DATE    0                         0      0        0
  SINCE MAR 1     11                        27    -16        4
  SINCE JUL 1     67                       260   -193      142

 COOLING
  TODAY           19                        15      4       17
  MONTH TO DATE  431                       378     53      410
  SINCE MAR 1    982                       807    175      992
  SINCE JAN 1   1305                       998    307     1154
..................................................................


WIND (MPH)
  HIGHEST WIND SPEED    14   HIGHEST WIND DIRECTION     W (270)
  HIGHEST GUST SPEED    18   HIGHEST GUST DIRECTION     W (270)
  AVERAGE WIND SPEED     4.8


SKY COVER
  AVERAGE SKY COVER 0.1


WEATHER CONDITIONS
 THE FOLLOWING WEATHER WAS RECORDED TODAY.
  FOG


RELATIVE HUMIDITY (PERCENT)
 HIGHEST    94
 LOWEST     44
 AVERAGE    69

..........................................................


THE NAPLES CLIMATE NORMALS FOR TOMORROW
                         NORMAL    RECORD    YEAR
 MAXIMUM TEMPERATURE (F)   89        95      2011
 MINIMUM TEMPERATURE (F)   71        64      1945


SUNRISE AND SUNSET
MAY 29 2017...........SUNRISE   635 AM EDT   SUNSET   814 PM EDT
MAY 30 2017...........SUNRISE   635 AM EDT   SUNSET   814 PM EDT


-  INDICATES NEGATIVE NUMBERS.
R  INDICATES RECORD WAS SET OR TIED.
MM INDICATES DATA IS MISSING.
T  INDICATES TRACE AMOUNT.




$$
