000
CDUS42 KMFL 210922
CLIAPF


CLIMATE REPORT
NATIONAL WEATHER SERVICE MIAMI, FL
421 AM EST SAT JAN 21 2017


...................................

...THE NAPLES CLIMATE SUMMARY FOR JANUARY 20 2017...

CLIMATE NORMAL PERIOD 1981 TO 2010
CLIMATE RECORD PERIOD 1942 TO 2017


WEATHER ITEM   OBSERVED TIME   RECORD YEAR NORMAL DEPARTURE LAST
                VALUE   (LST)  VALUE       VALUE  FROM      YEAR
                                                  NORMAL
..................................................................
TEMPERATURE (F)
 YESTERDAY
  MAXIMUM         80    155 PM  88    1990  75      5       73
  MINIMUM         59    632 AM  26    1977  54      5       48
  AVERAGE         70                        64      6       61

PRECIPITATION (IN)
  YESTERDAY        0.00          2.46 1983   0.06  -0.06     0.00
  MONTH TO DATE    0.38                      1.06  -0.68     2.43
  SINCE NOV 1      0.73                      4.55  -3.82     7.05
  SINCE JAN 1      0.38                      1.06  -0.68     2.43

SNOWFALL (IN)
  YESTERDAY        0.0
  MONTH TO DATE    0.0
  SINCE DEC 1      0.0
  SINCE JUL 1      0.0
  SNOW DEPTH      MM

DEGREE DAYS
 HEATING
  YESTERDAY        0                         3     -3        4
  MONTH TO DATE   20                        73    -53       32
  SINCE DEC 1     25                       137   -112       32
  SINCE JUL 1     29                       151   -122       32

 COOLING
  YESTERDAY        5                         3      2        0
  MONTH TO DATE  113                        60     53       66
  SINCE DEC 1    380                       180    200      422
  SINCE JAN 1    113                        60     53       66
..................................................................


WIND (MPH)
  HIGHEST WIND SPEED    15   HIGHEST WIND DIRECTION    SW (210)
  HIGHEST GUST SPEED    18   HIGHEST GUST DIRECTION    SW (220)
  AVERAGE WIND SPEED     4.8


SKY COVER
  AVERAGE SKY COVER  MM


WEATHER CONDITIONS
 THE FOLLOWING WEATHER WAS RECORDED YESTERDAY.
  FOG


RELATIVE HUMIDITY (PERCENT)
 HIGHEST    MM
 LOWEST     MM
 AVERAGE    MM

..........................................................


THE NAPLES CLIMATE NORMALS FOR TODAY
                         NORMAL    RECORD    YEAR
 MAXIMUM TEMPERATURE (F)   75        88      1990
 MINIMUM TEMPERATURE (F)   54        28      1971


SUNRISE AND SUNSET
JANUARY 21 2017.......SUNRISE   715 AM EST   SUNSET   602 PM EST
JANUARY 22 2017.......SUNRISE   715 AM EST   SUNSET   603 PM EST


-  INDICATES NEGATIVE NUMBERS.
R  INDICATES RECORD WAS SET OR TIED.
MM INDICATES DATA IS MISSING.
T  INDICATES TRACE AMOUNT.




$$
