000
CDUS42 KMFL 270843
CLIAPF


CLIMATE REPORT
NATIONAL WEATHER SERVICE MIAMI, FL
442 AM EDT WED AUG 27 2014


...................................

...THE NAPLES CLIMATE SUMMARY FOR AUGUST 26 2014...

CLIMATE NORMAL PERIOD 1981 TO 2010
CLIMATE RECORD PERIOD 1942 TO 2014


WEATHER ITEM   OBSERVED TIME   RECORD YEAR NORMAL DEPARTURE LAST
                VALUE   (LST)  VALUE       VALUE  FROM      YEAR
                                                  NORMAL
..................................................................
TEMPERATURE (F)
 YESTERDAY
  MAXIMUM         94    253 PM  96    1985  91      3       89
  MINIMUM         77    648 AM  70    1996  76      1       73
                                      1957
  AVERAGE         86                        83      3       81

PRECIPITATION (IN)
  YESTERDAY        0.00          1.72 2012   0.28  -0.28     0.74
  MONTH TO DATE   12.47                      7.14   5.33     7.55
  SINCE JUN 1     27.60                     23.23   4.37    25.37
  SINCE JAN 1     36.43                     35.08   1.35    35.71

SNOWFALL (IN)
  YESTERDAY        0.0
  MONTH TO DATE    0.0
  SINCE JUN 1      0.0
  SINCE JUL 1      0.0
  SNOW DEPTH       0

DEGREE DAYS
 HEATING
  YESTERDAY        0                         0      0
  MONTH TO DATE    0                         0      0
  SINCE JUN 1      0                         0      0
  SINCE JUL 1      0                         0      0

 COOLING
  YESTERDAY       21                        18      3
  MONTH TO DATE  505                       468     37
  SINCE JUN 1   1581                      1534     47
  SINCE JAN 1   2770                      2562    208
..................................................................


WIND (MPH)
  HIGHEST WIND SPEED    20   HIGHEST WIND DIRECTION     E (80)
  HIGHEST GUST SPEED    26   HIGHEST GUST DIRECTION    NE (60)
  AVERAGE WIND SPEED    10.4


SKY COVER
  AVERAGE SKY COVER 0.2


WEATHER CONDITIONS
 THE FOLLOWING WEATHER WAS RECORDED YESTERDAY.
  NO SIGNIFICANT WEATHER WAS OBSERVED.


RELATIVE HUMIDITY (PERCENT)
 HIGHEST    88
 LOWEST     46
 AVERAGE    67

..........................................................


THE NAPLES CLIMATE NORMALS FOR TODAY
                         NORMAL    RECORD    YEAR
 MAXIMUM TEMPERATURE (F)   91        96      1987
 MINIMUM TEMPERATURE (F)   76        70      1965


SUNRISE AND SUNSET
AUGUST 27 2014........SUNRISE   705 AM EDT   SUNSET   752 PM EDT
AUGUST 28 2014........SUNRISE   705 AM EDT   SUNSET   751 PM EDT


-  INDICATES NEGATIVE NUMBERS.
R  INDICATES RECORD WAS SET OR TIED.
MM INDICATES DATA IS MISSING.
T  INDICATES TRACE AMOUNT.




$$
