000
CDUS42 KMFL 200921
CLIAPF


CLIMATE REPORT
NATIONAL WEATHER SERVICE MIAMI, FL
421 AM EST SAT JAN 20 2018


...................................

...THE NAPLES CLIMATE SUMMARY FOR JANUARY 19 2018...

CLIMATE NORMAL PERIOD 1981 TO 2010
CLIMATE RECORD PERIOD 1942 TO 2018


WEATHER ITEM   OBSERVED TIME   RECORD YEAR NORMAL DEPARTURE LAST
                VALUE   (LST)  VALUE       VALUE  FROM      YEAR
                                                  NORMAL
..................................................................
TEMPERATURE (F)
 YESTERDAY
  MAXIMUM         70    358 PM  86    1990  75     -5       79
  MINIMUM         43    647 AM  29    1981  54    -11       59
  AVERAGE         57                        64     -7       69

PRECIPITATION (IN)
  YESTERDAY        0.00          0.25 1986   0.05  -0.05     0.00
  MONTH TO DATE    0.14                      1.00  -0.86     0.38
  SINCE NOV 1      1.29                      4.49  -3.20     0.73
  SINCE JAN 1      0.14                      1.00  -0.86     0.38

SNOWFALL (IN)
  YESTERDAY        0.0
  MONTH TO DATE    0.0
  SINCE DEC 1      0.0
  SINCE JUL 1      0.0
  SNOW DEPTH       0

DEGREE DAYS
 HEATING
  YESTERDAY        8                         4      4        0
  MONTH TO DATE  118                        70     48       20
  SINCE DEC 1    165                       134     31       25
  SINCE JUL 1    169                       148     21       29

 COOLING
  YESTERDAY        0                         3     -3        4
  MONTH TO DATE   28                        57    -29      108
  SINCE DEC 1    187                       177     10      375
  SINCE JAN 1     28                        57    -29      108
..................................................................


WIND (MPH)
  HIGHEST WIND SPEED    14   HIGHEST WIND DIRECTION    NE (50)
  HIGHEST GUST SPEED    18   HIGHEST GUST DIRECTION    NE (50)
  AVERAGE WIND SPEED     8.3


SKY COVER
  AVERAGE SKY COVER 0.0


WEATHER CONDITIONS
 THE FOLLOWING WEATHER WAS RECORDED YESTERDAY.
  NO SIGNIFICANT WEATHER WAS OBSERVED.


RELATIVE HUMIDITY (PERCENT)
 HIGHEST    80
 LOWEST     47
 AVERAGE    64

..........................................................


THE NAPLES CLIMATE NORMALS FOR TODAY
                         NORMAL    RECORD    YEAR
 MAXIMUM TEMPERATURE (F)   75        88      1990
 MINIMUM TEMPERATURE (F)   54        26      1977


SUNRISE AND SUNSET
JANUARY 20 2018.......SUNRISE   715 AM EST   SUNSET   601 PM EST
JANUARY 21 2018.......SUNRISE   715 AM EST   SUNSET   602 PM EST


-  INDICATES NEGATIVE NUMBERS.
R  INDICATES RECORD WAS SET OR TIED.
MM INDICATES DATA IS MISSING.
T  INDICATES TRACE AMOUNT.




$$
