000
CDUS42 KMFL 290834
CLIAPF


CLIMATE REPORT
NATIONAL WEATHER SERVICE MIAMI, FL
434 AM EDT THU SEP 29 2016


...................................

...THE NAPLES CLIMATE SUMMARY FOR SEPTEMBER 28 2016...

CLIMATE NORMAL PERIOD 1981 TO 2010
CLIMATE RECORD PERIOD 1942 TO 2016


WEATHER ITEM   OBSERVED TIME   RECORD YEAR NORMAL DEPARTURE LAST
                VALUE   (LST)  VALUE       VALUE  FROM      YEAR
                                                  NORMAL
..................................................................
TEMPERATURE (F)
 YESTERDAY
  MAXIMUM         88    323 PM  94    1988  89     -1       88
                                      1974
                                      1961
  MINIMUM         74    609 AM  65    1981  74      0       76
  AVERAGE         81                        81      0       82

PRECIPITATION (IN)
  YESTERDAY        0.21          1.73 2001   0.23  -0.02     0.29
  MONTH TO DATE    5.30                      7.24  -1.94     4.14
  SINCE JUN 1     27.23                     31.91  -4.68    23.39
  SINCE JAN 1     39.33                     43.76  -4.43    31.41

SNOWFALL (IN)
  YESTERDAY        0.0
  MONTH TO DATE    0.0
  SINCE SEP 1      0.0
  SINCE JUL 1      0.0
  SNOW DEPTH       0

DEGREE DAYS
 HEATING
  YESTERDAY        0                         0      0        0
  MONTH TO DATE    0                         0      0        0
  SINCE SEP 1      0                         0      0        0
  SINCE JUL 1      0                         0      0        0

 COOLING
  YESTERDAY       16                        16      0       17
  MONTH TO DATE  516                       489     27      524
  SINCE SEP 1    516                       489     27      524
  SINCE JAN 1   3432                      3146    286     3574
..................................................................


WIND (MPH)
  HIGHEST WIND SPEED    15   HIGHEST WIND DIRECTION    SW (230)
  HIGHEST GUST SPEED    20   HIGHEST GUST DIRECTION    SW (230)
  AVERAGE WIND SPEED     4.8


SKY COVER
  AVERAGE SKY COVER 0.4


WEATHER CONDITIONS
 THE FOLLOWING WEATHER WAS RECORDED YESTERDAY.
  THUNDERSTORM
  HEAVY RAIN
  RAIN
  LIGHT RAIN
  FOG


RELATIVE HUMIDITY (PERCENT)
 HIGHEST   100
 LOWEST     63
 AVERAGE    82

..........................................................


THE NAPLES CLIMATE NORMALS FOR TODAY
                         NORMAL    RECORD    YEAR
 MAXIMUM TEMPERATURE (F)   89        95      1989
 MINIMUM TEMPERATURE (F)   73        65      2000
                                             1983


SUNRISE AND SUNSET
SEPTEMBER 29 2016.....SUNRISE   719 AM EDT   SUNSET   715 PM EDT
SEPTEMBER 30 2016.....SUNRISE   719 AM EDT   SUNSET   714 PM EDT


-  INDICATES NEGATIVE NUMBERS.
R  INDICATES RECORD WAS SET OR TIED.
MM INDICATES DATA IS MISSING.
T  INDICATES TRACE AMOUNT.




$$
