000
CDUS42 KMFL 202021
CLIAPF


CLIMATE REPORT
NATIONAL WEATHER SERVICE MIAMI, FL
421 PM EDT SAT SEP 20 2014


...................................

...THE NAPLES CLIMATE SUMMARY FOR SEPTEMBER 20 2014...
VALID TODAY AS OF 0400 PM LOCAL TIME.

CLIMATE NORMAL PERIOD 1981 TO 2010
CLIMATE RECORD PERIOD 1942 TO 2014


WEATHER ITEM   OBSERVED TIME   RECORD YEAR NORMAL DEPARTURE LAST
                VALUE   (LST)  VALUE       VALUE  FROM      YEAR
                                                  NORMAL
..................................................................
TEMPERATURE (F)
 TODAY
  MAXIMUM         88   1038 AM  95    1949  90     -2       90
  MINIMUM         75    249 AM  66    1981  75      0       74
  AVERAGE         82                        82      0       82

PRECIPITATION (IN)
  TODAY            0.21          5.20 1962   0.27  -0.06     0.00
  MONTH TO DATE    6.04                      5.19   0.85     9.92
  SINCE JUN 1     35.06                     29.86   5.20    35.59
  SINCE JAN 1     43.89                     41.71   2.18    45.93

SNOWFALL (IN)
  TODAY           MM
  MONTH TO DATE    0.0
  SINCE SEP 1      0.0
  SINCE JUL 1      0.0
  SNOW DEPTH       0

DEGREE DAYS
 HEATING
  TODAY            0                         0      0
  MONTH TO DATE    0                         0      0
  SINCE SEP 1      0                         0      0
  SINCE JUL 1      0                         0      0

 COOLING
  TODAY           17                        17      0
  MONTH TO DATE  346                       355     -9
  SINCE SEP 1    346                       355     -9
  SINCE JAN 1   3216                      3012    204
..................................................................


WIND (MPH)
  HIGHEST WIND SPEED     9   HIGHEST WIND DIRECTION     W (270)
  HIGHEST GUST SPEED    MM   HIGHEST GUST DIRECTION    MM
  AVERAGE WIND SPEED     3.4


SKY COVER
  AVERAGE SKY COVER 0.3


WEATHER CONDITIONS
 THE FOLLOWING WEATHER WAS RECORDED TODAY.
  RAIN
  LIGHT RAIN
  FOG


RELATIVE HUMIDITY (PERCENT)
 HIGHEST    94
 LOWEST     65
 AVERAGE    80

..........................................................


THE NAPLES CLIMATE NORMALS FOR TOMORROW
                         NORMAL    RECORD    YEAR
 MAXIMUM TEMPERATURE (F)   90        94      1993
                                             1974
                                             1944
 MINIMUM TEMPERATURE (F)   75        68      1961


SUNRISE AND SUNSET
SEPTEMBER 20 2014.....SUNRISE   715 AM EDT   SUNSET   726 PM EDT
SEPTEMBER 21 2014.....SUNRISE   715 AM EDT   SUNSET   725 PM EDT


-  INDICATES NEGATIVE NUMBERS.
R  INDICATES RECORD WAS SET OR TIED.
MM INDICATES DATA IS MISSING.
T  INDICATES TRACE AMOUNT.




$$
