068
CDUS42 KMFL 240827
CLIAPF


CLIMATE REPORT
NATIONAL WEATHER SERVICE MIAMI, FL
425 AM EDT TUE MAY 24 2016


...................................

...THE NAPLES CLIMATE SUMMARY FOR MAY 23 2016...

CLIMATE NORMAL PERIOD 1981 TO 2010
CLIMATE RECORD PERIOD 1942 TO 2016


WEATHER ITEM   OBSERVED TIME   RECORD YEAR NORMAL DEPARTURE LAST
                VALUE   (LST)  VALUE       VALUE  FROM      YEAR
                                                  NORMAL
..................................................................
TEMPERATURE (F)
 YESTERDAY
  MAXIMUM         86    157 PM  92    2015  89     -3       92
                                      2010
                                      1978
  MINIMUM         74    527 AM  60    1994  70      4       71
                                      1981
  AVERAGE         80                        79      1       82

PRECIPITATION (IN)
  YESTERDAY        0.00          2.18 1946   0.12  -0.12     0.26
  MONTH TO DATE    1.32                      2.02  -0.70     1.99
  SINCE NOV 1     15.56                     14.20   1.36     8.13
  SINCE JAN 1     10.94                     10.71   0.23     6.83

SNOWFALL (IN)
  YESTERDAY        0.0
  MONTH TO DATE    0.0
  SINCE MAR 1      0.0
  SINCE JUL 1      0.0
  SNOW DEPTH       0

DEGREE DAYS
 HEATING
  YESTERDAY        0                         0      0        0
  MONTH TO DATE    0                         0      0        0
  SINCE MAR 1      4                        27    -23        1
  SINCE JUL 1    142                       260   -118      198

 COOLING
  YESTERDAY       15                        14      1       17
  MONTH TO DATE  315                       289     26      328
  SINCE MAR 1    897                       718    179     1045
  SINCE JAN 1   1059                       909    150     1221
..................................................................


WIND (MPH)
  HIGHEST WIND SPEED    13   HIGHEST WIND DIRECTION     W (290)
  HIGHEST GUST SPEED    17   HIGHEST GUST DIRECTION     W (290)
  AVERAGE WIND SPEED     4.9


SKY COVER
  AVERAGE SKY COVER 0.2


WEATHER CONDITIONS
 THE FOLLOWING WEATHER WAS RECORDED YESTERDAY.
  NO SIGNIFICANT WEATHER WAS OBSERVED.


RELATIVE HUMIDITY (PERCENT)
 HIGHEST    82
 LOWEST     55
 AVERAGE    69

..........................................................


THE NAPLES CLIMATE NORMALS FOR TODAY
                         NORMAL    RECORD    YEAR
 MAXIMUM TEMPERATURE (F)   89        93      2006
 MINIMUM TEMPERATURE (F)   70        58      1981


SUNRISE AND SUNSET
MAY 24 2016...........SUNRISE   637 AM EDT   SUNSET   811 PM EDT
MAY 25 2016...........SUNRISE   636 AM EDT   SUNSET   812 PM EDT


-  INDICATES NEGATIVE NUMBERS.
R  INDICATES RECORD WAS SET OR TIED.
MM INDICATES DATA IS MISSING.
T  INDICATES TRACE AMOUNT.




$$
