000
CDUS43 KAPX 200544
CLIAPN


CLIMATE REPORT
NATIONAL WEATHER SERVICE GAYLORD MI
1244 AM EST MON NOV 20 2017


...................................

...THE ALPENA MI CLIMATE SUMMARY FOR NOVEMBER 19 2017...

CLIMATE NORMAL PERIOD 1981 TO 2010
CLIMATE RECORD PERIOD 1916 TO 2017


WEATHER ITEM   OBSERVED TIME   RECORD YEAR NORMAL DEPARTURE LAST
                VALUE   (LST)  VALUE       VALUE  FROM      YEAR
                                                  NORMAL
..................................................................
TEMPERATURE (F)
 YESTERDAY
  MAXIMUM         36    201 AM  72    1953  42     -6       61
  MINIMUM         28   1159 PM   8    1936  28      0       26
  AVERAGE         32                        34     -2       44

PRECIPITATION (IN)
  YESTERDAY        0.01          1.15 1921   0.07  -0.06     0.11
  MONTH TO DATE    3.01                      1.35   1.66     0.23
  SINCE SEP 1     11.33                      6.88   4.45     5.60
  SINCE JAN 1     38.76                     25.66  13.10    26.23

SNOWFALL (IN)
  YESTERDAY        T             3.6  1969   0.3   -0.3      1.4
  MONTH TO DATE    0.4                       3.5   -3.1      1.4
  SINCE OCT 1      0.4                       3.9   -3.5      1.4
  SINCE JUL 1      0.4                       3.9   -3.5      1.4
  SNOW DEPTH       0

DEGREE DAYS
 HEATING
  YESTERDAY       33                        30      3       21
  MONTH TO DATE  585                       519     66      329
  SINCE SEP 1   1134                      1348   -214      866
  SINCE JUL 1   1192                      1463   -271      889
..................................................................


WIND (MPH)
  HIGHEST WIND SPEED    23   HIGHEST WIND DIRECTION    NW (320)
  HIGHEST GUST SPEED    30   HIGHEST GUST DIRECTION    NW (320)
  AVERAGE WIND SPEED    10.5




RELATIVE HUMIDITY (PERCENT)
 HIGHEST    89
 LOWEST     56
 AVERAGE    73

..........................................................


THE ALPENA MI CLIMATE NORMALS FOR TODAY
                         NORMAL    RECORD    YEAR
 MAXIMUM TEMPERATURE (F)   41        65      1953
 MINIMUM TEMPERATURE (F)   27         8      1951


SUNRISE AND SUNSET
NOVEMBER 20 2017......SUNRISE   739 AM EST   SUNSET   500 PM EST
NOVEMBER 21 2017......SUNRISE   740 AM EST   SUNSET   500 PM EST


-  INDICATES NEGATIVE NUMBERS.
R  INDICATES RECORD WAS SET OR TIED.
MM INDICATES DATA IS MISSING.
T  INDICATES TRACE AMOUNT.




$$
