000
CDUS43 KAPX 262125
CLIAPN


CLIMATE REPORT
NATIONAL WEATHER SERVICE GAYLORD MI
525 PM EDT WED JUL 26 2017


...................................

...THE ALPENA MI CLIMATE SUMMARY FOR JULY 26 2017...
VALID TODAY AS OF 0500 PM LOCAL TIME.

CLIMATE NORMAL PERIOD 1981 TO 2010
CLIMATE RECORD PERIOD 1916 TO 2017


WEATHER ITEM   OBSERVED TIME   RECORD YEAR NORMAL DEPARTURE LAST
                VALUE   (LST)  VALUE       VALUE  FROM      YEAR
                                                  NORMAL
..................................................................
TEMPERATURE (F)
 TODAY
  MAXIMUM         72    110 PM  98    1955  79     -7       92
  MINIMUM         61    134 AM  39    1926  56      5       56
  AVERAGE         67                        68     -1       74

PRECIPITATION (IN)
  TODAY            0.48          2.34 1960   0.09   0.39     0.00
  MONTH TO DATE    1.93                      2.55  -0.62     1.99
  SINCE JUN 1      8.33                      5.17   3.16     3.43
  SINCE JAN 1     23.64                     15.07   8.57    18.16

DEGREE DAYS
 HEATING
  TODAY            0                         1     -1        0
  MONTH TO DATE    7                        36    -29       17
  SINCE JUN 1     90                       179    -89      125
  SINCE JUL 1      7                        36    -29       17

 COOLING
  TODAY            2                         4     -2        9
  MONTH TO DATE   87                       101    -14      166
  SINCE JUN 1    156                       157     -1      231
  SINCE JAN 1    162                       170     -8      263
..................................................................


WIND (MPH)
  RESULTANT WIND SPEED   7   RESULTANT WIND DIRECTION   S (190)
  HIGHEST WIND SPEED    13   HIGHEST WIND DIRECTION     S (180)
  HIGHEST GUST SPEED    19   HIGHEST GUST DIRECTION     S (190)
  AVERAGE WIND SPEED     7.6


SKY COVER
  POSSIBLE SUNSHINE  MM
  AVERAGE SKY COVER 0.7


WEATHER CONDITIONS
 THE FOLLOWING WEATHER WAS RECORDED TODAY.
  THUNDERSTORM
  HEAVY RAIN
  RAIN
  LIGHT RAIN
  FOG


RELATIVE HUMIDITY (PERCENT)
 HIGHEST   100
 LOWEST     73
 AVERAGE    87

..........................................................


THE ALPENA MI CLIMATE NORMALS FOR TOMORROW
                         NORMAL    RECORD    YEAR
 MAXIMUM TEMPERATURE (F)   79        96      1955
                                             1929
 MINIMUM TEMPERATURE (F)   56        39      1926


SUNRISE AND SUNSET
JULY 26 2017..........SUNRISE   613 AM EDT   SUNSET   908 PM EDT
JULY 27 2017..........SUNRISE   614 AM EDT   SUNSET   907 PM EDT


-  INDICATES NEGATIVE NUMBERS.
R  INDICATES RECORD WAS SET OR TIED.
MM INDICATES DATA IS MISSING.
T  INDICATES TRACE AMOUNT.




$$
