000
CDUS43 KAPX 260530
CLIAPN


CLIMATE REPORT
NATIONAL WEATHER SERVICE GAYLORD MI
128 AM EDT THU MAY 26 2016


...................................

...THE ALPENA MI CLIMATE SUMMARY FOR MAY 25 2016...

CLIMATE NORMAL PERIOD 1981 TO 2010
CLIMATE RECORD PERIOD 1916 TO 2016


WEATHER ITEM   OBSERVED TIME   RECORD YEAR NORMAL DEPARTURE LAST
                VALUE   (LST)  VALUE       VALUE  FROM      YEAR
                                                  NORMAL
..................................................................
TEMPERATURE (F)
 YESTERDAY
  MAXIMUM         78   1254 PM  87    1965  68     10       79
  MINIMUM         51    445 AM  26    1934  43      8       53
  AVERAGE         65                        55     10       66

PRECIPITATION (IN)
  YESTERDAY        0.00          1.57 1955   0.09  -0.09     0.85
  MONTH TO DATE    0.75                      2.11  -1.36     2.68
  SINCE MAR 1      9.69                      6.36   3.33     5.78
  SINCE JAN 1     14.17                      9.34   4.83     7.57

DEGREE DAYS
 HEATING
  YESTERDAY        0                        10    -10        0
  MONTH TO DATE  337                       343     -6      263
  SINCE MAR 1   2160                      2170    -10     2141
  SINCE JUL 1   6942                      7902   -960     8404

 COOLING
  YESTERDAY        0                         1     -1        1
  MONTH TO DATE    1                         2     -1        9
  SINCE MAR 1      1                         4     -3        9
  SINCE JAN 1      1                         4     -3        9
..................................................................


WIND (MPH)
  HIGHEST WIND SPEED    14   HIGHEST WIND DIRECTION     E (100)
  HIGHEST GUST SPEED    23   HIGHEST GUST DIRECTION     N (350)
  AVERAGE WIND SPEED     4.8




RELATIVE HUMIDITY (PERCENT)
 HIGHEST   100
 LOWEST     48
 AVERAGE    74

..........................................................


THE ALPENA MI CLIMATE NORMALS FOR TODAY
                         NORMAL    RECORD    YEAR
 MAXIMUM TEMPERATURE (F)   68        90      1944
 MINIMUM TEMPERATURE (F)   43        25      1969


SUNRISE AND SUNSET
MAY 26 2016...........SUNRISE   554 AM EDT   SUNSET   909 PM EDT
MAY 27 2016...........SUNRISE   553 AM EDT   SUNSET   910 PM EDT


-  INDICATES NEGATIVE NUMBERS.
R  INDICATES RECORD WAS SET OR TIED.
MM INDICATES DATA IS MISSING.
T  INDICATES TRACE AMOUNT.




$$
