000
CDUS43 KAPX 280528
CLIAPN


CLIMATE REPORT
NATIONAL WEATHER SERVICE GAYLORD MI
127 AM EDT SUN MAY 28 2017


...................................

...THE ALPENA MI CLIMATE SUMMARY FOR MAY 27 2017...

CLIMATE NORMAL PERIOD 1981 TO 2010
CLIMATE RECORD PERIOD 1916 TO 2017


WEATHER ITEM   OBSERVED TIME   RECORD YEAR NORMAL DEPARTURE LAST
                VALUE   (LST)  VALUE       VALUE  FROM      YEAR
                                                  NORMAL
..................................................................
TEMPERATURE (F)
 YESTERDAY
  MAXIMUM         73    337 PM  93    1978  68      5       79
  MINIMUM         45    522 AM  27    1934  44      1       53
  AVERAGE         59                        56      3       66

PRECIPITATION (IN)
  YESTERDAY        0.00          1.98 1941   0.10  -0.10     0.00
  MONTH TO DATE    1.77                      2.30  -0.53     0.77
  SINCE MAR 1      9.45                      6.55   2.90     9.71
  SINCE JAN 1     14.94                      9.53   5.41    14.19

DEGREE DAYS
 HEATING
  YESTERDAY        6                        10     -4        0
  MONTH TO DATE  377                       363     14      341
  SINCE MAR 1   2093                      2190    -97     2164
  SINCE JUL 1   6724                      7922  -1198     6946

 COOLING
  YESTERDAY        0                         1     -1        1
  MONTH TO DATE    6                         4      2        9
  SINCE MAR 1      6                         6      0        9
  SINCE JAN 1      6                         6      0        9
..................................................................


WIND (MPH)
  HIGHEST WIND SPEED    15   HIGHEST WIND DIRECTION    SE (150)
  HIGHEST GUST SPEED    20   HIGHEST GUST DIRECTION     E (100)
  AVERAGE WIND SPEED     5.6




RELATIVE HUMIDITY (PERCENT)
 HIGHEST   100
 LOWEST     53
 AVERAGE    77

..........................................................


THE ALPENA MI CLIMATE NORMALS FOR TODAY
                         NORMAL    RECORD    YEAR
 MAXIMUM TEMPERATURE (F)   69        93      1969
 MINIMUM TEMPERATURE (F)   44        27      1927


SUNRISE AND SUNSET
MAY 28 2017...........SUNRISE   553 AM EDT   SUNSET   911 PM EDT
MAY 29 2017...........SUNRISE   552 AM EDT   SUNSET   912 PM EDT


-  INDICATES NEGATIVE NUMBERS.
R  INDICATES RECORD WAS SET OR TIED.
MM INDICATES DATA IS MISSING.
T  INDICATES TRACE AMOUNT.




$$
