000
CDUS43 KAPX 230527
CLIAPN


CLIMATE REPORT
NATIONAL WEATHER SERVICE GAYLORD MI
126 AM EDT SAT AUG 23 2014


...................................

...THE ALPENA MI CLIMATE SUMMARY FOR AUGUST 22 2014...

CLIMATE NORMAL PERIOD 1981 TO 2010
CLIMATE RECORD PERIOD 1916 TO 2014


WEATHER ITEM   OBSERVED TIME   RECORD YEAR NORMAL DEPARTURE LAST
                VALUE   (LST)  VALUE       VALUE  FROM      YEAR
                                                  NORMAL
..................................................................
TEMPERATURE (F)
 YESTERDAY
  MAXIMUM         79    207 PM  97    1955  76      3       85
  MINIMUM         57    513 AM  32    1957  53      4       53
  AVERAGE         68                        65      3       69

PRECIPITATION (IN)
  YESTERDAY        0.00          1.85 1918   0.11  -0.11     0.00
  MONTH TO DATE    4.04                      2.26   1.78     0.77
  SINCE JUN 1      9.13                      7.91   1.22     6.33
  SINCE JAN 1     20.63                     17.81   2.82    21.26

DEGREE DAYS
 HEATING
  YESTERDAY        0                         3     -3        0
  MONTH TO DATE   36                        42     -6       52
  SINCE JUN 1    217                       229    -12      241
  SINCE JUL 1    105                        86     19      105

 COOLING
  YESTERDAY        3                         2      1        4
  MONTH TO DATE   25                        62    -37       44
  SINCE JUN 1    131                       234   -103      237
  SINCE JAN 1    136                       247   -111      250
..................................................................


WIND (MPH)
  HIGHEST WIND SPEED    12   HIGHEST WIND DIRECTION    SE (130)
  HIGHEST GUST SPEED    14   HIGHEST GUST DIRECTION    SE (140)
  AVERAGE WIND SPEED     3.0




RELATIVE HUMIDITY (PERCENT)
 HIGHEST   100
 LOWEST     60
 AVERAGE    80

..........................................................


THE ALPENA MI CLIMATE NORMALS FOR TODAY
                         NORMAL    RECORD    YEAR
 MAXIMUM TEMPERATURE (F)   76        95      1947
 MINIMUM TEMPERATURE (F)   53        30      1934


SUNRISE AND SUNSET
AUGUST 23 2014........SUNRISE   645 AM EDT   SUNSET   827 PM EDT
AUGUST 24 2014........SUNRISE   647 AM EDT   SUNSET   826 PM EDT


-  INDICATES NEGATIVE NUMBERS.
R  INDICATES RECORD WAS SET OR TIED.
MM INDICATES DATA IS MISSING.
T  INDICATES TRACE AMOUNT.




$$
