000
CDUS43 KAPX 300540
CLIAPN


CLIMATE REPORT
NATIONAL WEATHER SERVICE GAYLORD MI
139 AM EDT TUE JUN 30 2015


...................................

...THE ALPENA MI CLIMATE SUMMARY FOR JUNE 29 2015...

CLIMATE NORMAL PERIOD 1981 TO 2010
CLIMATE RECORD PERIOD 1916 TO 2015


WEATHER ITEM   OBSERVED TIME   RECORD YEAR NORMAL DEPARTURE LAST
                VALUE   (LST)  VALUE       VALUE  FROM      YEAR
                                                  NORMAL
..................................................................
TEMPERATURE (F)
 YESTERDAY
  MAXIMUM         82   1201 PM  99    1927  78      4       88
  MINIMUM         51    456 AM  35    1925  53     -2       65
                                      1919
  AVERAGE         67                        66      1       77

PRECIPITATION (IN)
  YESTERDAY        0.00          1.85 1971   0.09  -0.09     0.09
  MONTH TO DATE    2.08                      2.53  -0.45     1.17
  SINCE JUN 1      2.08                      2.53  -0.45     1.17
  SINCE JAN 1     10.63                     12.43  -1.80    12.67

DEGREE DAYS
 HEATING
  YESTERDAY        0                         2     -2        0
  MONTH TO DATE  141                       140      1      112
  SINCE JUN 1    141                       140      1      112
  SINCE JUL 1   8574                      8097    477     9165

 COOLING
  YESTERDAY        2                         3     -1       12
  MONTH TO DATE   11                        54    -43       40
  SINCE JUN 1     11                        54    -43       40
  SINCE JAN 1     35                        67    -32       45
..................................................................


WIND (MPH)
  HIGHEST WIND SPEED    20   HIGHEST WIND DIRECTION    SE (150)
  HIGHEST GUST SPEED    23   HIGHEST GUST DIRECTION     S (160)
  AVERAGE WIND SPEED     6.3




RELATIVE HUMIDITY (PERCENT)
 HIGHEST    93
 LOWEST     35
 AVERAGE    64

..........................................................


THE ALPENA MI CLIMATE NORMALS FOR TODAY
                         NORMAL    RECORD    YEAR
 MAXIMUM TEMPERATURE (F)   78        99      1931
 MINIMUM TEMPERATURE (F)   54        36      1943
                                             1925


SUNRISE AND SUNSET
JUNE 30 2015..........SUNRISE   551 AM EDT   SUNSET   925 PM EDT
JULY  1 2015..........SUNRISE   551 AM EDT   SUNSET   925 PM EDT


-  INDICATES NEGATIVE NUMBERS.
R  INDICATES RECORD WAS SET OR TIED.
MM INDICATES DATA IS MISSING.
T  INDICATES TRACE AMOUNT.




$$
