000
CDUS43 KAPX 160528
CLIAPN


CLIMATE REPORT
NATIONAL WEATHER SERVICE GAYLORD MI
1228 AM EST TUE JAN 16 2018


...................................

...THE ALPENA MI CLIMATE SUMMARY FOR JANUARY 15 2018...

CLIMATE NORMAL PERIOD 1981 TO 2010
CLIMATE RECORD PERIOD 1916 TO 2018


WEATHER ITEM   OBSERVED TIME   RECORD YEAR NORMAL DEPARTURE LAST
                VALUE   (LST)  VALUE       VALUE  FROM      YEAR
                                                  NORMAL
..................................................................
TEMPERATURE (F)
 YESTERDAY
  MAXIMUM         21    130 PM  48    1953  27     -6       32
  MINIMUM         13   1208 AM -28    1963  11      2        3
  AVERAGE         17                        19     -2       18

PRECIPITATION (IN)
  YESTERDAY        0.25          0.44 1998   0.05   0.20     0.00
                                      1952
  MONTH TO DATE    0.86                      0.86   0.00     1.34
  SINCE DEC 1      2.10                      2.61  -0.51     3.38
  SINCE JAN 1      0.86                      0.86   0.00     1.34

SNOWFALL (IN)
  YESTERDAY        6.9 R         5.7  2007   0.7    6.2      0.0
  MONTH TO DATE    9.9                      10.5   -0.6     10.0
  SINCE OCT 1     24.1                      37.8  -13.7     37.7
  SINCE JUL 1     24.1                      37.8  -13.7     37.7
  SNOW DEPTH       T

DEGREE DAYS
 HEATING
  YESTERDAY       48                        46      2       47
  MONTH TO DATE  755                       679     76      682
  SINCE DEC 1   2130                      1917    213     1848
  SINCE JUL 1   3634                      3740   -106     3057
..................................................................


WIND (MPH)
  HIGHEST WIND SPEED    21   HIGHEST WIND DIRECTION    SE (130)
  HIGHEST GUST SPEED    28   HIGHEST GUST DIRECTION     E (110)
  AVERAGE WIND SPEED    10.3




RELATIVE HUMIDITY (PERCENT)
 HIGHEST   100
 LOWEST     67
 AVERAGE    84

..........................................................


THE ALPENA MI CLIMATE NORMALS FOR TODAY
                         NORMAL    RECORD    YEAR
 MAXIMUM TEMPERATURE (F)   27        51      1973
 MINIMUM TEMPERATURE (F)   11       -28      1994


SUNRISE AND SUNSET
JANUARY 16 2018.......SUNRISE   808 AM EST   SUNSET   520 PM EST
JANUARY 17 2018.......SUNRISE   808 AM EST   SUNSET   521 PM EST


-  INDICATES NEGATIVE NUMBERS.
R  INDICATES RECORD WAS SET OR TIED.
MM INDICATES DATA IS MISSING.
T  INDICATES TRACE AMOUNT.




$$
