000
CDUS44 KLCH 031008
CLIARA


CLIMATE REPORT
NATIONAL WEATHER SERVICE LAKE CHARLES, LA
407 AM CST SAT DEC 3 2016


...................................

...THE NEW IBERIA CLIMATE SUMMARY FOR DECEMBER 2 2016...

CLIMATE NORMAL PERIOD 1981 TO 2010
CLIMATE RECORD PERIOD 1948 TO 2016


WEATHER ITEM   OBSERVED TIME   RECORD YEAR NORMAL DEPARTURE LAST
                VALUE   (LST)  VALUE       VALUE  FROM      YEAR
                                                  NORMAL
..................................................................
TEMPERATURE (F)
 YESTERDAY
  MAXIMUM         69    204 PM  81    2012  67      2       61
                                      2007
                                      1998
  MINIMUM         46   1239 AM  26    1960  46      0       48
  AVERAGE         58                        57      1       55

PRECIPITATION (IN)
  YESTERDAY        0.06          1.65 1984   0.20  -0.14     0.15
  MONTH TO DATE    0.06                      0.39  -0.33     0.49
  SINCE DEC 1      0.06                      0.39  -0.33     0.49
  SINCE JAN 1     77.34                     55.08  22.26    66.65

SNOWFALL (IN)
  YESTERDAY        0.0           0.0    MM  MM              MM
  MONTH TO DATE    0.0                      MM               0.0
  SINCE DEC 1      0.0                      MM               0.0
  SINCE JUL 1      0.0                      MM               0.0

DEGREE DAYS
 HEATING
  YESTERDAY        7                         9     -2       10
  MONTH TO DATE   18                        18      0       10
  SINCE DEC 1     18                        18      0       10
  SINCE JUL 1    113                       213   -100       81

 COOLING
  YESTERDAY        0                         1     -1        0
  MONTH TO DATE    0                         2     -2        0
  SINCE DEC 1      0                         2     -2        0
  SINCE JAN 1   3143                      2794    349     3173
..................................................................


WIND (MPH)
  RESULTANT WIND SPEED   9   RESULTANT WIND DIRECTION   E (80)
  HIGHEST WIND SPEED    17   HIGHEST WIND DIRECTION     E (90)
  HIGHEST GUST SPEED    21   HIGHEST GUST DIRECTION     E (80)
  AVERAGE WIND SPEED     9.5


SKY COVER
  POSSIBLE SUNSHINE  MM
  AVERAGE SKY COVER 0.8


WEATHER CONDITIONS
 THE FOLLOWING WEATHER WAS RECORDED YESTERDAY.
  RAIN
  LIGHT RAIN
  HAZE


RELATIVE HUMIDITY (PERCENT)
 HIGHEST    86           200 AM
 LOWEST     32           100 PM
 AVERAGE    59

..........................................................


THE NEW IBERIA CLIMATE NORMALS FOR TODAY
                         NORMAL    RECORD    YEAR
 MAXIMUM TEMPERATURE (F)   67        87      1982
 MINIMUM TEMPERATURE (F)   46        29      1974


SUNRISE AND SUNSET
DECEMBER  3 2016......SUNRISE   648 AM CST   SUNSET   507 PM CST
DECEMBER  4 2016......SUNRISE   649 AM CST   SUNSET   507 PM CST


-  INDICATES NEGATIVE NUMBERS.
R  INDICATES RECORD WAS SET OR TIED.
MM INDICATES DATA IS MISSING.
T  INDICATES TRACE AMOUNT.




$$
