000
CDUS44 KLCH 052245
CLIARA


CLIMATE REPORT
NATIONAL WEATHER SERVICE LAKE CHARLES, LA
445 PM CST FRI FEB 5 2016


...................................

...THE NEW IBERIA CLIMATE SUMMARY FOR FEBRUARY 5 2016...
VALID TODAY AS OF 0400 PM LOCAL TIME.

CLIMATE NORMAL PERIOD 1981 TO 2010
CLIMATE RECORD PERIOD 1948 TO 2016


WEATHER ITEM   OBSERVED TIME   RECORD YEAR NORMAL DEPARTURE LAST
                VALUE   (LST)  VALUE       VALUE  FROM      YEAR
                                                  NORMAL
..................................................................
TEMPERATURE (F)
 TODAY
  MAXIMUM         56    317 PM  79    2008  64     -8       59
                                      1957
  MINIMUM         32    719 AM  17    1996  44    -12       40
  AVERAGE         44                        54    -10       50

PRECIPITATION (IN)
  TODAY            0.00          2.55 2004   0.12  -0.12     0.00
  MONTH TO DATE    1.41                      0.62   0.79     1.12
  SINCE DEC 1     10.70                     10.84  -0.14     7.20
  SINCE JAN 1      7.68                      5.84   1.84     5.49

SNOWFALL (IN)
  TODAY            0.0           T    1988  MM               0.0
  MONTH TO DATE    0.0                      MM               0.0
  SINCE DEC 1      0.0                      MM               0.0
  SINCE JUL 1      0.0                      MM               0.0

DEGREE DAYS
 HEATING
  TODAY           21                        12      9       15
  MONTH TO DATE   49                        60    -11       74
  SINCE DEC 1    635                       802   -167      759
  SINCE JUL 1    706                       997   -291     1046

 COOLING
  TODAY            0                         1     -1        0
  MONTH TO DATE    5                         1      4        0
  SINCE DEC 1     89                        35     54       24
  SINCE JAN 1      6                        13     -7        2
..................................................................


WIND (MPH)
  RESULTANT WIND SPEED   2   RESULTANT WIND DIRECTION  NE (50)
  HIGHEST WIND SPEED    14   HIGHEST WIND DIRECTION    NE (30)
  HIGHEST GUST SPEED    19   HIGHEST GUST DIRECTION    NE (60)
  AVERAGE WIND SPEED     3.9


SKY COVER
  POSSIBLE SUNSHINE  MM
  AVERAGE SKY COVER 0.0


WEATHER CONDITIONS
 THE FOLLOWING WEATHER WAS RECORDED TODAY.
  NO SIGNIFICANT WEATHER WAS OBSERVED.


RELATIVE HUMIDITY (PERCENT)
 HIGHEST    89           100 AM
 LOWEST     22           200 PM
 AVERAGE    56

..........................................................


THE NEW IBERIA CLIMATE NORMALS FOR TOMORROW
                         NORMAL    RECORD    YEAR
 MAXIMUM TEMPERATURE (F)   64        79      1950
 MINIMUM TEMPERATURE (F)   44        17      1996


SUNRISE AND SUNSET
FEBRUARY  5 2016......SUNRISE   656 AM CST   SUNSET   548 PM CST
FEBRUARY  6 2016......SUNRISE   655 AM CST   SUNSET   549 PM CST


-  INDICATES NEGATIVE NUMBERS.
R  INDICATES RECORD WAS SET OR TIED.
MM INDICATES DATA IS MISSING.
T  INDICATES TRACE AMOUNT.




$$
