000
CDUS44 KLCH 272247
CLIARA


CLIMATE REPORT
NATIONAL WEATHER SERVICE LAKE CHARLES, LA
445 PM CST MON FEB 27 2017


...................................

...THE NEW IBERIA CLIMATE SUMMARY FOR FEBRUARY 27 2017...
VALID TODAY AS OF 0400 PM LOCAL TIME.

CLIMATE NORMAL PERIOD 1981 TO 2010
CLIMATE RECORD PERIOD 1948 TO 2017


WEATHER ITEM   OBSERVED TIME   RECORD YEAR NORMAL DEPARTURE LAST
                VALUE   (LST)  VALUE       VALUE  FROM      YEAR
                                                  NORMAL
..................................................................
TEMPERATURE (F)
 TODAY
  MAXIMUM         80    113 PM  81    2001  69     11       66
  MINIMUM         64    111 AM  24    2002  48     16       37
  AVERAGE         72                        58     14       52

PRECIPITATION (IN)
  TODAY            0.04          1.77 1966   0.15  -0.11     0.00
  MONTH TO DATE    0.36                      4.04  -3.68     3.96
  SINCE DEC 1     11.50                     14.26  -2.76    13.25
  SINCE JAN 1      2.80                      9.26  -6.46    10.23

SNOWFALL (IN)
  TODAY            0.0           0.0    MM  MM               0.0
  MONTH TO DATE    0.0                      MM               0.0
  SINCE DEC 1      0.0                      MM               0.0
  SINCE JUL 1      0.0                      MM               0.0

DEGREE DAYS
 HEATING
  TODAY            0                         8     -8       13
  MONTH TO DATE   86                       272   -186      249
  SINCE DEC 1    534                      1014   -480      835
  SINCE JUL 1    629                      1209   -580      906

 COOLING
  TODAY            7                         1      6        0
  MONTH TO DATE   61                        23     38        9
  SINCE DEC 1    192                        57    135       93
  SINCE JAN 1    125                        35     90       10
..................................................................


WIND (MPH)
  RESULTANT WIND SPEED  13   RESULTANT WIND DIRECTION   S (170)
  HIGHEST WIND SPEED    23   HIGHEST WIND DIRECTION     S (180)
  HIGHEST GUST SPEED    27   HIGHEST GUST DIRECTION     S (180)
  AVERAGE WIND SPEED    13.3


SKY COVER
  POSSIBLE SUNSHINE  MM
  AVERAGE SKY COVER 1.0


WEATHER CONDITIONS
 THE FOLLOWING WEATHER WAS RECORDED TODAY.
  RAIN
  LIGHT RAIN
  FOG


RELATIVE HUMIDITY (PERCENT)
 HIGHEST    90           700 AM
 LOWEST     67           300 PM
 AVERAGE    79

..........................................................


THE NEW IBERIA CLIMATE NORMALS FOR TOMORROW
                         NORMAL    RECORD    YEAR
 MAXIMUM TEMPERATURE (F)   69        85      2011
 MINIMUM TEMPERATURE (F)   48        28      2002


SUNRISE AND SUNSET
FEBRUARY 27 2017......SUNRISE   635 AM CST   SUNSET   605 PM CST
FEBRUARY 28 2017......SUNRISE   634 AM CST   SUNSET   606 PM CST


-  INDICATES NEGATIVE NUMBERS.
R  INDICATES RECORD WAS SET OR TIED.
MM INDICATES DATA IS MISSING.
T  INDICATES TRACE AMOUNT.




$$
