560
CDUS44 KLCH 230810
CLIARA


CLIMATE REPORT
NATIONAL WEATHER SERVICE LAKE CHARLES, LA
309 AM CDT TUE MAY 23 2017


...................................

...THE NEW IBERIA CLIMATE SUMMARY FOR MAY 22 2017...

CLIMATE NORMAL PERIOD 1981 TO 2010
CLIMATE RECORD PERIOD 1948 TO 2017


WEATHER ITEM   OBSERVED TIME   RECORD YEAR NORMAL DEPARTURE LAST
                VALUE   (LST)  VALUE       VALUE  FROM      YEAR
                                                  NORMAL
..................................................................
TEMPERATURE (F)
 YESTERDAY
  MAXIMUM         77    421 PM  98    2005  87    -10       84
  MINIMUM         70    236 AM  52    1954  69      1       70
  AVERAGE         74                        78     -4       77

PRECIPITATION (IN)
  YESTERDAY        0.61          2.85 2013   0.18   0.43     0.00
  MONTH TO DATE    6.92                      2.85   4.07     4.53
  SINCE MAR 1     12.71                     10.69   2.02    14.82
  SINCE JAN 1     15.51                     20.10  -4.59    25.05

SNOWFALL (IN)
  YESTERDAY        0.0           0.0    MM  MM               0.0
  MONTH TO DATE    0.0                      MM               0.0
  SINCE MAR 1      0.0                      MM               0.0
  SINCE JUL 1      0.0                      MM               0.0

DEGREE DAYS
 HEATING
  YESTERDAY        0                         0      0        0
  MONTH TO DATE    4                         0      4        0
  SINCE MAR 1     87                       192   -105       81
  SINCE JUL 1    716                      1408   -692      997

 COOLING
  YESTERDAY        9                        13     -4       12
  MONTH TO DATE  178                       227    -49      200
  SINCE MAR 1    510                       416     94      486
  SINCE JAN 1    645                       447    198      496
..................................................................


WIND (MPH)
  RESULTANT WIND SPEED   6   RESULTANT WIND DIRECTION   E (90)
  HIGHEST WIND SPEED    28   HIGHEST WIND DIRECTION    SE (150)
  HIGHEST GUST SPEED    35   HIGHEST GUST DIRECTION    SE (140)
  AVERAGE WIND SPEED    10.0


SKY COVER
  POSSIBLE SUNSHINE  MM
  AVERAGE SKY COVER 0.9


WEATHER CONDITIONS
 THE FOLLOWING WEATHER WAS RECORDED YESTERDAY.
  HEAVY RAIN
  RAIN
  LIGHT RAIN
  FOG


RELATIVE HUMIDITY (PERCENT)
 HIGHEST    93           400 AM
 LOWEST     76           300 PM
 AVERAGE    85

..........................................................


THE NEW IBERIA CLIMATE NORMALS FOR TODAY
                         NORMAL    RECORD    YEAR
 MAXIMUM TEMPERATURE (F)   87        97      2005
 MINIMUM TEMPERATURE (F)   69        51      2001


SUNRISE AND SUNSET
MAY 23 2017...........SUNRISE   610 AM CDT   SUNSET   759 PM CDT
MAY 24 2017...........SUNRISE   609 AM CDT   SUNSET   800 PM CDT


-  INDICATES NEGATIVE NUMBERS.
R  INDICATES RECORD WAS SET OR TIED.
MM INDICATES DATA IS MISSING.
T  INDICATES TRACE AMOUNT.




$$
