000
CDUS44 KLCH 011245
CLIARA


CLIMATE REPORT
NATIONAL WEATHER SERVICE LAKE CHARLES, LA
745 AM CDT SUN MAY 1 2016


...................................

...THE NEW IBERIA CLIMATE SUMMARY FOR APRIL 30 2016...

CLIMATE NORMAL PERIOD 1981 TO 2010
CLIMATE RECORD PERIOD 1948 TO 2016


WEATHER ITEM   OBSERVED TIME   RECORD YEAR NORMAL DEPARTURE LAST
                VALUE   (LST)  VALUE       VALUE  FROM      YEAR
                                                  NORMAL
..................................................................
TEMPERATURE (F)
 YESTERDAY
  MAXIMUM         78    437 PM  94    1955  83     -5       81
  MINIMUM         66   1146 AM  46    1996  62      4       54
  AVERAGE         72                        72      0       68

PRECIPITATION (IN)
  YESTERDAY        1.85          2.53 1960   0.12   1.73     0.00
  MONTH TO DATE    6.57                      4.07   2.50    10.10
  SINCE MAR 1     10.29                      7.84   2.45    13.98
  SINCE JAN 1     20.52                     17.25   3.27    20.44

SNOWFALL (IN)
  YESTERDAY        0.0           0.0    MM  MM               0.0
  MONTH TO DATE    0.0                      MM               0.0
  SINCE MAR 1      0.0                      MM                T
  SINCE JUL 1      0.0                      MM                T

DEGREE DAYS
 HEATING
  YESTERDAY        0                         0      0        0
  MONTH TO DATE   16                        43    -27        1
  SINCE MAR 1     81                       192   -111       73
  SINCE JUL 1    997                      1408   -411     1416

 COOLING
  YESTERDAY        7                         7      0        3
  MONTH TO DATE  181                       137     44      226
  SINCE MAR 1    286                       189     97      318
  SINCE JAN 1    296                       220     76      322
..................................................................


WIND (MPH)
  RESULTANT WIND SPEED  15   RESULTANT WIND DIRECTION  SE (150)
  HIGHEST WIND SPEED    24   HIGHEST WIND DIRECTION     W (250)
  HIGHEST GUST SPEED    34   HIGHEST GUST DIRECTION    SE (140)
  AVERAGE WIND SPEED    14.1


SKY COVER
  POSSIBLE SUNSHINE  MM
  AVERAGE SKY COVER 0.8


WEATHER CONDITIONS
 THE FOLLOWING WEATHER WAS RECORDED YESTERDAY.
  THUNDERSTORM
  HEAVY RAIN
  RAIN
  LIGHT RAIN
  FOG


RELATIVE HUMIDITY (PERCENT)
 HIGHEST    87          1200 AM
 LOWEST     76           400 PM
 AVERAGE    82

..........................................................


THE NEW IBERIA CLIMATE NORMALS FOR TODAY
                         NORMAL    RECORD    YEAR
 MAXIMUM TEMPERATURE (F)   83        92      1981
 MINIMUM TEMPERATURE (F)   62        50      2014
                                             1996
                                             1971


SUNRISE AND SUNSET
MAY  1 2016...........SUNRISE   624 AM CDT   SUNSET   745 PM CDT
MAY  2 2016...........SUNRISE   623 AM CDT   SUNSET   746 PM CDT


-  INDICATES NEGATIVE NUMBERS.
R  INDICATES RECORD WAS SET OR TIED.
MM INDICATES DATA IS MISSING.
T  INDICATES TRACE AMOUNT.




$$
