000
CDUS44 KLCH 252310
CLIARA


CLIMATE REPORT
NATIONAL WEATHER SERVICE LAKE CHARLES, LA
608 PM CDT TUE APR 25 2017


...................................

...THE NEW IBERIA CLIMATE SUMMARY FOR APRIL 25 2017...
VALID TODAY AS OF 0500 PM LOCAL TIME.

CLIMATE NORMAL PERIOD 1981 TO 2010
CLIMATE RECORD PERIOD 1948 TO 2017


WEATHER ITEM   OBSERVED TIME   RECORD YEAR NORMAL DEPARTURE LAST
                VALUE   (LST)  VALUE       VALUE  FROM      YEAR
                                                  NORMAL
..................................................................
TEMPERATURE (F)
 TODAY
  MAXIMUM         79    134 PM  90    1999  81     -2       83
  MINIMUM         53    545 AM  47    1983  60     -7       62
  AVERAGE         66                        70     -4       73

PRECIPITATION (IN)
  TODAY            0.00          4.10 1992   0.10  -0.10     0.00
  MONTH TO DATE    1.59                      3.54  -1.95     4.17
  SINCE MAR 1      4.28                      7.31  -3.03     7.89
  SINCE JAN 1      7.08                     16.72  -9.64    18.12

SNOWFALL (IN)
  TODAY            0.0           0.0    MM  MM               0.0
  MONTH TO DATE    0.0                      MM               0.0
  SINCE MAR 1      0.0                      MM               0.0
  SINCE JUL 1      0.0                      MM               0.0

DEGREE DAYS
 HEATING
  TODAY            0                         0      0        0
  MONTH TO DATE    7                        43    -36       16
  SINCE MAR 1     78                       191   -113       81
  SINCE JUL 1    707                      1407   -700      997

 COOLING
  TODAY            1                         6     -5        8
  MONTH TO DATE  150                       103     47      121
  SINCE MAR 1    275                       155    120      226
  SINCE JAN 1    410                       186    224      236
..................................................................


WIND (MPH)
  RESULTANT WIND SPEED   8   RESULTANT WIND DIRECTION   S (180)
  HIGHEST WIND SPEED    21   HIGHEST WIND DIRECTION     S (160)
  HIGHEST GUST SPEED    25   HIGHEST GUST DIRECTION     S (170)
  AVERAGE WIND SPEED     8.3


SKY COVER
  POSSIBLE SUNSHINE  MM
  AVERAGE SKY COVER 0.3


WEATHER CONDITIONS
 THE FOLLOWING WEATHER WAS RECORDED TODAY.
  NO SIGNIFICANT WEATHER WAS OBSERVED.


RELATIVE HUMIDITY (PERCENT)
 HIGHEST    89           200 AM
 LOWEST     50          1100 AM
 AVERAGE    70

..........................................................


THE NEW IBERIA CLIMATE NORMALS FOR TOMORROW
                         NORMAL    RECORD    YEAR
 MAXIMUM TEMPERATURE (F)   82        90      1999
 MINIMUM TEMPERATURE (F)   60        48      1977


SUNRISE AND SUNSET
APRIL 25 2017.........SUNRISE   630 AM CDT   SUNSET   741 PM CDT
APRIL 26 2017.........SUNRISE   629 AM CDT   SUNSET   742 PM CDT


-  INDICATES NEGATIVE NUMBERS.
R  INDICATES RECORD WAS SET OR TIED.
MM INDICATES DATA IS MISSING.
T  INDICATES TRACE AMOUNT.




$$
