000
CDUS44 KLCH 260912
CLIARA


CLIMATE REPORT
NATIONAL WEATHER SERVICE LAKE CHARLES, LA
411 AM CDT MON JUN 26 2017


...................................

...THE NEW IBERIA CLIMATE SUMMARY FOR JUNE 25 2017...

CLIMATE NORMAL PERIOD 1981 TO 2010
CLIMATE RECORD PERIOD 1948 TO 2017


WEATHER ITEM   OBSERVED TIME   RECORD YEAR NORMAL DEPARTURE LAST
                VALUE   (LST)  VALUE       VALUE  FROM      YEAR
                                                  NORMAL
..................................................................
TEMPERATURE (F)
 YESTERDAY
  MAXIMUM         90    305 PM 101    2009  91     -1       94
  MINIMUM         74    426 AM  61    1974  72      2       76
  AVERAGE         82                        81      1       85

PRECIPITATION (IN)
  YESTERDAY        0.00          2.66 2004   0.20  -0.20      T
  MONTH TO DATE    7.49                      5.91   1.58     6.91
  SINCE JUN 1      7.49                      5.91   1.58     6.91
  SINCE JAN 1     25.73                     28.14  -2.41    32.44

SNOWFALL (IN)
  YESTERDAY        0.0           0.0    MM  MM               0.0
  MONTH TO DATE    0.0                      MM               0.0
  SINCE JUN 1      0.0                      MM               0.0
  SINCE JUL 1      0.0                      MM               0.0

DEGREE DAYS
 HEATING
  YESTERDAY        0                         0      0        0
  MONTH TO DATE    0                         0      0        0
  SINCE JUN 1      0                         0      0        0
  SINCE JUL 1    716                      1409   -693      997

 COOLING
  YESTERDAY       17                        16      1       20
  MONTH TO DATE  382                       387     -5      419
  SINCE JUN 1    382                       387     -5      419
  SINCE JAN 1   1129                       957    172     1045
..................................................................


WIND (MPH)
  RESULTANT WIND SPEED   5   RESULTANT WIND DIRECTION  NE (30)
  HIGHEST WIND SPEED    20   HIGHEST WIND DIRECTION    SE (140)
  HIGHEST GUST SPEED    21   HIGHEST GUST DIRECTION    SE (140)
  AVERAGE WIND SPEED     6.0


SKY COVER
  POSSIBLE SUNSHINE  MM
  AVERAGE SKY COVER 0.5


WEATHER CONDITIONS
 THE FOLLOWING WEATHER WAS RECORDED YESTERDAY.
  FOG
  HAZE


RELATIVE HUMIDITY (PERCENT)
 HIGHEST    94           500 AM
 LOWEST     59           200 PM
 AVERAGE    77

..........................................................


THE NEW IBERIA CLIMATE NORMALS FOR TODAY
                         NORMAL    RECORD    YEAR
 MAXIMUM TEMPERATURE (F)   91       101      2012
                                             2009
 MINIMUM TEMPERATURE (F)   72        62      1974


SUNRISE AND SUNSET
JUNE 26 2017..........SUNRISE   608 AM CDT   SUNSET   813 PM CDT
JUNE 27 2017..........SUNRISE   609 AM CDT   SUNSET   813 PM CDT


-  INDICATES NEGATIVE NUMBERS.
R  INDICATES RECORD WAS SET OR TIED.
MM INDICATES DATA IS MISSING.
T  INDICATES TRACE AMOUNT.




$$
