000
CDUS43 KLOT 220632
CLIARR


CLIMATE REPORT
NATIONAL WEATHER SERVICE CHICAGO IL
132 AM CDT FRI MAY 22 2015


...................................

...THE AURORA MUNICIPAL AIRPORT CLIMATE SUMMARY FOR MAY 21 2015...

CLIMATE NORMAL PERIOD 1981 TO 2010
CLIMATE RECORD PERIOD 1998 TO 2015


WEATHER ITEM   OBSERVED TIME   RECORD YEAR NORMAL DEPARTURE LAST
                VALUE   (LST)  VALUE       VALUE  FROM      YEAR
                                                  NORMAL
..................................................................
TEMPERATURE (F)
 YESTERDAY
  MAXIMUM         70    353 PM  86    2014  72     -2       86
                                      2007
  MINIMUM         45    527 AM  29    2002  49     -4       60
  AVERAGE         58                        61     -3       73

PRECIPITATION (IN)
  YESTERDAY        0.00          1.07 2004   0.16  -0.16     0.01
  MONTH TO DATE    2.60                      2.84  -0.24     2.46
  SINCE MAR 1      7.23                      8.37  -1.14     5.77
  SINCE JAN 1      7.91                     11.46  -3.55     7.62

DEGREE DAYS
 HEATING
  YESTERDAY        7                         6      1        0
  MONTH TO DATE  130                       182    -52      182
  SINCE MAR 1   1524                      1550    -26     1756
  SINCE JUL 1   6979                      6688    291     7332

 COOLING
  YESTERDAY        0                         2     -2        8
  MONTH TO DATE   37                        16     21       43
  SINCE MAR 1     37                        19     18       43
  SINCE JAN 1     37                        19     18       43
..................................................................


WIND (MPH)
  RESULTANT WIND SPEED  10   RESULTANT WIND DIRECTION   W (280)
  HIGHEST WIND SPEED    22   HIGHEST WIND DIRECTION     W (290)
  HIGHEST GUST SPEED    28   HIGHEST GUST DIRECTION     W (290)
  AVERAGE WIND SPEED    11.0


SKY COVER
  POSSIBLE SUNSHINE  MM
  AVERAGE SKY COVER 0.4


WEATHER CONDITIONS
 THE FOLLOWING WEATHER WAS RECORDED YESTERDAY.
  HAZE


RELATIVE HUMIDITY (PERCENT)
 HIGHEST    83          1200 AM
 LOWEST     26           200 PM
 AVERAGE    55

..........................................................


THE AURORA MUNICIPAL AIRPORT CLIMATE NORMALS FOR TODAY
                         NORMAL    RECORD    YEAR
 MAXIMUM TEMPERATURE (F)   72        89      2011
 MINIMUM TEMPERATURE (F)   49        36      2006


SUNRISE AND SUNSET
MAY 22 2015...........SUNRISE   528 AM CDT   SUNSET   814 PM CDT
MAY 23 2015...........SUNRISE   527 AM CDT   SUNSET   814 PM CDT


-  INDICATES NEGATIVE NUMBERS.
R  INDICATES RECORD WAS SET OR TIED.
MM INDICATES DATA IS MISSING.
T  INDICATES TRACE AMOUNT.




$$
