000
CDUS43 KLOT 050637
CLIARR


CLIMATE REPORT
NATIONAL WEATHER SERVICE CHICAGO IL
134 AM CDT SUN JUL 5 2015


...................................

...THE AURORA MUNICIPAL AIRPORT CLIMATE SUMMARY FOR JULY 4 2015...

CLIMATE NORMAL PERIOD 1981 TO 2010
CLIMATE RECORD PERIOD 1998 TO 2015


WEATHER ITEM   OBSERVED TIME   RECORD YEAR NORMAL DEPARTURE LAST
                VALUE   (LST)  VALUE       VALUE  FROM      YEAR
                                                  NORMAL
..................................................................
TEMPERATURE (F)
 YESTERDAY
  MAXIMUM         81    405 PM  98    2012  84     -3       80
  MINIMUM         57    515 AM  47    2008  60     -3       52
  AVERAGE         69                        72     -3       66

PRECIPITATION (IN)
  YESTERDAY        0.00          0.19 2009   0.10  -0.10     0.00
  MONTH TO DATE    T                         0.39  -0.39     0.40
  SINCE JUN 1      8.69                      4.40   4.29     9.36
  SINCE JAN 1     18.04                     17.28   0.76    17.35

DEGREE DAYS
 HEATING
  YESTERDAY        0                         0      0        0
  MONTH TO DATE    5                         0      5        2
  SINCE JUN 1     23                        41    -18       18
  SINCE JUL 1      5                         0      5        2

 COOLING
  YESTERDAY        4                         7     -3        1
  MONTH TO DATE    6                        28    -22        9
  SINCE JUN 1    157                       183    -26      205
  SINCE JAN 1    226                       224      2      291
..................................................................


WIND (MPH)
  RESULTANT WIND SPEED   2   RESULTANT WIND DIRECTION   W (250)
  HIGHEST WIND SPEED     9   HIGHEST WIND DIRECTION    SW (240)
  HIGHEST GUST SPEED    12   HIGHEST GUST DIRECTION     W (260)
  AVERAGE WIND SPEED     2.9


SKY COVER
  POSSIBLE SUNSHINE  MM
  AVERAGE SKY COVER 0.0


WEATHER CONDITIONS
 THE FOLLOWING WEATHER WAS RECORDED YESTERDAY.
  FOG
  HAZE


RELATIVE HUMIDITY (PERCENT)
 HIGHEST    87           100 AM
 LOWEST     42           300 PM
 AVERAGE    65

..........................................................


THE AURORA MUNICIPAL AIRPORT CLIMATE NORMALS FOR TODAY
                         NORMAL    RECORD    YEAR
 MAXIMUM TEMPERATURE (F)   84        98      2012
 MINIMUM TEMPERATURE (F)   60        48      2008


SUNRISE AND SUNSET
JULY  5 2015..........SUNRISE   525 AM CDT   SUNSET   832 PM CDT
JULY  6 2015..........SUNRISE   526 AM CDT   SUNSET   831 PM CDT


-  INDICATES NEGATIVE NUMBERS.
R  INDICATES RECORD WAS SET OR TIED.
MM INDICATES DATA IS MISSING.
T  INDICATES TRACE AMOUNT.




$$
