000
CDUS43 KLOT 190633
CLIARR


CLIMATE REPORT
NATIONAL WEATHER SERVICE CHICAGO IL
132 AM CDT SAT APR 19 2014


...................................

...THE AURORA MUNICIPAL AIRPORT CLIMATE SUMMARY FOR APRIL 18 2014...

CLIMATE NORMAL PERIOD 1981 TO 2010
CLIMATE RECORD PERIOD 1998 TO 2014


WEATHER ITEM   OBSERVED TIME   RECORD YEAR NORMAL DEPARTURE LAST
                VALUE   (LST)  VALUE       VALUE  FROM      YEAR
                                                  NORMAL
..................................................................
TEMPERATURE (F)
 YESTERDAY
  MAXIMUM         63    402 PM  90    2002  61      2       63
  MINIMUM         31    534 AM  26    2010  38     -7       38
                                      2001
  AVERAGE         47                        49     -2       51

PRECIPITATION (IN)
  YESTERDAY        0.00          2.42 2013   0.11  -0.11     2.42
  MONTH TO DATE    1.38                      1.87  -0.49     6.79
  SINCE MAR 1      2.10                      4.10  -2.00     8.14
  SINCE JAN 1      3.95                      7.19  -3.24    13.01

DEGREE DAYS
 HEATING
  YESTERDAY       18                        16      2       14
  MONTH TO DATE  348                       335     13      365
  SINCE MAR 1   1429                      1205    224     1450
  SINCE JUL 1   7005                      6343    662     6279

 COOLING
  YESTERDAY        0                         0      0        0
  MONTH TO DATE    0                         0      0        0
  SINCE MAR 1      0                         0      0        0
  SINCE JAN 1      0                         0      0        0
..................................................................


WIND (MPH)
  RESULTANT WIND SPEED   6   RESULTANT WIND DIRECTION  NE (40)
  HIGHEST WIND SPEED    21   HIGHEST WIND DIRECTION    NE (60)
  HIGHEST GUST SPEED    24   HIGHEST GUST DIRECTION    NE (60)
  AVERAGE WIND SPEED     8.6


SKY COVER
  POSSIBLE SUNSHINE  MM
  AVERAGE SKY COVER 0.0


WEATHER CONDITIONS
 THE FOLLOWING WEATHER WAS RECORDED YESTERDAY.
  FOG
  HAZE


RELATIVE HUMIDITY (PERCENT)
 HIGHEST    89           500 AM
 LOWEST     32           400 PM
 AVERAGE    61

..........................................................


THE AURORA MUNICIPAL AIRPORT CLIMATE NORMALS FOR TODAY
                         NORMAL    RECORD    YEAR
 MAXIMUM TEMPERATURE (F)   61        80      2005
 MINIMUM TEMPERATURE (F)   38        28      1999


SUNRISE AND SUNSET
APRIL 19 2014.........SUNRISE   608 AM CDT   SUNSET   739 PM CDT
APRIL 20 2014.........SUNRISE   606 AM CDT   SUNSET   740 PM CDT


-  INDICATES NEGATIVE NUMBERS.
R  INDICATES RECORD WAS SET OR TIED.
MM INDICATES DATA IS MISSING.
T  INDICATES TRACE AMOUNT.




$$
