000
CDUS41 KBUF 281009
CLIART


CLIMATE REPORT
NATIONAL WEATHER SERVICE BUFFALO NY
608 AM EDT FRI AUG 28 2015


...................................

...THE WATERTOWN NY CLIMATE SUMMARY FOR AUGUST 27 2015...

CLIMATE NORMAL PERIOD 1981 TO 2010
CLIMATE RECORD PERIOD 1949 TO 2015


WEATHER ITEM   OBSERVED TIME   RECORD YEAR NORMAL DEPARTURE LAST
                VALUE   (LST)  VALUE       VALUE  FROM      YEAR
                                                  NORMAL
..................................................................
TEMPERATURE (F)
 YESTERDAY
  MAXIMUM         71   1156 AM  90    1993  77     -6       76
  MINIMUM         50   1132 PM  30    1969  54     -4       64
  AVERAGE         61                        66     -5       70

PRECIPITATION (IN)
  YESTERDAY        0.00          1.05 1972   0.10  -0.10      T
  MONTH TO DATE    2.65                      2.75  -0.10     5.10
  SINCE JUN 1      9.95                      8.25   1.70    13.04
  SINCE JAN 1     17.35                     21.40  -4.05    31.64

DEGREE DAYS
 HEATING
  YESTERDAY        4                         2      2        0
  MONTH TO DATE   12                        35    -23       21
  SINCE JUN 1    166                       168     -2      102
  SINCE JUL 1     50                        61    -11       40

 COOLING
  YESTERDAY        0                         3     -3        5
  MONTH TO DATE   98                       102     -4       86
  SINCE JUN 1    252                       303    -51      321
  SINCE JAN 1    298                       314    -16      344
..................................................................


WIND (MPH)
  HIGHEST WIND SPEED    13   HIGHEST WIND DIRECTION     W (270)
  HIGHEST GUST SPEED    17   HIGHEST GUST DIRECTION     W (270)
  AVERAGE WIND SPEED     4.9


SKY COVER
  AVERAGE SKY COVER 0.8


WEATHER CONDITIONS
 THE FOLLOWING WEATHER WAS RECORDED YESTERDAY.
  NO SIGNIFICANT WEATHER WAS OBSERVED.


RELATIVE HUMIDITY (PERCENT)
 HIGHEST   100          1100 PM
 LOWEST     49          1200 PM
 AVERAGE    75

..........................................................


THE WATERTOWN NY CLIMATE NORMALS FOR TODAY
                         NORMAL    RECORD    YEAR
 MAXIMUM TEMPERATURE (F)   77        90      1973
 MINIMUM TEMPERATURE (F)   54        38      1982


SUNRISE AND SUNSET
AUGUST 28 2015........SUNRISE   622 AM EDT   SUNSET   747 PM EDT
AUGUST 29 2015........SUNRISE   624 AM EDT   SUNSET   746 PM EDT


-  INDICATES NEGATIVE NUMBERS.
R  INDICATES RECORD WAS SET OR TIED.
MM INDICATES DATA IS MISSING.
T  INDICATES TRACE AMOUNT.




$$
