000
CDUS41 KBUF 272025
CLIART


CLIMATE REPORT
NATIONAL WEATHER SERVICE BUFFALO NY
424 PM EDT MON MAR 27 2017


...................................

...THE WATERTOWN NY CLIMATE SUMMARY FOR MARCH 27 2017...
VALID TODAY AS OF 0400 PM LOCAL TIME.

CLIMATE NORMAL PERIOD 1981 TO 2010
CLIMATE RECORD PERIOD 1949 TO 2017


WEATHER ITEM   OBSERVED TIME   RECORD YEAR NORMAL DEPARTURE LAST
                VALUE   (LST)  VALUE       VALUE  FROM      YEAR
                                                  NORMAL
..................................................................
TEMPERATURE (F)
 TODAY
  MAXIMUM         49    259 PM  75    1976  45      4       66
  MINIMUM         42    810 AM   6    1990  25     17       24
  AVERAGE         46                        35     11       45

PRECIPITATION (IN)
  TODAY            0.23          0.69 1992   0.07   0.16     0.00
  MONTH TO DATE    1.88                      1.99  -0.11     1.65
  SINCE MAR 1      1.88                      1.99  -0.11     1.65
  SINCE JAN 1      5.51                      6.87  -1.36     7.46

DEGREE DAYS
 HEATING
  TODAY           19                        30    -11       20
  MONTH TO DATE 1062                       953    109      836
  SINCE MAR 1   1062                       953    109      836
  SINCE JUL 1   5673                      6394   -721     5484

 COOLING
  TODAY            0                         0      0        0
  MONTH TO DATE    0                         0      0        0
  SINCE MAR 1      0                         0      0        0
  SINCE JAN 1      0                         0      0        0
..................................................................


WIND (MPH)
  HIGHEST WIND SPEED    10   HIGHEST WIND DIRECTION     S (170)
  HIGHEST GUST SPEED    16   HIGHEST GUST DIRECTION     S (200)
  AVERAGE WIND SPEED     5.6


SKY COVER
  AVERAGE SKY COVER 0.8


WEATHER CONDITIONS
 THE FOLLOWING WEATHER WAS RECORDED TODAY.
  HEAVY RAIN
  RAIN
  LIGHT RAIN
  FOG


RELATIVE HUMIDITY (PERCENT)
 HIGHEST   100           900 AM
 LOWEST     89           400 AM
 AVERAGE    95

..........................................................


THE WATERTOWN NY CLIMATE NORMALS FOR TOMORROW
                         NORMAL    RECORD    YEAR
 MAXIMUM TEMPERATURE (F)   46        80      1998
 MINIMUM TEMPERATURE (F)   26         2      1966


SUNRISE AND SUNSET
MARCH 27 2017.........SUNRISE   654 AM EDT   SUNSET   725 PM EDT
MARCH 28 2017.........SUNRISE   652 AM EDT   SUNSET   727 PM EDT


-  INDICATES NEGATIVE NUMBERS.
R  INDICATES RECORD WAS SET OR TIED.
MM INDICATES DATA IS MISSING.
T  INDICATES TRACE AMOUNT.




$$
