000
CDUS45 KGJT 190725
CLIASE


CLIMATE REPORT
NATIONAL WEATHER SERVICE GRAND JUNCTION CO
124 AM MDT THU OCT 19 2017


...................................

...THE ASPEN CO CLIMATE SUMMARY FOR OCTOBER 18 2017...

CLIMATE NORMAL PERIOD 1981 TO 2010
CLIMATE RECORD PERIOD 9999 TO 9999


WEATHER ITEM   OBSERVED TIME   RECORD YEAR NORMAL DEPARTURE LAST
                VALUE   (LST)  VALUE       VALUE  FROM      YEAR
                                                  NORMAL
..................................................................
TEMPERATURE (F)
 YESTERDAY
  MAXIMUM         69    211 PM  MM      MM  56     13       62
  MINIMUM         29    616 AM  MM      MM  27      2       28
  AVERAGE         49                        42      7       45

PRECIPITATION (IN)
  YESTERDAY        0.00         MM      MM   0.05  -0.05     0.08
  MONTH TO DATE    1.48                      0.89   0.59     0.62
  SINCE SEP 1      2.92                      2.71   0.21     1.93
  SINCE JAN 1     12.98                     14.17  -1.19    13.91

SNOWFALL (IN)
  YESTERDAY       MM            MM      MM  MM     MM       MM
  MONTH TO DATE   MM                        MM     MM       MM
  SINCE SEP 1     MM                        MM     MM       MM
  SINCE JUL 1     MM                        MM     MM       MM
  SNOW DEPTH      MM

DEGREE DAYS
 HEATING
  YESTERDAY       16                        24     -8       20
  MONTH TO DATE  367                       368     -1      306
  SINCE SEP 1    616                       719   -103      563
  SINCE JUL 1    700                       915   -215      724

 COOLING
  YESTERDAY        0                         0      0        0
  MONTH TO DATE    0                         0      0        0
  SINCE SEP 1      9                         0      9        0
  SINCE JAN 1    105                        39     66       69
..................................................................


WIND (MPH)
  HIGHEST WIND SPEED    12   HIGHEST WIND DIRECTION    SW (210)
  HIGHEST GUST SPEED    15   HIGHEST GUST DIRECTION    SW (210)
  AVERAGE WIND SPEED     6.9


SKY COVER
  POSSIBLE SUNSHINE  MM
  AVERAGE SKY COVER 0.0


WEATHER CONDITIONS
 THE FOLLOWING WEATHER WAS RECORDED YESTERDAY.
  NO SIGNIFICANT WEATHER WAS OBSERVED.


RELATIVE HUMIDITY (PERCENT)
 HIGHEST    50           600 AM
 LOWEST      6           200 PM
 AVERAGE    28

..........................................................


THE ASPEN CO CLIMATE NORMALS FOR TODAY
                         NORMAL    RECORD    YEAR
 MAXIMUM TEMPERATURE (F)   55        MM        MM
 MINIMUM TEMPERATURE (F)   27        MM        MM


SUNRISE AND SUNSET
OCTOBER 19 2017.......SUNRISE   722 AM MDT   SUNSET   622 PM MDT
OCTOBER 20 2017.......SUNRISE   723 AM MDT   SUNSET   621 PM MDT


-  INDICATES NEGATIVE NUMBERS.
R  INDICATES RECORD WAS SET OR TIED.
MM INDICATES DATA IS MISSING.
T  INDICATES TRACE AMOUNT.




$$
