000
CDUS45 KGJT 200735
CLIASE


CLIMATE REPORT
NATIONAL WEATHER SERVICE GRAND JUNCTION CO
133 AM MDT SUN AUG 20 2017


...................................

...THE ASPEN CO CLIMATE SUMMARY FOR AUGUST 19 2017...

CLIMATE NORMAL PERIOD 1981 TO 2010
CLIMATE RECORD PERIOD 9999 TO 9999


WEATHER ITEM   OBSERVED TIME   RECORD YEAR NORMAL DEPARTURE LAST
                VALUE   (LST)  VALUE       VALUE  FROM      YEAR
                                                  NORMAL
..................................................................
TEMPERATURE (F)
 YESTERDAY
  MAXIMUM         80    408 PM  MM      MM  77      3       77
  MINIMUM         46    612 AM  MM      MM  46      0       41
  AVERAGE         63                        61      2       59

PRECIPITATION (IN)
  YESTERDAY        T            MM      MM   0.04  -0.04     0.02
  MONTH TO DATE    1.33                      1.11   0.22     1.42
  SINCE JUN 1      3.51                      3.95  -0.44     4.02
  SINCE JAN 1      9.71                     10.89  -1.18    11.20

SNOWFALL (IN)
  YESTERDAY       MM            MM      MM  MM     MM       MM
  MONTH TO DATE   MM                        MM     MM       MM
  SINCE JUN 1     MM                        MM     MM       MM
  SINCE JUL 1     MM                        MM     MM       MM
  SNOW DEPTH      MM

DEGREE DAYS
 HEATING
  YESTERDAY        2                         4     -2        6
  MONTH TO DATE   53                        59     -6       50
  SINCE JUN 1    187                       359   -172      159
  SINCE JUL 1     69                       130    -61       82

 COOLING
  YESTERDAY        0                         0      0        0
  MONTH TO DATE    4                         9     -5       13
  SINCE JUN 1     86                        38     48       69
  SINCE JAN 1     86                        38     48       69
..................................................................


WIND (MPH)
  HIGHEST WIND SPEED    17   HIGHEST WIND DIRECTION    NW (320)
  HIGHEST GUST SPEED    26   HIGHEST GUST DIRECTION    NW (330)
  AVERAGE WIND SPEED     6.5


SKY COVER
  POSSIBLE SUNSHINE  MM
  AVERAGE SKY COVER 0.1


WEATHER CONDITIONS
 THE FOLLOWING WEATHER WAS RECORDED YESTERDAY.
  THUNDERSTORM
  LIGHT RAIN


RELATIVE HUMIDITY (PERCENT)
 HIGHEST    56           500 AM
 LOWEST     19          1100 AM
 AVERAGE    38

..........................................................


THE ASPEN CO CLIMATE NORMALS FOR TODAY
                         NORMAL    RECORD    YEAR
 MAXIMUM TEMPERATURE (F)   76        MM        MM
 MINIMUM TEMPERATURE (F)   45        MM        MM


SUNRISE AND SUNSET
AUGUST 20 2017........SUNRISE   625 AM MDT   SUNSET   755 PM MDT
AUGUST 21 2017........SUNRISE   626 AM MDT   SUNSET   754 PM MDT


-  INDICATES NEGATIVE NUMBERS.
R  INDICATES RECORD WAS SET OR TIED.
MM INDICATES DATA IS MISSING.
T  INDICATES TRACE AMOUNT.




$$
