000
CDUS46 KPQR 300222
CLIAST


CLIMATE REPORT
NATIONAL WEATHER SERVICE PORTLAND OREGON
721 PM PDT SUN MAR 29 2015


...................................

...THE ASTORIA OR CLIMATE SUMMARY FOR MARCH 29 2015...
VALID TODAY AS OF 0700 PM LOCAL TIME.

CLIMATE NORMAL PERIOD 1981 TO 2010
CLIMATE RECORD PERIOD 1892 TO 2015


WEATHER ITEM   OBSERVED TIME   RECORD YEAR NORMAL DEPARTURE LAST
                VALUE   (LST)  VALUE       VALUE  FROM      YEAR
                                                  NORMAL
..................................................................
TEMPERATURE (F)
 TODAY
  MAXIMUM         58    343 PM  73    1964  55      3       55
  MINIMUM         42    636 AM  28    1938  40      2       46
  AVERAGE         50                        47      3       51

PRECIPITATION (IN)
  TODAY            0.00          2.54 2012   0.21  -0.21     0.55
  MONTH TO DATE    6.38                      7.01  -0.63    10.66
  SINCE OCT 1     47.48                     51.42  -3.94    36.58
  SINCE JAN 1     21.86                     24.40  -2.54    24.42

DEGREE DAYS
 HEATING
  TODAY           15                        18     -3       14
  MONTH TO DATE  441                       544   -103      482
  SINCE MAR 1    441                       544   -103      482
  SINCE JUL 1   2981                      3886   -905     3911

 COOLING
  TODAY            0                         0      0        0
  MONTH TO DATE    0                         0      0        0
  SINCE MAR 1      0                         0      0        0
  SINCE JAN 1      0                         0      0        0
..................................................................


WIND (MPH)
  HIGHEST WIND SPEED    17   HIGHEST WIND DIRECTION    SW (220)
  HIGHEST GUST SPEED    24   HIGHEST GUST DIRECTION    SW (220)
  AVERAGE WIND SPEED     5.8


SKY COVER
  POSSIBLE SUNSHINE  MM
  AVERAGE SKY COVER 0.7


WEATHER CONDITIONS
 THE FOLLOWING WEATHER WAS RECORDED TODAY.
  NO SIGNIFICANT WEATHER WAS OBSERVED.


RELATIVE HUMIDITY (PERCENT)
 HIGHEST    93           100 AM
 LOWEST     66          1100 AM
 AVERAGE    80

..........................................................


THE ASTORIA OR CLIMATE NORMALS FOR TOMORROW
                         NORMAL    RECORD    YEAR
 MAXIMUM TEMPERATURE (F)   55        72      1941
 MINIMUM TEMPERATURE (F)   40        26      1905


SUNRISE AND SUNSET
MARCH 29 2015.........SUNRISE   701 AM PDT   SUNSET   740 PM PDT
MARCH 30 2015.........SUNRISE   659 AM PDT   SUNSET   741 PM PDT


-  INDICATES NEGATIVE NUMBERS.
R  INDICATES RECORD WAS SET OR TIED.
MM INDICATES DATA IS MISSING.
T  INDICATES TRACE AMOUNT.




$$
