000
CDUS46 KPQR 050221
CLIAST


CLIMATE REPORT
NATIONAL WEATHER SERVICE PORTLAND OREGON
720 PM PDT FRI SEP 4 2015


...................................

...THE ASTORIA OR CLIMATE SUMMARY FOR SEPTEMBER 4 2015...
VALID TODAY AS OF 0700 PM LOCAL TIME.

CLIMATE NORMAL PERIOD 1981 TO 2010
CLIMATE RECORD PERIOD 1892 TO 2015


WEATHER ITEM   OBSERVED TIME   RECORD YEAR NORMAL DEPARTURE LAST
                VALUE   (LST)  VALUE       VALUE  FROM      YEAR
                                                  NORMAL
..................................................................
TEMPERATURE (F)
 TODAY
  MAXIMUM         67    118 PM  92    1955  69     -2       79
  MINIMUM         46    440 AM  41    1956  51     -5       46
  AVERAGE         57                        60     -3       63

PRECIPITATION (IN)
  TODAY            0.07          1.75 1913   0.06   0.01     0.00
  MONTH TO DATE    1.05                      0.24   0.81     0.03
  SINCE OCT 1     55.79                     65.36  -9.57    54.50
  SINCE JAN 1     30.17                     38.34  -8.17    42.34

DEGREE DAYS
 HEATING
  TODAY            8                         5      3        2
  MONTH TO DATE   27                        20      7       12
  SINCE SEP 1     27                        20      7       12
  SINCE JUL 1    115                       301   -186      175

 COOLING
  TODAY            0                         0      0        0
  MONTH TO DATE    0                         0      0        0
  SINCE SEP 1      0                         0      0        0
  SINCE JAN 1     43                         7     36       25
..................................................................


WIND (MPH)
  HIGHEST WIND SPEED    20   HIGHEST WIND DIRECTION    NW (310)
  HIGHEST GUST SPEED    24   HIGHEST GUST DIRECTION    NW (310)
  AVERAGE WIND SPEED     7.2


SKY COVER
  POSSIBLE SUNSHINE  MM
  AVERAGE SKY COVER 0.4


WEATHER CONDITIONS
 THE FOLLOWING WEATHER WAS RECORDED TODAY.
  THUNDERSTORM
  FOG
  FOG W/VISIBILITY <= 1/4 MILE


RELATIVE HUMIDITY (PERCENT)
 HIGHEST   100           200 AM
 LOWEST     58           100 PM
 AVERAGE    79

..........................................................


THE ASTORIA OR CLIMATE NORMALS FOR TOMORROW
                         NORMAL    RECORD    YEAR
 MAXIMUM TEMPERATURE (F)   69        87      2014
                                             1975
 MINIMUM TEMPERATURE (F)   51        43      1969
                                             1947


SUNRISE AND SUNSET
SEPTEMBER  4 2015.....SUNRISE   640 AM PDT   SUNSET   749 PM PDT
SEPTEMBER  5 2015.....SUNRISE   641 AM PDT   SUNSET   747 PM PDT


-  INDICATES NEGATIVE NUMBERS.
R  INDICATES RECORD WAS SET OR TIED.
MM INDICATES DATA IS MISSING.
T  INDICATES TRACE AMOUNT.




$$
