000
CDUS46 KPQR 031147
CLIAST


CLIMATE REPORT
NATIONAL WEATHER SERVICE PORTLAND OREGON
447 AM PDT FRI JUL 3 2015


...................................

...THE ASTORIA OR CLIMATE SUMMARY FOR JULY 2 2015...

CLIMATE NORMAL PERIOD 1981 TO 2010
CLIMATE RECORD PERIOD 1892 TO 2015


WEATHER ITEM   OBSERVED TIME   RECORD YEAR NORMAL DEPARTURE LAST
                VALUE   (LST)  VALUE       VALUE  FROM      YEAR
                                                  NORMAL
..................................................................
TEMPERATURE (F)
 YESTERDAY
  MAXIMUM         76    246 PM  93    1906  66     10       68
  MINIMUM         56    209 AM  40    1949  52      4       58
  AVERAGE         66                        59      7       63

PRECIPITATION (IN)
  YESTERDAY        0.00          0.56 1923   0.05  -0.05     0.00
  MONTH TO DATE    0.00                      0.10  -0.10     0.00
  SINCE OCT 1     53.01                     63.03 -10.02    52.69
  SINCE JAN 1     27.39                     36.01  -8.62    40.53

DEGREE DAYS
 HEATING
  YESTERDAY        0                         6     -6        2
  MONTH TO DATE    0                        12    -12        2
  SINCE JUN 1    149                       254   -105      182
  SINCE JUL 1      0                        12    -12        2

 COOLING
  YESTERDAY        1                         0      1        0
  MONTH TO DATE    3                         0      3        7
  SINCE JUN 1      7                         0      7        7
  SINCE JAN 1      9                         0      9       18
..................................................................


WIND (MPH)
  HIGHEST WIND SPEED    15   HIGHEST WIND DIRECTION    NW (300)
  HIGHEST GUST SPEED    21   HIGHEST GUST DIRECTION     W (290)
  AVERAGE WIND SPEED     6.5


SKY COVER
  POSSIBLE SUNSHINE  MM
  AVERAGE SKY COVER 0.4


WEATHER CONDITIONS
 THE FOLLOWING WEATHER WAS RECORDED YESTERDAY.
  FOG
  HAZE


RELATIVE HUMIDITY (PERCENT)
 HIGHEST   100           200 AM
 LOWEST     54           300 PM
 AVERAGE    77

..........................................................


THE ASTORIA OR CLIMATE NORMALS FOR TODAY
                         NORMAL    RECORD    YEAR
 MAXIMUM TEMPERATURE (F)   66        88      1906
 MINIMUM TEMPERATURE (F)   52        41      1949


SUNRISE AND SUNSET
JULY  3 2015..........SUNRISE   529 AM PDT   SUNSET   910 PM PDT
JULY  4 2015..........SUNRISE   530 AM PDT   SUNSET   910 PM PDT


-  INDICATES NEGATIVE NUMBERS.
R  INDICATES RECORD WAS SET OR TIED.
MM INDICATES DATA IS MISSING.
T  INDICATES TRACE AMOUNT.




$$
