000
CDUS46 KPQR 100226
CLIAST


CLIMATE REPORT
NATIONAL WEATHER SERVICE PORTLAND OREGON
625 PM PST FRI DEC 9 2016


...................................

...THE ASTORIA OR CLIMATE SUMMARY FOR DECEMBER 9 2016...
VALID TODAY AS OF 0600 PM LOCAL TIME.

CLIMATE NORMAL PERIOD 1981 TO 2010
CLIMATE RECORD PERIOD 1892 TO 2016


WEATHER ITEM   OBSERVED TIME   RECORD YEAR NORMAL DEPARTURE LAST
                VALUE   (LST)  VALUE       VALUE  FROM      YEAR
                                                  NORMAL
..................................................................
TEMPERATURE (F)
 TODAY
  MAXIMUM         46    136 AM  61    2014  49     -3       57
                                      1981
  MINIMUM         40    458 AM  16    2009  37      3       49
  AVERAGE         43                        43      0       53

PRECIPITATION (IN)
  TODAY            1.34          4.33 1933   0.31   1.03     0.32
  MONTH TO DATE    3.79                      3.09   0.70     9.24
  SINCE OCT 1     37.31                     20.22  17.09    31.24
  SINCE JAN 1     80.29                     60.46  19.83    62.49

DEGREE DAYS
 HEATING
  TODAY           22                        22      0       12
  MONTH TO DATE  201                       195      6      110
  SINCE DEC 1    201                       195      6      110
  SINCE JUL 1   1064                      1608   -544     1110

 COOLING
  TODAY            0                         0      0        0
  MONTH TO DATE    0                         0      0        0
  SINCE DEC 1      0                         0      0        0
  SINCE JAN 1     62                        12     50       49
..................................................................


WIND (MPH)
  HIGHEST WIND SPEED    20   HIGHEST WIND DIRECTION    NE (40)
  HIGHEST GUST SPEED    27   HIGHEST GUST DIRECTION    NE (40)
  AVERAGE WIND SPEED     5.5


SKY COVER
  POSSIBLE SUNSHINE  MM
  AVERAGE SKY COVER 1.0


WEATHER CONDITIONS
 THE FOLLOWING WEATHER WAS RECORDED TODAY.
  HEAVY RAIN
  RAIN
  LIGHT RAIN
  FOG


RELATIVE HUMIDITY (PERCENT)
 HIGHEST    89           500 PM
 LOWEST     76           200 AM
 AVERAGE    83

..........................................................


THE ASTORIA OR CLIMATE NORMALS FOR TOMORROW
                         NORMAL    RECORD    YEAR
 MAXIMUM TEMPERATURE (F)   49        63      2014
                                             1995
 MINIMUM TEMPERATURE (F)   37        15      1972


SUNRISE AND SUNSET
DECEMBER  9 2016......SUNRISE   747 AM PST   SUNSET   430 PM PST
DECEMBER 10 2016......SUNRISE   748 AM PST   SUNSET   430 PM PST


-  INDICATES NEGATIVE NUMBERS.
R  INDICATES RECORD WAS SET OR TIED.
MM INDICATES DATA IS MISSING.
T  INDICATES TRACE AMOUNT.




$$
