000
CDUS46 KPQR 240224
CLIAST


CLIMATE REPORT
NATIONAL WEATHER SERVICE PORTLAND OREGON
624 PM PST FRI FEB 23 2018


...................................

...THE ASTORIA OR CLIMATE SUMMARY FOR FEBRUARY 23 2018...
VALID TODAY AS OF 0600 PM LOCAL TIME.

CLIMATE NORMAL PERIOD 1981 TO 2010
CLIMATE RECORD PERIOD 1892 TO 2018


WEATHER ITEM   OBSERVED TIME   RECORD YEAR NORMAL DEPARTURE LAST
                VALUE   (LST)  VALUE       VALUE  FROM      YEAR
                                                  NORMAL
..................................................................
TEMPERATURE (F)
 TODAY
  MAXIMUM         44    559 PM  68    2005  52     -8       47
  MINIMUM         23R   603 AM  27    1953  37    -14       29
  AVERAGE         34                        45    -11       38

PRECIPITATION (IN)
  TODAY            0.20          4.41 1950   0.25  -0.05     0.02
  MONTH TO DATE    4.90                      5.93  -1.03    10.96
  SINCE OCT 1     47.05                     43.15   3.90    60.64
  SINCE JAN 1     16.26                     16.13   0.13    16.77

DEGREE DAYS
 HEATING
  TODAY           31                        20     11       27
  MONTH TO DATE  516                       480     36      486
  SINCE DEC 1   1748                      1832    -84     1991
  SINCE JUL 1   3040                      3245   -205     2854

 COOLING
  TODAY            0                         0      0        0
  MONTH TO DATE    0                         0      0        0
  SINCE DEC 1      0                         0      0        0
  SINCE JAN 1      0                         0      0        0
..................................................................


WIND (MPH)
  HIGHEST WIND SPEED    21   HIGHEST WIND DIRECTION     S (200)
  HIGHEST GUST SPEED    32   HIGHEST GUST DIRECTION     S (200)
  AVERAGE WIND SPEED     5.6


SKY COVER
  POSSIBLE SUNSHINE  MM
  AVERAGE SKY COVER 0.6


WEATHER CONDITIONS
 THE FOLLOWING WEATHER WAS RECORDED TODAY.
  RAIN
  LIGHT RAIN
  FOG


RELATIVE HUMIDITY (PERCENT)
 HIGHEST    96           600 AM
 LOWEST     70          1200 PM
 AVERAGE    83

..........................................................


THE ASTORIA OR CLIMATE NORMALS FOR TOMORROW
                         NORMAL    RECORD    YEAR
 MAXIMUM TEMPERATURE (F)   52        64      1970
 MINIMUM TEMPERATURE (F)   37        23      1962


SUNRISE AND SUNSET
FEBRUARY 23 2018......SUNRISE   705 AM PST   SUNSET   553 PM PST
FEBRUARY 24 2018......SUNRISE   703 AM PST   SUNSET   555 PM PST


-  INDICATES NEGATIVE NUMBERS.
R  INDICATES RECORD WAS SET OR TIED.
MM INDICATES DATA IS MISSING.
T  INDICATES TRACE AMOUNT.




$$
