000
CDUS46 KPQR 212320
CLIAST


CLIMATE REPORT
NATIONAL WEATHER SERVICE PORTLAND OREGON
420 PM PDT MON AUG 21 2017


...................................

...THE ASTORIA OR CLIMATE SUMMARY FOR AUGUST 21 2017...
VALID TODAY AS OF 0400 PM LOCAL TIME.

CLIMATE NORMAL PERIOD 1981 TO 2010
CLIMATE RECORD PERIOD 1892 TO 2017


WEATHER ITEM   OBSERVED TIME   RECORD YEAR NORMAL DEPARTURE LAST
                VALUE   (LST)  VALUE       VALUE  FROM      YEAR
                                                  NORMAL
..................................................................
TEMPERATURE (F)
 TODAY
  MAXIMUM         76    122 PM  85    1942  69      7       68
                                      1934
  MINIMUM         57    448 AM  42    1988  53      4       57
                                      1973
  AVERAGE         67                        61      6       63

PRECIPITATION (IN)
  TODAY            0.00          1.16 2004   0.04  -0.04      T
  MONTH TO DATE    0.38                      0.66  -0.28     0.40
  SINCE OCT 1     93.92                     64.62  29.30    83.28
  SINCE JAN 1     50.05                     37.60  12.45    40.75

DEGREE DAYS
 HEATING
  TODAY            0                         4     -4        2
  MONTH TO DATE   68                        84    -16       42
  SINCE JUN 1    416                       476    -60      279
  SINCE JUL 1    209                       234    -25      103

 COOLING
  TODAY            2                         0      2        0
  MONTH TO DATE   13                         0     13       25
  SINCE JUN 1     27                         3     24       33
  SINCE JAN 1     29                         3     26       36
..................................................................


WIND (MPH)
  HIGHEST WIND SPEED    17   HIGHEST WIND DIRECTION    NW (310)
  HIGHEST GUST SPEED    22   HIGHEST GUST DIRECTION    NW (310)
  AVERAGE WIND SPEED     6.0


SKY COVER
  POSSIBLE SUNSHINE  MM
  AVERAGE SKY COVER 0.5


WEATHER CONDITIONS
 THE FOLLOWING WEATHER WAS RECORDED TODAY.
  FOG


RELATIVE HUMIDITY (PERCENT)
 HIGHEST   100           700 AM
 LOWEST     57           200 PM
 AVERAGE    79

..........................................................


THE ASTORIA OR CLIMATE NORMALS FOR TOMORROW
                         NORMAL    RECORD    YEAR
 MAXIMUM TEMPERATURE (F)   69        94      1942
 MINIMUM TEMPERATURE (F)   53        41      1987
                                             1973


SUNRISE AND SUNSET
AUGUST 21 2017........SUNRISE   623 AM PDT   SUNSET   813 PM PDT
AUGUST 22 2017........SUNRISE   624 AM PDT   SUNSET   812 PM PDT


-  INDICATES NEGATIVE NUMBERS.
R  INDICATES RECORD WAS SET OR TIED.
MM INDICATES DATA IS MISSING.
T  INDICATES TRACE AMOUNT.




$$
