000
CDUS46 KPQR 311141
CLIAST


CLIMATE REPORT
NATIONAL WEATHER SERVICE PORTLAND OREGON
340 AM PST SAT JAN 31 2015


...................................

...THE ASTORIA OR CLIMATE SUMMARY FOR JANUARY 30 2015...

CLIMATE NORMAL PERIOD 1981 TO 2010
CLIMATE RECORD PERIOD 1892 TO 2015


WEATHER ITEM   OBSERVED TIME   RECORD YEAR NORMAL DEPARTURE LAST
                VALUE   (LST)  VALUE       VALUE  FROM      YEAR
                                                  NORMAL
..................................................................
TEMPERATURE (F)
 YESTERDAY
  MAXIMUM         55    357 PM  70    1940  51      4       49
  MINIMUM         35   1159 PM  18    1950  38     -3       42
  AVERAGE         45                        44      1       46

PRECIPITATION (IN)
  YESTERDAY        0.00          1.63 1952   0.30  -0.30     0.28
  MONTH TO DATE    9.19                      9.91  -0.72     5.99
  SINCE OCT 1     34.81                     36.93  -2.12    18.15
  SINCE JAN 1      9.19                      9.91  -0.72     5.99

DEGREE DAYS
 HEATING
  YESTERDAY       20                        21     -1       19
  MONTH TO DATE  552                       639    -87      592
  SINCE DEC 1   1101                      1332   -231     1427
  SINCE JUL 1   2088                      2745   -657     2780

 COOLING
  YESTERDAY        0                         0      0        0
  MONTH TO DATE    0                         0      0        0
  SINCE DEC 1      0                         0      0        0
  SINCE JAN 1      0                         0      0        0
..................................................................


WIND (MPH)
  HIGHEST WIND SPEED    12   HIGHEST WIND DIRECTION     N (10)
  HIGHEST GUST SPEED    14   HIGHEST GUST DIRECTION     N (20)
  AVERAGE WIND SPEED     2.9


SKY COVER
  POSSIBLE SUNSHINE  MM
  AVERAGE SKY COVER 0.2


WEATHER CONDITIONS
 THE FOLLOWING WEATHER WAS RECORDED YESTERDAY.
  FOG
  FOG W/VISIBILITY <= 1/4 MILE


RELATIVE HUMIDITY (PERCENT)
 HIGHEST   100           500 AM
 LOWEST     66           100 PM
 AVERAGE    83

..........................................................


THE ASTORIA OR CLIMATE NORMALS FOR TODAY
                         NORMAL    RECORD    YEAR
 MAXIMUM TEMPERATURE (F)   51        66      1940
 MINIMUM TEMPERATURE (F)   38        14      1950


SUNRISE AND SUNSET
JANUARY 31 2015.......SUNRISE   740 AM PST   SUNSET   519 PM PST
FEBRUARY  1 2015......SUNRISE   738 AM PST   SUNSET   520 PM PST


-  INDICATES NEGATIVE NUMBERS.
R  INDICATES RECORD WAS SET OR TIED.
MM INDICATES DATA IS MISSING.
T  INDICATES TRACE AMOUNT.




$$
