000
CDUS46 KPQR 260221
CLIAST


CLIMATE REPORT
NATIONAL WEATHER SERVICE PORTLAND OREGON
720 PM PDT FRI JUL 25 2014


...................................

...THE ASTORIA OR CLIMATE SUMMARY FOR JULY 25 2014...
VALID TODAY AS OF 0700 PM LOCAL TIME.

CLIMATE NORMAL PERIOD 1981 TO 2010
CLIMATE RECORD PERIOD 1892 TO 2014


WEATHER ITEM   OBSERVED TIME   RECORD YEAR NORMAL DEPARTURE LAST
                VALUE   (LST)  VALUE       VALUE  FROM      YEAR
                                                  NORMAL
..................................................................
TEMPERATURE (F)
 TODAY
  MAXIMUM         68    351 PM  87    1899  68      0       68
  MINIMUM         48    518 AM  43    1930  54     -6       54
  AVERAGE         58                        61     -3       61

PRECIPITATION (IN)
  TODAY            0.00          0.80 1949   0.03  -0.03     0.00
  MONTH TO DATE    1.08                      0.89   0.19     0.01
  SINCE OCT 1     53.77                     63.82 -10.05    76.60
  SINCE JAN 1     41.61                     36.80   4.81    34.98

DEGREE DAYS
 HEATING
  TODAY            7                         4      3        4
  MONTH TO DATE   87                       124    -37      106
  SINCE JUN 1    267                       366    -99      287
  SINCE JUL 1     87                       124    -37      106

 COOLING
  TODAY            0                         0      0        0
  MONTH TO DATE    8                         0      8        0
  SINCE JUN 1      8                         0      8        3
  SINCE JAN 1     19                         0     19        4
..................................................................


WIND (MPH)
  HIGHEST WIND SPEED    17   HIGHEST WIND DIRECTION    NW (310)
  HIGHEST GUST SPEED    22   HIGHEST GUST DIRECTION    NW (300)
  AVERAGE WIND SPEED     7.3


SKY COVER
  POSSIBLE SUNSHINE  MM
  AVERAGE SKY COVER 0.1


WEATHER CONDITIONS
 THE FOLLOWING WEATHER WAS RECORDED TODAY.
  NO SIGNIFICANT WEATHER WAS OBSERVED.


RELATIVE HUMIDITY (PERCENT)
 HIGHEST   100           100 AM
 LOWEST     58           400 PM
 AVERAGE    79

..........................................................


THE ASTORIA OR CLIMATE NORMALS FOR TOMORROW
                         NORMAL    RECORD    YEAR
 MAXIMUM TEMPERATURE (F)   68        85      1899
 MINIMUM TEMPERATURE (F)   54        42      1930


SUNRISE AND SUNSET
JULY 25 2014..........SUNRISE   550 AM PDT   SUNSET   854 PM PDT
JULY 26 2014..........SUNRISE   551 AM PDT   SUNSET   853 PM PDT


-  INDICATES NEGATIVE NUMBERS.
R  INDICATES RECORD WAS SET OR TIED.
MM INDICATES DATA IS MISSING.
T  INDICATES TRACE AMOUNT.




$$
