000
CDUS42 KFFC 250816
CLIATL


CLIMATE REPORT
NATIONAL WEATHER SERVICE PEACHTREE CITY GA
416 AM EDT SUN SEP 25 2016


...................................

...THE ATLANTA CLIMATE SUMMARY FOR SEPTEMBER 24 2016...

CLIMATE NORMAL PERIOD 1981 TO 2010
CLIMATE RECORD PERIOD 1878 TO 2016


WEATHER ITEM   OBSERVED TIME   RECORD YEAR NORMAL DEPARTURE LAST
                VALUE   (LST)  VALUE       VALUE  FROM      YEAR
                                                  NORMAL
..................................................................
TEMPERATURE (F)
 YESTERDAY
  MAXIMUM         92    402 PM  93    1980  80     12       74
  MINIMUM         72    653 AM  45    1990  62     10       59
  AVERAGE         82                        71     11       67

PRECIPITATION (IN)
  YESTERDAY        0.00          3.17 1880   0.15  -0.15     0.72
  MONTH TO DATE    3.37                      3.53  -0.16     2.15
  SINCE SEP 1      3.37                      3.53  -0.16     2.15
  SINCE JAN 1     32.49                     37.36  -4.87    43.56

DEGREE DAYS
 HEATING
  YESTERDAY        0                         1     -1        0
  MONTH TO DATE    0                         4     -4        1
  SINCE SEP 1      0                         4     -4        1
  SINCE JUL 1      0                         4     -4        1

 COOLING
  YESTERDAY       17                         6     11        2
  MONTH TO DATE  359                       233    126      232
  SINCE SEP 1    359                       233    126      232
  SINCE JAN 1   2309                      1772    537     2024
..................................................................


WIND (MPH)
  RESULTANT WIND SPEED   1   RESULTANT WIND DIRECTION  NW (330)
  HIGHEST WIND SPEED    12   HIGHEST WIND DIRECTION    NE (40)
  HIGHEST GUST SPEED    14   HIGHEST GUST DIRECTION    NE (50)
  AVERAGE WIND SPEED     2.0


SKY COVER
  AVERAGE SKY COVER 0.4


WEATHER CONDITIONS
 THE FOLLOWING WEATHER WAS RECORDED YESTERDAY.
  NO SIGNIFICANT WEATHER WAS OBSERVED.


RELATIVE HUMIDITY (PERCENT)
 HIGHEST    84           700 AM
 LOWEST     38           300 PM
 AVERAGE    61

..........................................................


THE ATLANTA CLIMATE NORMALS FOR TODAY
                         NORMAL    RECORD    YEAR
 MAXIMUM TEMPERATURE (F)   79        93      2010
 MINIMUM TEMPERATURE (F)   62        45      1887


SUNRISE AND SUNSET
SEPTEMBER 25 2016.....SUNRISE   728 AM EDT   SUNSET   730 PM EDT
SEPTEMBER 26 2016.....SUNRISE   729 AM EDT   SUNSET   728 PM EDT


-  INDICATES NEGATIVE NUMBERS.
R  INDICATES RECORD WAS SET OR TIED.
MM INDICATES DATA IS MISSING.
T  INDICATES TRACE AMOUNT.




$$
