000
CDUS42 KFFC 040020
CLIATL


CLIMATE REPORT
NATIONAL WEATHER SERVICE PEACHTREE CITY GA
720 PM EST TUE MAR 3 2015


...................................

...THE ATLANTA CLIMATE SUMMARY FOR MARCH 3 2015...
VALID AS OF 0700 PM LOCAL TIME.

CLIMATE NORMAL PERIOD 1981 TO 2010
CLIMATE RECORD PERIOD 1878 TO 2015


WEATHER ITEM   OBSERVED TIME   RECORD YEAR NORMAL DEPARTURE LAST
                VALUE   (LST)  VALUE       VALUE  FROM      YEAR
                                                  NORMAL
..................................................................
TEMPERATURE (F)
 TODAY
  MAXIMUM         54    238 PM  80    1992  61     -7       60
  MINIMUM         51    659 PM  11    1980  41     10       33
  AVERAGE         53                        51      2       47

PRECIPITATION (IN)
  TODAY            0.30          1.98 1934   0.16   0.14     0.14
  MONTH TO DATE    0.48                      0.48   0.00     0.14
  SINCE MAR 1      0.48                      0.48   0.00     0.14
  SINCE JAN 1      8.99                      9.35  -0.36     7.30

SNOWFALL (IN)
  TODAY            0.0           T    2013   0.1   -0.1      0.0
  MONTH TO DATE    0.0                       0.1   -0.1      0.0
  SINCE MAR 1      0.0                       0.1   -0.1      0.0
  SINCE JUL 1      T                         2.2   -2.2      5.0
  SNOW DEPTH       0

DEGREE DAYS
 HEATING
  TODAY           12                        14     -2       18
  MONTH TO DATE   47                        43      4       37
  SINCE MAR 1     47                        43      4       37
  SINCE JUL 1   2405                      2298    107     2440

 COOLING
  TODAY            0                         0      0        0
  MONTH TO DATE    0                         0      0        0
  SINCE MAR 1      0                         0      0        0
  SINCE JAN 1      0                         1     -1        2
..................................................................


WIND (MPH)
  RESULTANT WIND SPEED   4   RESULTANT WIND DIRECTION   E (70)
  HIGHEST WIND SPEED    12   HIGHEST WIND DIRECTION     E (80)
  HIGHEST GUST SPEED    16   HIGHEST GUST DIRECTION    NE (60)
  AVERAGE WIND SPEED     4.9


SKY COVER
  AVERAGE SKY COVER 1.0


WEATHER CONDITIONS
 THE FOLLOWING WEATHER WAS RECORDED TODAY.
  HEAVY RAIN
  RAIN
  LIGHT RAIN
  FOG
  FOG W/VISIBILITY <= 1/4 MILE


RELATIVE HUMIDITY (PERCENT)
 HIGHEST   100           600 PM
 LOWEST     77          1200 AM

..........................................................


THE ATLANTA CLIMATE NORMALS FOR TOMORROW
                         NORMAL    RECORD    YEAR
 MAXIMUM TEMPERATURE (F)   61        82      1976
 MINIMUM TEMPERATURE (F)   41        14      1943


SUNRISE AND SUNSET
MARCH  3 2015.........SUNRISE   704 AM EST   SUNSET   636 PM EST
MARCH  4 2015.........SUNRISE   703 AM EST   SUNSET   637 PM EST


-  INDICATES NEGATIVE NUMBERS.
R  INDICATES RECORD WAS SET OR TIED.
MM INDICATES DATA IS MISSING.
T  INDICATES TRACE AMOUNT.




$$
