000
CDUS42 KFFC 300817
CLIATL


CLIMATE REPORT
NATIONAL WEATHER SERVICE PEACHTREE CITY GA
416 AM EDT SAT JUL 30 2016


...................................

...THE ATLANTA CLIMATE SUMMARY FOR JULY 29 2016...

CLIMATE NORMAL PERIOD 1981 TO 2010
CLIMATE RECORD PERIOD 1878 TO 2016


WEATHER ITEM   OBSERVED TIME   RECORD YEAR NORMAL DEPARTURE LAST
                VALUE   (LST)  VALUE       VALUE  FROM      YEAR
                                                  NORMAL
..................................................................
TEMPERATURE (F)
 YESTERDAY
  MAXIMUM         93    248 PM 103    1952  89      4       93
  MINIMUM         73    633 AM  63    1977  71      2       75
  AVERAGE         83                        80      3       84

PRECIPITATION (IN)
  YESTERDAY        0.00          2.65 1988   0.15  -0.15     0.03
  MONTH TO DATE    2.42                      4.98  -2.56     4.90
  SINCE JUN 1      5.68                      8.93  -3.25    11.81
  SINCE JAN 1     24.82                     29.64  -4.82    35.53

DEGREE DAYS
 HEATING
  YESTERDAY        0                         0      0        0
  MONTH TO DATE    0                         0      0        0
  SINCE JUN 1      0                         2     -2        0
  SINCE JUL 1      0                         0      0        0

 COOLING
  YESTERDAY       18                        15      3       19
  MONTH TO DATE  543                       435    108      479
  SINCE JUN 1   1032                       806    226      925
  SINCE JAN 1   1361                      1056    305     1284
..................................................................


WIND (MPH)
  RESULTANT WIND SPEED   8   RESULTANT WIND DIRECTION   W (280)
  HIGHEST WIND SPEED    23   HIGHEST WIND DIRECTION    NW (300)
  HIGHEST GUST SPEED    27   HIGHEST GUST DIRECTION     W (290)
  AVERAGE WIND SPEED     8.2


SKY COVER
  AVERAGE SKY COVER 0.7


WEATHER CONDITIONS
 THE FOLLOWING WEATHER WAS RECORDED YESTERDAY.
  THUNDERSTORM


RELATIVE HUMIDITY (PERCENT)
 HIGHEST    93           500 AM
 LOWEST     44           300 PM
 AVERAGE    69

..........................................................


THE ATLANTA CLIMATE NORMALS FOR TODAY
                         NORMAL    RECORD    YEAR
 MAXIMUM TEMPERATURE (F)   89        98      1986
                                             1980
 MINIMUM TEMPERATURE (F)   71        59      2014


SUNRISE AND SUNSET
JULY 30 2016..........SUNRISE   649 AM EDT   SUNSET   839 PM EDT
JULY 31 2016..........SUNRISE   650 AM EDT   SUNSET   838 PM EDT


-  INDICATES NEGATIVE NUMBERS.
R  INDICATES RECORD WAS SET OR TIED.
MM INDICATES DATA IS MISSING.
T  INDICATES TRACE AMOUNT.




$$
