000
CDUS42 KFFC 170023
CLIATL


CLIMATE REPORT
NATIONAL WEATHER SERVICE PEACHTREE CITY GA
823 PM EDT MON OCT 16 2017


...................................

...THE ATLANTA CLIMATE SUMMARY FOR OCTOBER 16 2017...
VALID AS OF 0800 PM LOCAL TIME.

CLIMATE NORMAL PERIOD 1981 TO 2010
CLIMATE RECORD PERIOD 1878 TO 2017


WEATHER ITEM   OBSERVED TIME   RECORD YEAR NORMAL DEPARTURE LAST
                VALUE   (LST)  VALUE       VALUE  FROM      YEAR
                                                  NORMAL
..................................................................
TEMPERATURE (F)
 TODAY
  MAXIMUM         73   1254 AM  85    1941  73      0       81
                                      1919
  MINIMUM         55    840 AM  38    1939  54      1       63
  AVERAGE         64                        63      1       72

PRECIPITATION (IN)
  TODAY            0.08          3.13 1932   0.10  -0.02     0.03
  MONTH TO DATE    1.98                      1.92   0.06     0.16
  SINCE SEP 1      6.23                      6.39  -0.16     3.59
  SINCE JAN 1     45.17                     40.22   4.95    32.71

SNOWFALL (IN)
  TODAY            0.0           0.0  2001   0.0    0.0      0.0
  MONTH TO DATE    0.0                       0.0    0.0      0.0
  SINCE SEP 1      0.0                       0.0    0.0      0.0
  SINCE JUL 1      0.0                       0.0    0.0      0.0
  SNOW DEPTH       0

DEGREE DAYS
 HEATING
  TODAY            1                         4     -3        0
  MONTH TO DATE    1                        37    -36        3
  SINCE SEP 1      8                        48    -40        4
  SINCE JUL 1      8                        48    -40        4

 COOLING
  TODAY            0                         2     -2        7
  MONTH TO DATE  129                        48     81       85
  SINCE SEP 1    408                       314     94      506
  SINCE JAN 1   2132                      1853    279     2456
..................................................................


WIND (MPH)
  RESULTANT WIND SPEED  14   RESULTANT WIND DIRECTION  NW (330)
  HIGHEST WIND SPEED    25   HIGHEST WIND DIRECTION     N (360)
  HIGHEST GUST SPEED    32   HIGHEST GUST DIRECTION     N (10)
  AVERAGE WIND SPEED    14.8


SKY COVER
  AVERAGE SKY COVER 0.7


WEATHER CONDITIONS
 THE FOLLOWING WEATHER WAS RECORDED TODAY.
  LIGHT RAIN
  FOG


RELATIVE HUMIDITY (PERCENT)
 HIGHEST   100           700 AM
 LOWEST     44           300 PM

..........................................................


THE ATLANTA CLIMATE NORMALS FOR TOMORROW
                         NORMAL    RECORD    YEAR
 MAXIMUM TEMPERATURE (F)   72        85      2011
 MINIMUM TEMPERATURE (F)   54        34      1978


SUNRISE AND SUNSET
OCTOBER 16 2017.......SUNRISE   743 AM EDT   SUNSET   702 PM EDT
OCTOBER 17 2017.......SUNRISE   744 AM EDT   SUNSET   701 PM EDT


-  INDICATES NEGATIVE NUMBERS.
R  INDICATES RECORD WAS SET OR TIED.
MM INDICATES DATA IS MISSING.
T  INDICATES TRACE AMOUNT.




$$
