000
CDUS42 KFFC 190026
CLIATL


CLIMATE REPORT
NATIONAL WEATHER SERVICE PEACHTREE CITY GA
726 PM EST WED JAN 18 2017


...................................

...THE ATLANTA CLIMATE SUMMARY FOR JANUARY 18 2017...
VALID AS OF 0700 PM LOCAL TIME.

CLIMATE NORMAL PERIOD 1981 TO 2010
CLIMATE RECORD PERIOD 1878 TO 2017


WEATHER ITEM   OBSERVED TIME   RECORD YEAR NORMAL DEPARTURE LAST
                VALUE   (LST)  VALUE       VALUE  FROM      YEAR
                                                  NORMAL
..................................................................
TEMPERATURE (F)
 TODAY
  MAXIMUM         71    333 PM  72    1929  52     19       38
  MINIMUM         62    737 AM  10    1994  34     28       25
  AVERAGE         67                        43     24       32

PRECIPITATION (IN)
  TODAY            0.00          2.68 1943   0.13  -0.13     0.00
  MONTH TO DATE    3.58                      2.28   1.30     2.22
  SINCE DEC 1      6.58                      6.18   0.40    14.73
  SINCE JAN 1      3.58                      2.28   1.30     2.22

SNOWFALL (IN)
  TODAY            0.0           T    2007   0.0    0.0      0.0
                                      2006
  MONTH TO DATE    0.0                       0.8   -0.8       T
  SINCE DEC 1      0.0                       1.2   -1.2       T
  SINCE JUL 1      0.0                       1.2   -1.2       T
  SNOW DEPTH       0

DEGREE DAYS
 HEATING
  TODAY            0                        22    -22       33
  MONTH TO DATE  243                       396   -153      408
  SINCE DEC 1    734                      1009   -275      655
  SINCE JUL 1    956                      1477   -521      959

 COOLING
  TODAY            2                         0      2        0
  MONTH TO DATE    2                         0      2        0
  SINCE DEC 1      2                         1      1       22
  SINCE JAN 1      2                         0      2        0
..................................................................


WIND (MPH)
  RESULTANT WIND SPEED   9   RESULTANT WIND DIRECTION   W (270)
  HIGHEST WIND SPEED    17   HIGHEST WIND DIRECTION    NW (310)
  HIGHEST GUST SPEED    23   HIGHEST GUST DIRECTION    NW (330)
  AVERAGE WIND SPEED    10.1


SKY COVER
  AVERAGE SKY COVER 0.7


WEATHER CONDITIONS
 THE FOLLOWING WEATHER WAS RECORDED TODAY.
  NO SIGNIFICANT WEATHER WAS OBSERVED.


RELATIVE HUMIDITY (PERCENT)
 HIGHEST    93           500 AM
 LOWEST     53           400 PM

..........................................................


THE ATLANTA CLIMATE NORMALS FOR TOMORROW
                         NORMAL    RECORD    YEAR
 MAXIMUM TEMPERATURE (F)   52        69      1950
 MINIMUM TEMPERATURE (F)   34         1      1977


SUNRISE AND SUNSET
JANUARY 18 2017.......SUNRISE   741 AM EST   SUNSET   556 PM EST
JANUARY 19 2017.......SUNRISE   741 AM EST   SUNSET   557 PM EST


-  INDICATES NEGATIVE NUMBERS.
R  INDICATES RECORD WAS SET OR TIED.
MM INDICATES DATA IS MISSING.
T  INDICATES TRACE AMOUNT.




$$
