000
CDUS42 KFFC 180023
CLIATL


CLIMATE REPORT
NATIONAL WEATHER SERVICE PEACHTREE CITY GA
722 PM EST SUN DEC 17 2017


...................................

...THE ATLANTA CLIMATE SUMMARY FOR DECEMBER 17 2017...
VALID AS OF 0700 PM LOCAL TIME.

CLIMATE NORMAL PERIOD 1981 TO 2010
CLIMATE RECORD PERIOD 1878 TO 2017


WEATHER ITEM   OBSERVED TIME   RECORD YEAR NORMAL DEPARTURE LAST
                VALUE   (LST)  VALUE       VALUE  FROM      YEAR
                                                  NORMAL
..................................................................
TEMPERATURE (F)
 TODAY
  MAXIMUM         49   1145 AM  75    1933  53     -4       67
  MINIMUM         36    708 AM  15    1901  36      0       37
  AVERAGE         43                        45     -2       52

PRECIPITATION (IN)
  TODAY            0.22          3.65 1915   0.12   0.10      T
  MONTH TO DATE    1.89                      2.23  -0.34     2.06
  SINCE DEC 1      1.89                      2.23  -0.34     2.06
  SINCE JAN 1     49.99                     48.04   1.95    37.75

SNOWFALL (IN)
  TODAY           MM             0.0  2001   0.0   MM       MM
  MONTH TO DATE    2.3                       0.1    2.2      0.0
  SINCE DEC 1      2.3                       0.1    2.2      0.0
  SINCE JUL 1      2.3                       0.1    2.2      0.0
  SNOW DEPTH       0

DEGREE DAYS
 HEATING
  TODAY           22                        20      2       13
  MONTH TO DATE  306                       314     -8      311
  SINCE DEC 1    306                       314     -8      311
  SINCE JUL 1    703                       782    -79      533

 COOLING
  TODAY            0                         0      0        0
  MONTH TO DATE    0                         0      0        0
  SINCE DEC 1      0                         0      0        0
  SINCE JAN 1   2165                      1882    283     2561
..................................................................


WIND (MPH)
  RESULTANT WIND SPEED   2   RESULTANT WIND DIRECTION   E (100)
  HIGHEST WIND SPEED    12   HIGHEST WIND DIRECTION    NW (320)
  HIGHEST GUST SPEED    13   HIGHEST GUST DIRECTION    SE (130)
  AVERAGE WIND SPEED     3.5


SKY COVER
  AVERAGE SKY COVER 0.8


WEATHER CONDITIONS
 THE FOLLOWING WEATHER WAS RECORDED TODAY.
  RAIN
  LIGHT RAIN
  FOG


RELATIVE HUMIDITY (PERCENT)
 HIGHEST   100           300 PM
 LOWEST     58          1100 AM

..........................................................


THE ATLANTA CLIMATE NORMALS FOR TOMORROW
                         NORMAL    RECORD    YEAR
 MAXIMUM TEMPERATURE (F)   53        74      1984
 MINIMUM TEMPERATURE (F)   36         9      1901


SUNRISE AND SUNSET
DECEMBER 17 2017......SUNRISE   736 AM EST   SUNSET   532 PM EST
DECEMBER 18 2017......SUNRISE   737 AM EST   SUNSET   532 PM EST


-  INDICATES NEGATIVE NUMBERS.
R  INDICATES RECORD WAS SET OR TIED.
MM INDICATES DATA IS MISSING.
T  INDICATES TRACE AMOUNT.




$$
