000
CDUS42 KFFC 220918
CLIATL


CLIMATE REPORT
NATIONAL WEATHER SERVICE PEACHTREE CITY GA
418 AM EST WED FEB 22 2017


...................................

...THE ATLANTA CLIMATE SUMMARY FOR FEBRUARY 21 2017...

CLIMATE NORMAL PERIOD 1981 TO 2010
CLIMATE RECORD PERIOD 1878 TO 2017


WEATHER ITEM   OBSERVED TIME   RECORD YEAR NORMAL DEPARTURE LAST
                VALUE   (LST)  VALUE       VALUE  FROM      YEAR
                                                  NORMAL
..................................................................
TEMPERATURE (F)
 YESTERDAY
  MAXIMUM         70    137 PM  75    1976  58     12       67
  MINIMUM         55    658 AM  10    1896  39     16       55
  AVERAGE         63                        48     15       61

PRECIPITATION (IN)
  YESTERDAY        0.22          1.90 1932   0.17   0.05     0.04
  MONTH TO DATE    1.59                      3.52  -1.93     3.74
  SINCE DEC 1     12.77                     11.62   1.15    21.39
  SINCE JAN 1      9.77                      7.72   2.05     8.88

SNOWFALL (IN)
  YESTERDAY        0.0           T    2015   0.0    0.0      0.0
  MONTH TO DATE    0.0                       0.3   -0.3       T
  SINCE DEC 1      T                         2.0   -2.0      0.3
  SINCE JUL 1      T                         2.0   -2.0      0.3
  SNOW DEPTH       0

DEGREE DAYS
 HEATING
  YESTERDAY        2                        17    -15        4
  MONTH TO DATE  202                       391   -189      375
  SINCE DEC 1   1091                      1677   -586     1313
  SINCE JUL 1   1313                      2145   -832     1617

 COOLING
  YESTERDAY        0                         0      0        0
  MONTH TO DATE    0                         0      0        0
  SINCE DEC 1      2                         1      1       22
  SINCE JAN 1      2                         0      2        0
..................................................................


WIND (MPH)
  RESULTANT WIND SPEED   7   RESULTANT WIND DIRECTION  SE (120)
  HIGHEST WIND SPEED    15   HIGHEST WIND DIRECTION    SE (150)
  HIGHEST GUST SPEED    21   HIGHEST GUST DIRECTION    SE (130)
  AVERAGE WIND SPEED     8.0


SKY COVER
  AVERAGE SKY COVER 0.8


WEATHER CONDITIONS
 THE FOLLOWING WEATHER WAS RECORDED YESTERDAY.
  RAIN
  LIGHT RAIN
  FOG


RELATIVE HUMIDITY (PERCENT)
 HIGHEST   100           800 PM
 LOWEST     60          1200 AM
 AVERAGE    80

..........................................................


THE ATLANTA CLIMATE NORMALS FOR TODAY
                         NORMAL    RECORD    YEAR
 MAXIMUM TEMPERATURE (F)   58        74      2003
                                             1949
                                             1917
 MINIMUM TEMPERATURE (F)   39         8      1963


SUNRISE AND SUNSET
FEBRUARY 22 2017......SUNRISE   714 AM EST   SUNSET   629 PM EST
FEBRUARY 23 2017......SUNRISE   713 AM EST   SUNSET   630 PM EST


-  INDICATES NEGATIVE NUMBERS.
R  INDICATES RECORD WAS SET OR TIED.
MM INDICATES DATA IS MISSING.
T  INDICATES TRACE AMOUNT.




$$
