000
CDUS42 KFFC 240823
CLIATL


CLIMATE REPORT
NATIONAL WEATHER SERVICE PEACHTREE CITY GA
423 AM EDT FRI MAR 24 2017


...................................

...THE ATLANTA CLIMATE SUMMARY FOR MARCH 23 2017...

CLIMATE NORMAL PERIOD 1981 TO 2010
CLIMATE RECORD PERIOD 1878 TO 2017


WEATHER ITEM   OBSERVED TIME   RECORD YEAR NORMAL DEPARTURE LAST
                VALUE   (LST)  VALUE       VALUE  FROM      YEAR
                                                  NORMAL
..................................................................
TEMPERATURE (F)
 YESTERDAY
  MAXIMUM         66    330 PM  89    1995  67     -1       72
  MINIMUM         50    742 AM  20    1885  46      4       45
  AVERAGE         58                        56      2       59

PRECIPITATION (IN)
  YESTERDAY        0.00          3.05 1948   0.15  -0.15     0.00
  MONTH TO DATE    1.87                      3.64  -1.77     1.65
  SINCE MAR 1      1.87                      3.64  -1.77     1.65
  SINCE JAN 1     11.92                     12.51  -0.59    14.18

SNOWFALL (IN)
  YESTERDAY        0.0           0.0  2002   0.0    0.0      0.0
                                      2001
                                      2000
  MONTH TO DATE    T                         0.6   -0.6       T
  SINCE MAR 1      T                         0.6   -0.6       T
  SINCE JUL 1      T                         2.7   -2.7      0.3
  SNOW DEPTH       0

DEGREE DAYS
 HEATING
  YESTERDAY        7                         9     -2        6
  MONTH TO DATE  263                       275    -12      153
  SINCE MAR 1    263                       275    -12      153
  SINCE JUL 1   1619                      2530   -911     1868

 COOLING
  YESTERDAY        0                         0      0        0
  MONTH TO DATE   13                         0     13       34
  SINCE MAR 1     13                         0     13       34
  SINCE JAN 1     18                         1     17       34
..................................................................


WIND (MPH)
  RESULTANT WIND SPEED  12   RESULTANT WIND DIRECTION   E (100)
  HIGHEST WIND SPEED    21   HIGHEST WIND DIRECTION     E (90)
  HIGHEST GUST SPEED    27   HIGHEST GUST DIRECTION     E (90)
  AVERAGE WIND SPEED    12.9


SKY COVER
  AVERAGE SKY COVER 0.6


WEATHER CONDITIONS
 THE FOLLOWING WEATHER WAS RECORDED YESTERDAY.
  HAZE


RELATIVE HUMIDITY (PERCENT)
 HIGHEST    54           200 AM
 LOWEST     35          1200 AM
 AVERAGE    45

..........................................................


THE ATLANTA CLIMATE NORMALS FOR TODAY
                         NORMAL    RECORD    YEAR
 MAXIMUM TEMPERATURE (F)   67        87      1929
 MINIMUM TEMPERATURE (F)   46        25      1968
                                             1885


SUNRISE AND SUNSET
MARCH 24 2017.........SUNRISE   736 AM EDT   SUNSET   753 PM EDT
MARCH 25 2017.........SUNRISE   734 AM EDT   SUNSET   753 PM EDT


-  INDICATES NEGATIVE NUMBERS.
R  INDICATES RECORD WAS SET OR TIED.
MM INDICATES DATA IS MISSING.
T  INDICATES TRACE AMOUNT.




$$
