486
CDUS42 KFFC 050817
CLIATL


CLIMATE REPORT
NATIONAL WEATHER SERVICE PEACHTREE CITY GA
417 AM EDT THU MAY 5 2016


...................................

...THE ATLANTA CLIMATE SUMMARY FOR MAY 4 2016...

CLIMATE NORMAL PERIOD 1981 TO 2010
CLIMATE RECORD PERIOD 1878 TO 2016


WEATHER ITEM   OBSERVED TIME   RECORD YEAR NORMAL DEPARTURE LAST
                VALUE   (LST)  VALUE       VALUE  FROM      YEAR
                                                  NORMAL
..................................................................
TEMPERATURE (F)
 YESTERDAY
  MAXIMUM         72    305 PM  92    1902  77     -5       81
  MINIMUM         53    620 AM  37    1971  57     -4       59
  AVERAGE         63                        67     -4       70

PRECIPITATION (IN)
  YESTERDAY        0.02          3.40 2013   0.13  -0.11     0.00
  MONTH TO DATE    0.23                      0.51  -0.28     0.00
  SINCE MAR 1      5.59                      8.68  -3.09    10.77
  SINCE JAN 1     18.12                     17.55   0.57    19.28

DEGREE DAYS
 HEATING
  YESTERDAY        2                         2      0        0
  MONTH TO DATE    2                         8     -6        6
  SINCE MAR 1    267                       493   -226      298
  SINCE JUL 1   1982                      2748   -766     2656

 COOLING
  YESTERDAY        0                         4     -4        5
  MONTH TO DATE   25                        13     12        7
  SINCE MAR 1    137                        78     59      103
  SINCE JAN 1    137                        79     58      103
..................................................................


WIND (MPH)
  RESULTANT WIND SPEED  10   RESULTANT WIND DIRECTION  NW (310)
  HIGHEST WIND SPEED    28   HIGHEST WIND DIRECTION     N (350)
  HIGHEST GUST SPEED    37   HIGHEST GUST DIRECTION     N (350)
  AVERAGE WIND SPEED    11.0


SKY COVER
  AVERAGE SKY COVER 0.4


WEATHER CONDITIONS
 THE FOLLOWING WEATHER WAS RECORDED YESTERDAY.
  LIGHT RAIN


RELATIVE HUMIDITY (PERCENT)
 HIGHEST    83           600 AM
 LOWEST     37           200 PM
 AVERAGE    60

..........................................................


THE ATLANTA CLIMATE NORMALS FOR TODAY
                         NORMAL    RECORD    YEAR
 MAXIMUM TEMPERATURE (F)   77        91      1952
 MINIMUM TEMPERATURE (F)   57        41      1954


SUNRISE AND SUNSET
MAY  5 2016...........SUNRISE   645 AM EDT   SUNSET   824 PM EDT
MAY  6 2016...........SUNRISE   644 AM EDT   SUNSET   825 PM EDT


-  INDICATES NEGATIVE NUMBERS.
R  INDICATES RECORD WAS SET OR TIED.
MM INDICATES DATA IS MISSING.
T  INDICATES TRACE AMOUNT.




$$
