000
CDUS44 KEWX 192222
CLIATT


CLIMATE REPORT
NATIONAL WEATHER SERVICE AUSTIN/SAN ANTONIO, TX
522 PM CDT SAT APR 19 2014


...................................

...THE AUSTIN CAMP MABRY CLIMATE SUMMARY FOR APRIL 19 2014...
VALID TODAY AS OF 522 PM LOCAL TIME.

CLIMATE NORMAL PERIOD 1981 TO 2010
CLIMATE RECORD PERIOD 1898 TO 2014


WEATHER ITEM   OBSERVED TIME   RECORD YEAR NORMAL DEPARTURE LAST
                VALUE   (LST)  VALUE       VALUE  FROM      YEAR
                                                  NORMAL
..................................................................
TEMPERATURE (F)
 TODAY
  MAXIMUM         78    327 PM  98    1951  81     -3       69
  MINIMUM         54    654 AM  35    1901  60     -6       45
  AVERAGE         66                        70     -4       57

PRECIPITATION (IN)
  TODAY            0.00          2.53 1949   0.07  -0.07     0.00
  MONTH TO DATE    1.88                      1.20   0.68     3.19
  SINCE MAR 1      3.15                      3.96  -0.81     4.36
  SINCE JAN 1      3.98                      8.20  -4.22     7.62

SNOWFALL (IN)
  TODAY            0.0
  MONTH TO DATE    T
  SINCE MAR 1      T
  SINCE JUL 1      0.2
  SNOW DEPTH       0

DEGREE DAYS
 HEATING
  TODAY            0                         1     -1        8
  MONTH TO DATE   49                        33     16       57
  SINCE MAR 1    275                       195     80      196
  SINCE JUL 1   1771                      1532    239     1217

 COOLING
  TODAY            1                         6     -5        0
  MONTH TO DATE   72                        88    -16       91
  SINCE MAR 1    115                       149    -34      169
  SINCE JAN 1    156                       176    -20      218
..................................................................


WIND (MPH)
  HIGHEST WIND SPEED    13   HIGHEST WIND DIRECTION     E (100)
  HIGHEST GUST SPEED    18   HIGHEST GUST DIRECTION    SE (150)
  AVERAGE WIND SPEED     3.3


SKY COVER
  AVERAGE SKY COVER 0.2


WEATHER CONDITIONS
 THE FOLLOWING WEATHER WAS RECORDED TODAY.
  FOG


RELATIVE HUMIDITY (PERCENT)
 HIGHEST    93           700 AM
 LOWEST     46          1200 PM
 AVERAGE    70

..........................................................


THE AUSTIN CAMP MABRY CLIMATE NORMALS FOR TOMORROW
                         NORMAL    RECORD    YEAR
 MAXIMUM TEMPERATURE (F)   81        97      1925
 MINIMUM TEMPERATURE (F)   60        39      1924


SUNRISE AND SUNSET
APRIL 19 2014.........SUNRISE   659 AM CDT   SUNSET   801 PM CDT
APRIL 20 2014.........SUNRISE   658 AM CDT   SUNSET   802 PM CDT


-  INDICATES NEGATIVE NUMBERS.
R  INDICATES RECORD WAS SET OR TIED.
MM INDICATES DATA IS MISSING.
T  INDICATES TRACE AMOUNT.




$$
