179
CDUS44 KEWX 052222
CLIATT


CLIMATE REPORT
NATIONAL WEATHER SERVICE AUSTIN/SAN ANTONIO, TX
421 PM CST FRI FEB 5 2016


...................................

...THE AUSTIN CAMP MABRY CLIMATE SUMMARY FOR FEBRUARY 5 2016...
VALID TODAY AS OF 420 PM LOCAL TIME.

CLIMATE NORMAL PERIOD 1981 TO 2010
CLIMATE RECORD PERIOD 1897 TO 2016


WEATHER ITEM   OBSERVED TIME   RECORD YEAR NORMAL DEPARTURE LAST
                VALUE   (LST)  VALUE       VALUE  FROM      YEAR
                                                  NORMAL
..................................................................
TEMPERATURE (F)
 TODAY
  MAXIMUM         62    330 PM  82    2008  64     -2       52
                                      1943
  MINIMUM         33    528 AM  17    1912  43    -10       38
  AVERAGE         48                        53     -5       45

PRECIPITATION (IN)
  TODAY            0.00          2.24 1961   0.07  -0.07      T
  MONTH TO DATE    0.00                      0.33  -0.33     0.34
  SINCE DEC 1      3.34                      4.95  -1.61     6.42
  SINCE JAN 1      0.34                      2.55  -2.21     5.36

SNOWFALL (IN)
  TODAY            0.0
  MONTH TO DATE    0.0
  SINCE DEC 1      0.0
  SINCE JUL 1      0.0
  SNOW DEPTH       0

DEGREE DAYS
 HEATING
  TODAY           17                        12      5       20
  MONTH TO DATE   54                        62     -8       89
  SINCE DEC 1    719                       890   -171      899
  SINCE JUL 1    879                      1102   -223     1189

 COOLING
  TODAY            0                         0      0        0
  MONTH TO DATE    1                         0      1        0
  SINCE DEC 1     29                        22      7       12
  SINCE JAN 1      9                         9      0        3
..................................................................


WIND (MPH)
  HIGHEST WIND SPEED    15   HIGHEST WIND DIRECTION    SE (140)
  HIGHEST GUST SPEED    22   HIGHEST GUST DIRECTION    SE (140)
  AVERAGE WIND SPEED     3.4


SKY COVER
  AVERAGE SKY COVER 0.0


WEATHER CONDITIONS
 THE FOLLOWING WEATHER WAS RECORDED TODAY.
  NO SIGNIFICANT WEATHER WAS OBSERVED.


RELATIVE HUMIDITY (PERCENT)
 HIGHEST    70           200 AM
 LOWEST     24           100 PM
 AVERAGE    47

..........................................................


THE AUSTIN CAMP MABRY CLIMATE NORMALS FOR TOMORROW
                         NORMAL    RECORD    YEAR
 MAXIMUM TEMPERATURE (F)   64        83      1925
 MINIMUM TEMPERATURE (F)   43        19      1905


SUNRISE AND SUNSET
FEBRUARY  5 2016......SUNRISE   719 AM CST   SUNSET   611 PM CST
FEBRUARY  6 2016......SUNRISE   719 AM CST   SUNSET   611 PM CST


-  INDICATES NEGATIVE NUMBERS.
R  INDICATES RECORD WAS SET OR TIED.
MM INDICATES DATA IS MISSING.
T  INDICATES TRACE AMOUNT.




$$
