000
CDUS44 KEWX 100654
CLIATT


CLIMATE REPORT
NATIONAL WEATHER SERVICE AUSTIN/SAN ANTONIO, TX
1248 AM CST SAT DEC 10 2016


...................................

...THE AUSTIN CAMP MABRY CLIMATE SUMMARY FOR DECEMBER 9 2016...

CLIMATE NORMAL PERIOD 1981 TO 2010
CLIMATE RECORD PERIOD 1897 TO 2016


WEATHER ITEM   OBSERVED TIME   RECORD YEAR NORMAL DEPARTURE LAST
                VALUE   (LST)  VALUE       VALUE  FROM      YEAR
                                                  NORMAL
..................................................................
TEMPERATURE (F)
 YESTERDAY
  MAXIMUM         46    340 PM  81    2008  64    -18       76
                                      1923
  MINIMUM         33    755 AM  15    1898  43    -10       47
  AVERAGE         40                        53    -13

PRECIPITATION (IN)
  YESTERDAY        0.00          1.11 2002   0.08  -0.08     0.00
  MONTH TO DATE    2.51                      0.69   1.82     0.00
  SINCE DEC 1      2.51                      0.69   1.82     0.00
  SINCE JAN 1     38.82                     32.61   6.21    56.96

SNOWFALL (IN)
  YESTERDAY        0.0
  MONTH TO DATE    0.0
  SINCE DEC 1      0.0
  SINCE JUL 1      0.0
  SNOW DEPTH       0

DEGREE DAYS
 HEATING
  YESTERDAY       25                        12     13        3
  MONTH TO DATE  139                       101     38       89
  SINCE DEC 1    139                       101     38       89
  SINCE JUL 1    199                       313   -114      249

 COOLING
  YESTERDAY        0                         0      0        0
  MONTH TO DATE    0                         6     -6        0
  SINCE DEC 1      0                         6     -6        0
  SINCE JAN 1   3450                      3132    318     3364
..................................................................


WIND (MPH)
  HIGHEST WIND SPEED    12   HIGHEST WIND DIRECTION     N (360)
  HIGHEST GUST SPEED    18   HIGHEST GUST DIRECTION     N (360)
  AVERAGE WIND SPEED     4.5


SKY COVER
  AVERAGE SKY COVER 1.0


WEATHER CONDITIONS
 THE FOLLOWING WEATHER WAS RECORDED YESTERDAY.
  NO SIGNIFICANT WEATHER WAS OBSERVED.


RELATIVE HUMIDITY (PERCENT)
 HIGHEST    56           400 AM
 LOWEST     34           300 PM
 AVERAGE    45

..........................................................


THE AUSTIN CAMP MABRY CLIMATE NORMALS FOR TODAY
                         NORMAL    RECORD    YEAR
 MAXIMUM TEMPERATURE (F)   64        81      1983
 MINIMUM TEMPERATURE (F)   43        17      1898


SUNRISE AND SUNSET
DECEMBER 10 2016......SUNRISE   717 AM CST   SUNSET   531 PM CST
DECEMBER 11 2016......SUNRISE   717 AM CST   SUNSET   531 PM CST


-  INDICATES NEGATIVE NUMBERS.
R  INDICATES RECORD WAS SET OR TIED.
MM INDICATES DATA IS MISSING.
T  INDICATES TRACE AMOUNT.




$$
