000
CDUS44 KEWX 232247
CLIATT


CLIMATE REPORT
NATIONAL WEATHER SERVICE AUSTIN/SAN ANTONIO, TX
546 PM CDT SAT SEP 23 2017


...................................

...THE AUSTIN CAMP MABRY CLIMATE SUMMARY FOR SEPTEMBER 23 2017...
VALID TODAY AS OF 0500 PM LOCAL TIME.

CLIMATE NORMAL PERIOD 1981 TO 2010
CLIMATE RECORD PERIOD 1897 TO 2017


WEATHER ITEM   OBSERVED TIME   RECORD YEAR NORMAL DEPARTURE LAST
                VALUE   (LST)  VALUE       VALUE  FROM      YEAR
                                                  NORMAL
..................................................................
TEMPERATURE (F)
 TODAY
  MAXIMUM         90    341 PM 100    2000  88      2       93
  MINIMUM         73    327 AM  52    1995  67      6       76
                                      1983
  AVERAGE         82                        78      4       85

PRECIPITATION (IN)
  TODAY            0.00          2.56 1959   0.08  -0.08     0.03
  MONTH TO DATE    0.02                      2.36  -2.34     0.10
  SINCE SEP 1      0.02                      2.36  -2.34     0.10
  SINCE JAN 1     26.52                     24.45   2.07    31.04

SNOWFALL (IN)
  TODAY            0.0
  MONTH TO DATE    0.0
  SINCE SEP 1      0.0
  SINCE JUL 1      0.0
  SNOW DEPTH       0

DEGREE DAYS
 HEATING
  TODAY            0                         0      0        0
  MONTH TO DATE    0                         0      0        0
  SINCE SEP 1      0                         0      0        0
  SINCE JUL 1      0                         0      0        0

 COOLING
  TODAY           17                        13      4       20
  MONTH TO DATE  359                       367     -8      452
  SINCE SEP 1    359                       367     -8      452
  SINCE JAN 1   3185                      2761    424     2946
..................................................................


WIND (MPH)
  HIGHEST WIND SPEED    10   HIGHEST WIND DIRECTION    SE (120)
  HIGHEST GUST SPEED    17   HIGHEST GUST DIRECTION     E (110)
  AVERAGE WIND SPEED     4.0


SKY COVER
  AVERAGE SKY COVER 0.6


WEATHER CONDITIONS
 THE FOLLOWING WEATHER WAS RECORDED TODAY.
  FOG


RELATIVE HUMIDITY (PERCENT)
 HIGHEST    93           300 AM
 LOWEST     50           200 PM
 AVERAGE    72

..........................................................


THE AUSTIN CAMP MABRY CLIMATE NORMALS FOR TOMORROW
                         NORMAL    RECORD    YEAR
 MAXIMUM TEMPERATURE (F)   88        99      2011
                                             2005
                                             1926
 MINIMUM TEMPERATURE (F)   67        48      1924


SUNRISE AND SUNSET
SEPTEMBER 23 2017.....SUNRISE   720 AM CDT   SUNSET   726 PM CDT
SEPTEMBER 24 2017.....SUNRISE   720 AM CDT   SUNSET   724 PM CDT


-  INDICATES NEGATIVE NUMBERS.
R  INDICATES RECORD WAS SET OR TIED.
MM INDICATES DATA IS MISSING.
T  INDICATES TRACE AMOUNT.




$$
