000
CDUS44 KEWX 012353
CLIATT


CLIMATE REPORT
NATIONAL WEATHER SERVICE AUSTIN/SAN ANTONIO, TX
551 PM CST SUN FEB 1 2015


...................................

...THE AUSTIN CAMP MABRY CLIMATE SUMMARY FOR FEBRUARY 1 2015...
VALID TODAY AS OF 551 PM LOCAL TIME.

CLIMATE NORMAL PERIOD 1981 TO 2010
CLIMATE RECORD PERIOD 1897 TO 2015


WEATHER ITEM   OBSERVED TIME   RECORD YEAR NORMAL DEPARTURE LAST
                VALUE   (LST)  VALUE       VALUE  FROM      YEAR
                                                  NORMAL
..................................................................
TEMPERATURE (F)
 TODAY
  MAXIMUM         73   1148 AM  83    1963  63     10       76
                                      1911
  MINIMUM         60    544 PM  12    1951  43     17       55
  AVERAGE         67                        53     14       66

PRECIPITATION (IN)
  TODAY            0.02          1.36 1941   0.07  -0.05      T
  MONTH TO DATE    0.02                      0.07  -0.05      T
  SINCE DEC 1      6.10                      4.69   1.41     1.17
  SINCE JAN 1      5.04                      2.29   2.75     0.45

SNOWFALL (IN)
  TODAY            0.0
  MONTH TO DATE    0.0
  SINCE DEC 1      T
  SINCE JUL 1      T
  SNOW DEPTH       0

DEGREE DAYS
 HEATING
  TODAY            0                        13    -13        0
  MONTH TO DATE    0                        13    -13        0
  SINCE DEC 1    810                       841    -31      909
  SINCE JUL 1   1100                      1053     47     1183

 COOLING
  TODAY            2                         0      2        1
  MONTH TO DATE    2                         0      2        1
  SINCE DEC 1     14                        22     -8       19
  SINCE JAN 1      5                         9     -4        4
..................................................................


WIND (MPH)
  HIGHEST WIND SPEED    17   HIGHEST WIND DIRECTION     N (350)
  HIGHEST GUST SPEED    26   HIGHEST GUST DIRECTION     N (360)
  AVERAGE WIND SPEED     6.0


SKY COVER
  AVERAGE SKY COVER 0.8


WEATHER CONDITIONS
 THE FOLLOWING WEATHER WAS RECORDED TODAY.
  LIGHT RAIN
  FOG


RELATIVE HUMIDITY (PERCENT)
 HIGHEST   100          1200 AM
 LOWEST     53           300 PM
 AVERAGE    77

..........................................................


THE AUSTIN CAMP MABRY CLIMATE NORMALS FOR TOMORROW
                         NORMAL    RECORD    YEAR
 MAXIMUM TEMPERATURE (F)   63        84      1924
 MINIMUM TEMPERATURE (F)   43         7      1951


SUNRISE AND SUNSET
FEBRUARY  1 2015......SUNRISE   722 AM CST   SUNSET   607 PM CST
FEBRUARY  2 2015......SUNRISE   721 AM CST   SUNSET   608 PM CST


-  INDICATES NEGATIVE NUMBERS.
R  INDICATES RECORD WAS SET OR TIED.
MM INDICATES DATA IS MISSING.
T  INDICATES TRACE AMOUNT.




$$
