000
CDUS44 KEWX 222350
CLIATT


CLIMATE REPORT
NATIONAL WEATHER SERVICE AUSTIN/SAN ANTONIO, TX
550 PM CST MON DEC 22 2014


...................................

...THE AUSTIN CAMP MABRY CLIMATE SUMMARY FOR DECEMBER 22 2014...
VALID TODAY AS OF 550 PM LOCAL TIME.

CLIMATE NORMAL PERIOD 1981 TO 2010
CLIMATE RECORD PERIOD 1897 TO 2014


WEATHER ITEM   OBSERVED TIME   RECORD YEAR NORMAL DEPARTURE LAST
                VALUE   (LST)  VALUE       VALUE  FROM      YEAR
                                                  NORMAL
..................................................................
TEMPERATURE (F)
 TODAY
  MAXIMUM         77    119 PM  81    1941  62     15       56
  MINIMUM         56    217 AM  12    1989  41     15       39
                                      1983
  AVERAGE         67                        51     16       48

PRECIPITATION (IN)
  TODAY            0.00          3.00 1910   0.08  -0.08     0.00
  MONTH TO DATE    0.89                      1.69  -0.80     0.72
  SINCE DEC 1      0.89                      1.69  -0.80     0.72
  SINCE JAN 1     35.36                     33.61   1.75    41.03

SNOWFALL (IN)
  TODAY            0.0
  MONTH TO DATE    0.0
  SINCE DEC 1      0.0
  SINCE JUL 1      0.0
  SNOW DEPTH       0

DEGREE DAYS
 HEATING
  TODAY            0                        14    -14       17
  MONTH TO DATE  159                       272   -113      312
  SINCE DEC 1    159                       272   -113      312
  SINCE JUL 1    449                       484    -35      586

 COOLING
  TODAY            2                         0      2        0
  MONTH TO DATE    9                         6      3       15
  SINCE DEC 1      9                         6      3       15
  SINCE JAN 1   3197                      3132     65     3464
..................................................................


WIND (MPH)
  HIGHEST WIND SPEED    12   HIGHEST WIND DIRECTION     S (190)
  HIGHEST GUST SPEED    18   HIGHEST GUST DIRECTION    SW (220)
  AVERAGE WIND SPEED     5.3


SKY COVER
  AVERAGE SKY COVER 0.5


WEATHER CONDITIONS
 THE FOLLOWING WEATHER WAS RECORDED TODAY.
  NO SIGNIFICANT WEATHER WAS OBSERVED.


RELATIVE HUMIDITY (PERCENT)
 HIGHEST    93           100 AM
 LOWEST     33           200 PM
 AVERAGE    63

..........................................................


THE AUSTIN CAMP MABRY CLIMATE NORMALS FOR TOMORROW
                         NORMAL    RECORD    YEAR
 MAXIMUM TEMPERATURE (F)   61        81      1948
 MINIMUM TEMPERATURE (F)   41         4      1989


SUNRISE AND SUNSET
DECEMBER 22 2014......SUNRISE   724 AM CST   SUNSET   535 PM CST
DECEMBER 23 2014......SUNRISE   724 AM CST   SUNSET   536 PM CST


-  INDICATES NEGATIVE NUMBERS.
R  INDICATES RECORD WAS SET OR TIED.
MM INDICATES DATA IS MISSING.
T  INDICATES TRACE AMOUNT.




$$
