000
CDUS44 KEWX 200721
CLIATT


CLIMATE REPORT
NATIONAL WEATHER SERVICE AUSTIN/SAN ANTONIO, TX
221 AM CDT WED AUG 20 2014


...................................

...THE AUSTIN CAMP MABRY CLIMATE SUMMARY FOR AUGUST 19 2014...

CLIMATE NORMAL PERIOD 1981 TO 2010
CLIMATE RECORD PERIOD 1897 TO 2014


WEATHER ITEM   OBSERVED TIME   RECORD YEAR NORMAL DEPARTURE LAST
                VALUE   (LST)  VALUE       VALUE  FROM      YEAR
                                                  NORMAL
..................................................................
TEMPERATURE (F)
 YESTERDAY
  MAXIMUM         96    212 PM 107    2011  97     -1       98
  MINIMUM         77    628 AM  68    1913  75      2       72
                                      1900
  AVERAGE         87                        86      1

PRECIPITATION (IN)
  YESTERDAY        0.00          1.95 1951   0.08  -0.08     0.00
  MONTH TO DATE    0.05                      1.21  -1.16     0.18
  SINCE JUN 1      8.71                      7.42   1.29     4.01
  SINCE JAN 1     19.79                     20.95  -1.16    17.69

SNOWFALL (IN)
  YESTERDAY        0.0
  MONTH TO DATE    0.0
  SINCE JUN 1      0.0
  SINCE JUL 1      0.0
  SNOW DEPTH       0

DEGREE DAYS
 HEATING
  YESTERDAY        0                         0      0        0
  MONTH TO DATE    0                         0      0        0
  SINCE JUN 1      0                         0      0        0
  SINCE JUL 1      0                         0      0        0

 COOLING
  YESTERDAY       22                        21      1       20
  MONTH TO DATE  411                       399     12      458
  SINCE JUN 1   1537                      1535      2     1719
  SINCE JAN 1   2111                      2148    -37     2343
..................................................................


WIND (MPH)
  HIGHEST WIND SPEED    16   HIGHEST WIND DIRECTION    SE (150)
  HIGHEST GUST SPEED    25   HIGHEST GUST DIRECTION     S (190)
  AVERAGE WIND SPEED     7.3


SKY COVER
  AVERAGE SKY COVER 0.0


WEATHER CONDITIONS
 THE FOLLOWING WEATHER WAS RECORDED YESTERDAY.
  THUNDERSTORM


RELATIVE HUMIDITY (PERCENT)
 HIGHEST    76           600 AM
 LOWEST     34           500 PM
 AVERAGE    55

..........................................................


THE AUSTIN CAMP MABRY CLIMATE NORMALS FOR TODAY
                         NORMAL    RECORD    YEAR
 MAXIMUM TEMPERATURE (F)   97       106      2011
                                             1999
 MINIMUM TEMPERATURE (F)   75        64      1940


SUNRISE AND SUNSET
AUGUST 20 2014........SUNRISE   701 AM CDT   SUNSET   807 PM CDT
AUGUST 21 2014........SUNRISE   701 AM CDT   SUNSET   806 PM CDT


-  INDICATES NEGATIVE NUMBERS.
R  INDICATES RECORD WAS SET OR TIED.
MM INDICATES DATA IS MISSING.
T  INDICATES TRACE AMOUNT.




$$
