563
CDUS43 KABR 202334
CLIATY


CLIMATE REPORT
NATIONAL WEATHER SERVICE ABERDEEN SD
533 PM CST SAT JAN 20 2018


...................................

...THE WATERTOWN SD CLIMATE SUMMARY FOR JANUARY 20 2018...
VALID TODAY AS OF 0500 PM LOCAL TIME.

CLIMATE NORMAL PERIOD 1981 TO 2010
CLIMATE RECORD PERIOD 1898 TO 2018


WEATHER ITEM   OBSERVED TIME   RECORD YEAR NORMAL DEPARTURE LAST
                VALUE   (LST)  VALUE       VALUE  FROM      YEAR
                                                  NORMAL
..................................................................
TEMPERATURE (F)
 TODAY
  MAXIMUM         43    321 PM  56    1944  22     21       37
  MINIMUM         23    316 AM -26    1985   3     20       34
                                      1962
  AVERAGE         33                        12     21       36

PRECIPITATION (IN)
  TODAY            0.00          0.22 1982   0.02  -0.02     0.00
  MONTH TO DATE    0.04                      0.34  -0.30     0.57
  SINCE DEC 1      0.29                      0.87  -0.58     1.82
  SINCE JAN 1      0.04                      0.34  -0.30     0.57

SNOWFALL (IN)
  TODAY            0.0
  MONTH TO DATE    0.8
  SINCE OCT 1      7.2
  SINCE JUL 1      7.2
  SNOW DEPTH       0

DEGREE DAYS
 HEATING
  TODAY           32                        53    -21       29
  MONTH TO DATE 1095                      1053     42     1152
  SINCE DEC 1   2548                      2572    -24     2747
  SINCE JUL 1   4313                      4512   -199     4118

 COOLING
  TODAY            0                         0      0        0
  MONTH TO DATE    0                         0      0        0
  SINCE DEC 1      0                         0      0        0
  SINCE JAN 1      0                         0      0        0
..................................................................


WIND (MPH)
  HIGHEST WIND SPEED     9   HIGHEST WIND DIRECTION    NW (330)
  HIGHEST GUST SPEED    11   HIGHEST GUST DIRECTION    NW (330)
  AVERAGE WIND SPEED     3.6


SKY COVER
  POSSIBLE SUNSHINE  MM
  AVERAGE SKY COVER 0.7


WEATHER CONDITIONS
 THE FOLLOWING WEATHER WAS RECORDED TODAY.
  NO SIGNIFICANT WEATHER WAS OBSERVED.


RELATIVE HUMIDITY (PERCENT)
 HIGHEST   100           200 AM
 LOWEST     65           200 PM
 AVERAGE    83

..........................................................


THE WATERTOWN SD CLIMATE NORMALS FOR TOMORROW
                         NORMAL    RECORD    YEAR
 MAXIMUM TEMPERATURE (F)   22        50      1933
 MINIMUM TEMPERATURE (F)    3       -30      1954


SUNRISE AND SUNSET
JANUARY 20 2018.......SUNRISE   800 AM CST   SUNSET   520 PM CST
JANUARY 21 2018.......SUNRISE   759 AM CST   SUNSET   521 PM CST


-  INDICATES NEGATIVE NUMBERS.
R  INDICATES RECORD WAS SET OR TIED.
MM INDICATES DATA IS MISSING.
T  INDICATES TRACE AMOUNT.




$$
