000
CDUS43 KABR 312228
CLIATY


CLIMATE REPORT
NATIONAL WEATHER SERVICE ABERDEEN SD
527 PM CDT TUE MAY 31 2016


...................................

...THE WATERTOWN SD CLIMATE SUMMARY FOR MAY 31 2016...
VALID TODAY AS OF 0500 PM LOCAL TIME.

CLIMATE NORMAL PERIOD 1981 TO 2010
CLIMATE RECORD PERIOD 1898 TO 2016


WEATHER ITEM   OBSERVED TIME   RECORD YEAR NORMAL DEPARTURE LAST
                VALUE   (LST)  VALUE       VALUE  FROM      YEAR
                                                  NORMAL
..................................................................
TEMPERATURE (F)
 TODAY
  MAXIMUM         71    238 PM 101    1934  72     -1       62
  MINIMUM         58    723 AM  31    1964  50      8       38
  AVERAGE         65                        61      4       50

PRECIPITATION (IN)
  TODAY            0.00          3.26 1945   0.10  -0.10      T
  MONTH TO DATE    2.10                      2.64  -0.54     4.61
  SINCE MAR 1      4.62                      5.77  -1.15     5.35
  SINCE JAN 1      5.65                      6.85  -1.20     6.00

SNOWFALL (IN)
  TODAY            0.0
  MONTH TO DATE    0.0
  SINCE OCT 1     28.7
  SINCE JUL 1     28.7
  SNOW DEPTH       0

DEGREE DAYS
 HEATING
  TODAY            0                         6     -6       15
  MONTH TO DATE  217                       295    -78      322
  SINCE MAR 1   1568                      2036   -468     1804
  SINCE JUL 1   6887                      8447  -1560     8196

 COOLING
  TODAY            0                         1     -1        0
  MONTH TO DATE   24                        20      4        8
  SINCE MAR 1     24                        22      2        8
  SINCE JAN 1     24                        22      2        8
..................................................................


WIND (MPH)
  HIGHEST WIND SPEED    25   HIGHEST WIND DIRECTION    SW (240)
  HIGHEST GUST SPEED    33   HIGHEST GUST DIRECTION     W (250)
  AVERAGE WIND SPEED    15.5


SKY COVER
  POSSIBLE SUNSHINE  MM
  AVERAGE SKY COVER 0.4


WEATHER CONDITIONS
 THE FOLLOWING WEATHER WAS RECORDED TODAY.
  NO SIGNIFICANT WEATHER WAS OBSERVED.


RELATIVE HUMIDITY (PERCENT)
 HIGHEST    90           100 AM
 LOWEST     40           200 PM
 AVERAGE    65

..........................................................


THE WATERTOWN SD CLIMATE NORMALS FOR TOMORROW
                         NORMAL    RECORD    YEAR
 MAXIMUM TEMPERATURE (F)   72        94      1940
 MINIMUM TEMPERATURE (F)   50        33      1956


SUNRISE AND SUNSET
MAY 31 2016...........SUNRISE   546 AM CDT   SUNSET   907 PM CDT
JUNE  1 2016..........SUNRISE   545 AM CDT   SUNSET   908 PM CDT


-  INDICATES NEGATIVE NUMBERS.
R  INDICATES RECORD WAS SET OR TIED.
MM INDICATES DATA IS MISSING.
T  INDICATES TRACE AMOUNT.




$$
