000
CDUS43 KABR 241047
CLIATY


CLIMATE REPORT
NATIONAL WEATHER SERVICE ABERDEEN SD
447 AM CST MON NOV 24 2014


...................................

...THE WATERTOWN SD CLIMATE SUMMARY FOR NOVEMBER 23 2014...

CLIMATE NORMAL PERIOD 1981 TO 2010
CLIMATE RECORD PERIOD 1898 TO 2014


WEATHER ITEM   OBSERVED TIME   RECORD YEAR NORMAL DEPARTURE LAST
                VALUE   (LST)  VALUE       VALUE  FROM      YEAR
                                                  NORMAL
..................................................................
TEMPERATURE (F)
 YESTERDAY
  MAXIMUM         39    615 AM  54    1912  34      5       15
  MINIMUM         17   1159 PM -15    1898  16      1       -4
  AVERAGE         28                        25      3        6

PRECIPITATION (IN)
  YESTERDAY        0.00          0.30 1962   0.03  -0.03     0.00
  MONTH TO DATE    0.69                      0.62   0.07      T
  SINCE SEP 1      2.14                      5.18  -3.04     7.33
  SINCE JAN 1     15.76                     21.41  -5.65    24.15

SNOWFALL (IN)
  YESTERDAY        0.0
  MONTH TO DATE    9.9
  SINCE OCT 1      9.9
  SINCE JUL 1      9.9
  SNOW DEPTH       5

DEGREE DAYS
 HEATING
  YESTERDAY       37                        40     -3       59
  MONTH TO DATE  884                       763    121      769
  SINCE SEP 1   1612                      1590     22     1484
  SINCE JUL 1   1666                      1647     19     1535

 COOLING
  YESTERDAY        0                         0      0        0
  MONTH TO DATE    0                         0      0        0
  SINCE SEP 1     36                        41     -5      104
  SINCE JAN 1    369                       515   -146      618
..................................................................


WIND (MPH)
  HIGHEST WIND SPEED    30   HIGHEST WIND DIRECTION    NW (320)
  HIGHEST GUST SPEED    37   HIGHEST GUST DIRECTION    NW (320)
  AVERAGE WIND SPEED    15.9


SKY COVER
  POSSIBLE SUNSHINE  MM
  AVERAGE SKY COVER 0.9


WEATHER CONDITIONS
 THE FOLLOWING WEATHER WAS RECORDED YESTERDAY.
  NO SIGNIFICANT WEATHER WAS OBSERVED.


RELATIVE HUMIDITY (PERCENT)
 HIGHEST    96          1200 AM
 LOWEST     70           200 PM
 AVERAGE    83

..........................................................


THE WATERTOWN SD CLIMATE NORMALS FOR TODAY
                         NORMAL    RECORD    YEAR
 MAXIMUM TEMPERATURE (F)   34        61      1984
 MINIMUM TEMPERATURE (F)   16       -17      1985


SUNRISE AND SUNSET
NOVEMBER 24 2014......SUNRISE   738 AM CST   SUNSET   452 PM CST
NOVEMBER 25 2014......SUNRISE   739 AM CST   SUNSET   452 PM CST


-  INDICATES NEGATIVE NUMBERS.
R  INDICATES RECORD WAS SET OR TIED.
MM INDICATES DATA IS MISSING.
T  INDICATES TRACE AMOUNT.




$$
