000
CDUS43 KABR 290910
CLIATY


CLIMATE REPORT
NATIONAL WEATHER SERVICE ABERDEEN SD
409 AM CDT MON MAY 29 2017


...................................

...THE WATERTOWN SD CLIMATE SUMMARY FOR MAY 28 2017...

CLIMATE NORMAL PERIOD 1981 TO 2010
CLIMATE RECORD PERIOD 1898 TO 2017


WEATHER ITEM   OBSERVED TIME   RECORD YEAR NORMAL DEPARTURE LAST
                VALUE   (LST)  VALUE       VALUE  FROM      YEAR
                                                  NORMAL
..................................................................
TEMPERATURE (F)
 YESTERDAY
  MAXIMUM         72    311 PM 102    1934  71      1       65
  MINIMUM         45   1159 PM  31    1965  49     -4       54
  AVERAGE         59                        60     -1       60

PRECIPITATION (IN)
  YESTERDAY        0.02          1.40 1972   0.10  -0.08     0.03
  MONTH TO DATE    2.10                      2.35  -0.25     1.44
  SINCE MAR 1      4.17                      5.48  -1.31     3.96
  SINCE JAN 1      4.95                      6.56  -1.61     4.99

DEGREE DAYS
 HEATING
  YESTERDAY        6                         6      0        5
  MONTH TO DATE  284                       277      7      217
  SINCE MAR 1   1991                      2017    -26     1568
  SINCE JUL 1   7592                      8428   -836     6887

 COOLING
  YESTERDAY        0                         1     -1        0
  MONTH TO DATE   11                        17     -6       20
  SINCE MAR 1     11                        19     -8       20
  SINCE JAN 1     11                        19     -8       20
..................................................................


WIND (MPH)
  HIGHEST WIND SPEED    36   HIGHEST WIND DIRECTION    NW (320)
  HIGHEST GUST SPEED    46   HIGHEST GUST DIRECTION    NW (320)
  AVERAGE WIND SPEED    11.4


SKY COVER
  POSSIBLE SUNSHINE  MM
  AVERAGE SKY COVER 0.3


WEATHER CONDITIONS
 THE FOLLOWING WEATHER WAS RECORDED YESTERDAY.
  THUNDERSTORM
  LIGHT RAIN
  HAZE


RELATIVE HUMIDITY (PERCENT)
 HIGHEST    86           500 AM
 LOWEST     33           200 PM
 AVERAGE    60

..........................................................


THE WATERTOWN SD CLIMATE NORMALS FOR TODAY
                         NORMAL    RECORD    YEAR
 MAXIMUM TEMPERATURE (F)   71        97      1934
 MINIMUM TEMPERATURE (F)   49        31      1930


SUNRISE AND SUNSET
MAY 29 2017...........SUNRISE   547 AM CDT   SUNSET   906 PM CDT
MAY 30 2017...........SUNRISE   546 AM CDT   SUNSET   906 PM CDT


-  INDICATES NEGATIVE NUMBERS.
R  INDICATES RECORD WAS SET OR TIED.
MM INDICATES DATA IS MISSING.
T  INDICATES TRACE AMOUNT.




$$
