000
CDUS43 KABR 272231
CLIATY


CLIMATE REPORT
NATIONAL WEATHER SERVICE ABERDEEN SD
530 PM CDT TUE SEP 27 2016


...................................

...THE WATERTOWN SD CLIMATE SUMMARY FOR SEPTEMBER 27 2016...
VALID TODAY AS OF 0500 PM LOCAL TIME.

CLIMATE NORMAL PERIOD 1981 TO 2010
CLIMATE RECORD PERIOD 1898 TO 2016


WEATHER ITEM   OBSERVED TIME   RECORD YEAR NORMAL DEPARTURE LAST
                VALUE   (LST)  VALUE       VALUE  FROM      YEAR
                                                  NORMAL
..................................................................
TEMPERATURE (F)
 TODAY
  MAXIMUM         70    334 PM  93    1956  66      4       84
  MINIMUM         44    647 AM  20    1942  42      2       58
  AVERAGE         57                        54      3       71

PRECIPITATION (IN)
  TODAY            0.00          1.07 2013   0.08  -0.08     0.00
  MONTH TO DATE    2.06                      2.41  -0.35     0.26
  SINCE SEP 1      2.06                      2.41  -0.35     0.26
  SINCE JAN 1     18.70                     18.64   0.06    18.20

SNOWFALL (IN)
  TODAY            0.0
  MONTH TO DATE    0.0
  SINCE OCT 1     28.7
  SINCE JUL 1      0.0
  SNOW DEPTH       0

DEGREE DAYS
 HEATING
  TODAY            8                        11     -3        0
  MONTH TO DATE   83                       182    -99       73
  SINCE SEP 1     83                       182    -99       73
  SINCE JUL 1    109                       239   -130      135

 COOLING
  TODAY            0                         0      0        6
  MONTH TO DATE   36                        37     -1      106
  SINCE SEP 1     36                        37     -1      106
  SINCE JAN 1    721                       511    210      583
..................................................................


WIND (MPH)
  HIGHEST WIND SPEED    22   HIGHEST WIND DIRECTION    NW (320)
  HIGHEST GUST SPEED    26   HIGHEST GUST DIRECTION    NW (310)
  AVERAGE WIND SPEED    11.2


SKY COVER
  POSSIBLE SUNSHINE  MM
  AVERAGE SKY COVER 0.0


WEATHER CONDITIONS
 THE FOLLOWING WEATHER WAS RECORDED TODAY.
  NO SIGNIFICANT WEATHER WAS OBSERVED.


RELATIVE HUMIDITY (PERCENT)
 HIGHEST    76           600 AM
 LOWEST     25           400 PM
 AVERAGE    51

..........................................................


THE WATERTOWN SD CLIMATE NORMALS FOR TOMORROW
                         NORMAL    RECORD    YEAR
 MAXIMUM TEMPERATURE (F)   65        87      2011
                                             1922
 MINIMUM TEMPERATURE (F)   42        19      1942


SUNRISE AND SUNSET
SEPTEMBER 27 2016.....SUNRISE   722 AM CDT   SUNSET   716 PM CDT
SEPTEMBER 28 2016.....SUNRISE   724 AM CDT   SUNSET   714 PM CDT


-  INDICATES NEGATIVE NUMBERS.
R  INDICATES RECORD WAS SET OR TIED.
MM INDICATES DATA IS MISSING.
T  INDICATES TRACE AMOUNT.




$$
