000
CDUS43 KABR 271036
CLIATY


CLIMATE REPORT
NATIONAL WEATHER SERVICE ABERDEEN SD
536 AM CDT WED AUG 27 2014


...................................

...THE WATERTOWN SD CLIMATE SUMMARY FOR AUGUST 26 2014...

CLIMATE NORMAL PERIOD 1981 TO 2010
CLIMATE RECORD PERIOD 1898 TO 2014


WEATHER ITEM   OBSERVED TIME   RECORD YEAR NORMAL DEPARTURE LAST
                VALUE   (LST)  VALUE       VALUE  FROM      YEAR
                                                  NORMAL
..................................................................
TEMPERATURE (F)
 YESTERDAY
  MAXIMUM         67    525 PM 100    1973  78    -11       91
  MINIMUM         45    621 AM  37    1914  55    -10       72
  AVERAGE         56                        67    -11       82

PRECIPITATION (IN)
  YESTERDAY        0.00          1.48 1921   0.09  -0.09     0.00
  MONTH TO DATE    2.68                      2.36   0.32     0.48
  SINCE JUN 1      8.53                      8.96  -0.43     8.78
  SINCE JAN 1     13.40                     15.81  -2.41    16.77

DEGREE DAYS
 HEATING
  YESTERDAY        9                         2      7        0
  MONTH TO DATE   18                        30    -12       19
  SINCE JUN 1    116                       125     -9      139
  SINCE JUL 1     53                        47      6       51

 COOLING
  YESTERDAY        0                         4     -4       17
  MONTH TO DATE   99                       133    -34      136
  SINCE JUN 1    281                       435   -154      422
  SINCE JAN 1    322                       457   -135      444
..................................................................


WIND (MPH)
  HIGHEST WIND SPEED    12   HIGHEST WIND DIRECTION     E (80)
  HIGHEST GUST SPEED    14   HIGHEST GUST DIRECTION     E (70)
  AVERAGE WIND SPEED     3.9


SKY COVER
  POSSIBLE SUNSHINE  MM
  AVERAGE SKY COVER 0.3


WEATHER CONDITIONS
 THE FOLLOWING WEATHER WAS RECORDED YESTERDAY.
  NO SIGNIFICANT WEATHER WAS OBSERVED.


RELATIVE HUMIDITY (PERCENT)
 HIGHEST   100           300 AM
 LOWEST     63          1200 PM
 AVERAGE    82

..........................................................


THE WATERTOWN SD CLIMATE NORMALS FOR TODAY
                         NORMAL    RECORD    YEAR
 MAXIMUM TEMPERATURE (F)   78       100      1973
 MINIMUM TEMPERATURE (F)   55        38      1914


SUNRISE AND SUNSET
AUGUST 27 2014........SUNRISE   645 AM CDT   SUNSET   814 PM CDT
AUGUST 28 2014........SUNRISE   646 AM CDT   SUNSET   813 PM CDT


-  INDICATES NEGATIVE NUMBERS.
R  INDICATES RECORD WAS SET OR TIED.
MM INDICATES DATA IS MISSING.
T  INDICATES TRACE AMOUNT.




$$
