000
CDUS43 KABR 260914
CLIATY


CLIMATE REPORT
NATIONAL WEATHER SERVICE ABERDEEN SD
413 AM CDT FRI AUG 26 2016


...................................

...THE WATERTOWN SD CLIMATE SUMMARY FOR AUGUST 25 2016...

CLIMATE NORMAL PERIOD 1981 TO 2010
CLIMATE RECORD PERIOD 1898 TO 2016


WEATHER ITEM   OBSERVED TIME   RECORD YEAR NORMAL DEPARTURE LAST
                VALUE   (LST)  VALUE       VALUE  FROM      YEAR
                                                  NORMAL
..................................................................
TEMPERATURE (F)
 YESTERDAY
  MAXIMUM         69    543 PM  98    1926  78     -9       73
  MINIMUM         52   1151 PM  37    1934  56     -4       39
  AVERAGE         61                        67     -6       56

PRECIPITATION (IN)
  YESTERDAY        0.00          1.35 1960   0.09  -0.09     0.00
  MONTH TO DATE    6.97                      2.27   4.70     5.37
  SINCE JUN 1     10.98                      8.87   2.11    11.87
  SINCE JAN 1     16.63                     15.72   0.91    17.87

DEGREE DAYS
 HEATING
  YESTERDAY        4                         2      2        9
  MONTH TO DATE    9                        28    -19       45
  SINCE JUN 1     46                       123    -77       85
  SINCE JUL 1     21                        45    -24       58

 COOLING
  YESTERDAY        0                         4     -4        0
  MONTH TO DATE  179                       129     50      121
  SINCE JUN 1    623                       431    192      441
  SINCE JAN 1    647                       453    194      449
..................................................................


WIND (MPH)
  HIGHEST WIND SPEED    18   HIGHEST WIND DIRECTION     W (260)
  HIGHEST GUST SPEED    24   HIGHEST GUST DIRECTION    NW (330)
  AVERAGE WIND SPEED     9.2


SKY COVER
  POSSIBLE SUNSHINE  MM
  AVERAGE SKY COVER 0.2


WEATHER CONDITIONS
 THE FOLLOWING WEATHER WAS RECORDED YESTERDAY.
  NO SIGNIFICANT WEATHER WAS OBSERVED.


RELATIVE HUMIDITY (PERCENT)
 HIGHEST    93          1200 AM
 LOWEST     52           600 PM
 AVERAGE    73

..........................................................


THE WATERTOWN SD CLIMATE NORMALS FOR TODAY
                         NORMAL    RECORD    YEAR
 MAXIMUM TEMPERATURE (F)   78       100      1973
 MINIMUM TEMPERATURE (F)   55        37      1914


SUNRISE AND SUNSET
AUGUST 26 2016........SUNRISE   644 AM CDT   SUNSET   815 PM CDT
AUGUST 27 2016........SUNRISE   645 AM CDT   SUNSET   814 PM CDT


-  INDICATES NEGATIVE NUMBERS.
R  INDICATES RECORD WAS SET OR TIED.
MM INDICATES DATA IS MISSING.
T  INDICATES TRACE AMOUNT.




$$
