000
CDUS43 KABR 311040
CLIATY


CLIMATE REPORT
NATIONAL WEATHER SERVICE ABERDEEN SD
539 AM CDT THU JUL 31 2014


...................................

...THE WATERTOWN SD CLIMATE SUMMARY FOR JULY 30 2014...

CLIMATE NORMAL PERIOD 1981 TO 2010
CLIMATE RECORD PERIOD 1898 TO 2014


WEATHER ITEM   OBSERVED TIME   RECORD YEAR NORMAL DEPARTURE LAST
                VALUE   (LST)  VALUE       VALUE  FROM      YEAR
                                                  NORMAL
..................................................................
TEMPERATURE (F)
 YESTERDAY
  MAXIMUM         78    356 PM 108    1933  82     -4       75
  MINIMUM         50    559 AM  37    1971  60    -10       60
  AVERAGE         64                        71     -7       68

PRECIPITATION (IN)
  YESTERDAY        0.00          2.06 1956   0.10  -0.10      T
  MONTH TO DATE    1.25                      2.92  -1.67     2.67
  SINCE JUN 1      5.85                      6.50  -0.65     8.18
  SINCE JAN 1     10.72                     13.35  -2.63    16.17

DEGREE DAYS
 HEATING
  YESTERDAY        1                         1      0        0
  MONTH TO DATE   35                        17     18       32
  SINCE JUN 1     98                        95      3      120
  SINCE JUL 1     35                        17     18       32

 COOLING
  YESTERDAY        0                         6     -6        3
  MONTH TO DATE  119                       202    -83      195
  SINCE JUN 1    180                       298   -118      284
  SINCE JAN 1    221                       320    -99      306
..................................................................


WIND (MPH)
  HIGHEST WIND SPEED    12   HIGHEST WIND DIRECTION     N (10)
  HIGHEST GUST SPEED    17   HIGHEST GUST DIRECTION    NW (320)
  AVERAGE WIND SPEED     3.5


SKY COVER
  POSSIBLE SUNSHINE  MM
  AVERAGE SKY COVER 0.1


WEATHER CONDITIONS
 THE FOLLOWING WEATHER WAS RECORDED YESTERDAY.
  NO SIGNIFICANT WEATHER WAS OBSERVED.


RELATIVE HUMIDITY (PERCENT)
 HIGHEST    93           600 AM
 LOWEST     42           400 PM
 AVERAGE    68

..........................................................


THE WATERTOWN SD CLIMATE NORMALS FOR TODAY
                         NORMAL    RECORD    YEAR
 MAXIMUM TEMPERATURE (F)   82       104      1988
 MINIMUM TEMPERATURE (F)   59        41      1903


SUNRISE AND SUNSET
JULY 31 2014..........SUNRISE   613 AM CDT   SUNSET   856 PM CDT
AUGUST  1 2014........SUNRISE   614 AM CDT   SUNSET   855 PM CDT


-  INDICATES NEGATIVE NUMBERS.
R  INDICATES RECORD WAS SET OR TIED.
MM INDICATES DATA IS MISSING.
T  INDICATES TRACE AMOUNT.




$$
