000
CDUS43 KABR 301035
CLIATY


CLIMATE REPORT
NATIONAL WEATHER SERVICE ABERDEEN SD
534 AM CDT SUN AUG 30 2015


...................................

...THE WATERTOWN SD CLIMATE SUMMARY FOR AUGUST 29 2015...

CLIMATE NORMAL PERIOD 1981 TO 2010
CLIMATE RECORD PERIOD 1898 TO 2015


WEATHER ITEM   OBSERVED TIME   RECORD YEAR NORMAL DEPARTURE LAST
                VALUE   (LST)  VALUE       VALUE  FROM      YEAR
                                                  NORMAL
..................................................................
TEMPERATURE (F)
 YESTERDAY
  MAXIMUM         79    404 PM  97    1961  77      2       78
                                      1961
  MINIMUM         56    707 AM  35    1911  55      1       63
  AVERAGE         68                        66      2       71

PRECIPITATION (IN)
  YESTERDAY        0.00          2.03 1928   0.08  -0.08      T
  MONTH TO DATE    5.44                      2.61   2.83     2.90
  SINCE JUN 1     11.94                      9.21   2.73     8.75
  SINCE JAN 1     17.94                     16.06   1.88    13.62

DEGREE DAYS
 HEATING
  YESTERDAY        0                         2     -2        0
  MONTH TO DATE   49                        36     13       19
  SINCE JUN 1     89                       131    -42      117
  SINCE JUL 1     62                        53      9       54

 COOLING
  YESTERDAY        3                         3      0        6
  MONTH TO DATE  133                       143    -10      106
  SINCE JUN 1    453                       445      8      288
  SINCE JAN 1    461                       467     -6      329
..................................................................


WIND (MPH)
  HIGHEST WIND SPEED    15   HIGHEST WIND DIRECTION     S (200)
  HIGHEST GUST SPEED    19   HIGHEST GUST DIRECTION     S (200)
  AVERAGE WIND SPEED     9.4


SKY COVER
  POSSIBLE SUNSHINE  MM
  AVERAGE SKY COVER 0.0


WEATHER CONDITIONS
 THE FOLLOWING WEATHER WAS RECORDED YESTERDAY.
  NO SIGNIFICANT WEATHER WAS OBSERVED.


RELATIVE HUMIDITY (PERCENT)
 HIGHEST   100           500 AM
 LOWEST     64           200 PM
 AVERAGE    82

..........................................................


THE WATERTOWN SD CLIMATE NORMALS FOR TODAY
                         NORMAL    RECORD    YEAR
 MAXIMUM TEMPERATURE (F)   77        95      1930
 MINIMUM TEMPERATURE (F)   54        36      1915


SUNRISE AND SUNSET
AUGUST 30 2015........SUNRISE   648 AM CDT   SUNSET   810 PM CDT
AUGUST 31 2015........SUNRISE   649 AM CDT   SUNSET   808 PM CDT


-  INDICATES NEGATIVE NUMBERS.
R  INDICATES RECORD WAS SET OR TIED.
MM INDICATES DATA IS MISSING.
T  INDICATES TRACE AMOUNT.




$$
