510
CDUS43 KABR 261033
CLIATY


CLIMATE REPORT
NATIONAL WEATHER SERVICE ABERDEEN SD
433 AM CST SUN FEB 26 2017


...................................

...THE WATERTOWN SD CLIMATE SUMMARY FOR FEBRUARY 25 2017...

CLIMATE NORMAL PERIOD 1981 TO 2010
CLIMATE RECORD PERIOD 1898 TO 2017


WEATHER ITEM   OBSERVED TIME   RECORD YEAR NORMAL DEPARTURE LAST
                VALUE   (LST)  VALUE       VALUE  FROM      YEAR
                                                  NORMAL
..................................................................
TEMPERATURE (F)
 YESTERDAY
  MAXIMUM         35    257 PM  63    1958  31      4       31
  MINIMUM         10    511 AM -18    1919  12     -2       19
  AVERAGE         23                        21      2       25

PRECIPITATION (IN)
  YESTERDAY        T             0.22 2007   0.03  -0.03     0.00
  MONTH TO DATE    0.11                      0.48  -0.37     0.39
  SINCE DEC 1      2.02                      1.53   0.49     1.19
  SINCE JAN 1      0.77                      1.00  -0.23     0.87

SNOWFALL (IN)
  YESTERDAY        T
  MONTH TO DATE    T
  SINCE OCT 1     27.5
  SINCE JUL 1     27.5
  SNOW DEPTH       0

DEGREE DAYS
 HEATING
  YESTERDAY       42                        44     -2       40
  MONTH TO DATE  950                      1200   -250     1059
  SINCE DEC 1   4124                      4342   -218     3834
  SINCE JUL 1   5495                      6282   -787     5193

 COOLING
  YESTERDAY        0                         0      0        0
  MONTH TO DATE    0                         0      0        0
  SINCE DEC 1      0                         0      0        0
  SINCE JAN 1      0                         0      0        0
..................................................................


WIND (MPH)
  HIGHEST WIND SPEED    22   HIGHEST WIND DIRECTION    SW (210)
  HIGHEST GUST SPEED    29   HIGHEST GUST DIRECTION    SW (210)
  AVERAGE WIND SPEED    11.8


SKY COVER
  POSSIBLE SUNSHINE  MM
  AVERAGE SKY COVER 0.4


WEATHER CONDITIONS
 THE FOLLOWING WEATHER WAS RECORDED YESTERDAY.
  LIGHT SNOW
  FOG


RELATIVE HUMIDITY (PERCENT)
 HIGHEST    92           500 AM
 LOWEST     51           200 PM
 AVERAGE    72

..........................................................


THE WATERTOWN SD CLIMATE NORMALS FOR TODAY
                         NORMAL    RECORD    YEAR
 MAXIMUM TEMPERATURE (F)   31        56      1902
 MINIMUM TEMPERATURE (F)   12       -18      1962


SUNRISE AND SUNSET
FEBRUARY 26 2017......SUNRISE   711 AM CST   SUNSET   612 PM CST
FEBRUARY 27 2017......SUNRISE   709 AM CST   SUNSET   614 PM CST


-  INDICATES NEGATIVE NUMBERS.
R  INDICATES RECORD WAS SET OR TIED.
MM INDICATES DATA IS MISSING.
T  INDICATES TRACE AMOUNT.




$$
