000
CDUS43 KABR 061009
CLIATY


CLIMATE REPORT
NATIONAL WEATHER SERVICE ABERDEEN SD
408 AM CST SAT FEB 6 2016


...................................

...THE WATERTOWN SD CLIMATE SUMMARY FOR FEBRUARY 5 2016...

CLIMATE NORMAL PERIOD 1981 TO 2010
CLIMATE RECORD PERIOD 1898 TO 2016


WEATHER ITEM   OBSERVED TIME   RECORD YEAR NORMAL DEPARTURE LAST
                VALUE   (LST)  VALUE       VALUE  FROM      YEAR
                                                  NORMAL
..................................................................
TEMPERATURE (F)
 YESTERDAY
  MAXIMUM         29    456 PM  55    1963  25      4       25
  MINIMUM         11    152 AM -31    1936   5      6       -7
  AVERAGE         20                        14      6        9

PRECIPITATION (IN)
  YESTERDAY        T             1.18 1946   0.02  -0.02     0.00
  MONTH TO DATE    0.01                      0.08  -0.07     0.06
  SINCE DEC 1      0.81                      1.13  -0.32     1.10
  SINCE JAN 1      0.49                      0.60  -0.11     0.46

SNOWFALL (IN)
  YESTERDAY        T
  MONTH TO DATE    0.3
  SINCE OCT 1     20.6
  SINCE JUL 1     20.6
  SNOW DEPTH       4

DEGREE DAYS
 HEATING
  YESTERDAY       45                        50     -5       56
  MONTH TO DATE  224                       254    -30      305
  SINCE DEC 1   2999                      3396   -397     3108
  SINCE JUL 1   4358                      5336   -978     5189

 COOLING
  YESTERDAY        0                         0      0        0
  MONTH TO DATE    0                         0      0        0
  SINCE DEC 1      0                         0      0        0
  SINCE JAN 1      0                         0      0        0
..................................................................


WIND (MPH)
  HIGHEST WIND SPEED    15   HIGHEST WIND DIRECTION     S (200)
  HIGHEST GUST SPEED    18   HIGHEST GUST DIRECTION     S (170)
  AVERAGE WIND SPEED     8.1


SKY COVER
  POSSIBLE SUNSHINE  MM
  AVERAGE SKY COVER 0.6


WEATHER CONDITIONS
 THE FOLLOWING WEATHER WAS RECORDED YESTERDAY.
  LIGHT SNOW
  FOG
  FOG W/VISIBILITY <= 1/4 MILE
  HAZE


RELATIVE HUMIDITY (PERCENT)
 HIGHEST    92           900 PM
 LOWEST     68          1100 AM
 AVERAGE    80

..........................................................


THE WATERTOWN SD CLIMATE NORMALS FOR TODAY
                         NORMAL    RECORD    YEAR
 MAXIMUM TEMPERATURE (F)   25        53      1987
 MINIMUM TEMPERATURE (F)    5       -26      1899


SUNRISE AND SUNSET
FEBRUARY  6 2016......SUNRISE   743 AM CST   SUNSET   543 PM CST
FEBRUARY  7 2016......SUNRISE   741 AM CST   SUNSET   545 PM CST


-  INDICATES NEGATIVE NUMBERS.
R  INDICATES RECORD WAS SET OR TIED.
MM INDICATES DATA IS MISSING.
T  INDICATES TRACE AMOUNT.




$$
