000
CDUS43 KABR 221037
CLIATY


CLIMATE REPORT
NATIONAL WEATHER SERVICE ABERDEEN SD
536 AM CDT MON SEP 22 2014


...................................

...THE WATERTOWN SD CLIMATE SUMMARY FOR SEPTEMBER 21 2014...

CLIMATE NORMAL PERIOD 1981 TO 2010
CLIMATE RECORD PERIOD 1898 TO 2014


WEATHER ITEM   OBSERVED TIME   RECORD YEAR NORMAL DEPARTURE LAST
                VALUE   (LST)  VALUE       VALUE  FROM      YEAR
                                                  NORMAL
..................................................................
TEMPERATURE (F)
 YESTERDAY
  MAXIMUM         68    340 PM  97    1936  68      0       71
  MINIMUM         45   1113 PM  23    1934  45      0       36
  AVERAGE         57                        57      0       54

PRECIPITATION (IN)
  YESTERDAY        0.00          1.24 1977   0.08  -0.08     0.00
  MONTH TO DATE    0.55                      1.92  -1.37     1.27
  SINCE SEP 1      0.55                      1.92  -1.37     1.27
  SINCE JAN 1     14.17                     18.15  -3.98    18.09

DEGREE DAYS
 HEATING
  YESTERDAY        8                         9     -1       11
  MONTH TO DATE  158                       120     38       68
  SINCE SEP 1    158                       120     38       68
  SINCE JUL 1    212                       177     35      119

 COOLING
  YESTERDAY        0                         1     -1        0
  MONTH TO DATE   18                        37    -19       89
  SINCE SEP 1     18                        37    -19       89
  SINCE JAN 1    351                       511   -160      603
..................................................................


WIND (MPH)
  HIGHEST WIND SPEED    21   HIGHEST WIND DIRECTION     N (360)
  HIGHEST GUST SPEED    26   HIGHEST GUST DIRECTION     N (340)
  AVERAGE WIND SPEED    10.2


SKY COVER
  POSSIBLE SUNSHINE  MM
  AVERAGE SKY COVER 0.1


WEATHER CONDITIONS
 THE FOLLOWING WEATHER WAS RECORDED YESTERDAY.
  NO SIGNIFICANT WEATHER WAS OBSERVED.


RELATIVE HUMIDITY (PERCENT)
 HIGHEST    86           600 AM
 LOWEST     42           300 PM
 AVERAGE    64

..........................................................


THE WATERTOWN SD CLIMATE NORMALS FOR TODAY
                         NORMAL    RECORD    YEAR
 MAXIMUM TEMPERATURE (F)   68        99      1936
 MINIMUM TEMPERATURE (F)   45        21      1974


SUNRISE AND SUNSET
SEPTEMBER 22 2014.....SUNRISE   716 AM CDT   SUNSET   726 PM CDT
SEPTEMBER 23 2014.....SUNRISE   717 AM CDT   SUNSET   724 PM CDT


-  INDICATES NEGATIVE NUMBERS.
R  INDICATES RECORD WAS SET OR TIED.
MM INDICATES DATA IS MISSING.
T  INDICATES TRACE AMOUNT.




$$
