000
CDUS43 KABR 261036
CLIATY


CLIMATE REPORT
NATIONAL WEATHER SERVICE ABERDEEN SD
536 AM CDT WED JUL 26 2017


...................................

...THE WATERTOWN SD CLIMATE SUMMARY FOR JULY 25 2017...

CLIMATE NORMAL PERIOD 1981 TO 2010
CLIMATE RECORD PERIOD 1898 TO 2017


WEATHER ITEM   OBSERVED TIME   RECORD YEAR NORMAL DEPARTURE LAST
                VALUE   (LST)  VALUE       VALUE  FROM      YEAR
                                                  NORMAL
..................................................................
TEMPERATURE (F)
 YESTERDAY
  MAXIMUM         89    359 PM 105    1931  83      6       88
  MINIMUM         66    540 AM  43    1904  60      6       59
  AVERAGE         78                        71      7       74

PRECIPITATION (IN)
  YESTERDAY        0.01          2.61 1953   0.09  -0.08     0.00
  MONTH TO DATE    3.21                      2.43   0.78     2.17
  SINCE JUN 1      6.95                      6.01   0.94     3.70
  SINCE JAN 1     11.90                     12.86  -0.96     9.35

DEGREE DAYS
 HEATING
  YESTERDAY        0                         1     -1        0
  MONTH TO DATE    1                        12    -11       12
  SINCE JUN 1     49                        90    -41       37
  SINCE JUL 1      1                        12    -11       12

 COOLING
  YESTERDAY       13                         7      6        9
  MONTH TO DATE  186                       168     18      201
  SINCE JUN 1    291                       264     27      400
  SINCE JAN 1    302                       286     16      424
..................................................................


WIND (MPH)
  HIGHEST WIND SPEED    23   HIGHEST WIND DIRECTION     S (170)
  HIGHEST GUST SPEED    27   HIGHEST GUST DIRECTION     S (160)
  AVERAGE WIND SPEED     9.4


SKY COVER
  POSSIBLE SUNSHINE  MM
  AVERAGE SKY COVER 0.3


WEATHER CONDITIONS
 THE FOLLOWING WEATHER WAS RECORDED YESTERDAY.
  THUNDERSTORM
  LIGHT RAIN


RELATIVE HUMIDITY (PERCENT)
 HIGHEST    93           400 AM
 LOWEST     59           300 PM
 AVERAGE    76

..........................................................


THE WATERTOWN SD CLIMATE NORMALS FOR TODAY
                         NORMAL    RECORD    YEAR
 MAXIMUM TEMPERATURE (F)   83       106      1930
 MINIMUM TEMPERATURE (F)   60        45      1911


SUNRISE AND SUNSET
JULY 26 2017..........SUNRISE   608 AM CDT   SUNSET   902 PM CDT
JULY 27 2017..........SUNRISE   609 AM CDT   SUNSET   901 PM CDT


-  INDICATES NEGATIVE NUMBERS.
R  INDICATES RECORD WAS SET OR TIED.
MM INDICATES DATA IS MISSING.
T  INDICATES TRACE AMOUNT.




$$
