000
CDUS41 KGYX 272147
CLIAUG


CLIMATE REPORT
NATIONAL WEATHER SERVICE GRAY ME
447 PM EST SAT DEC 27 2014


...................................

...THE AUGUSTA CLIMATE SUMMARY FOR DECEMBER 27 2014...
VALID TODAY AS OF 0400 PM LOCAL TIME.

CLIMATE NORMAL PERIOD 1981 TO 2010
CLIMATE RECORD PERIOD 1948 TO 2014


WEATHER ITEM   OBSERVED TIME   RECORD YEAR NORMAL DEPARTURE LAST
                VALUE   (LST)  VALUE       VALUE  FROM      YEAR
                                                  NORMAL
..................................................................
TEMPERATURE (F)
 TODAY
  MAXIMUM         47    259 PM  MM      MM  30     17       28
  MINIMUM         34    715 AM  MM      MM  14     20       13
  AVERAGE         41                        22     19       21

PRECIPITATION (IN)
  TODAY            0.00         MM      MM   0.09  -0.09     0.00
  MONTH TO DATE    4.18                      2.89   1.29     2.21
  SINCE DEC 1      4.18                      2.89   1.29     2.21
  SINCE JAN 1     42.68                     41.53   1.15    41.94

DEGREE DAYS
 HEATING
  TODAY           24                        43    -19       44
  MONTH TO DATE  944                      1034    -90     1170
  SINCE DEC 1    944                      1034    -90     1170
  SINCE JUL 1   2433                      2582   -149     2679

 COOLING
  TODAY            0                         0      0        0
  MONTH TO DATE    0                         0      0        0
  SINCE DEC 1      0                         0      0        0
  SINCE JAN 1    371                       388    -17      428
..................................................................


WIND (MPH)
  HIGHEST WIND SPEED    13   HIGHEST WIND DIRECTION     W (260)
  HIGHEST GUST SPEED    17   HIGHEST GUST DIRECTION     W (270)
  AVERAGE WIND SPEED     5.3


SKY COVER
  AVERAGE SKY COVER 0.3


WEATHER CONDITIONS
 THE FOLLOWING WEATHER WAS RECORDED TODAY.
  NO SIGNIFICANT WEATHER WAS OBSERVED.


RELATIVE HUMIDITY (PERCENT)
 HIGHEST    75           700 AM
 LOWEST     45           300 PM
 AVERAGE    60

..........................................................


THE AUGUSTA CLIMATE NORMALS FOR TOMORROW
                         NORMAL
 MAXIMUM TEMPERATURE (F)   30
 MINIMUM TEMPERATURE (F)   14


SUNRISE AND SUNSET
DECEMBER 27 2014......SUNRISE   714 AM EST   SUNSET   406 PM EST
DECEMBER 28 2014......SUNRISE   714 AM EST   SUNSET   407 PM EST


-  INDICATES NEGATIVE NUMBERS.
R  INDICATES RECORD WAS SET OR TIED.
MM INDICATES DATA IS MISSING.
T  INDICATES TRACE AMOUNT.




$$
