456
CDUS41 KGYX 022157
CLIAUG


CLIMATE REPORT
NATIONAL WEATHER SERVICE GRAY ME
457 PM EST FRI DEC 2 2016


...................................

...THE AUGUSTA CLIMATE SUMMARY FOR DECEMBER 2 2016...
VALID TODAY AS OF 0400 PM LOCAL TIME.

CLIMATE NORMAL PERIOD 1981 TO 2010
CLIMATE RECORD PERIOD 1948 TO 2016


WEATHER ITEM   OBSERVED TIME   RECORD YEAR NORMAL DEPARTURE LAST
                VALUE   (LST)  VALUE       VALUE  FROM      YEAR
                                                  NORMAL
..................................................................
TEMPERATURE (F)
 TODAY
  MAXIMUM         48    130 PM  55    1970  39      9       41
  MINIMUM         33    643 AM   4    1989  25      8       33
  AVERAGE         41                        32      9       37

PRECIPITATION (IN)
  TODAY            0.00          1.60 1996   0.12  -0.12     0.39
  MONTH TO DATE    1.24                      0.24   1.00     0.47
  SINCE DEC 1      1.24                      0.24   1.00     0.47
  SINCE JAN 1     32.52                     38.88  -6.36    34.95

DEGREE DAYS
 HEATING
  TODAY           24                        34    -10       28
  MONTH TO DATE   50                        67    -17       65
  SINCE DEC 1     50                        67    -17       65
  SINCE JUL 1   1368                      1615   -247     1443

 COOLING
  TODAY            0                         0      0        0
  MONTH TO DATE    0                         0      0        0
  SINCE DEC 1      0                         0      0        0
  SINCE JAN 1    530                       388    142      457
..................................................................


WIND (MPH)
  HIGHEST WIND SPEED    10   HIGHEST WIND DIRECTION     W (270)
  HIGHEST GUST SPEED    15   HIGHEST GUST DIRECTION     W (280)
  AVERAGE WIND SPEED     4.5


SKY COVER
  AVERAGE SKY COVER 0.4


WEATHER CONDITIONS
 THE FOLLOWING WEATHER WAS RECORDED TODAY.
  NO SIGNIFICANT WEATHER WAS OBSERVED.


RELATIVE HUMIDITY (PERCENT)
 HIGHEST    89           600 AM
 LOWEST     53           100 PM
 AVERAGE    71

..........................................................


THE AUGUSTA CLIMATE NORMALS FOR TOMORROW
                         NORMAL    RECORD    YEAR
 MAXIMUM TEMPERATURE (F)   38        65      2009
 MINIMUM TEMPERATURE (F)   24         2      1976


SUNRISE AND SUNSET
DECEMBER  2 2016......SUNRISE   656 AM EST   SUNSET   401 PM EST
DECEMBER  3 2016......SUNRISE   658 AM EST   SUNSET   401 PM EST


-  INDICATES NEGATIVE NUMBERS.
R  INDICATES RECORD WAS SET OR TIED.
MM INDICATES DATA IS MISSING.
T  INDICATES TRACE AMOUNT.




$$
