000
CDUS41 KGYX 242153
CLIAUG


CLIMATE REPORT
NATIONAL WEATHER SERVICE GRAY ME
453 PM EST FRI NOV 24 2017


...................................

...THE AUGUSTA CLIMATE SUMMARY FOR NOVEMBER 24 2017...
VALID TODAY AS OF 0400 PM LOCAL TIME.

CLIMATE NORMAL PERIOD 1981 TO 2010
CLIMATE RECORD PERIOD 1948 TO 2017


WEATHER ITEM   OBSERVED TIME   RECORD YEAR NORMAL DEPARTURE LAST
                VALUE   (LST)  VALUE       VALUE  FROM      YEAR
                                                  NORMAL
..................................................................
TEMPERATURE (F)
 TODAY
  MAXIMUM         46    207 PM  58    2014  42      4       35
  MINIMUM         28    712 AM   5    1989  28      0       27
  AVERAGE         37                        35      2       31

PRECIPITATION (IN)
  TODAY            0.00          0.98 1959   0.14  -0.14      T
  MONTH TO DATE    2.13                      3.56  -1.43     2.21
  SINCE SEP 1     12.40                     11.66   0.74     8.34
  SINCE JAN 1     37.59                     37.84  -0.25    29.92

DEGREE DAYS
 HEATING
  TODAY           28                        30     -2       34
  MONTH TO DATE  662                       623     39      555
  SINCE SEP 1   1011                      1316   -305     1113
  SINCE JUL 1   1052                      1358   -306     1138

 COOLING
  TODAY            0                         0      0        0
  MONTH TO DATE    0                         0      0        0
  SINCE SEP 1     86                        31     55       73
  SINCE JAN 1    446                       388     58      530
..................................................................


WIND (MPH)
  HIGHEST WIND SPEED     9   HIGHEST WIND DIRECTION     S (180)
  HIGHEST GUST SPEED    13   HIGHEST GUST DIRECTION     S (180)
  AVERAGE WIND SPEED     4.8


SKY COVER
  AVERAGE SKY COVER 0.5


WEATHER CONDITIONS
 THE FOLLOWING WEATHER WAS RECORDED TODAY.
  NO SIGNIFICANT WEATHER WAS OBSERVED.


RELATIVE HUMIDITY (PERCENT)
 HIGHEST    69           100 AM
 LOWEST     49           100 PM
 AVERAGE    59

..........................................................


THE AUGUSTA CLIMATE NORMALS FOR TOMORROW
                         NORMAL    RECORD    YEAR
 MAXIMUM TEMPERATURE (F)   41        63      1953
 MINIMUM TEMPERATURE (F)   27         8      2000


SUNRISE AND SUNSET
NOVEMBER 24 2017......SUNRISE   647 AM EST   SUNSET   405 PM EST
NOVEMBER 25 2017......SUNRISE   648 AM EST   SUNSET   404 PM EST


-  INDICATES NEGATIVE NUMBERS.
R  INDICATES RECORD WAS SET OR TIED.
MM INDICATES DATA IS MISSING.
T  INDICATES TRACE AMOUNT.




$$
