000
CDUS41 KGYX 272041
CLIAUG


CLIMATE REPORT
NATIONAL WEATHER SERVICE GRAY ME
441 PM EDT THU AUG 27 2015


...................................

...THE AUGUSTA CLIMATE SUMMARY FOR AUGUST 27 2015...
VALID TODAY AS OF 0400 PM LOCAL TIME.

CLIMATE NORMAL PERIOD 1981 TO 2010
CLIMATE RECORD PERIOD 1948 TO 2015


WEATHER ITEM   OBSERVED TIME   RECORD YEAR NORMAL DEPARTURE LAST
                VALUE   (LST)  VALUE       VALUE  FROM      YEAR
                                                  NORMAL
..................................................................
TEMPERATURE (F)
 TODAY
  MAXIMUM         76    256 PM  MM      MM  76      0       87
  MINIMUM         59    534 AM  39    1954  57      2       62
  AVERAGE         68                        66      2       75

PRECIPITATION (IN)
  TODAY            0.00         MM      MM   0.10  -0.10     0.26
  MONTH TO DATE    4.55                      2.91   1.64     5.10
  SINCE JUN 1     12.78                      9.89   2.89    16.38
  SINCE JAN 1     22.46                     25.78  -3.32    30.50

DEGREE DAYS
 HEATING
  TODAY            0                         2     -2        0
  MONTH TO DATE    0                        17    -17       11
  SINCE JUN 1    169                       127     42       89
  SINCE JUL 1     18                        33    -15       13

 COOLING
  TODAY            3                         3      0       10
  MONTH TO DATE  147                       115     32       83
  SINCE JUN 1    307                       336    -29      307
  SINCE JAN 1    341                       345     -4      307
..................................................................


WIND (MPH)
  HIGHEST WIND SPEED    12   HIGHEST WIND DIRECTION     W (280)
  HIGHEST GUST SPEED    17   HIGHEST GUST DIRECTION    NW (310)
  AVERAGE WIND SPEED     5.8


SKY COVER
  AVERAGE SKY COVER 0.4


WEATHER CONDITIONS
 THE FOLLOWING WEATHER WAS RECORDED TODAY.
  NO SIGNIFICANT WEATHER WAS OBSERVED.


RELATIVE HUMIDITY (PERCENT)
 HIGHEST    97           300 AM
 LOWEST     50           200 PM
 AVERAGE    74

..........................................................


THE AUGUSTA CLIMATE NORMALS FOR TOMORROW
                         NORMAL
 MAXIMUM TEMPERATURE (F)   76
 MINIMUM TEMPERATURE (F)   57


SUNRISE AND SUNSET
AUGUST 27 2015........SUNRISE   556 AM EDT   SUNSET   725 PM EDT
AUGUST 28 2015........SUNRISE   557 AM EDT   SUNSET   723 PM EDT


-  INDICATES NEGATIVE NUMBERS.
R  INDICATES RECORD WAS SET OR TIED.
MM INDICATES DATA IS MISSING.
T  INDICATES TRACE AMOUNT.




$$
