903
CDUS41 KGYX 290808
CLIAUG


CLIMATE REPORT
NATIONAL WEATHER SERVICE GRAY ME
408 AM EDT MON MAY 29 2017


...................................

...THE AUGUSTA CLIMATE SUMMARY FOR MAY 28 2017...

CLIMATE NORMAL PERIOD 1981 TO 2010
CLIMATE RECORD PERIOD 1948 TO 2017


WEATHER ITEM   OBSERVED TIME   RECORD YEAR NORMAL DEPARTURE LAST
                VALUE   (LST)  VALUE       VALUE  FROM      YEAR
                                                  NORMAL
..................................................................
TEMPERATURE (F)
 YESTERDAY
  MAXIMUM         69    110 PM  90    2016  69      0       90
  MINIMUM         44    528 AM  39    1994  48     -4       52
  AVERAGE         57                        58     -1       71

PRECIPITATION (IN)
  YESTERDAY        0.00          1.00 1951   0.12  -0.12     0.00
  MONTH TO DATE    4.65                      3.34   1.31     1.44
  SINCE MAR 1     12.12                     10.50   1.62     7.66
  SINCE JAN 1     18.60                     15.54   3.06    13.53

DEGREE DAYS
 HEATING
  YESTERDAY        8                         7      1        0
  MONTH TO DATE  331                       302     29      278
  SINCE MAR 1   2079                      1963    116     1900
  SINCE JUL 1   6891                      7306   -415     6579

 COOLING
  YESTERDAY        0                         1     -1        6
  MONTH TO DATE   11                         4      7        8
  SINCE MAR 1     11                         4      7        8
  SINCE JAN 1     11                         4      7        8
..................................................................


WIND (MPH)
  HIGHEST WIND SPEED    13   HIGHEST WIND DIRECTION     S (160)
  HIGHEST GUST SPEED    20   HIGHEST GUST DIRECTION     S (170)
  AVERAGE WIND SPEED     5.6


SKY COVER
  AVERAGE SKY COVER 0.3


WEATHER CONDITIONS
 THE FOLLOWING WEATHER WAS RECORDED YESTERDAY.
  FOG
  FOG W/VISIBILITY <= 1/4 MILE


RELATIVE HUMIDITY (PERCENT)
 HIGHEST   100           300 AM
 LOWEST     51           100 PM
 AVERAGE    76

..........................................................


THE AUGUSTA CLIMATE NORMALS FOR TODAY
                         NORMAL    RECORD    YEAR
 MAXIMUM TEMPERATURE (F)   69        89      1998
 MINIMUM TEMPERATURE (F)   49        36      2014


SUNRISE AND SUNSET
MAY 29 2017...........SUNRISE   500 AM EDT   SUNSET   814 PM EDT
MAY 30 2017...........SUNRISE   459 AM EDT   SUNSET   815 PM EDT


-  INDICATES NEGATIVE NUMBERS.
R  INDICATES RECORD WAS SET OR TIED.
MM INDICATES DATA IS MISSING.
T  INDICATES TRACE AMOUNT.




$$
