000
CDUS41 KGYX 220812
CLIAUG


CLIMATE REPORT
NATIONAL WEATHER SERVICE GRAY ME
412 AM EDT MON SEP 22 2014


...................................

...THE AUGUSTA CLIMATE SUMMARY FOR SEPTEMBER 21 2014...

CLIMATE NORMAL PERIOD 1981 TO 2010
CLIMATE RECORD PERIOD 1948 TO 2014


WEATHER ITEM   OBSERVED TIME   NORMAL DEPARTURE LAST
                VALUE   (LST)  VALUE  FROM      YEAR
                                      NORMAL
......................................................
TEMPERATURE (F)
 YESTERDAY
  MAXIMUM         69    254 PM  68      1       66
  MINIMUM         55    331 AM  49      6       53
  AVERAGE         62            58      4       60

PRECIPITATION (IN)
  YESTERDAY        0.14          0.13   0.01     0.00
  MONTH TO DATE    0.59          2.51  -1.92     6.86
  SINCE SEP 1      0.59          2.51  -1.92     6.86
  SINCE JAN 1     31.22         28.69   2.53    34.00

DEGREE DAYS
 HEATING
  YESTERDAY        3             7     -4        5
  MONTH TO DATE  137            94     43      108
  SINCE SEP 1    137            94     43      108
  SINCE JUL 1    156           136     20      121

 COOLING
  YESTERDAY        0             0      0        0
  MONTH TO DATE   45            27     18       37
  SINCE SEP 1     45            27     18       37
  SINCE JAN 1    359           384    -25      428
......................................................


WIND (MPH)
  HIGHEST WIND SPEED    15   HIGHEST WIND DIRECTION     S (190)
  HIGHEST GUST SPEED    24   HIGHEST GUST DIRECTION     S (170)
  AVERAGE WIND SPEED     6.3


SKY COVER
  AVERAGE SKY COVER 0.9


WEATHER CONDITIONS
 THE FOLLOWING WEATHER WAS RECORDED YESTERDAY.
  RAIN
  LIGHT RAIN
  FOG
  FOG W/VISIBILITY <= 1/4 MILE


RELATIVE HUMIDITY (PERCENT)
 HIGHEST   100           500 PM
 LOWEST     84           200 PM
 AVERAGE    92

..........................................................


THE AUGUSTA CLIMATE NORMALS FOR TODAY
                         NORMAL
 MAXIMUM TEMPERATURE (F)   67
 MINIMUM TEMPERATURE (F)   48


SUNRISE AND SUNSET
SEPTEMBER 22 2014.....SUNRISE   626 AM EDT   SUNSET   637 PM EDT
SEPTEMBER 23 2014.....SUNRISE   627 AM EDT   SUNSET   635 PM EDT


-  INDICATES NEGATIVE NUMBERS.
R  INDICATES RECORD WAS SET OR TIED.
MM INDICATES DATA IS MISSING.
T  INDICATES TRACE AMOUNT.




$$
