000
CDUS41 KGYX 210832
CLIAUG


CLIMATE REPORT
NATIONAL WEATHER SERVICE GRAY ME
432 AM EDT FRI JUL 21 2017


...................................

...THE AUGUSTA CLIMATE SUMMARY FOR JULY 20 2017...

CLIMATE NORMAL PERIOD 1981 TO 2010
CLIMATE RECORD PERIOD 1948 TO 2017


WEATHER ITEM   OBSERVED TIME   RECORD YEAR NORMAL DEPARTURE LAST
                VALUE   (LST)  VALUE       VALUE  FROM      YEAR
                                                  NORMAL
..................................................................
TEMPERATURE (F)
 YESTERDAY
  MAXIMUM         86   1209 PM  98    1991  80      6       79
  MINIMUM         68    508 AM  50    2000  60      8       57
  AVERAGE         77                        70      7       68

PRECIPITATION (IN)
  YESTERDAY        0.17          1.73 2008   0.11   0.06     0.00
  MONTH TO DATE    1.09                      2.16  -1.07     1.36
  SINCE JUN 1      3.13                      5.72  -2.59     5.10
  SINCE JAN 1     22.08                     21.61   0.47    18.67

DEGREE DAYS
 HEATING
  YESTERDAY        0                         0      0        0
  MONTH TO DATE    7                        12     -5       21
  SINCE JUN 1     85                       106    -21       99
  SINCE JUL 1      7                        12     -5       21

 COOLING
  YESTERDAY       12                         5      7        3
  MONTH TO DATE  113                        95     18      103
  SINCE JUN 1    194                       159     35      138
  SINCE JAN 1    205                       168     37      153
..................................................................


WIND (MPH)
  HIGHEST WIND SPEED    23   HIGHEST WIND DIRECTION     N (20)
  HIGHEST GUST SPEED    30   HIGHEST GUST DIRECTION     N (10)
  AVERAGE WIND SPEED     3.4


SKY COVER
  AVERAGE SKY COVER 0.3


WEATHER CONDITIONS
 THE FOLLOWING WEATHER WAS RECORDED YESTERDAY.
  THUNDERSTORM
  RAIN
  LIGHT RAIN


RELATIVE HUMIDITY (PERCENT)
 HIGHEST    90           300 AM
 LOWEST     51          1200 PM
 AVERAGE    71

..........................................................


THE AUGUSTA CLIMATE NORMALS FOR TODAY
                         NORMAL    RECORD    YEAR
 MAXIMUM TEMPERATURE (F)   80        94      1994
 MINIMUM TEMPERATURE (F)   60        51      1966


SUNRISE AND SUNSET
JULY 21 2017..........SUNRISE   515 AM EDT   SUNSET   816 PM EDT
JULY 22 2017..........SUNRISE   516 AM EDT   SUNSET   815 PM EDT


-  INDICATES NEGATIVE NUMBERS.
R  INDICATES RECORD WAS SET OR TIED.
MM INDICATES DATA IS MISSING.
T  INDICATES TRACE AMOUNT.




$$
