000
CDUS41 KGYX 260914
CLIAUG


CLIMATE REPORT
NATIONAL WEATHER SERVICE GRAY ME
414 AM EST MON JAN 26 2015


...................................

...THE AUGUSTA CLIMATE SUMMARY FOR JANUARY 25 2015...

CLIMATE NORMAL PERIOD 1981 TO 2010
CLIMATE RECORD PERIOD 1948 TO 2015


WEATHER ITEM   OBSERVED TIME   RECORD YEAR NORMAL DEPARTURE LAST
                VALUE   (LST)  VALUE       VALUE  FROM      YEAR
                                                  NORMAL
..................................................................
TEMPERATURE (F)
 YESTERDAY
  MAXIMUM         32    927 AM  MM      MM  28      4       33
  MINIMUM          6   1159 PM  MM      MM  11     -5        4
  AVERAGE         19                        19      0       19

PRECIPITATION (IN)
  YESTERDAY        T            MM      MM   0.08  -0.08     0.03
  MONTH TO DATE    1.14                      2.11  -0.97     3.06
  SINCE DEC 1      5.62                      5.35   0.27     5.68
  SINCE JAN 1      1.14                      2.11  -0.97     3.06

DEGREE DAYS
 HEATING
  YESTERDAY       46                        46      0       46
  MONTH TO DATE 1194                      1141     53     1134
  SINCE DEC 1   2300                      2348    -48     2498
  SINCE JUL 1   3789                      3896   -107     4007

 COOLING
  YESTERDAY        0                         0      0        0
  MONTH TO DATE    0                         0      0        0
  SINCE DEC 1      0                         0      0        0
  SINCE JAN 1      0                         0      0        0
..................................................................


WIND (MPH)
  HIGHEST WIND SPEED    25   HIGHEST WIND DIRECTION     W (290)
  HIGHEST GUST SPEED    38   HIGHEST GUST DIRECTION     W (290)
  AVERAGE WIND SPEED    12.0


SKY COVER
  AVERAGE SKY COVER 0.3


WEATHER CONDITIONS
 THE FOLLOWING WEATHER WAS RECORDED YESTERDAY.
  LIGHT SNOW
  HAZE


RELATIVE HUMIDITY (PERCENT)
 HIGHEST    78           900 AM
 LOWEST     38           100 PM
 AVERAGE    58

..........................................................


THE AUGUSTA CLIMATE NORMALS FOR TODAY
                         NORMAL
 MAXIMUM TEMPERATURE (F)   28
 MINIMUM TEMPERATURE (F)   11


SUNRISE AND SUNSET
JANUARY 26 2015.......SUNRISE   704 AM EST   SUNSET   440 PM EST
JANUARY 27 2015.......SUNRISE   703 AM EST   SUNSET   441 PM EST


-  INDICATES NEGATIVE NUMBERS.
R  INDICATES RECORD WAS SET OR TIED.
MM INDICATES DATA IS MISSING.
T  INDICATES TRACE AMOUNT.




$$
