000
CDUS41 KGYX 290804
CLIAUG


CLIMATE REPORT
NATIONAL WEATHER SERVICE GRAY ME
404 AM EDT FRI APR 29 2016


...................................

...THE AUGUSTA CLIMATE SUMMARY FOR APRIL 28 2016...

CLIMATE NORMAL PERIOD 1981 TO 2010
CLIMATE RECORD PERIOD 1948 TO 2016


WEATHER ITEM   OBSERVED TIME   RECORD YEAR NORMAL DEPARTURE LAST
                VALUE   (LST)  VALUE       VALUE  FROM      YEAR
                                                  NORMAL
..................................................................
TEMPERATURE (F)
 YESTERDAY
  MAXIMUM         50    506 PM  90    2009  59     -9       57
  MINIMUM         27    425 AM  26    1966  39    -12       39
  AVERAGE         39                        49    -10       48

PRECIPITATION (IN)
  YESTERDAY        0.00          1.41 2005   0.13  -0.13     0.01
  MONTH TO DATE    2.72                      3.52  -0.80     4.34
  SINCE MAR 1      6.22                      6.89  -0.67     5.51
  SINCE JAN 1     12.09                     11.93   0.16     7.78

DEGREE DAYS
 HEATING
  YESTERDAY       26                        16     10       17
  MONTH TO DATE  645                       603     42      636
  SINCE MAR 1   1578                      1629    -51     1812
  SINCE JUL 1   6257                      6972   -715     7439

 COOLING
  YESTERDAY        0                         0      0        0
  MONTH TO DATE    0                         0      0        0
  SINCE MAR 1      0                         0      0        0
  SINCE JAN 1      0                         0      0        0
..................................................................


WIND (MPH)
  HIGHEST WIND SPEED    20   HIGHEST WIND DIRECTION    NW (310)
  HIGHEST GUST SPEED    33   HIGHEST GUST DIRECTION    NW (330)
  AVERAGE WIND SPEED     7.4


SKY COVER
  AVERAGE SKY COVER 0.0


WEATHER CONDITIONS
 THE FOLLOWING WEATHER WAS RECORDED YESTERDAY.
  NO SIGNIFICANT WEATHER WAS OBSERVED.


RELATIVE HUMIDITY (PERCENT)
 HIGHEST    69           500 AM
 LOWEST     21           400 PM
 AVERAGE    45

..........................................................


THE AUGUSTA CLIMATE NORMALS FOR TODAY
                         NORMAL    RECORD    YEAR
 MAXIMUM TEMPERATURE (F)   59        76      1986
 MINIMUM TEMPERATURE (F)   39        30      1961


SUNRISE AND SUNSET
APRIL 29 2016.........SUNRISE   532 AM EDT   SUNSET   741 PM EDT
APRIL 30 2016.........SUNRISE   531 AM EDT   SUNSET   743 PM EDT


-  INDICATES NEGATIVE NUMBERS.
R  INDICATES RECORD WAS SET OR TIED.
MM INDICATES DATA IS MISSING.
T  INDICATES TRACE AMOUNT.




$$
