000
CDUS41 KGYX 230813
CLIAUG


CLIMATE REPORT
NATIONAL WEATHER SERVICE GRAY ME
412 AM EDT THU OCT 23 2014


...................................

...THE AUGUSTA CLIMATE SUMMARY FOR OCTOBER 22 2014...

CLIMATE NORMAL PERIOD 1981 TO 2010
CLIMATE RECORD PERIOD 1948 TO 2014


WEATHER ITEM   OBSERVED TIME   NORMAL DEPARTURE LAST
                VALUE   (LST)  VALUE  FROM      YEAR
                                      NORMAL
......................................................
TEMPERATURE (F)
 YESTERDAY
  MAXIMUM         48   1153 AM  55     -7       60
  MINIMUM         44   1101 PM  38      6       42
  AVERAGE         46            46      0       51

PRECIPITATION (IN)
  YESTERDAY        0.36          0.15   0.21     0.05
  MONTH TO DATE    3.17          3.06   0.11     0.99
  SINCE SEP 1      3.76          6.80  -3.04     8.50
  SINCE JAN 1     34.39         32.98   1.41    35.64

DEGREE DAYS
 HEATING
  YESTERDAY       19            19      0       14
  MONTH TO DATE  246           332    -86      218
  SINCE SEP 1    441           510    -69      406
  SINCE JUL 1    460           552    -92      419

 COOLING
  YESTERDAY        0             0      0        0
  MONTH TO DATE    4             0      4        0
  SINCE SEP 1     57            30     27       37
  SINCE JAN 1    371           387    -16      428
......................................................


WIND (MPH)
  HIGHEST WIND SPEED    29   HIGHEST WIND DIRECTION    NE (30)
  HIGHEST GUST SPEED    41   HIGHEST GUST DIRECTION    NE (40)
  AVERAGE WIND SPEED    16.8


SKY COVER
  AVERAGE SKY COVER 1.0


WEATHER CONDITIONS
 THE FOLLOWING WEATHER WAS RECORDED YESTERDAY.
  RAIN
  LIGHT RAIN
  FOG


RELATIVE HUMIDITY (PERCENT)
 HIGHEST    92          1200 AM
 LOWEST     86          1100 AM
 AVERAGE    89

..........................................................


THE AUGUSTA CLIMATE NORMALS FOR TODAY
                         NORMAL
 MAXIMUM TEMPERATURE (F)   54
 MINIMUM TEMPERATURE (F)   37


SUNRISE AND SUNSET
OCTOBER 23 2014.......SUNRISE   704 AM EDT   SUNSET   542 PM EDT
OCTOBER 24 2014.......SUNRISE   706 AM EDT   SUNSET   540 PM EDT


-  INDICATES NEGATIVE NUMBERS.
R  INDICATES RECORD WAS SET OR TIED.
MM INDICATES DATA IS MISSING.
T  INDICATES TRACE AMOUNT.




$$
