894
CDUS41 KGYX 260809
CLIAUG


CLIMATE REPORT
NATIONAL WEATHER SERVICE GRAY ME
408 AM EDT THU MAY 26 2016


...................................

...THE AUGUSTA CLIMATE SUMMARY FOR MAY 25 2016...

CLIMATE NORMAL PERIOD 1981 TO 2010
CLIMATE RECORD PERIOD 1948 TO 2016


WEATHER ITEM   OBSERVED TIME   RECORD YEAR NORMAL DEPARTURE LAST
                VALUE   (LST)  VALUE       VALUE  FROM      YEAR
                                                  NORMAL
..................................................................
TEMPERATURE (F)
 YESTERDAY
  MAXIMUM         76    239 PM  91    2010  68      8       79
  MINIMUM         53    505 AM  32    1956  47      6       57
  AVERAGE         65                        58      7       68

PRECIPITATION (IN)
  YESTERDAY        T             0.96 1979   0.13  -0.13      T
  MONTH TO DATE    1.40                      2.99  -1.59     1.25
  SINCE MAR 1      7.62                     10.15  -2.53     6.78
  SINCE JAN 1     13.49                     15.19  -1.70     9.05

DEGREE DAYS
 HEATING
  YESTERDAY        0                         8     -8        0
  MONTH TO DATE  273                       280     -7      188
  SINCE MAR 1   1895                      1941    -46     2030
  SINCE JUL 1   6574                      7284   -710     7657

 COOLING
  YESTERDAY        0                         1     -1        3
  MONTH TO DATE    0                         1     -1        8
  SINCE MAR 1      0                         1     -1        8
  SINCE JAN 1      0                         1     -1        8
..................................................................


WIND (MPH)
  HIGHEST WIND SPEED    12   HIGHEST WIND DIRECTION     S (160)
  HIGHEST GUST SPEED    16   HIGHEST GUST DIRECTION     S (180)
  AVERAGE WIND SPEED     4.5


SKY COVER
  AVERAGE SKY COVER 0.5


WEATHER CONDITIONS
 THE FOLLOWING WEATHER WAS RECORDED YESTERDAY.
  LIGHT RAIN
  FOG
  FOG W/VISIBILITY <= 1/4 MILE


RELATIVE HUMIDITY (PERCENT)
 HIGHEST   100          1200 AM
 LOWEST     53           200 PM
 AVERAGE    77

..........................................................


THE AUGUSTA CLIMATE NORMALS FOR TODAY
                         NORMAL    RECORD    YEAR
 MAXIMUM TEMPERATURE (F)   68        88      2010
 MINIMUM TEMPERATURE (F)   48        32      1992


SUNRISE AND SUNSET
MAY 26 2016...........SUNRISE   502 AM EDT   SUNSET   811 PM EDT
MAY 27 2016...........SUNRISE   501 AM EDT   SUNSET   812 PM EDT


-  INDICATES NEGATIVE NUMBERS.
R  INDICATES RECORD WAS SET OR TIED.
MM INDICATES DATA IS MISSING.
T  INDICATES TRACE AMOUNT.




$$
