000
CDUS44 KEWX 232232
CLIAUS


CLIMATE REPORT
NATIONAL WEATHER SERVICE AUSTIN/SAN ANTONIO, TX
532 PM CDT MON OCT 23 2017


...................................

...THE AUSTIN BERGSTROM CLIMATE SUMMARY FOR OCTOBER 23 2017...
VALID TODAY AS OF 0532 PM LOCAL TIME.

CLIMATE NORMAL PERIOD 1981 TO 2010
CLIMATE RECORD PERIOD 1943 TO 2017


WEATHER ITEM   OBSERVED TIME   RECORD YEAR NORMAL DEPARTURE LAST
                VALUE   (LST)  VALUE       VALUE  FROM      YEAR
                                                  NORMAL
..................................................................
TEMPERATURE (F)
 TODAY
  MAXIMUM         81    352 PM  92    2003  80      1       84
                                      1991
  MINIMUM         46    406 AM  38    1945  54     -8       47
  AVERAGE         64                        67     -3       66

PRECIPITATION (IN)
  TODAY            0.00          3.43 2004   0.16  -0.16     0.01
  MONTH TO DATE    1.65                      3.11  -1.46     0.26
  SINCE SEP 1      5.46                      5.65  -0.19     3.43
  SINCE JAN 1     36.72                     28.36   8.36    48.31

SNOWFALL (IN)
  TODAY            0.0
  MONTH TO DATE    0.0
  SINCE SEP 1      0.0
  SINCE JUL 1      0.0
  SNOW DEPTH       0

DEGREE DAYS
 HEATING
  TODAY            1                         2     -1        0
  MONTH TO DATE   13                        27    -14        6
  SINCE SEP 1     13                        29    -16        6
  SINCE JUL 1     13                        29    -16        6

 COOLING
  TODAY            0                         4     -4        1
  MONTH TO DATE  196                       147     49      214
  SINCE SEP 1    600                       535     65      685
  SINCE JAN 1   3241                      2675    566     2942
..................................................................


WIND (MPH)
  HIGHEST WIND SPEED    13   HIGHEST WIND DIRECTION     S (180)
  HIGHEST GUST SPEED    16   HIGHEST GUST DIRECTION     S (180)
  AVERAGE WIND SPEED     4.1


SKY COVER
  AVERAGE SKY COVER 0.0


WEATHER CONDITIONS
 THE FOLLOWING WEATHER WAS RECORDED TODAY.
  FOG


RELATIVE HUMIDITY (PERCENT)
 HIGHEST   100          1200 AM
 LOWEST     30           400 PM
 AVERAGE    65

..........................................................


THE AUSTIN BERGSTROM CLIMATE NORMALS FOR TOMORROW
                         NORMAL    RECORD    YEAR
 MAXIMUM TEMPERATURE (F)   80        93      1991
 MINIMUM TEMPERATURE (F)   53        37      2008
                                             2005


SUNRISE AND SUNSET
OCTOBER 23 2017.......SUNRISE   738 AM CDT   SUNSET   651 PM CDT
OCTOBER 24 2017.......SUNRISE   739 AM CDT   SUNSET   650 PM CDT


-  INDICATES NEGATIVE NUMBERS.
R  INDICATES RECORD WAS SET OR TIED.
MM INDICATES DATA IS MISSING.
T  INDICATES TRACE AMOUNT.




$$
