000
CDUS44 KEWX 292226
CLIAUS


CLIMATE REPORT
NATIONAL WEATHER SERVICE AUSTIN/SAN ANTONIO, TX
526 PM CDT SAT AUG 29 2015


...................................

...THE AUSTIN BERGSTROM CLIMATE SUMMARY FOR AUGUST 29 2015...
VALID TODAY AS OF 0526 PM LOCAL TIME.

CLIMATE NORMAL PERIOD 1981 TO 2010
CLIMATE RECORD PERIOD 1943 TO 2015


WEATHER ITEM   OBSERVED TIME   RECORD YEAR NORMAL DEPARTURE LAST
                VALUE   (LST)  VALUE       VALUE  FROM      YEAR
                                                  NORMAL
..................................................................
TEMPERATURE (F)
 TODAY
  MAXIMUM         94    245 PM 108    2011  95     -1       96
  MINIMUM         65    633 AM  62    1992  70     -5       73
  AVERAGE         80                        82     -2       85

PRECIPITATION (IN)
  TODAY            0.00          1.34 1974   0.10  -0.10      T
  MONTH TO DATE    0.63                      1.83  -1.20      T
  SINCE JUN 1      3.85                      8.90  -5.05     3.73
  SINCE JAN 1     29.42                     22.51   6.91    15.55

SNOWFALL (IN)
  TODAY            0.0
  MONTH TO DATE    0.0
  SINCE JUN 1      0.0
  SINCE JUL 1      0.0
  SNOW DEPTH       0

DEGREE DAYS
 HEATING
  TODAY            0                         0      0        0
  MONTH TO DATE    0                         0      0        0
  SINCE JUN 1      0                         0      0        0
  SINCE JUL 1      0                         0      0        0

 COOLING
  TODAY           15                        17     -2       20
  MONTH TO DATE  571                       541     30      602
  SINCE JUN 1   1569                      1594    -25     1667
  SINCE JAN 1   2062                      2101    -39     2122
..................................................................


WIND (MPH)
  HIGHEST WIND SPEED    13   HIGHEST WIND DIRECTION    NE (60)
  HIGHEST GUST SPEED    21   HIGHEST GUST DIRECTION     S (180)
  AVERAGE WIND SPEED     3.7


SKY COVER
  AVERAGE SKY COVER 0.3


WEATHER CONDITIONS
 THE FOLLOWING WEATHER WAS RECORDED TODAY.
  NO SIGNIFICANT WEATHER WAS OBSERVED.


RELATIVE HUMIDITY (PERCENT)
 HIGHEST    93           400 AM
 LOWEST     36           200 PM
 AVERAGE    65

..........................................................


THE AUSTIN BERGSTROM CLIMATE NORMALS FOR TOMORROW
                         NORMAL    RECORD    YEAR
 MAXIMUM TEMPERATURE (F)   95       104      2013
                                             2011
                                             2000
 MINIMUM TEMPERATURE (F)   70        62      1986


SUNRISE AND SUNSET
AUGUST 29 2015........SUNRISE   706 AM CDT   SUNSET   757 PM CDT
AUGUST 30 2015........SUNRISE   706 AM CDT   SUNSET   756 PM CDT


-  INDICATES NEGATIVE NUMBERS.
R  INDICATES RECORD WAS SET OR TIED.
MM INDICATES DATA IS MISSING.
T  INDICATES TRACE AMOUNT.




$$
