000
CDUS44 KEWX 200723
CLIAUS


CLIMATE REPORT
NATIONAL WEATHER SERVICE AUSTIN/SAN ANTONIO, TX
221 AM CDT SUN APR 20 2014


...................................

...THE AUSTIN BERGSTROM CLIMATE SUMMARY FOR APRIL 19 2014...

CLIMATE NORMAL PERIOD 1981 TO 2010
CLIMATE RECORD PERIOD 1943 TO 2014


WEATHER ITEM   OBSERVED TIME   RECORD YEAR NORMAL DEPARTURE LAST
                VALUE   (LST)  VALUE       VALUE  FROM      YEAR
                                                  NORMAL
..................................................................
TEMPERATURE (F)
 YESTERDAY
  MAXIMUM         79    328 PM  99    1951  81     -2       69
  MINIMUM         47    557 AM  40    2013  56     -9       40
  AVERAGE         63                        68     -5       55

PRECIPITATION (IN)
  YESTERDAY        0.00          2.04 1949   0.07  -0.07     0.00
  MONTH TO DATE    1.65                      1.27   0.38     3.53
  SINCE MAR 1      2.84                      3.78  -0.94     4.90
  SINCE JAN 1      3.93                      8.38  -4.45     8.25

SNOWFALL (IN)
  YESTERDAY        0.0
  MONTH TO DATE    T
  SINCE MAR 1      T
  SINCE JUL 1      T
  SNOW DEPTH       0

DEGREE DAYS
 HEATING
  YESTERDAY        2                         2      0       10
  MONTH TO DATE   72                        53     19       69
  SINCE MAR 1    352                       275     77      288
  SINCE JUL 1   2169                      1890    279     1603

 COOLING
  YESTERDAY        0                         5     -5        0
  MONTH TO DATE   63                        69     -6       78
  SINCE MAR 1     95                       111    -16      127
  SINCE JAN 1    112                       127    -15      155
..................................................................


WIND (MPH)
  HIGHEST WIND SPEED    17   HIGHEST WIND DIRECTION    SE (150)
  HIGHEST GUST SPEED    22   HIGHEST GUST DIRECTION     S (160)
  AVERAGE WIND SPEED     5.4


SKY COVER
  AVERAGE SKY COVER 0.6


WEATHER CONDITIONS
 THE FOLLOWING WEATHER WAS RECORDED YESTERDAY.
  FOG
  HAZE


RELATIVE HUMIDITY (PERCENT)
 HIGHEST   100           100 AM
 LOWEST     43           200 PM
 AVERAGE    72

..........................................................


THE AUSTIN BERGSTROM CLIMATE NORMALS FOR TODAY
                         NORMAL    RECORD    YEAR
 MAXIMUM TEMPERATURE (F)   81        93      1984
 MINIMUM TEMPERATURE (F)   56        33      2013


SUNRISE AND SUNSET
APRIL 20 2014.........SUNRISE   658 AM CDT   SUNSET   801 PM CDT
APRIL 21 2014.........SUNRISE   657 AM CDT   SUNSET   802 PM CDT


-  INDICATES NEGATIVE NUMBERS.
R  INDICATES RECORD WAS SET OR TIED.
MM INDICATES DATA IS MISSING.
T  INDICATES TRACE AMOUNT.




$$
