000
CDUS44 KEWX 302242
CLIAUS


CLIMATE REPORT
NATIONAL WEATHER SERVICE AUSTIN/SAN ANTONIO, TX
542 PM CDT MON MAY 30 2016


...................................

...THE AUSTIN BERGSTROM CLIMATE SUMMARY FOR MAY 30 2016...
VALID TODAY AS OF 0542 PM LOCAL TIME.

CLIMATE NORMAL PERIOD 1981 TO 2010
CLIMATE RECORD PERIOD 1943 TO 2016


WEATHER ITEM   OBSERVED TIME   RECORD YEAR NORMAL DEPARTURE LAST
                VALUE   (LST)  VALUE       VALUE  FROM      YEAR
                                                  NORMAL
..................................................................
TEMPERATURE (F)
 TODAY
  MAXIMUM         88    344 PM 100    2003  90     -2       87
  MINIMUM         67    827 AM  53    1984  68     -1       68
  AVERAGE         78                        79     -1       78

PRECIPITATION (IN)
  TODAY            0.26          5.04 1995   0.14   0.12     0.11
  MONTH TO DATE   15.15                      3.92  11.23    13.44
  SINCE MAR 1     25.44                      8.97  16.47    19.83
  SINCE JAN 1     27.62                     13.48  14.14    25.57

SNOWFALL (IN)
  TODAY            0.0
  MONTH TO DATE    T
  SINCE MAR 1      T
  SINCE JUL 1      T
  SNOW DEPTH       0

DEGREE DAYS
 HEATING
  TODAY            0                         0      0        0
  MONTH TO DATE    3                         0      3        0
  SINCE MAR 1    146                       285   -139      265
  SINCE JUL 1   1380                      1900   -520     1979

 COOLING
  TODAY           13                        14     -1       13
  MONTH TO DATE  265                       307    -42      276
  SINCE MAR 1    471                       479     -8      482
  SINCE JAN 1    494                       495     -1      484
..................................................................


WIND (MPH)
  HIGHEST WIND SPEED    23   HIGHEST WIND DIRECTION    SE (120)
  HIGHEST GUST SPEED    28   HIGHEST GUST DIRECTION    SE (120)
  AVERAGE WIND SPEED     6.7


SKY COVER
  AVERAGE SKY COVER 0.6


WEATHER CONDITIONS
 THE FOLLOWING WEATHER WAS RECORDED TODAY.
  THUNDERSTORM
  LIGHT RAIN
  FOG


RELATIVE HUMIDITY (PERCENT)
 HIGHEST   100           300 AM
 LOWEST     40          1200 PM
 AVERAGE    70

..........................................................


THE AUSTIN BERGSTROM CLIMATE NORMALS FOR TOMORROW
                         NORMAL    RECORD    YEAR
 MAXIMUM TEMPERATURE (F)   90       100      1998
 MINIMUM TEMPERATURE (F)   68        51      1995


SUNRISE AND SUNSET
MAY 30 2016...........SUNRISE   630 AM CDT   SUNSET   827 PM CDT
MAY 31 2016...........SUNRISE   630 AM CDT   SUNSET   827 PM CDT


-  INDICATES NEGATIVE NUMBERS.
R  INDICATES RECORD WAS SET OR TIED.
MM INDICATES DATA IS MISSING.
T  INDICATES TRACE AMOUNT.




$$
