000
CDUS44 KEWX 292223
CLIAUS


CLIMATE REPORT
NATIONAL WEATHER SERVICE AUSTIN/SAN ANTONIO, TX
522 PM CDT MON SEP 29 2014


...................................

...THE AUSTIN BERGSTROM CLIMATE SUMMARY FOR SEPTEMBER 29 2014...
VALID TODAY AS OF 522 PM LOCAL TIME.

CLIMATE NORMAL PERIOD 1981 TO 2010
CLIMATE RECORD PERIOD 1943 TO 2014


WEATHER ITEM   OBSERVED TIME   RECORD YEAR NORMAL DEPARTURE LAST
                VALUE   (LST)  VALUE       VALUE  FROM      YEAR
                                                  NORMAL
..................................................................
TEMPERATURE (F)
 TODAY
  MAXIMUM         89    223 PM  99    2011  87      2       75
  MINIMUM         63    613 AM  45    1967  61      2       66
  AVERAGE         76                        74      2       71

PRECIPITATION (IN)
  TODAY            0.00          1.99 1943   0.08  -0.08     0.62
  MONTH TO DATE    3.22                      2.42   0.80     5.00
  SINCE SEP 1      3.22                      2.42   0.80     5.00
  SINCE JAN 1     18.77                     25.52  -6.75    24.22

SNOWFALL (IN)
  TODAY            0.0
  MONTH TO DATE    0.0
  SINCE SEP 1      0.0
  SINCE JUL 1      0.0
  SNOW DEPTH       0

DEGREE DAYS
 HEATING
  TODAY            0                         0      0        0
  MONTH TO DATE    1                         0      1        0
  SINCE SEP 1      1                         0      1        0
  SINCE JUL 1      1                         0      1        0

 COOLING
  TODAY           11                         9      2        6
  MONTH TO DATE  430                       378     52      464
  SINCE SEP 1    430                       378     52      464
  SINCE JAN 1   2590                      2518     72     2803
..................................................................


WIND (MPH)
  HIGHEST WIND SPEED    13   HIGHEST WIND DIRECTION    NE (40)
  HIGHEST GUST SPEED    16   HIGHEST GUST DIRECTION     N (20)
  AVERAGE WIND SPEED     4.4


SKY COVER
  AVERAGE SKY COVER 0.2


WEATHER CONDITIONS
 THE FOLLOWING WEATHER WAS RECORDED TODAY.
  NO SIGNIFICANT WEATHER WAS OBSERVED.


RELATIVE HUMIDITY (PERCENT)
 HIGHEST    93           100 AM
 LOWEST     43           200 PM
 AVERAGE    68

..........................................................


THE AUSTIN BERGSTROM CLIMATE NORMALS FOR TOMORROW
                         NORMAL    RECORD    YEAR
 MAXIMUM TEMPERATURE (F)   87        97      1953
 MINIMUM TEMPERATURE (F)   61        46      1999


SUNRISE AND SUNSET
SEPTEMBER 29 2014.....SUNRISE   723 AM CDT   SUNSET   718 PM CDT
SEPTEMBER 30 2014.....SUNRISE   723 AM CDT   SUNSET   717 PM CDT


-  INDICATES NEGATIVE NUMBERS.
R  INDICATES RECORD WAS SET OR TIED.
MM INDICATES DATA IS MISSING.
T  INDICATES TRACE AMOUNT.




$$
