000
CDUS44 KEWX 202338
CLIAUS


CLIMATE REPORT
NATIONAL WEATHER SERVICE AUSTIN/SAN ANTONIO, TX
538 PM CST SAT DEC 20 2014


...................................

...THE AUSTIN BERGSTROM CLIMATE SUMMARY FOR DECEMBER 20 2014...
VALID TODAY AS OF 0538 PM LOCAL TIME.

CLIMATE NORMAL PERIOD 1981 TO 2010
CLIMATE RECORD PERIOD 1943 TO 2014


WEATHER ITEM   OBSERVED TIME   RECORD YEAR NORMAL DEPARTURE LAST
                VALUE   (LST)  VALUE       VALUE  FROM      YEAR
                                                  NORMAL
..................................................................
TEMPERATURE (F)
 TODAY
  MAXIMUM         55    323 PM  84    1951  63     -8       74
  MINIMUM         49    919 AM  24    2003  36     13       64
                                      2000
  AVERAGE         52                        50      2       69

PRECIPITATION (IN)
  TODAY            T             3.13 1991   0.07  -0.07      T
  MONTH TO DATE    1.85                      1.44   0.41     0.27
  SINCE DEC 1      1.85                      1.44   0.41     0.27
  SINCE JAN 1     29.20                     34.34  -5.14    36.45

SNOWFALL (IN)
  TODAY           MM
  MONTH TO DATE    0.0
  SINCE DEC 1      0.0
  SINCE JUL 1      0.0
  SNOW DEPTH       0

DEGREE DAYS
 HEATING
  TODAY           13                        16     -3        0
  MONTH TO DATE  178                       286   -108      330
  SINCE DEC 1    178                       286   -108      330
  SINCE JUL 1    516                       571    -55      655

 COOLING
  TODAY            0                         0      0        4
  MONTH TO DATE    4                         5     -1        5
  SINCE DEC 1      4                         5     -1        5
  SINCE JAN 1   2832                      2746     86     3045
..................................................................


WIND (MPH)
  HIGHEST WIND SPEED    17   HIGHEST WIND DIRECTION     N (10)
  HIGHEST GUST SPEED    20   HIGHEST GUST DIRECTION     N (10)
  AVERAGE WIND SPEED     9.3


SKY COVER
  AVERAGE SKY COVER 1.0


WEATHER CONDITIONS
 THE FOLLOWING WEATHER WAS RECORDED TODAY.
  LIGHT RAIN
  FOG


RELATIVE HUMIDITY (PERCENT)
 HIGHEST    86           600 AM
 LOWEST     77          1200 PM
 AVERAGE    82

..........................................................


THE AUSTIN BERGSTROM CLIMATE NORMALS FOR TOMORROW
                         NORMAL    RECORD    YEAR
 MAXIMUM TEMPERATURE (F)   63        81      1970
 MINIMUM TEMPERATURE (F)   36        22      2012


SUNRISE AND SUNSET
DECEMBER 20 2014......SUNRISE   722 AM CST   SUNSET   534 PM CST
DECEMBER 21 2014......SUNRISE   723 AM CST   SUNSET   535 PM CST


-  INDICATES NEGATIVE NUMBERS.
R  INDICATES RECORD WAS SET OR TIED.
MM INDICATES DATA IS MISSING.
T  INDICATES TRACE AMOUNT.




$$
