000
CDUS44 KEWX 230812
CLIAUS


CLIMATE REPORT
NATIONAL WEATHER SERVICE AUSTIN/SAN ANTONIO, TX
210 AM CST TUE JAN 23 2018


...................................

...THE AUSTIN BERGSTROM CLIMATE SUMMARY FOR JANUARY 22 2018...

CLIMATE NORMAL PERIOD 1981 TO 2010
CLIMATE RECORD PERIOD 1943 TO 2018


WEATHER ITEM   OBSERVED TIME   RECORD YEAR NORMAL DEPARTURE LAST
                VALUE   (LST)  VALUE       VALUE  FROM      YEAR
                                                  NORMAL
..................................................................
TEMPERATURE (F)
 YESTERDAY
  MAXIMUM         65    348 PM  83    1972  62      3       70
  MINIMUM         37    946 PM  20    2011  37      0       50
  AVERAGE         51                        49      2       60

PRECIPITATION (IN)
  YESTERDAY        T             2.44 2015   0.07  -0.07     0.00
  MONTH TO DATE    0.19                      1.62  -1.43     4.65
  SINCE DEC 1      3.84                      3.83   0.01     7.76
  SINCE JAN 1      0.19                      1.62  -1.43     4.65

SNOWFALL (IN)
  YESTERDAY        0.0
  MONTH TO DATE    T
  SINCE DEC 1      1.3
  SINCE JUL 1      1.3
  SNOW DEPTH       0

DEGREE DAYS
 HEATING
  YESTERDAY       14                        16     -2        5
  MONTH TO DATE  440                       352     88      207
  SINCE DEC 1    894                       814     80      559
  SINCE JUL 1   1101                      1099      2      653

 COOLING
  YESTERDAY        0                         0      0        0
  MONTH TO DATE    0                         0      0       22
  SINCE DEC 1     12                        10      2       64
  SINCE JAN 1      0                         0      0       22
..................................................................


WIND (MPH)
  HIGHEST WIND SPEED    21   HIGHEST WIND DIRECTION    NW (320)
  HIGHEST GUST SPEED    28   HIGHEST GUST DIRECTION    NW (330)
  AVERAGE WIND SPEED     8.6


SKY COVER
  AVERAGE SKY COVER 0.1


WEATHER CONDITIONS
 THE FOLLOWING WEATHER WAS RECORDED YESTERDAY.
  LIGHT RAIN
  FOG


RELATIVE HUMIDITY (PERCENT)
 HIGHEST    80           200 AM
 LOWEST     18           200 PM
 AVERAGE    49

..........................................................


THE AUSTIN BERGSTROM CLIMATE NORMALS FOR TODAY
                         NORMAL    RECORD    YEAR
 MAXIMUM TEMPERATURE (F)   62        89      1972
 MINIMUM TEMPERATURE (F)   37        18      1963


SUNRISE AND SUNSET
JANUARY 23 2018.......SUNRISE   726 AM CST   SUNSET   600 PM CST
JANUARY 24 2018.......SUNRISE   725 AM CST   SUNSET   601 PM CST


-  INDICATES NEGATIVE NUMBERS.
R  INDICATES RECORD WAS SET OR TIED.
MM INDICATES DATA IS MISSING.
T  INDICATES TRACE AMOUNT.




$$
