000
CDUS44 KEWX 222255
CLIAUS


CLIMATE REPORT
NATIONAL WEATHER SERVICE AUSTIN/SAN ANTONIO, TX
555 PM CDT WED MAR 22 2017


...................................

...THE AUSTIN BERGSTROM CLIMATE SUMMARY FOR MARCH 22 2017...
VALID TODAY AS OF 0555 PM LOCAL TIME.

CLIMATE NORMAL PERIOD 1981 TO 2010
CLIMATE RECORD PERIOD 1943 TO 2017


WEATHER ITEM   OBSERVED TIME   RECORD YEAR NORMAL DEPARTURE LAST
                VALUE   (LST)  VALUE       VALUE  FROM      YEAR
                                                  NORMAL
..................................................................
TEMPERATURE (F)
 TODAY
  MAXIMUM         83    451 PM  98    1971  74      9       78
  MINIMUM         66   1222 AM  30    2010  48     18       36
  AVERAGE         75                        61     14       57

PRECIPITATION (IN)
  TODAY            0.00          0.56 1953   0.10  -0.10     0.00
  MONTH TO DATE    1.93                      2.02  -0.09     3.25
  SINCE MAR 1      1.93                      2.02  -0.09     3.25
  SINCE JAN 1      9.24                      6.53   2.71     5.43

SNOWFALL (IN)
  TODAY            0.0
  MONTH TO DATE    0.0
  SINCE MAR 1      0.0
  SINCE JUL 1      0.0
  SNOW DEPTH       0

DEGREE DAYS
 HEATING
  TODAY            0                         6     -6        8
  MONTH TO DATE   73                       180   -107       71
  SINCE MAR 1     73                       180   -107       71
  SINCE JUL 1    947                      1795   -848     1305

 COOLING
  TODAY           10                         2      8        0
  MONTH TO DATE   91                        23     68       50
  SINCE MAR 1     91                        23     68       50
  SINCE JAN 1    200                        39    161       73
..................................................................


WIND (MPH)
  HIGHEST WIND SPEED    18   HIGHEST WIND DIRECTION     S (180)
  HIGHEST GUST SPEED    23   HIGHEST GUST DIRECTION     S (170)
  AVERAGE WIND SPEED     9.9


SKY COVER
  AVERAGE SKY COVER 0.8


WEATHER CONDITIONS
 THE FOLLOWING WEATHER WAS RECORDED TODAY.
  NO SIGNIFICANT WEATHER WAS OBSERVED.


RELATIVE HUMIDITY (PERCENT)
 HIGHEST    93          1200 AM
 LOWEST     47           300 PM
 AVERAGE    70

..........................................................


THE AUSTIN BERGSTROM CLIMATE NORMALS FOR TOMORROW
                         NORMAL    RECORD    YEAR
 MAXIMUM TEMPERATURE (F)   74        90      1995
 MINIMUM TEMPERATURE (F)   49        30      1968


SUNRISE AND SUNSET
MARCH 22 2017.........SUNRISE   732 AM CDT   SUNSET   744 PM CDT
MARCH 23 2017.........SUNRISE   730 AM CDT   SUNSET   744 PM CDT


-  INDICATES NEGATIVE NUMBERS.
R  INDICATES RECORD WAS SET OR TIED.
MM INDICATES DATA IS MISSING.
T  INDICATES TRACE AMOUNT.




$$
