000
CDUS44 KEWX 280029
CLIAUS


CLIMATE REPORT
NATIONAL WEATHER SERVICE AUSTIN/SAN ANTONIO, TX
628 PM CST FRI FEB 27 2015


...................................

...THE AUSTIN BERGSTROM CLIMATE SUMMARY FOR FEBRUARY 27 2015...
VALID TODAY AS OF 628 PM LOCAL TIME.

CLIMATE NORMAL PERIOD 1981 TO 2010
CLIMATE RECORD PERIOD 1943 TO 2015


WEATHER ITEM   OBSERVED TIME   RECORD YEAR NORMAL DEPARTURE LAST
                VALUE   (LST)  VALUE       VALUE  FROM      YEAR
                                                  NORMAL
..................................................................
TEMPERATURE (F)
 TODAY
  MAXIMUM         37   1221 AM  89    2009  67    -30       56
  MINIMUM         33    857 AM  13    2002  42     -9       25
  AVERAGE         35                        55    -20       41

PRECIPITATION (IN)
  TODAY            0.00          0.28 1947   0.10  -0.10     0.00
  MONTH TO DATE    0.35                      2.27  -1.92     0.52
  SINCE DEC 1      7.75                      6.68   1.07     1.95
  SINCE JAN 1      5.63                      4.47   1.16     1.09

SNOWFALL (IN)
  TODAY            0.0
  MONTH TO DATE    T
  SINCE DEC 1      T
  SINCE JUL 1      T
  SNOW DEPTH      MM

DEGREE DAYS
 HEATING
  TODAY           30                        11     19       24
  MONTH TO DATE  403                       361     42      366
  SINCE DEC 1   1344                      1318     26     1484
  SINCE JUL 1   1682                      1603     79     1809

 COOLING
  TODAY            0                         1     -1        0
  MONTH TO DATE    2                         7     -5       16
  SINCE DEC 1      6                        22    -16       22
  SINCE JAN 1      2                        12    -10       17
..................................................................


WIND (MPH)
  HIGHEST WIND SPEED    20   HIGHEST WIND DIRECTION     N (10)
  HIGHEST GUST SPEED    26   HIGHEST GUST DIRECTION     N (10)
  AVERAGE WIND SPEED    14.7


SKY COVER
  AVERAGE SKY COVER 1.0


WEATHER CONDITIONS
 THE FOLLOWING WEATHER WAS RECORDED TODAY.
  NO SIGNIFICANT WEATHER WAS OBSERVED.


RELATIVE HUMIDITY (PERCENT)
 HIGHEST    75           500 PM
 LOWEST     52          1200 AM
 AVERAGE    64

..........................................................


THE AUSTIN BERGSTROM CLIMATE NORMALS FOR TOMORROW
                         NORMAL    RECORD    YEAR
 MAXIMUM TEMPERATURE (F)   68        87      1978
 MINIMUM TEMPERATURE (F)   42        24      2002


SUNRISE AND SUNSET
FEBRUARY 27 2015......SUNRISE   659 AM CST   SUNSET   628 PM CST
FEBRUARY 28 2015......SUNRISE   658 AM CST   SUNSET   629 PM CST


-  INDICATES NEGATIVE NUMBERS.
R  INDICATES RECORD WAS SET OR TIED.
MM INDICATES DATA IS MISSING.
T  INDICATES TRACE AMOUNT.




$$
