000
CDUS44 KEWX 210713
CLIAUS


CLIMATE REPORT
NATIONAL WEATHER SERVICE AUSTIN/SAN ANTONIO, TX
211 AM CDT TUE OCT 21 2014


...................................

...THE AUSTIN BERGSTROM CLIMATE SUMMARY FOR OCTOBER 20 2014...

CLIMATE NORMAL PERIOD 1981 TO 2010
CLIMATE RECORD PERIOD 1943 TO 2014


WEATHER ITEM   OBSERVED TIME   RECORD YEAR NORMAL DEPARTURE LAST
                VALUE   (LST)  VALUE       VALUE  FROM      YEAR
                                                  NORMAL
..................................................................
TEMPERATURE (F)
 YESTERDAY
  MAXIMUM         81    403 PM  92    1979  81      0       74
  MINIMUM         56    507 AM  36    1966  55      1       38
  AVERAGE         69                        68      1       56

PRECIPITATION (IN)
  YESTERDAY        0.00          3.79 1993   0.15  -0.15     0.00
  MONTH TO DATE    1.75                      2.42  -0.67     6.05
  SINCE SEP 1      4.97                      4.96   0.01    11.05
  SINCE JAN 1     20.52                     28.06  -7.54    30.27

SNOWFALL (IN)
  YESTERDAY        0.0
  MONTH TO DATE    0.0
  SINCE SEP 1      0.0
  SINCE JUL 1      0.0
  SNOW DEPTH       0

DEGREE DAYS
 HEATING
  YESTERDAY        0                         2     -2        9
  MONTH TO DATE    0                        21    -21       28
  SINCE SEP 1      1                        23    -22       28
  SINCE JUL 1      1                        23    -22       28

 COOLING
  YESTERDAY        4                         5     -1        0
  MONTH TO DATE  166                       135     31      143
  SINCE SEP 1    608                       523     85      617
  SINCE JAN 1   2768                      2663    105     2956
..................................................................


WIND (MPH)
  HIGHEST WIND SPEED    12   HIGHEST WIND DIRECTION    NE (40)
  HIGHEST GUST SPEED    14   HIGHEST GUST DIRECTION     N (20)
  AVERAGE WIND SPEED     2.9


SKY COVER
  AVERAGE SKY COVER 0.5


WEATHER CONDITIONS
 THE FOLLOWING WEATHER WAS RECORDED YESTERDAY.
  FOG


RELATIVE HUMIDITY (PERCENT)
 HIGHEST   100           300 AM
 LOWEST     45           300 PM
 AVERAGE    73

..........................................................


THE AUSTIN BERGSTROM CLIMATE NORMALS FOR TODAY
                         NORMAL    RECORD    YEAR
 MAXIMUM TEMPERATURE (F)   81        92      1953
 MINIMUM TEMPERATURE (F)   54        36      1976


SUNRISE AND SUNSET
OCTOBER 21 2014.......SUNRISE   737 AM CDT   SUNSET   653 PM CDT
OCTOBER 22 2014.......SUNRISE   737 AM CDT   SUNSET   652 PM CDT


-  INDICATES NEGATIVE NUMBERS.
R  INDICATES RECORD WAS SET OR TIED.
MM INDICATES DATA IS MISSING.
T  INDICATES TRACE AMOUNT.




$$
