000
CDUS43 KGRB 020901
CLIAUW


CLIMATE REPORT
NATIONAL WEATHER SERVICE GREEN BAY
400 AM CDT SUN AUG 2 2015


...................................

...THE WAUSAU WI CLIMATE SUMMARY FOR AUGUST 1 2015...

CLIMATE NORMAL PERIOD 1981 TO 2010
CLIMATE RECORD PERIOD 1896 TO 2015


WEATHER ITEM   OBSERVED TIME   RECORD YEAR NORMAL DEPARTURE LAST
                VALUE   (LST)  VALUE       VALUE  FROM      YEAR
                                                  NORMAL
..................................................................
TEMPERATURE (F)
 YESTERDAY
  MAXIMUM         83    214 PM  98    1988  80      3       80
  MINIMUM         57    433 AM  38    1903  59     -2       55
  AVERAGE         70                        69      1

PRECIPITATION (IN)
  YESTERDAY        0.00          2.63 2001   0.14  -0.14     0.35
  MONTH TO DATE    0.00                      0.14  -0.14     0.35
  SINCE JUN 1      7.64                      8.28  -0.64     8.46
  SINCE JAN 1     18.37                     18.19   0.18    19.90

SNOWFALL (IN)
  YESTERDAY        0.0           0.0    MM   0.0    0.0      0.0
  MONTH TO DATE    0.0                       0.0    0.0      0.0
  SINCE JUL 1      0.0                       0.0    0.0      0.0
  SNOW DEPTH       0

DEGREE DAYS
 HEATING
  YESTERDAY        0                         1     -1        0
  MONTH TO DATE    0                         1     -1        0
  SINCE JUN 1     79                       113    -34       61
  SINCE JUL 1     18                        24     -6       39

 COOLING
  YESTERDAY        5                         5      0        3
  MONTH TO DATE    5                         5      0        3
  SINCE JUN 1    216                       246    -30      197
  SINCE JAN 1    234                       265    -31      222
..................................................................


WIND (MPH)
  HIGHEST WIND SPEED    21   HIGHEST WIND DIRECTION     W (260)
  HIGHEST GUST SPEED    26   HIGHEST GUST DIRECTION     W (250)
  AVERAGE WIND SPEED     9.4


SKY COVER
  POSSIBLE SUNSHINE  MM
  AVERAGE SKY COVER 0.1


WEATHER CONDITIONS
 THE FOLLOWING WEATHER WAS RECORDED YESTERDAY.
  THUNDERSTORM


RELATIVE HUMIDITY (PERCENT)
 HIGHEST    80           500 AM
 LOWEST     30          1200 PM
 AVERAGE    55

..........................................................


THE WAUSAU WI CLIMATE NORMALS FOR TODAY
                         NORMAL    RECORD    YEAR
 MAXIMUM TEMPERATURE (F)   79        99      1964
 MINIMUM TEMPERATURE (F)   58        41      1920


SUNRISE AND SUNSET
AUGUST  2 2015........SUNRISE   545 AM CDT   SUNSET   824 PM CDT
AUGUST  3 2015........SUNRISE   546 AM CDT   SUNSET   823 PM CDT


-  INDICATES NEGATIVE NUMBERS.
R  INDICATES RECORD WAS SET OR TIED.
MM INDICATES DATA IS MISSING.
T  INDICATES TRACE AMOUNT.




$$
