000
CDUS43 KGRB 240727
CLIAUW


CLIMATE REPORT
NATIONAL WEATHER SERVICE GREEN BAY
225 AM CDT MON JUL 24 2017


...................................

...THE WAUSAU WI CLIMATE SUMMARY FOR JULY 23 2017...

CLIMATE NORMAL PERIOD 1981 TO 2010
CLIMATE RECORD PERIOD 1896 TO 2017


WEATHER ITEM   OBSERVED TIME   RECORD YEAR NORMAL DEPARTURE LAST
                VALUE   (LST)  VALUE       VALUE  FROM      YEAR
                                                  NORMAL
..................................................................
TEMPERATURE (F)
 YESTERDAY
  MAXIMUM         79    149 PM 101    1934  80     -1       85
  MINIMUM         57   1158 PM  47    1904  59     -2       65
  AVERAGE         68                        69     -1

PRECIPITATION (IN)
  YESTERDAY        0.00          2.00 1912   0.13  -0.13     0.03
  MONTH TO DATE    3.16                      2.81   0.35     2.92
  SINCE JUN 1      8.50                      7.12   1.38     8.14
  SINCE JAN 1     24.29                     17.03   7.26    19.80

SNOWFALL (IN)
  YESTERDAY        0.0           0.0    MM   0.0    0.0      0.0
  MONTH TO DATE    0.0                       0.0    0.0      0.0
  SINCE JUL 1      0.0                       0.0    0.0      0.0
  SNOW DEPTH       0

DEGREE DAYS
 HEATING
  YESTERDAY        0                         1     -1        0
  MONTH TO DATE    3                        23    -20        8
  SINCE JUN 1     57                       112    -55       38
  SINCE JUL 1      3                        23    -20        8

 COOLING
  YESTERDAY        3                         5     -2       10
  MONTH TO DATE  114                       115     -1      128
  SINCE JUN 1    193                       200     -7      232
  SINCE JAN 1    194                       219    -25      279
..................................................................


WIND (MPH)
  HIGHEST WIND SPEED    18   HIGHEST WIND DIRECTION     N (360)
  HIGHEST GUST SPEED    26   HIGHEST GUST DIRECTION     N (20)
  AVERAGE WIND SPEED     8.0


SKY COVER
  POSSIBLE SUNSHINE  MM
  AVERAGE SKY COVER 0.3


WEATHER CONDITIONS
 THE FOLLOWING WEATHER WAS RECORDED YESTERDAY.
  NO SIGNIFICANT WEATHER WAS OBSERVED.


RELATIVE HUMIDITY (PERCENT)
 HIGHEST   100           300 AM
 LOWEST     48          1100 AM
 AVERAGE    74

..........................................................


THE WAUSAU WI CLIMATE NORMALS FOR TODAY
                         NORMAL    RECORD    YEAR
 MAXIMUM TEMPERATURE (F)   80        99      1934
 MINIMUM TEMPERATURE (F)   59        44      1992
                                             1911


SUNRISE AND SUNSET
JULY 24 2017..........SUNRISE   536 AM CDT   SUNSET   834 PM CDT
JULY 25 2017..........SUNRISE   537 AM CDT   SUNSET   833 PM CDT


-  INDICATES NEGATIVE NUMBERS.
R  INDICATES RECORD WAS SET OR TIED.
MM INDICATES DATA IS MISSING.
T  INDICATES TRACE AMOUNT.

$$
