000
CDUS43 KGRB 100747
CLIAUW


CLIMATE REPORT
NATIONAL WEATHER SERVICE GREEN BAY
145 AM CST SAT DEC 10 2016


...................................

...THE WAUSAU WI CLIMATE SUMMARY FOR DECEMBER 9 2016...

CLIMATE NORMAL PERIOD 1981 TO 2010
CLIMATE RECORD PERIOD 1896 TO 2016


WEATHER ITEM   OBSERVED TIME   RECORD YEAR NORMAL DEPARTURE LAST
                VALUE   (LST)  VALUE       VALUE  FROM      YEAR
                                                  NORMAL
..................................................................
TEMPERATURE (F)
 YESTERDAY
  MAXIMUM         20    303 AM  50    1946  28     -8       40
  MINIMUM         12    825 AM -20    1927  14     -2       34
  AVERAGE         16                        21     -5

PRECIPITATION (IN)
  YESTERDAY        T             0.30 1899   0.05  -0.05     0.00
  MONTH TO DATE    0.39                      0.45  -0.06     0.29
  SINCE DEC 1      0.39                      0.45  -0.06     0.29
  SINCE JAN 1     34.71                     31.50   3.21    32.64

SNOWFALL (IN)
  YESTERDAY        T             5.5  2009   0.5   -0.5      0.0
  MONTH TO DATE    4.9                       3.9    1.0      1.4
  SINCE JUL 1      8.0                      12.2   -4.2      1.6
  SNOW DEPTH       2

DEGREE DAYS
 HEATING
  YESTERDAY       49                        44      5       28
  MONTH TO DATE  348                       382    -34      266
  SINCE DEC 1    348                       382    -34      266
  SINCE JUL 1   1626                      2241   -615     1672

 COOLING
  YESTERDAY        0                         0      0        0
  MONTH TO DATE    0                         0      0        0
  SINCE DEC 1      0                         0      0        0
  SINCE JAN 1    512                       407    105      435
..................................................................


WIND (MPH)
  HIGHEST WIND SPEED    20   HIGHEST WIND DIRECTION     W (290)
  HIGHEST GUST SPEED    24   HIGHEST GUST DIRECTION    NW (300)
  AVERAGE WIND SPEED     9.4


SKY COVER
  POSSIBLE SUNSHINE  MM
  AVERAGE SKY COVER 0.6


WEATHER CONDITIONS
 THE FOLLOWING WEATHER WAS RECORDED YESTERDAY.
  LIGHT SNOW


RELATIVE HUMIDITY (PERCENT)
 HIGHEST    88          1200 AM
 LOWEST     56           200 PM
 AVERAGE    72

..........................................................


THE WAUSAU WI CLIMATE NORMALS FOR TODAY
                         NORMAL    RECORD    YEAR
 MAXIMUM TEMPERATURE (F)   28        51      2015
 MINIMUM TEMPERATURE (F)   13       -20      1919


SUNRISE AND SUNSET
DECEMBER 10 2016......SUNRISE   726 AM CST   SUNSET   417 PM CST
DECEMBER 11 2016......SUNRISE   727 AM CST   SUNSET   417 PM CST


-  INDICATES NEGATIVE NUMBERS.
R  INDICATES RECORD WAS SET OR TIED.
MM INDICATES DATA IS MISSING.
T  INDICATES TRACE AMOUNT.

$$
