000
CDUS43 KGRB 050808
CLIAUW


CLIMATE REPORT
NATIONAL WEATHER SERVICE GREEN BAY
206 AM CST THU MAR 5 2015


...................................

...THE WAUSAU WI CLIMATE SUMMARY FOR MARCH 4 2015...

CLIMATE NORMAL PERIOD 1981 TO 2010
CLIMATE RECORD PERIOD 1896 TO 2015


WEATHER ITEM   OBSERVED TIME   RECORD YEAR NORMAL DEPARTURE LAST
                VALUE   (LST)  VALUE       VALUE  FROM      YEAR
                                                  NORMAL
..................................................................
TEMPERATURE (F)
 YESTERDAY
  MAXIMUM         14   1226 AM  61    2000  34    -20       17
  MINIMUM         -4   1159 PM -16    1913  16    -20        7
  AVERAGE          5                        25    -20

PRECIPITATION (IN)
  YESTERDAY        0.00          1.03 1961   0.05  -0.05     0.03
  MONTH TO DATE    0.05                      0.19  -0.14     0.07
  SINCE MAR 1      0.05                      0.19  -0.14     0.07
  SINCE JAN 1      0.80                      2.13  -1.33     3.01

SNOWFALL (IN)
  YESTERDAY        0.0          10.0  1985   0.4   -0.4      0.7
  MONTH TO DATE    1.5                       1.6   -0.1      1.3
  SINCE JUL 1     45.5                      46.9   -1.4     70.9
  SNOW DEPTH      11

DEGREE DAYS
 HEATING
  YESTERDAY       60                        40     20       53
  MONTH TO DATE  203                       162     41      255
  SINCE MAR 1    203                       162     41      255
  SINCE JUL 1   6783                      6298    485     7202

 COOLING
  YESTERDAY        0                         0      0        0
  MONTH TO DATE    0                         0      0        0
  SINCE MAR 1      0                         0      0        0
  SINCE JAN 1      0                         0      0        0
..................................................................


WIND (MPH)
  HIGHEST WIND SPEED    26   HIGHEST WIND DIRECTION     W (290)
  HIGHEST GUST SPEED    34   HIGHEST GUST DIRECTION    NW (300)
  AVERAGE WIND SPEED    13.2


SKY COVER
  POSSIBLE SUNSHINE  MM
  AVERAGE SKY COVER 0.0


WEATHER CONDITIONS
 THE FOLLOWING WEATHER WAS RECORDED YESTERDAY.
  HAZE


RELATIVE HUMIDITY (PERCENT)
 HIGHEST    76           400 AM
 LOWEST     41           500 PM
 AVERAGE    59

..........................................................


THE WAUSAU WI CLIMATE NORMALS FOR TODAY
                         NORMAL    RECORD    YEAR
 MAXIMUM TEMPERATURE (F)   35        61      2000
 MINIMUM TEMPERATURE (F)   16       -24      1917


SUNRISE AND SUNSET
MARCH  5 2015.........SUNRISE   630 AM CST   SUNSET   551 PM CST
MARCH  6 2015.........SUNRISE   628 AM CST   SUNSET   552 PM CST


-  INDICATES NEGATIVE NUMBERS.
R  INDICATES RECORD WAS SET OR TIED.
MM INDICATES DATA IS MISSING.
T  INDICATES TRACE AMOUNT.

$$
