000
CDUS43 KGRB 280707
CLIAUW


CLIMATE REPORT
NATIONAL WEATHER SERVICE GREEN BAY
205 AM CDT SUN MAY 28 2017


...................................

...THE WAUSAU WI CLIMATE SUMMARY FOR MAY 27 2017...

CLIMATE NORMAL PERIOD 1981 TO 2010
CLIMATE RECORD PERIOD 1896 TO 2017


WEATHER ITEM   OBSERVED TIME   RECORD YEAR NORMAL DEPARTURE LAST
                VALUE   (LST)  VALUE       VALUE  FROM      YEAR
                                                  NORMAL
..................................................................
TEMPERATURE (F)
 YESTERDAY
  MAXIMUM         75   1228 PM  88    1978  70      5       76
                                      1911
  MINIMUM         52    400 AM  32    1906  48      4       56
                                      1902
                                      1895
  AVERAGE         64                        59      5

PRECIPITATION (IN)
  YESTERDAY        T             2.08 1969   0.13  -0.13     0.29
  MONTH TO DATE    3.44                      2.97   0.47     2.18
  SINCE MAR 1     11.41                      7.46   3.95     9.52
  SINCE JAN 1     15.35                      9.40   5.95    10.95

SNOWFALL (IN)
  YESTERDAY        0.0           0.0    MM   0.0    0.0      0.0
  MONTH TO DATE    0.0                       0.2   -0.2       T
  SINCE JUL 1     60.5                      59.6    0.9     43.4
  SNOW DEPTH       0

DEGREE DAYS
 HEATING
  YESTERDAY        1                         7     -6        0
  MONTH TO DATE  315                       283     32      237
  SINCE MAR 1   1960                      1999    -39     1660
  SINCE JUL 1   7186                      8135   -949     6783

 COOLING
  YESTERDAY        0                         1     -1        1
  MONTH TO DATE    1                        10     -9       30
  SINCE MAR 1      1                        12    -11       32
  SINCE JAN 1      1                        12    -11       32
..................................................................


WIND (MPH)
  HIGHEST WIND SPEED    17   HIGHEST WIND DIRECTION     W (280)
  HIGHEST GUST SPEED    22   HIGHEST GUST DIRECTION     W (280)
  AVERAGE WIND SPEED     6.3


SKY COVER
  POSSIBLE SUNSHINE  MM
  AVERAGE SKY COVER 0.4


WEATHER CONDITIONS
 THE FOLLOWING WEATHER WAS RECORDED YESTERDAY.
  LIGHT RAIN
  FOG


RELATIVE HUMIDITY (PERCENT)
 HIGHEST   100           300 AM
 LOWEST     41          1200 PM
 AVERAGE    71

..........................................................


THE WAUSAU WI CLIMATE NORMALS FOR TODAY
                         NORMAL    RECORD    YEAR
 MAXIMUM TEMPERATURE (F)   71        91      2006
 MINIMUM TEMPERATURE (F)   48        32      1949
                                             1947
                                             1932


SUNRISE AND SUNSET
MAY 28 2017...........SUNRISE   518 AM CDT   SUNSET   835 PM CDT
MAY 29 2017...........SUNRISE   517 AM CDT   SUNSET   835 PM CDT


-  INDICATES NEGATIVE NUMBERS.
R  INDICATES RECORD WAS SET OR TIED.
MM INDICATES DATA IS MISSING.
T  INDICATES TRACE AMOUNT.

$$
