000
CDUS43 KGRB 210650
CLIAUW


CLIMATE REPORT
NATIONAL WEATHER SERVICE GREEN BAY
149 AM CDT THU SEP 21 2017


...................................

...THE WAUSAU WI CLIMATE SUMMARY FOR SEPTEMBER 20 2017...

CLIMATE NORMAL PERIOD 1981 TO 2010
CLIMATE RECORD PERIOD 1896 TO 2017


WEATHER ITEM   OBSERVED TIME   RECORD YEAR NORMAL DEPARTURE LAST
                VALUE   (LST)  VALUE       VALUE  FROM      YEAR
                                                  NORMAL
..................................................................
TEMPERATURE (F)
 YESTERDAY
  MAXIMUM         75    524 PM  89    1908  67      8       78
  MINIMUM         59    326 AM  27    1897  46     13       50
  AVERAGE         67                        57     10

PRECIPITATION (IN)
  YESTERDAY        0.15          1.27 1980   0.13   0.02      T
  MONTH TO DATE    1.69                      2.59  -0.90     2.71
  SINCE SEP 1      1.69                      2.59  -0.90     2.71
  SINCE JAN 1     31.01                     24.80   6.21    28.06

SNOWFALL (IN)
  YESTERDAY        0.0           0.0    MM   0.0    0.0      0.0
  MONTH TO DATE    0.0                       0.0    0.0      0.0
  SINCE JUL 1      0.0                       0.0    0.0      0.0
  SNOW DEPTH       0

DEGREE DAYS
 HEATING
  YESTERDAY        0                         9     -9        1
  MONTH TO DATE  109                       115     -6       44
  SINCE SEP 1    109                       115     -6       44
  SINCE JUL 1    167                       181    -14       66

 COOLING
  YESTERDAY        2                         1      1        0
  MONTH TO DATE   24                        29     -5       24
  SINCE SEP 1     24                        29     -5       24
  SINCE JAN 1    296                       404   -108      511
..................................................................


WIND (MPH)
  HIGHEST WIND SPEED    15   HIGHEST WIND DIRECTION    SE (130)
  HIGHEST GUST SPEED    22   HIGHEST GUST DIRECTION    SE (130)
  AVERAGE WIND SPEED     6.7


SKY COVER
  POSSIBLE SUNSHINE  MM
  AVERAGE SKY COVER 0.7


WEATHER CONDITIONS
 THE FOLLOWING WEATHER WAS RECORDED YESTERDAY.
  THUNDERSTORM
  HEAVY RAIN
  RAIN
  LIGHT RAIN
  FOG
  FOG W/VISIBILITY <= 1/4 MILE


RELATIVE HUMIDITY (PERCENT)
 HIGHEST   100           600 AM
 LOWEST     84           100 PM
 AVERAGE    92

..........................................................


THE WAUSAU WI CLIMATE NORMALS FOR TODAY
                         NORMAL    RECORD    YEAR
 MAXIMUM TEMPERATURE (F)   67        86      1908
 MINIMUM TEMPERATURE (F)   46        30      1974
                                             1956


SUNRISE AND SUNSET
SEPTEMBER 21 2017.....SUNRISE   645 AM CDT   SUNSET   657 PM CDT
SEPTEMBER 22 2017.....SUNRISE   646 AM CDT   SUNSET   655 PM CDT


-  INDICATES NEGATIVE NUMBERS.
R  INDICATES RECORD WAS SET OR TIED.
MM INDICATES DATA IS MISSING.
T  INDICATES TRACE AMOUNT.




$$
