000
CDUS43 KGRB 270639
CLIAUW


CLIMATE REPORT
NATIONAL WEATHER SERVICE GREEN BAY
1237 AM CST TUE JAN 27 2015


...................................

...THE WAUSAU WI CLIMATE SUMMARY FOR JANUARY 26 2015...

CLIMATE NORMAL PERIOD 1981 TO 2010
CLIMATE RECORD PERIOD 1896 TO 2015


WEATHER ITEM   OBSERVED TIME   RECORD YEAR NORMAL DEPARTURE LAST
                VALUE   (LST)  VALUE       VALUE  FROM      YEAR
                                                  NORMAL
..................................................................
TEMPERATURE (F)
 YESTERDAY
  MAXIMUM         22   1159 PM  51    2002  24     -2        9
  MINIMUM          9    136 AM -30    1963   6      3       -2
  AVERAGE         16                        15      1

PRECIPITATION (IN)
  YESTERDAY        0.12          0.41 1996   0.03   0.09     0.05
  MONTH TO DATE    0.58                      0.86  -0.28     1.17
  SINCE DEC 1      1.98                      2.22  -0.24     2.74
  SINCE JAN 1      0.58                      0.86  -0.28     1.17

SNOWFALL (IN)
  YESTERDAY        1.5          11.5  1996   0.4    1.1      1.3
  MONTH TO DATE    9.4                      11.4   -2.0     18.5
  SINCE JUL 1     40.4                      33.6    6.8     47.2
  SNOW DEPTH       9

DEGREE DAYS
 HEATING
  YESTERDAY       49                        50     -1       61
  MONTH TO DATE 1336                      1317     19     1507
  SINCE DEC 1   2660                      2744    -84     3170
  SINCE JUL 1   4743                      4603    140     4980

 COOLING
  YESTERDAY        0                         0      0        0
  MONTH TO DATE    0                         0      0        0
  SINCE DEC 1      0                         0      0        0
  SINCE JAN 1      0                         0      0        0
..................................................................


WIND (MPH)
  HIGHEST WIND SPEED    13   HIGHEST WIND DIRECTION    SE (120)
  HIGHEST GUST SPEED    17   HIGHEST GUST DIRECTION    SE (140)
  AVERAGE WIND SPEED     6.3


SKY COVER
  POSSIBLE SUNSHINE  MM
  AVERAGE SKY COVER 0.9


WEATHER CONDITIONS
 THE FOLLOWING WEATHER WAS RECORDED YESTERDAY.
  LT FREEZING RAIN
  LIGHT SNOW
  FOG


RELATIVE HUMIDITY (PERCENT)
 HIGHEST    92           100 PM
 LOWEST     70          1200 AM
 AVERAGE    81

..........................................................


THE WAUSAU WI CLIMATE NORMALS FOR TODAY
                         NORMAL    RECORD    YEAR
 MAXIMUM TEMPERATURE (F)   24        49      2002
 MINIMUM TEMPERATURE (F)    6       -31      1950


SUNRISE AND SUNSET
JANUARY 27 2015.......SUNRISE   724 AM CST   SUNSET   459 PM CST
JANUARY 28 2015.......SUNRISE   723 AM CST   SUNSET   501 PM CST


-  INDICATES NEGATIVE NUMBERS.
R  INDICATES RECORD WAS SET OR TIED.
MM INDICATES DATA IS MISSING.
T  INDICATES TRACE AMOUNT.




$$
