000
CDUS43 KGRB 240718
CLIAUW


CLIMATE REPORT
NATIONAL WEATHER SERVICE GREEN BAY
116 AM CST SAT FEB 24 2018


...................................

...THE WAUSAU WI CLIMATE SUMMARY FOR FEBRUARY 23 2018...

CLIMATE NORMAL PERIOD 1981 TO 2010
CLIMATE RECORD PERIOD 1896 TO 2018


WEATHER ITEM   OBSERVED TIME   RECORD YEAR NORMAL DEPARTURE LAST
                VALUE   (LST)  VALUE       VALUE  FROM      YEAR
                                                  NORMAL
..................................................................
TEMPERATURE (F)
 YESTERDAY
  MAXIMUM         33   1201 PM  50    2000  31      2       42
  MINIMUM         21   1159 PM -17    2015  13      8       32
  AVERAGE         27                        22      5

PRECIPITATION (IN)
  YESTERDAY        0.30          1.07 1922   0.03   0.27      T
  MONTH TO DATE    0.78                      0.71   0.07     0.88
  SINCE DEC 1      3.18                      3.09   0.09     5.88
  SINCE JAN 1      2.02                      1.73   0.29     3.22

SNOWFALL (IN)
  YESTERDAY        1.1           9.2  1922   0.3    0.8       T
  MONTH TO DATE    7.6                       7.8   -0.2      0.4
  SINCE JUL 1     38.7                      43.5   -4.8     46.5
  SNOW DEPTH       7

DEGREE DAYS
 HEATING
  YESTERDAY       38                        43     -5       28
  MONTH TO DATE 1202                      1073    129      890
  SINCE DEC 1   4234                      4064    170     3760
  SINCE JUL 1   5919                      5923     -4     5038

 COOLING
  YESTERDAY        0                         0      0        0
  MONTH TO DATE    0                         0      0        0
  SINCE DEC 1      0                         0      0        0
  SINCE JAN 1      0                         0      0        0
..................................................................


WIND (MPH)
  HIGHEST WIND SPEED    22   HIGHEST WIND DIRECTION     W (280)
  HIGHEST GUST SPEED    30   HIGHEST GUST DIRECTION     W (280)
  AVERAGE WIND SPEED     9.6


SKY COVER
  POSSIBLE SUNSHINE  MM
  AVERAGE SKY COVER 1.0


WEATHER CONDITIONS
 THE FOLLOWING WEATHER WAS RECORDED YESTERDAY.
  FREEZING RAIN
  LT FREEZING RAIN
  SNOW
  LIGHT SNOW
  FOG
  HAZE


RELATIVE HUMIDITY (PERCENT)
 HIGHEST   100           300 AM
 LOWEST     72           400 PM
 AVERAGE    86

..........................................................


THE WAUSAU WI CLIMATE NORMALS FOR TODAY
                         NORMAL    RECORD    YEAR
 MAXIMUM TEMPERATURE (F)   31        54      1976
 MINIMUM TEMPERATURE (F)   13       -20      1910


SUNRISE AND SUNSET
FEBRUARY 24 2018......SUNRISE   645 AM CST   SUNSET   539 PM CST
FEBRUARY 25 2018......SUNRISE   643 AM CST   SUNSET   541 PM CST


-  INDICATES NEGATIVE NUMBERS.
R  INDICATES RECORD WAS SET OR TIED.
MM INDICATES DATA IS MISSING.
T  INDICATES TRACE AMOUNT.




$$
