000
CDUS43 KGRB 090644
CLIAUW


CLIMATE REPORT
NATIONAL WEATHER SERVICE GREEN BAY
1244 AM CST TUE FEB 9 2016


...................................

...THE WAUSAU WI CLIMATE SUMMARY FOR FEBRUARY 8 2016...

CLIMATE NORMAL PERIOD 1981 TO 2010
CLIMATE RECORD PERIOD 1896 TO 2016


WEATHER ITEM   OBSERVED TIME   RECORD YEAR NORMAL DEPARTURE LAST
                VALUE   (LST)  VALUE       VALUE  FROM      YEAR
                                                  NORMAL
..................................................................
TEMPERATURE (F)
 YESTERDAY
  MAXIMUM         32   1210 AM  50    2002  26      6       27
  MINIMUM         12   1159 PM -27    1971   8      4       20
  AVERAGE         22                        17      5

PRECIPITATION (IN)
  YESTERDAY        0.02          0.80 1900   0.03  -0.01     0.00
  MONTH TO DATE    0.45                      0.24   0.21     0.02
  SINCE DEC 1      6.24                      2.62   3.62     2.00
  SINCE JAN 1      1.29                      1.26   0.03     0.60

SNOWFALL (IN)
  YESTERDAY       MM             8.0  1900   0.3   MM        0.0
  MONTH TO DATE    5.8                       2.9    2.9      0.6
  SINCE JUL 1     21.2                      38.6  -17.4     41.0
  SNOW DEPTH      10

DEGREE DAYS
 HEATING
  YESTERDAY       43                        48     -5       41
  MONTH TO DATE  322                       389    -67      429
  SINCE DEC 1   2830                      3380   -550     3303
  SINCE JUL 1   4236                      5239  -1003     5386

 COOLING
  YESTERDAY        0                         0      0        0
  MONTH TO DATE    0                         0      0        0
  SINCE DEC 1      0                         0      0        0
  SINCE JAN 1      0                         0      0        0
..................................................................


WIND (MPH)
  HIGHEST WIND SPEED    18   HIGHEST WIND DIRECTION    NW (320)
  HIGHEST GUST SPEED    26   HIGHEST GUST DIRECTION    NW (330)
  AVERAGE WIND SPEED    11.4


SKY COVER
  POSSIBLE SUNSHINE  MM
  AVERAGE SKY COVER 1.0


WEATHER CONDITIONS
 THE FOLLOWING WEATHER WAS RECORDED YESTERDAY.
  LIGHT SNOW
  FOG


RELATIVE HUMIDITY (PERCENT)
 HIGHEST    85           200 AM
 LOWEST     57           300 PM
 AVERAGE    71

..........................................................


THE WAUSAU WI CLIMATE NORMALS FOR TODAY
                         NORMAL    RECORD    YEAR
 MAXIMUM TEMPERATURE (F)   26        46      1938
 MINIMUM TEMPERATURE (F)    8       -37      1951


SUNRISE AND SUNSET
FEBRUARY  9 2016......SUNRISE   709 AM CST   SUNSET   517 PM CST
FEBRUARY 10 2016......SUNRISE   707 AM CST   SUNSET   519 PM CST


-  INDICATES NEGATIVE NUMBERS.
R  INDICATES RECORD WAS SET OR TIED.
MM INDICATES DATA IS MISSING.
T  INDICATES TRACE AMOUNT.




$$
