000
CDUS43 KGRB 020634
CLIAUW


CLIMATE REPORT
NATIONAL WEATHER SERVICE GREEN BAY
134 AM CDT TUE JUN 2 2015


...................................

...THE WAUSAU WI CLIMATE SUMMARY FOR JUNE 1 2015...

CLIMATE NORMAL PERIOD 1981 TO 2010
CLIMATE RECORD PERIOD 1896 TO 2015


WEATHER ITEM   OBSERVED TIME   RECORD YEAR NORMAL DEPARTURE LAST
                VALUE   (LST)  VALUE       VALUE  FROM      YEAR
                                                  NORMAL
..................................................................
TEMPERATURE (F)
 YESTERDAY
  MAXIMUM         66    449 PM  95    1934  72     -6       81
  MINIMUM         40    451 AM  29    1897  49     -9       65
  AVERAGE         53                        60     -7

PRECIPITATION (IN)
  YESTERDAY        0.00          2.34 2000   0.13  -0.13     0.76
  MONTH TO DATE    0.00                      0.13  -0.13     0.76
  SINCE JUN 1      0.00                      0.13  -0.13     0.76
  SINCE JAN 1     10.73                     10.04   0.69    12.20

SNOWFALL (IN)
  YESTERDAY        0.0           0.0    MM   0.0    0.0      0.0
  MONTH TO DATE    0.0                       0.0    0.0      0.0
  SINCE JUL 1     53.7                      59.6   -5.9     84.3
  SNOW DEPTH       0

DEGREE DAYS
 HEATING
  YESTERDAY       12                         6      6        0
  MONTH TO DATE   12                         6      6        0
  SINCE JUN 1     12                         6      6        0
  SINCE JUL 1   8436                      8166    270     9318

 COOLING
  YESTERDAY        0                         1     -1        8
  MONTH TO DATE    0                         1     -1        8
  SINCE JUN 1      0                         1     -1        8
  SINCE JAN 1     18                        20     -2       33
..................................................................


WIND (MPH)
  HIGHEST WIND SPEED    14   HIGHEST WIND DIRECTION    SE (130)
  HIGHEST GUST SPEED    19   HIGHEST GUST DIRECTION     E (100)
  AVERAGE WIND SPEED     6.0


SKY COVER
  POSSIBLE SUNSHINE  MM
  AVERAGE SKY COVER 0.0


WEATHER CONDITIONS
 THE FOLLOWING WEATHER WAS RECORDED YESTERDAY.
  NO SIGNIFICANT WEATHER WAS OBSERVED.


RELATIVE HUMIDITY (PERCENT)
 HIGHEST    79           300 AM
 LOWEST     31           600 PM
 AVERAGE    55

..........................................................


THE WAUSAU WI CLIMATE NORMALS FOR TODAY
                         NORMAL    RECORD    YEAR
 MAXIMUM TEMPERATURE (F)   72        92      1934
 MINIMUM TEMPERATURE (F)   50        34      1956


SUNRISE AND SUNSET
JUNE  2 2015..........SUNRISE   515 AM CDT   SUNSET   838 PM CDT
JUNE  3 2015..........SUNRISE   514 AM CDT   SUNSET   839 PM CDT


-  INDICATES NEGATIVE NUMBERS.
R  INDICATES RECORD WAS SET OR TIED.
MM INDICATES DATA IS MISSING.
T  INDICATES TRACE AMOUNT.




$$
