000
CDUS42 KGSP 230640
CLIAVL

CLIMATE REPORT
NATIONAL WEATHER SERVICE GREENVILLE-SPARTANBURG SC
237 AM EDT SAT MAY 23 2015


...................................

...THE ASHEVILLE NC CLIMATE SUMMARY FOR MAY 22 2015...

CLIMATE NORMAL PERIOD 1981 TO 2010
CLIMATE RECORD PERIOD 1869 TO 2015


WEATHER ITEM   OBSERVED TIME   RECORD YEAR NORMAL DEPARTURE LAST
                VALUE   (LST)  VALUE       VALUE  FROM      YEAR
                                                  NORMAL
..................................................................
TEMPERATURE (F)
 YESTERDAY
  MAXIMUM         74    335 PM  93    1941  76     -2       84
  MINIMUM         50    607 AM  37    2002  53     -3       62
                                      1954
  AVERAGE         62                        65     -3       73

PRECIPITATION (IN)
  YESTERDAY        0.00          2.15 1901   0.12  -0.12      T
  MONTH TO DATE    0.20                      2.55  -2.35     2.63
  SINCE MAR 1      7.26                      9.71  -2.45    10.02
  SINCE JAN 1     13.10                     17.14  -4.04    15.37

SNOWFALL (IN)
  YESTERDAY        0.0           0.0    MM   0.0             0.0
  MONTH TO DATE    0.0                       0.0             0.0
  SINCE MAR 1      T                         2.6             0.4
  SINCE JUL 1     13.3                       9.9             9.8
  SNOW DEPTH       0

DEGREE DAYS
 HEATING
  YESTERDAY        3                         3      0        0
  MONTH TO DATE   36                        93    -57       81
  SINCE MAR 1    667                       948   -281      973
  SINCE JUL 1   3976                      4165   -189     4292

 COOLING
  YESTERDAY        0                         2     -2        8
  MONTH TO DATE   66                        28     38       37
  SINCE MAR 1     85                        36     49       39
  SINCE JAN 1     85                        36     49       39
..................................................................


WIND (MPH)
  HIGHEST WIND SPEED    22   HIGHEST WIND DIRECTION    NW (330)
  HIGHEST GUST SPEED    30   HIGHEST GUST DIRECTION    NW (330)
  AVERAGE WIND SPEED    10.9


SKY COVER
  POSSIBLE SUNSHINE  MM
  AVERAGE SKY COVER 0.1


WEATHER CONDITIONS
 THE FOLLOWING WEATHER WAS RECORDED YESTERDAY.
  NO SIGNIFICANT WEATHER WAS OBSERVED.


RELATIVE HUMIDITY (PERCENT)
 HIGHEST    71          1200 AM
 LOWEST     17           400 PM
 AVERAGE    44

..........................................................


THE ASHEVILLE NC CLIMATE NORMALS FOR TODAY
                         NORMAL    RECORD    YEAR
 MAXIMUM TEMPERATURE (F)   76        90      1953
 MINIMUM TEMPERATURE (F)   53        35      2002


SUNRISE AND SUNSET
MAY 23 2015...........SUNRISE   620 AM EDT   SUNSET   834 PM EDT
MAY 24 2015...........SUNRISE   620 AM EDT   SUNSET   834 PM EDT


-  INDICATES NEGATIVE NUMBERS.
R  INDICATES RECORD WAS SET OR TIED.
MM INDICATES DATA IS MISSING.
T  INDICATES TRACE AMOUNT.




$$
