000
CDUS42 KGSP 130645
CLIAVL

CLIMATE REPORT
NATIONAL WEATHER SERVICE GREENVILLE-SPARTANBURG SC
145 AM EST WED DEC 13 2017


...................................

...THE ASHEVILLE NC CLIMATE SUMMARY FOR DECEMBER 12 2017...

CLIMATE NORMAL PERIOD 1981 TO 2010
CLIMATE RECORD PERIOD 1869 TO 2017


WEATHER ITEM   OBSERVED TIME   RECORD YEAR NORMAL DEPARTURE LAST
                VALUE   (LST)  VALUE       VALUE  FROM      YEAR
                                                  NORMAL
..................................................................
TEMPERATURE (F)
 YESTERDAY
  MAXIMUM         43    248 PM  74    1971  50     -7       58
  MINIMUM         26   1159 PM   0    1962  30     -4       37
  AVERAGE         35                        40     -5       48

PRECIPITATION (IN)
  YESTERDAY        0.00          2.00 1894   0.12  -0.12     0.08
  MONTH TO DATE    1.52                      1.55  -0.03     1.93
  SINCE DEC 1      1.52                      1.55  -0.03     1.93
  SINCE JAN 1     53.15                     43.53   9.62    33.02

SNOWFALL (IN)
  YESTERDAY        0.0           3.8  2010   0.0             0.0
  MONTH TO DATE    9.8                       0.2             0.0
  SINCE DEC 1      9.8                       0.2             0.0
  SINCE JUL 1      9.8                       0.3             0.0
  SNOW DEPTH       3

DEGREE DAYS
 HEATING
  YESTERDAY       30                        25      5       17
  MONTH TO DATE  276                       285     -9      288
  SINCE DEC 1    276                       285     -9      288
  SINCE JUL 1    994                      1152   -158      859

 COOLING
  YESTERDAY        0                         0      0        0
  MONTH TO DATE    0                         0      0        0
  SINCE DEC 1      0                         0      0        0
  SINCE JAN 1   1042                       863    179     1317
..................................................................


WIND (MPH)
  HIGHEST WIND SPEED    31   HIGHEST WIND DIRECTION    NW (330)
  HIGHEST GUST SPEED    41   HIGHEST GUST DIRECTION    NW (330)
  AVERAGE WIND SPEED    15.4


SKY COVER
  POSSIBLE SUNSHINE  MM
  AVERAGE SKY COVER 0.2


WEATHER CONDITIONS
 THE FOLLOWING WEATHER WAS RECORDED YESTERDAY.
  NO SIGNIFICANT WEATHER WAS OBSERVED.


RELATIVE HUMIDITY (PERCENT)
 HIGHEST    92           100 AM
 LOWEST     45           700 PM
 AVERAGE    69

..........................................................


THE ASHEVILLE NC CLIMATE NORMALS FOR TODAY
                         NORMAL    RECORD    YEAR
 MAXIMUM TEMPERATURE (F)   50        71      1927
 MINIMUM TEMPERATURE (F)   30        -6      1962


SUNRISE AND SUNSET
DECEMBER 13 2017......SUNRISE   731 AM EST   SUNSET   518 PM EST
DECEMBER 14 2017......SUNRISE   731 AM EST   SUNSET   519 PM EST


-  INDICATES NEGATIVE NUMBERS.
R  INDICATES RECORD WAS SET OR TIED.
MM INDICATES DATA IS MISSING.
T  INDICATES TRACE AMOUNT.

$$

OUTLAW
