000
CDUS42 KGSP 170632
CLIAVL

CLIMATE REPORT
NATIONAL WEATHER SERVICE GREENVILLE-SPARTANBURG SC
232 AM EDT WED SEP 17 2014


...................................

...THE ASHEVILLE NC CLIMATE SUMMARY FOR SEPTEMBER 16 2014...

CLIMATE NORMAL PERIOD 1981 TO 2010
CLIMATE RECORD PERIOD 1869 TO 2014


WEATHER ITEM   OBSERVED TIME   RECORD YEAR NORMAL DEPARTURE LAST
                VALUE   (LST)  VALUE       VALUE  FROM      YEAR
                                                  NORMAL
..................................................................
TEMPERATURE (F)
 YESTERDAY
  MAXIMUM         81    353 PM  94    1897  77      4       80
  MINIMUM         64    616 AM  38    1902  56      8       54
  AVERAGE         73                        66      7       67

PRECIPITATION (IN)
  YESTERDAY        T             3.31 2004   0.13  -0.13     0.00
  MONTH TO DATE    5.79                      2.13   3.66     0.53
  SINCE SEP 1      5.79                      2.13   3.66     0.53
  SINCE JAN 1     36.57                     33.74   2.83    59.29

SNOWFALL (IN)
  YESTERDAY        0.0           0.0    MM   0.0             0.0
  MONTH TO DATE    0.0                       0.0             0.0
  SINCE SEP 1      0.0                       0.0             0.0
  SINCE JUL 1      0.0                       0.0             0.0
  SNOW DEPTH       0

DEGREE DAYS
 HEATING
  YESTERDAY        0                         2     -2        0
  MONTH TO DATE    2                         9     -7        1
  SINCE SEP 1      2                         9     -7        1
  SINCE JUL 1      4                        11     -7        6

 COOLING
  YESTERDAY        8                         3      5        2
  MONTH TO DATE  130                        70     60       93
  SINCE SEP 1    130                        70     60       93
  SINCE JAN 1    882                       827     55      831
..................................................................


WIND (MPH)
  HIGHEST WIND SPEED    16   HIGHEST WIND DIRECTION     N (340)
  HIGHEST GUST SPEED    20   HIGHEST GUST DIRECTION     N (340)
  AVERAGE WIND SPEED     6.1


SKY COVER
  POSSIBLE SUNSHINE  MM
  AVERAGE SKY COVER 0.5


WEATHER CONDITIONS
 THE FOLLOWING WEATHER WAS RECORDED YESTERDAY.
  THUNDERSTORM


RELATIVE HUMIDITY (PERCENT)
 HIGHEST    93          1200 AM
 LOWEST     54           400 PM
 AVERAGE    74

..........................................................


THE ASHEVILLE NC CLIMATE NORMALS FOR TODAY
                         NORMAL    RECORD    YEAR
 MAXIMUM TEMPERATURE (F)   77        90      1927
 MINIMUM TEMPERATURE (F)   55        38      2000


SUNRISE AND SUNSET
SEPTEMBER 17 2014.....SUNRISE   714 AM EDT   SUNSET   734 PM EDT
SEPTEMBER 18 2014.....SUNRISE   715 AM EDT   SUNSET   733 PM EDT


-  INDICATES NEGATIVE NUMBERS.
R  INDICATES RECORD WAS SET OR TIED.
MM INDICATES DATA IS MISSING.
T  INDICATES TRACE AMOUNT.




$$
