000
CDUS42 KGSP 270634
CLIAVL

CLIMATE REPORT
NATIONAL WEATHER SERVICE GREENVILLE-SPARTANBURG SC
134 AM EST MON FEB 27 2017


...................................

...THE ASHEVILLE NC CLIMATE SUMMARY FOR FEBRUARY 26 2017...

CLIMATE NORMAL PERIOD 1981 TO 2010
CLIMATE RECORD PERIOD 1869 TO 2017


WEATHER ITEM   OBSERVED TIME   RECORD YEAR NORMAL DEPARTURE LAST
                VALUE   (LST)  VALUE       VALUE  FROM      YEAR
                                                  NORMAL
..................................................................
TEMPERATURE (F)
 YESTERDAY
  MAXIMUM         54    415 PM  78    1951  54      0       40
  MINIMUM         28    712 AM   5    1967  32     -4       30
  AVERAGE         41                        43     -2       35

PRECIPITATION (IN)
  YESTERDAY        0.00          1.54 2013   0.13  -0.13      T
  MONTH TO DATE    0.62                      3.50  -2.88     5.69
  SINCE DEC 1      6.65                     10.76  -4.11    17.74
  SINCE JAN 1      4.34                      7.17  -2.83     8.98

SNOWFALL (IN)
  YESTERDAY        0.0           6.6  1982   0.0              T
  MONTH TO DATE    0.0                       2.0             0.1
  SINCE DEC 1      7.3                       7.0            13.9
  SINCE JUL 1      7.3                       7.1            13.9
  SNOW DEPTH       0

DEGREE DAYS
 HEATING
  YESTERDAY       24                        22      2       30
  MONTH TO DATE  447                       646   -199      669
  SINCE DEC 1   1789                      2306   -517     2017
  SINCE JUL 1   2360                      3173   -813     2692

 COOLING
  YESTERDAY        0                         0      0        0
  MONTH TO DATE    0                         0      0        0
  SINCE DEC 1      0                         0      0        0
  SINCE JAN 1      0                         0      0        0
..................................................................


WIND (MPH)
  HIGHEST WIND SPEED    18   HIGHEST WIND DIRECTION     N (350)
  HIGHEST GUST SPEED    25   HIGHEST GUST DIRECTION     N (360)
  AVERAGE WIND SPEED     7.2


SKY COVER
  POSSIBLE SUNSHINE  MM
  AVERAGE SKY COVER 0.0


WEATHER CONDITIONS
 THE FOLLOWING WEATHER WAS RECORDED YESTERDAY.
  NO SIGNIFICANT WEATHER WAS OBSERVED.


RELATIVE HUMIDITY (PERCENT)
 HIGHEST    69          1100 PM
 LOWEST     15           500 PM
 AVERAGE    42

..........................................................


THE ASHEVILLE NC CLIMATE NORMALS FOR TODAY
                         NORMAL    RECORD    YEAR
 MAXIMUM TEMPERATURE (F)   54        78      1996
 MINIMUM TEMPERATURE (F)   32         6      1934


SUNRISE AND SUNSET
FEBRUARY 27 2017......SUNRISE   702 AM EST   SUNSET   624 PM EST
FEBRUARY 28 2017......SUNRISE   701 AM EST   SUNSET   625 PM EST


-  INDICATES NEGATIVE NUMBERS.
R  INDICATES RECORD WAS SET OR TIED.
MM INDICATES DATA IS MISSING.
T  INDICATES TRACE AMOUNT.




$$
