000
CDUS42 KGSP 062140
CLIAVL

CLIMATE REPORT
NATIONAL WEATHER SERVICE GREENVILLE-SPARTANBURG SC
440 PM EST FRI MAR 6 2015


...................................

...THE ASHEVILLE NC CLIMATE SUMMARY FOR MARCH 6 2015...
VALID TODAY AS OF 0440 PM LOCAL TIME.

CLIMATE NORMAL PERIOD 1981 TO 2010
CLIMATE RECORD PERIOD 1869 TO 2015


WEATHER ITEM   OBSERVED TIME   RECORD YEAR NORMAL DEPARTURE LAST
                VALUE   (LST)  VALUE       VALUE  FROM      YEAR
                                                  NORMAL
..................................................................
TEMPERATURE (F)
 TODAY
  MAXIMUM         46    420 PM  78    1908  56    -10       41
  MINIMUM         19    641 AM   5    1960  33    -14       28
  AVERAGE         33                        45    -12       35

PRECIPITATION (IN)
  TODAY            0.00          2.14 2011   0.13  -0.13     0.26
  MONTH TO DATE    0.52                      0.73  -0.21     0.44
  SINCE MAR 1      0.52                      0.73  -0.21     0.44
  SINCE JAN 1      6.36                      8.16  -1.80     5.79

SNOWFALL (IN)
  TODAY            0.0           6.0  1969   0.1   -0.1       T
  MONTH TO DATE    0.0                       0.4   -0.4       T
  SINCE MAR 1      0.0                       0.4   -0.4       T
  SINCE JUL 1     13.3                       7.7    5.6      9.4
  SNOW DEPTH       0

DEGREE DAYS
 HEATING
  TODAY           32                        20     12       30
  MONTH TO DATE  118                       126     -8      141
  SINCE MAR 1    118                       126     -8      141
  SINCE JUL 1   3427                      3343     84     3460

 COOLING
  TODAY            0                         0      0        0
  MONTH TO DATE    0                         0      0        0
  SINCE MAR 1      0                         0      0        0
  SINCE JAN 1      0                         0      0        0
..................................................................


WIND (MPH)
  HIGHEST WIND SPEED    23   HIGHEST WIND DIRECTION    NW (330)
  HIGHEST GUST SPEED    30   HIGHEST GUST DIRECTION    NW (330)
  AVERAGE WIND SPEED     8.1


SKY COVER
  POSSIBLE SUNSHINE  MM
  AVERAGE SKY COVER 0.1


WEATHER CONDITIONS
 THE FOLLOWING WEATHER WAS RECORDED TODAY.
  NO SIGNIFICANT WEATHER WAS OBSERVED.


RELATIVE HUMIDITY (PERCENT)
 HIGHEST    77           400 AM
 LOWEST     30           200 PM
 AVERAGE    54

..........................................................


THE ASHEVILLE NC CLIMATE NORMALS FOR TOMORROW
                         NORMAL    RECORD    YEAR
 MAXIMUM TEMPERATURE (F)   56        82      1974
 MINIMUM TEMPERATURE (F)   34        15      1960


SUNRISE AND SUNSET
MARCH  6 2015.........SUNRISE   654 AM EST   SUNSET   630 PM EST
MARCH  7 2015.........SUNRISE   652 AM EST   SUNSET   631 PM EST


-  INDICATES NEGATIVE NUMBERS.
R  INDICATES RECORD WAS SET OR TIED.
MM INDICATES DATA IS MISSING.
T  INDICATES TRACE AMOUNT.

$$

OUTLAW
