333
CDUS41 KBGM 230626
CLIAVP


CLIMATE REPORT
NATIONAL WEATHER SERVICE BINGHAMTON NY
226 AM EDT SAT JUL 23 2016


...................................

...THE AVOCA PA CLIMATE SUMMARY FOR JULY 22 2016...

CLIMATE NORMAL PERIOD 1981 TO 2010
CLIMATE RECORD PERIOD 1901 TO 2016


WEATHER ITEM   OBSERVED TIME   RECORD YEAR NORMAL DEPARTURE LAST
                VALUE   (LST)  VALUE       VALUE  FROM      YEAR
                                                  NORMAL
..................................................................
TEMPERATURE (F)
 YESTERDAY
  MAXIMUM         95    305 PM  98    2011  82     13       80
                                      1955
                                      1926
  MINIMUM         68    437 AM  50    1950  61      7       57
  AVERAGE         82                        72     10       69

PRECIPITATION (IN)
  YESTERDAY        0.00          1.58 1994   0.13  -0.13     0.00
  MONTH TO DATE    0.91                      2.62  -1.71     2.17
  SINCE JUN 1      2.50                      6.65  -4.15     8.69
  SINCE JAN 1     15.32                     20.45  -5.13    18.25

SNOWFALL (IN)
  YESTERDAY        0.0           0.0  1995   0.0    0.0      0.0
  MONTH TO DATE    0.0                       0.0    0.0      0.0
  SINCE JUN 1      0.0                       0.0    0.0      0.0
  SINCE JUL 1      0.0                       0.0    0.0      0.0

DEGREE DAYS
 HEATING
  YESTERDAY        0                         0      0        0
  MONTH TO DATE    0                         0      0        0
  SINCE JUN 1     24                        54    -30       24
  SINCE JUL 1      0                         0      0        0

 COOLING
  YESTERDAY       17                         7     10        4
  MONTH TO DATE  224                       149     75      166
  SINCE JUN 1    367                       266    101      321
  SINCE JAN 1    439                       303    136      469
..................................................................


WIND (MPH)
  HIGHEST WIND SPEED    20   HIGHEST WIND DIRECTION    SW (240)
  HIGHEST GUST SPEED    28   HIGHEST GUST DIRECTION    SW (230)
  AVERAGE WIND SPEED     8.7


SKY COVER
  AVERAGE SKY COVER 0.1



RELATIVE HUMIDITY (PERCENT)
 HIGHEST    73           400 AM
 LOWEST     39           300 PM
 AVERAGE    56

..........................................................


THE AVOCA PA CLIMATE NORMALS FOR TODAY
                         NORMAL    RECORD    YEAR
 MAXIMUM TEMPERATURE (F)   82        96      1933
 MINIMUM TEMPERATURE (F)   61        49      2000


SUNRISE AND SUNSET
JULY 23 2016..........SUNRISE   550 AM EDT   SUNSET   828 PM EDT
JULY 24 2016..........SUNRISE   551 AM EDT   SUNSET   827 PM EDT


-  INDICATES NEGATIVE NUMBERS.
R  INDICATES RECORD WAS SET OR TIED.
MM INDICATES DATA IS MISSING.
T  INDICATES TRACE AMOUNT.




$$
