000
CDUS41 KBGM 170523
CLIAVP


CLIMATE REPORT
NATIONAL WEATHER SERVICE BINGHAMTON NY
121 AM EDT THU APR 17 2014


...................................

...THE AVOCA PA CLIMATE SUMMARY FOR APRIL 16 2014...

CLIMATE NORMAL PERIOD 1981 TO 2010
CLIMATE RECORD PERIOD 1901 TO 2014


WEATHER ITEM   OBSERVED TIME   RECORD YEAR NORMAL DEPARTURE LAST
                VALUE   (LST)  VALUE       VALUE  FROM      YEAR
                                                  NORMAL
..................................................................
TEMPERATURE (F)
 YESTERDAY
  MAXIMUM         41    424 PM  88    2012  59    -18       65
                                      2002
  MINIMUM         23    605 AM  20    1943  39    -16       51
  AVERAGE         32                        49    -17       58

PRECIPITATION (IN)
  YESTERDAY        T             1.48 1993   0.11  -0.11     0.17
  MONTH TO DATE    1.88                      1.77   0.11     0.90
  SINCE MAR 1      3.95                      4.32  -0.37     2.52
  SINCE JAN 1      8.83                      8.72   0.11     5.85

SNOWFALL (IN)
  YESTERDAY        T            10.0  2007   0.1   -0.1      0.0
  MONTH TO DATE    0.7                       2.0   -1.3       T
  SINCE MAR 1      3.1                      11.0   -7.9      6.5
  SINCE JUL 1     58.9                      44.9   14.0     33.9

DEGREE DAYS
 HEATING
  YESTERDAY       33                        16     17        7
  MONTH TO DATE  267                       307    -40      275
  SINCE MAR 1   1310                      1178    132     1201
  SINCE JUL 1   6133                      5784    349     5425

 COOLING
  YESTERDAY        0                         0      0        0
  MONTH TO DATE    7                         0      7        4
  SINCE MAR 1      7                         0      7        4
  SINCE JAN 1      7                         0      7        4
..................................................................


WIND (MPH)
  HIGHEST WIND SPEED    25   HIGHEST WIND DIRECTION    NW (320)
  HIGHEST GUST SPEED    32   HIGHEST GUST DIRECTION    NW (320)
  AVERAGE WIND SPEED    11.0


SKY COVER
  AVERAGE SKY COVER 0.2



RELATIVE HUMIDITY (PERCENT)
 HIGHEST    68           300 AM
 LOWEST     37           600 PM
 AVERAGE    53

..........................................................


THE AVOCA PA CLIMATE NORMALS FOR TODAY
                         NORMAL    RECORD    YEAR
 MAXIMUM TEMPERATURE (F)   60        90      2002
 MINIMUM TEMPERATURE (F)   39        23      1908


SUNRISE AND SUNSET
APRIL 17 2014.........SUNRISE   620 AM EDT   SUNSET   745 PM EDT
APRIL 18 2014.........SUNRISE   619 AM EDT   SUNSET   746 PM EDT


-  INDICATES NEGATIVE NUMBERS.
R  INDICATES RECORD WAS SET OR TIED.
MM INDICATES DATA IS MISSING.
T  INDICATES TRACE AMOUNT.

$$
