000
CDUS41 KBGM 020558
CLIAVP


CLIMATE REPORT
NATIONAL WEATHER SERVICE BINGHAMTON NY
158 AM EDT SAT AUG 2 2014


...................................

...THE AVOCA PA CLIMATE SUMMARY FOR AUGUST 1 2014...

CLIMATE NORMAL PERIOD 1981 TO 2010
CLIMATE RECORD PERIOD 1901 TO 2014


WEATHER ITEM   OBSERVED TIME   RECORD YEAR NORMAL DEPARTURE LAST
                VALUE   (LST)  VALUE       VALUE  FROM      YEAR
                                                  NORMAL
..................................................................
TEMPERATURE (F)
 YESTERDAY
  MAXIMUM         83   1227 PM  96    1955  82      1       75
  MINIMUM         62    313 AM  48    1910  61      1       64
  AVERAGE         73                        71      2       70

PRECIPITATION (IN)
  YESTERDAY        0.25          1.36 1965   0.13   0.12     0.17
  MONTH TO DATE    0.25                      0.13   0.12     0.17
  SINCE JUN 1      4.90                      7.95  -3.05     7.32
  SINCE JAN 1     17.61                     21.75  -4.14    17.09

SNOWFALL (IN)
  YESTERDAY        0.0           0.0  1995   0.0    0.0      0.0
  MONTH TO DATE    0.0                       0.0    0.0      0.0
  SINCE JUN 1      0.0                       0.0    0.0      0.0
  SINCE JUL 1      0.0                       0.0    0.0      0.0

DEGREE DAYS
 HEATING
  YESTERDAY        0                         0      0        0
  MONTH TO DATE    0                         0      0        0
  SINCE JUN 1     13                        62    -49       22
  SINCE JUL 1      2                         8     -6        1

 COOLING
  YESTERDAY        8                         6      2        5
  MONTH TO DATE    8                         6      2        5
  SINCE JUN 1    402                       329     73      470
  SINCE JAN 1    443                       366     77      534
..................................................................


WIND (MPH)
  HIGHEST WIND SPEED    12   HIGHEST WIND DIRECTION     S (180)
  HIGHEST GUST SPEED    20   HIGHEST GUST DIRECTION     S (180)
  AVERAGE WIND SPEED     2.6


SKY COVER
  AVERAGE SKY COVER 0.2



RELATIVE HUMIDITY (PERCENT)
 HIGHEST    90           600 AM
 LOWEST     47          1200 PM
 AVERAGE    69

..........................................................


THE AVOCA PA CLIMATE NORMALS FOR TODAY
                         NORMAL    RECORD    YEAR
 MAXIMUM TEMPERATURE (F)   82        96      2002
 MINIMUM TEMPERATURE (F)   61        47      1947


SUNRISE AND SUNSET
AUGUST  2 2014........SUNRISE   559 AM EDT   SUNSET   819 PM EDT
AUGUST  3 2014........SUNRISE   600 AM EDT   SUNSET   818 PM EDT


-  INDICATES NEGATIVE NUMBERS.
R  INDICATES RECORD WAS SET OR TIED.
MM INDICATES DATA IS MISSING.
T  INDICATES TRACE AMOUNT.




$$
