000
CDUS41 KBGM 100604
CLIAVP


CLIMATE REPORT
NATIONAL WEATHER SERVICE BINGHAMTON NY
103 AM EST SAT DEC 10 2016


...................................

...THE AVOCA PA CLIMATE SUMMARY FOR DECEMBER 9 2016...

CLIMATE NORMAL PERIOD 1981 TO 2010
CLIMATE RECORD PERIOD 1901 TO 2016


WEATHER ITEM   OBSERVED TIME   RECORD YEAR NORMAL DEPARTURE LAST
                VALUE   (LST)  VALUE       VALUE  FROM      YEAR
                                                  NORMAL
..................................................................
TEMPERATURE (F)
 YESTERDAY
  MAXIMUM         34        MM  64    1966  40     -6       50
  MINIMUM         23        MM   3    1902  26     -3       31
  AVERAGE         29                        33     -4       41

PRECIPITATION (IN)
  YESTERDAY        T             1.03 1973   0.10  -0.10     0.00
  MONTH TO DATE    0.69                      0.89  -0.20     0.57
  SINCE DEC 1      0.69                      0.89  -0.20     0.57
  SINCE JAN 1     29.93                     36.47  -6.54    29.20

SNOWFALL (IN)
  YESTERDAY        T             7.3  2005   0.2   -0.2      0.0
  MONTH TO DATE    0.5                       1.5   -1.0       T
  SINCE DEC 1      0.5                       1.5   -1.0       T
  SINCE JUL 1      6.2                       4.5    1.7       T

DEGREE DAYS
 HEATING
  YESTERDAY       36                        32      4       24
  MONTH TO DATE  244                       277    -33      222
  SINCE DEC 1    244                       277    -33      222
  SINCE JUL 1   1262                      1590   -328     1130

 COOLING
  YESTERDAY        0                         0      0        0
  MONTH TO DATE    0                         0      0        0
  SINCE DEC 1      0                         0      0        0
  SINCE JAN 1    998                       580    418      929
..................................................................


WIND (MPH)
  HIGHEST WIND SPEED    17   HIGHEST WIND DIRECTION     W (280)
  HIGHEST GUST SPEED    31   HIGHEST GUST DIRECTION     W (290)
  AVERAGE WIND SPEED     9.9


SKY COVER
  AVERAGE SKY COVER 0.8



RELATIVE HUMIDITY (PERCENT)
 HIGHEST    75           900 AM
 LOWEST     41           200 PM
 AVERAGE    58

..........................................................


THE AVOCA PA CLIMATE NORMALS FOR TODAY
                         NORMAL    RECORD    YEAR
 MAXIMUM TEMPERATURE (F)   39        65      1966
 MINIMUM TEMPERATURE (F)   26         4      1958


SUNRISE AND SUNSET
DECEMBER 10 2016......SUNRISE   718 AM EST   SUNSET   434 PM EST
DECEMBER 11 2016......SUNRISE   719 AM EST   SUNSET   434 PM EST


-  INDICATES NEGATIVE NUMBERS.
R  INDICATES RECORD WAS SET OR TIED.
MM INDICATES DATA IS MISSING.
T  INDICATES TRACE AMOUNT.




$$
