000
CDUS41 KBGM 021030
CLIAVP


CLIMATE REPORT
NATIONAL WEATHER SERVICE BINGHAMTON NY
629 AM EDT THU JUL 2 2015


...................................

...THE AVOCA PA CLIMATE SUMMARY FOR JULY 1 2015...

CLIMATE NORMAL PERIOD 1981 TO 2010
CLIMATE RECORD PERIOD 1901 TO 2015


WEATHER ITEM   OBSERVED TIME   RECORD YEAR NORMAL DEPARTURE LAST
                VALUE   (LST)  VALUE       VALUE  FROM      YEAR
                                                  NORMAL
..................................................................
TEMPERATURE (F)
 YESTERDAY
  MAXIMUM         78    257 PM  97    1931  81     -3       90
                                      1901
  MINIMUM         61   1159 PM  44    1988  60      1       68
  AVERAGE         70                        71     -1       79

PRECIPITATION (IN)
  YESTERDAY        0.10          2.43 1946   0.11  -0.01     0.00
  MONTH TO DATE    0.10                      0.11  -0.01     0.00
  SINCE JUN 1      6.62                      4.14   2.48     2.16
  SINCE JAN 1     16.18                     17.94  -1.76    14.87

SNOWFALL (IN)
  YESTERDAY        0.0           0.0  1995   0.0    0.0      0.0
  MONTH TO DATE    0.0                       0.0    0.0      0.0
  SINCE JUN 1      0.0                       0.0    0.0      0.0
  SINCE JUL 1      0.0                       0.0    0.0      0.0

DEGREE DAYS
 HEATING
  YESTERDAY        0                         0      0        0
  MONTH TO DATE    0                         0      0        0
  SINCE JUN 1     24                        54    -30       11
  SINCE JUL 1      0                         0      0        0

 COOLING
  YESTERDAY        5                         6     -1       14
  MONTH TO DATE    5                         6     -1       14
  SINCE JUN 1    160                       123     37      173
  SINCE JAN 1    308                       160    148      214
..................................................................


WIND (MPH)
  HIGHEST WIND SPEED    23   HIGHEST WIND DIRECTION     W (260)
  HIGHEST GUST SPEED    30   HIGHEST GUST DIRECTION    SW (240)
  AVERAGE WIND SPEED     8.0


SKY COVER
  AVERAGE SKY COVER 0.5



RELATIVE HUMIDITY (PERCENT)
 HIGHEST    93           500 AM
 LOWEST     52           300 PM
 AVERAGE    73

..........................................................


THE AVOCA PA CLIMATE NORMALS FOR TODAY
                         NORMAL    RECORD    YEAR
 MAXIMUM TEMPERATURE (F)   81        98      1966
                                             1901
 MINIMUM TEMPERATURE (F)   60        44      2007


SUNRISE AND SUNSET
JULY  2 2015..........SUNRISE   534 AM EDT   SUNSET   840 PM EDT
JULY  3 2015..........SUNRISE   534 AM EDT   SUNSET   840 PM EDT


-  INDICATES NEGATIVE NUMBERS.
R  INDICATES RECORD WAS SET OR TIED.
MM INDICATES DATA IS MISSING.
T  INDICATES TRACE AMOUNT.

$$
