000
CDUS43 KGRR 230520
CLIAZO


CLIMATE REPORT
NATIONAL WEATHER SERVICE GRAND RAPIDS, MI
119 AM EDT TUE SEP 23 2014


...................................

...THE KALAMAZOO MI CLIMATE SUMMARY FOR SEPTEMBER 22 2014...

CLIMATE NORMAL PERIOD 1981 TO 2010
CLIMATE RECORD PERIOD 1998 TO 2014


WEATHER ITEM   OBSERVED TIME   NORMAL DEPARTURE LAST
                VALUE   (LST)  VALUE  FROM      YEAR
                                      NORMAL
......................................................
TEMPERATURE (F)
 YESTERDAY
  MAXIMUM         64    336 PM  70     -6       59
  MINIMUM         40    622 AM  49     -9       45
  AVERAGE         52            60     -8       52

PRECIPITATION (IN)
  YESTERDAY        0.00          0.13  -0.13     0.00
  MONTH TO DATE    2.57          2.91  -0.34     1.56
  SINCE SEP 1      2.57          2.91  -0.34     1.56
  SINCE JAN 1     19.36         26.50  -7.14    30.65

DEGREE DAYS
 HEATING
  YESTERDAY       13             6      7       13
  MONTH TO DATE  117            67     50       71
  SINCE SEP 1    117            67     50       71
  SINCE JUL 1    149            83     66      108

 COOLING
  YESTERDAY        0             1     -1        0
  MONTH TO DATE   58            50      8       81
  SINCE SEP 1     58            50      8       81
  SINCE JAN 1    609           661    -52      709
......................................................


WIND (MPH)
  RESULTANT WIND SPEED   7   RESULTANT WIND DIRECTION  NW (330)
  HIGHEST WIND SPEED    18   HIGHEST WIND DIRECTION     N (360)
  HIGHEST GUST SPEED    21   HIGHEST GUST DIRECTION     N (350)
  AVERAGE WIND SPEED     7.4


SKY COVER
  AVERAGE SKY COVER 0.2


WEATHER CONDITIONS
 THE FOLLOWING WEATHER WAS RECORDED YESTERDAY.
  NO SIGNIFICANT WEATHER WAS OBSERVED.


RELATIVE HUMIDITY (PERCENT)
 HIGHEST    86          1000 PM
 LOWEST     48           200 PM
 AVERAGE    67

..........................................................


THE KALAMAZOO MI CLIMATE NORMALS FOR TODAY
                         NORMAL
 MAXIMUM TEMPERATURE (F)   70
 MINIMUM TEMPERATURE (F)   49


SUNRISE AND SUNSET
SEPTEMBER 23 2014.....SUNRISE   731 AM EDT   SUNSET   738 PM EDT
SEPTEMBER 24 2014.....SUNRISE   732 AM EDT   SUNSET   736 PM EDT


-  INDICATES NEGATIVE NUMBERS.
R  INDICATES RECORD WAS SET OR TIED.
MM INDICATES DATA IS MISSING.
T  INDICATES TRACE AMOUNT.




$$
