000
CDUS43 KGRR 232129
CLIAZO


CLIMATE REPORT
NATIONAL WEATHER SERVICE GRAND RAPIDS, MI
529 PM EDT FRI JUN 23 2017


...................................

...THE KALAMAZOO MI CLIMATE SUMMARY FOR JUNE 23 2017...
VALID TODAY AS OF 0500 PM LOCAL TIME.

CLIMATE NORMAL PERIOD 1981 TO 2010
CLIMATE RECORD PERIOD 1998 TO 2017


WEATHER ITEM   OBSERVED TIME   NORMAL DEPARTURE LAST
                VALUE   (LST)  VALUE  FROM      YEAR
                                      NORMAL
......................................................
TEMPERATURE (F)
 TODAY
  MAXIMUM         77    354 PM  81     -4       81
  MINIMUM         70   1102 AM  60     10       66
  AVERAGE         74            70      4       74

PRECIPITATION (IN)
  TODAY            0.13          0.11   0.02     0.01
  MONTH TO DATE    0.74          2.86  -2.12     1.86
  SINCE JUN 1      0.74          2.86  -2.12     1.86
  SINCE JAN 1     15.89         15.30   0.59    12.84

DEGREE DAYS
 HEATING
  TODAY            0             1     -1        0
  MONTH TO DATE    9            46    -37       23
  SINCE JUN 1      9            46    -37       23
  SINCE JUL 1   5380          6414  -1034     5510

 COOLING
  TODAY            9             6      3        9
  MONTH TO DATE  156            98     58      129
  SINCE JUN 1    156            98     58      129
  SINCE JAN 1    195           139     56      196
......................................................


WIND (MPH)
  RESULTANT WIND SPEED   8   RESULTANT WIND DIRECTION   W (260)
  HIGHEST WIND SPEED    18   HIGHEST WIND DIRECTION    SW (210)
  HIGHEST GUST SPEED    25   HIGHEST GUST DIRECTION     S (190)
  AVERAGE WIND SPEED    12.0


SKY COVER
  AVERAGE SKY COVER 0.9


WEATHER CONDITIONS
 THE FOLLOWING WEATHER WAS RECORDED TODAY.
  RAIN
  LIGHT RAIN
  FOG
  HAZE


RELATIVE HUMIDITY (PERCENT)
 HIGHEST    93           600 AM
 LOWEST     47           400 PM
 AVERAGE    70

..........................................................


THE KALAMAZOO MI CLIMATE NORMALS FOR TOMORROW
                         NORMAL
 MAXIMUM TEMPERATURE (F)   82
 MINIMUM TEMPERATURE (F)   60


SUNRISE AND SUNSET
JUNE 23 2017..........SUNRISE   606 AM EDT   SUNSET   922 PM EDT
JUNE 24 2017..........SUNRISE   607 AM EDT   SUNSET   923 PM EDT


-  INDICATES NEGATIVE NUMBERS.
R  INDICATES RECORD WAS SET OR TIED.
MM INDICATES DATA IS MISSING.
T  INDICATES TRACE AMOUNT.




$$
