000
CDUS43 KGRR 200525
CLIAZO


CLIMATE REPORT
NATIONAL WEATHER SERVICE GRAND RAPIDS, MI
125 AM EDT SUN AUG 20 2017


...................................

...THE KALAMAZOO MI CLIMATE SUMMARY FOR AUGUST 19 2017...

CLIMATE NORMAL PERIOD 1981 TO 2010
CLIMATE RECORD PERIOD 1998 TO 2017


WEATHER ITEM   OBSERVED TIME   NORMAL DEPARTURE LAST
                VALUE   (LST)  VALUE  FROM      YEAR
                                      NORMAL
......................................................
TEMPERATURE (F)
 YESTERDAY
  MAXIMUM         83    331 PM  81      2       80
  MINIMUM         58   1159 PM  60     -2       68
  AVERAGE         71            70      1       74

PRECIPITATION (IN)
  YESTERDAY        0.00          0.13  -0.13     0.07
  MONTH TO DATE    1.00          2.25  -1.25     5.54
  SINCE JUN 1      5.43          9.53  -4.10    14.89
  SINCE JAN 1     20.58         21.97  -1.39    25.87

DEGREE DAYS
 HEATING
  YESTERDAY        0             0      0        0
  MONTH TO DATE    3             0      3        0
  SINCE JUN 1     22            53    -31       29
  SINCE JUL 1      3             5     -2        1

 COOLING
  YESTERDAY        6             6      0        9
  MONTH TO DATE  119           126     -7      192
  SINCE JUN 1    543           511     32      641
  SINCE JAN 1    582           552     30      708
......................................................


WIND (MPH)
  RESULTANT WIND SPEED   3   RESULTANT WIND DIRECTION  NW (320)
  HIGHEST WIND SPEED    13   HIGHEST WIND DIRECTION     N (340)
  HIGHEST GUST SPEED    17   HIGHEST GUST DIRECTION     N (350)
  AVERAGE WIND SPEED     4.9


SKY COVER
  AVERAGE SKY COVER 0.2


WEATHER CONDITIONS
 THE FOLLOWING WEATHER WAS RECORDED YESTERDAY.
  FOG
  HAZE


RELATIVE HUMIDITY (PERCENT)
 HIGHEST    93           300 AM
 LOWEST     34           400 PM
 AVERAGE    64

..........................................................


THE KALAMAZOO MI CLIMATE NORMALS FOR TODAY
                         NORMAL
 MAXIMUM TEMPERATURE (F)   81
 MINIMUM TEMPERATURE (F)   60


SUNRISE AND SUNSET
AUGUST 20 2017........SUNRISE   655 AM EDT   SUNSET   835 PM EDT
AUGUST 21 2017........SUNRISE   656 AM EDT   SUNSET   833 PM EDT


-  INDICATES NEGATIVE NUMBERS.
R  INDICATES RECORD WAS SET OR TIED.
MM INDICATES DATA IS MISSING.
T  INDICATES TRACE AMOUNT.




$$
