000
CDUS43 KGRR 230528
CLIAZO


CLIMATE REPORT
NATIONAL WEATHER SERVICE GRAND RAPIDS, MI
127 AM EDT THU OCT 23 2014


...................................

...THE KALAMAZOO MI CLIMATE SUMMARY FOR OCTOBER 22 2014...

CLIMATE NORMAL PERIOD 1981 TO 2010
CLIMATE RECORD PERIOD 1998 TO 2014


WEATHER ITEM   OBSERVED TIME   NORMAL DEPARTURE LAST
                VALUE   (LST)  VALUE  FROM      YEAR
                                      NORMAL
......................................................
TEMPERATURE (F)
 YESTERDAY
  MAXIMUM         51    320 PM  58     -7       47
  MINIMUM         29    723 AM  40    -11       33
  AVERAGE         40            49     -9       40

PRECIPITATION (IN)
  YESTERDAY        0.00          0.11  -0.11     0.00
  MONTH TO DATE    4.48          2.37   2.11     1.94
  SINCE SEP 1      7.30          6.19   1.11     3.67
  SINCE JAN 1     24.09         29.78  -5.69    32.76

DEGREE DAYS
 HEATING
  YESTERDAY       25            16      9       25
  MONTH TO DATE  306           286     20      209
  SINCE SEP 1    455           419     36      328
  SINCE JUL 1    487           435     52      365

 COOLING
  YESTERDAY        0             0      0        0
  MONTH TO DATE    0             7     -7       16
  SINCE SEP 1     58            63     -5       97
  SINCE JAN 1    609           674    -65      725
......................................................


WIND (MPH)
  RESULTANT WIND SPEED   2   RESULTANT WIND DIRECTION  NE (30)
  HIGHEST WIND SPEED     9   HIGHEST WIND DIRECTION     N (20)
  HIGHEST GUST SPEED    12   HIGHEST GUST DIRECTION    NE (50)
  AVERAGE WIND SPEED     2.7


SKY COVER
  AVERAGE SKY COVER 0.3


WEATHER CONDITIONS
 THE FOLLOWING WEATHER WAS RECORDED YESTERDAY.
  FOG


RELATIVE HUMIDITY (PERCENT)
 HIGHEST   100           600 AM
 LOWEST     61           500 PM
 AVERAGE    81

..........................................................


THE KALAMAZOO MI CLIMATE NORMALS FOR TODAY
                         NORMAL
 MAXIMUM TEMPERATURE (F)   58
 MINIMUM TEMPERATURE (F)   40


SUNRISE AND SUNSET
OCTOBER 23 2014.......SUNRISE   804 AM EDT   SUNSET   648 PM EDT
OCTOBER 24 2014.......SUNRISE   805 AM EDT   SUNSET   647 PM EDT


-  INDICATES NEGATIVE NUMBERS.
R  INDICATES RECORD WAS SET OR TIED.
MM INDICATES DATA IS MISSING.
T  INDICATES TRACE AMOUNT.




$$
