000
CDUS43 KGRR 010526
CLIAZO


CLIMATE REPORT
NATIONAL WEATHER SERVICE GRAND RAPIDS, MI
1225 AM EST SUN MAR 1 2015


...................................

...THE KALAMAZOO MI CLIMATE SUMMARY FOR FEBRUARY 28 2015...

CLIMATE NORMAL PERIOD 1981 TO 2010
CLIMATE RECORD PERIOD 1998 TO 2015


WEATHER ITEM   OBSERVED TIME   NORMAL DEPARTURE LAST
                VALUE   (LST)  VALUE  FROM      YEAR
                                      NORMAL
......................................................
TEMPERATURE (F)
 YESTERDAY
  MAXIMUM         20    533 PM  38    -18       21
  MINIMUM         -8    629 AM  23    -31      -13
  AVERAGE          6            30    -24        4

PRECIPITATION (IN)
  YESTERDAY       MM             0.06  MM        0.00
  MONTH TO DATE    0.57          1.45  -0.88     1.41
  SINCE DEC 1      2.59          5.22  -2.63     3.99
  SINCE JAN 1      1.53          3.24  -1.71     2.53

DEGREE DAYS
 HEATING
  YESTERDAY       59            35     24       61
  MONTH TO DATE 1436          1066    370     1338
  SINCE DEC 1   3756          3446    310     3811
  SINCE JUL 1   5286          4773    513     5168

 COOLING
  YESTERDAY        0             0      0        0
  MONTH TO DATE    0             0      0        0
  SINCE DEC 1      0             0      0        0
  SINCE JAN 1      0             0      0        0
......................................................


WIND (MPH)
  RESULTANT WIND SPEED   6   RESULTANT WIND DIRECTION   S (180)
  HIGHEST WIND SPEED    12   HIGHEST WIND DIRECTION     S (190)
  HIGHEST GUST SPEED    14   HIGHEST GUST DIRECTION     S (190)
  AVERAGE WIND SPEED     6.3


SKY COVER
  AVERAGE SKY COVER 0.1


WEATHER CONDITIONS
 THE FOLLOWING WEATHER WAS RECORDED YESTERDAY.
  LIGHT SNOW
  FOG
  HAZE


RELATIVE HUMIDITY (PERCENT)
 HIGHEST    86           300 AM
 LOWEST     45           400 PM
 AVERAGE    66

..........................................................


THE KALAMAZOO MI CLIMATE NORMALS FOR TODAY
                         NORMAL
 MAXIMUM TEMPERATURE (F)   39
 MINIMUM TEMPERATURE (F)   23


SUNRISE AND SUNSET
MARCH  1 2015.........SUNRISE   718 AM EST   SUNSET   632 PM EST
MARCH  2 2015.........SUNRISE   716 AM EST   SUNSET   633 PM EST


-  INDICATES NEGATIVE NUMBERS.
R  INDICATES RECORD WAS SET OR TIED.
MM INDICATES DATA IS MISSING.
T  INDICATES TRACE AMOUNT.




$$
