000
CDUS43 KGRR 141433
CLIAZO


CLIMATE REPORT
NATIONAL WEATHER SERVICE GRAND RAPIDS, MI
933 AM EST SUN FEB 14 2016


...................................

...THE KALAMAZOO MI CLIMATE SUMMARY FOR FEBRUARY 14 2016...
VALID AS OF 0900 AM LOCAL TIME.

CLIMATE NORMAL PERIOD 1981 TO 2010
CLIMATE RECORD PERIOD 1998 TO 2016


WEATHER ITEM   OBSERVED TIME   NORMAL DEPARTURE LAST
                VALUE   (LST)  VALUE  FROM      YEAR
                                      NORMAL
......................................................
TEMPERATURE (F)
 TODAY
  MAXIMUM         13   1206 AM  34    -21       27
  MINIMUM         -1    807 AM  20    -21        4
  AVERAGE          6            26    -20       16

PRECIPITATION (IN)
  TODAY            0.00          0.05  -0.05     0.01
  MONTH TO DATE    0.38          0.65  -0.27     0.54
  SINCE DEC 1      4.45          4.42   0.03     2.56
  SINCE JAN 1      1.26          2.44  -1.18     1.50

DEGREE DAYS
 HEATING
  TODAY           59            38     21       49
  MONTH TO DATE  567           553     14      638
  SINCE DEC 1   2521          2934   -413     2958
  SINCE JUL 1   3586          4261   -675     4488

 COOLING
  TODAY            0             0      0        0
  MONTH TO DATE    0             0      0        0
  SINCE DEC 1      0             0      0        0
  SINCE JAN 1      0             0      0        0
......................................................


WIND (MPH)
  RESULTANT WIND SPEED   1   RESULTANT WIND DIRECTION   E (100)
  HIGHEST WIND SPEED     5   HIGHEST WIND DIRECTION    SE (120)
  HIGHEST GUST SPEED     6   HIGHEST GUST DIRECTION    SE (130)
  AVERAGE WIND SPEED     1.2


SKY COVER
  AVERAGE SKY COVER 0.5


WEATHER CONDITIONS
 THE FOLLOWING WEATHER WAS RECORDED TODAY.
  NO SIGNIFICANT WEATHER WAS OBSERVED.


RELATIVE HUMIDITY (PERCENT)
 HIGHEST    79           600 AM
 LOWEST     63           400 AM
 AVERAGE    71

..........................................................


THE KALAMAZOO MI CLIMATE NORMALS FOR TOMORROW
                         NORMAL
 MAXIMUM TEMPERATURE (F)   34
 MINIMUM TEMPERATURE (F)   20


SUNRISE AND SUNSET
FEBRUARY 14 2016......SUNRISE   740 AM EST   SUNSET   613 PM EST
FEBRUARY 15 2016......SUNRISE   739 AM EST   SUNSET   614 PM EST


-  INDICATES NEGATIVE NUMBERS.
R  INDICATES RECORD WAS SET OR TIED.
MM INDICATES DATA IS MISSING.
T  INDICATES TRACE AMOUNT.




$$
