000
CDUS43 KGRR 041338
CLIAZO


CLIMATE REPORT
NATIONAL WEATHER SERVICE GRAND RAPIDS, MI
937 AM EDT SAT JUL 4 2015


...................................

...THE KALAMAZOO MI CLIMATE SUMMARY FOR JULY 4 2015...
VALID AS OF 0900 AM LOCAL TIME.

CLIMATE NORMAL PERIOD 1981 TO 2010
CLIMATE RECORD PERIOD 1998 TO 2015


WEATHER ITEM   OBSERVED TIME   NORMAL DEPARTURE LAST
                VALUE   (LST)  VALUE  FROM      YEAR
                                      NORMAL
......................................................
TEMPERATURE (F)
 TODAY
  MAXIMUM         65    759 AM  83    -18       77
  MINIMUM         54    607 AM  62     -8       51
  AVERAGE         60            72    -12       64

PRECIPITATION (IN)
  TODAY            0.00          0.10  -0.10     0.00
  MONTH TO DATE    0.00          0.39  -0.39     1.75
  SINCE JUN 1      3.75          3.97  -0.22     5.62
  SINCE JAN 1     13.46         16.41  -2.95    14.04

DEGREE DAYS
 HEATING
  TODAY            5             0      5        1
  MONTH TO DATE    8             0      8        3
  SINCE JUN 1     29            48    -19       22
  SINCE JUL 1      8             0      8        3

 COOLING
  TODAY            0             8     -8        0
  MONTH TO DATE    0            29    -29       10
  SINCE JUN 1     80           174    -94      190
  SINCE JAN 1    147           215    -68      244
......................................................


WIND (MPH)
  RESULTANT WIND SPEED   0   RESULTANT WIND DIRECTION   W (280)
  HIGHEST WIND SPEED     5   HIGHEST WIND DIRECTION    NW (330)
  HIGHEST GUST SPEED     5   HIGHEST GUST DIRECTION     N (340)
  AVERAGE WIND SPEED     0.9


SKY COVER
  AVERAGE SKY COVER 0.0


WEATHER CONDITIONS
 THE FOLLOWING WEATHER WAS RECORDED TODAY.
  FOG


RELATIVE HUMIDITY (PERCENT)
 HIGHEST    93           300 AM
 LOWEST     73           800 AM
 AVERAGE    83

..........................................................


THE KALAMAZOO MI CLIMATE NORMALS FOR TOMORROW
                         NORMAL
 MAXIMUM TEMPERATURE (F)   83
 MINIMUM TEMPERATURE (F)   62


SUNRISE AND SUNSET
JULY  4 2015..........SUNRISE   611 AM EDT   SUNSET   922 PM EDT
JULY  5 2015..........SUNRISE   612 AM EDT   SUNSET   922 PM EDT


-  INDICATES NEGATIVE NUMBERS.
R  INDICATES RECORD WAS SET OR TIED.
MM INDICATES DATA IS MISSING.
T  INDICATES TRACE AMOUNT.




$$

JAM
