000
CDUS43 KGRR 291335
CLIAZO


CLIMATE REPORT
NATIONAL WEATHER SERVICE GRAND RAPIDS, MI
933 AM EDT SUN MAY 29 2016


...................................

...THE KALAMAZOO MI CLIMATE SUMMARY FOR MAY 29 2016...
VALID AS OF 0900 AM LOCAL TIME.

CLIMATE NORMAL PERIOD 1981 TO 2010
CLIMATE RECORD PERIOD 1998 TO 2016


WEATHER ITEM   OBSERVED TIME   NORMAL DEPARTURE LAST
                VALUE   (LST)  VALUE  FROM      YEAR
                                      NORMAL
......................................................
TEMPERATURE (F)
 TODAY
  MAXIMUM         73    759 AM  74     -1       84
  MINIMUM         67    551 AM  52     15       63
  AVERAGE         70            63      7       74

PRECIPITATION (IN)
  TODAY            0.00          0.12  -0.12     0.33
  MONTH TO DATE    3.33          3.62  -0.29     4.00
  SINCE MAR 1      9.42          8.95   0.47     6.36
  SINCE JAN 1     10.98         12.19  -1.21     7.89

DEGREE DAYS
 HEATING
  TODAY            0             4     -4        0
  MONTH TO DATE  229           217     12      131
  SINCE MAR 1   1439          1587   -148     1546
  SINCE JUL 1   5487          6360   -873     6832

 COOLING
  TODAY            5             2      3        9
  MONTH TO DATE   48            32     16       67
  SINCE MAR 1     50            36     14       67
  SINCE JAN 1     50            36     14       67
......................................................


WIND (MPH)
  RESULTANT WIND SPEED   7   RESULTANT WIND DIRECTION   S (190)
  HIGHEST WIND SPEED    13   HIGHEST WIND DIRECTION     S (190)
  HIGHEST GUST SPEED    17   HIGHEST GUST DIRECTION     S (200)
  AVERAGE WIND SPEED     7.3


SKY COVER
  AVERAGE SKY COVER 0.0


WEATHER CONDITIONS
 THE FOLLOWING WEATHER WAS RECORDED TODAY.
  FOG
  HAZE


RELATIVE HUMIDITY (PERCENT)
 HIGHEST    87           500 AM
 LOWEST     68           800 AM
 AVERAGE    78

..........................................................


THE KALAMAZOO MI CLIMATE NORMALS FOR TOMORROW
                         NORMAL
 MAXIMUM TEMPERATURE (F)   74
 MINIMUM TEMPERATURE (F)   52


SUNRISE AND SUNSET
MAY 29 2016...........SUNRISE   610 AM EDT   SUNSET   910 PM EDT
MAY 30 2016...........SUNRISE   609 AM EDT   SUNSET   911 PM EDT


-  INDICATES NEGATIVE NUMBERS.
R  INDICATES RECORD WAS SET OR TIED.
MM INDICATES DATA IS MISSING.
T  INDICATES TRACE AMOUNT.




$$

63
