000
CDUS43 KGRR 232131
CLIAZO


CLIMATE REPORT
NATIONAL WEATHER SERVICE GRAND RAPIDS, MI
530 PM EDT SUN APR 23 2017


...................................

...THE KALAMAZOO MI CLIMATE SUMMARY FOR APRIL 23 2017...
VALID TODAY AS OF 0500 PM LOCAL TIME.

CLIMATE NORMAL PERIOD 1981 TO 2010
CLIMATE RECORD PERIOD 1998 TO 2017


WEATHER ITEM   OBSERVED TIME   NORMAL DEPARTURE LAST
                VALUE   (LST)  VALUE  FROM      YEAR
                                      NORMAL
......................................................
TEMPERATURE (F)
 TODAY
  MAXIMUM         70    359 PM  63      7       63
  MINIMUM         34    601 AM  41     -7       40
  AVERAGE         52            52      0       52

PRECIPITATION (IN)
  TODAY            0.00          0.09  -0.09     0.00
  MONTH TO DATE    1.74          2.22  -0.48     1.60
  SINCE MAR 1      5.91          4.47   1.44     4.56
  SINCE JAN 1     10.63          7.71   2.92     6.12

DEGREE DAYS
 HEATING
  TODAY           13            13      0       13
  MONTH TO DATE  297           401   -104      427
  SINCE MAR 1   1181          1285   -104     1129
  SINCE JUL 1   5077          6058   -981     5177

 COOLING
  TODAY            0             0      0        0
  MONTH TO DATE    5             0      5        1
  SINCE MAR 1      5             0      5        1
  SINCE JAN 1      5             0      5        1
......................................................


WIND (MPH)
  RESULTANT WIND SPEED   2   RESULTANT WIND DIRECTION   N (350)
  HIGHEST WIND SPEED    13   HIGHEST WIND DIRECTION    NW (330)
  HIGHEST GUST SPEED    16   HIGHEST GUST DIRECTION    NW (330)
  AVERAGE WIND SPEED     2.4


SKY COVER
  AVERAGE SKY COVER 0.0


WEATHER CONDITIONS
 THE FOLLOWING WEATHER WAS RECORDED TODAY.
  NO SIGNIFICANT WEATHER WAS OBSERVED.


RELATIVE HUMIDITY (PERCENT)
 HIGHEST    82           600 AM
 LOWEST     15           400 PM
 AVERAGE    49

..........................................................


THE KALAMAZOO MI CLIMATE NORMALS FOR TOMORROW
                         NORMAL
 MAXIMUM TEMPERATURE (F)   63
 MINIMUM TEMPERATURE (F)   41


SUNRISE AND SUNSET
APRIL 23 2017.........SUNRISE   649 AM EDT   SUNSET   833 PM EDT
APRIL 24 2017.........SUNRISE   647 AM EDT   SUNSET   834 PM EDT


-  INDICATES NEGATIVE NUMBERS.
R  INDICATES RECORD WAS SET OR TIED.
MM INDICATES DATA IS MISSING.
T  INDICATES TRACE AMOUNT.




$$
