000
CDUS41 KBOX 230603
CLIBDL


CLIMATE REPORT
NATIONAL WEATHER SERVICE TAUNTON MA
1253 AM EST THU FEB 23 2017


...................................

...THE HARTFORD CT CLIMATE SUMMARY FOR FEBRUARY 22 2017...

CLIMATE NORMAL PERIOD 1981 TO 2010
CLIMATE RECORD PERIOD 1904 TO 2017


WEATHER ITEM   OBSERVED TIME   RECORD YEAR NORMAL DEPARTURE LAST
                VALUE   (LST)  VALUE       VALUE  FROM      YEAR
                                                  NORMAL
..................................................................
TEMPERATURE (F)
 YESTERDAY
  MAXIMUM         55    415 PM  69    1997  40     15       47
  MINIMUM         35    652 AM  -2    1916  22     13       28
  AVERAGE         45                        31     14       38

PRECIPITATION (IN)
  YESTERDAY        T             1.11 1928   0.10  -0.10     0.00
  MONTH TO DATE    2.09                      2.23  -0.14     2.71
  SINCE DEC 1      8.31                      8.90  -0.59     8.92
  SINCE JAN 1      5.58                      5.46   0.12     4.67

SNOWFALL (IN)
  YESTERDAY        0.0           7.8  2008   0.4   -0.4      0.0
  MONTH TO DATE   22.6                       9.2   13.4     13.7
  SINCE DEC 1     41.2                      28.9   12.3     16.6
  SINCE JUL 1     42.7                      30.9   11.8     16.6
  SNOW DEPTH       2

DEGREE DAYS
 HEATING
  YESTERDAY       20                        34    -14       27
  MONTH TO DATE  749                       792    -43      780
  SINCE DEC 1   2752                      3035   -283     2521
  SINCE JUL 1   3789                      4242   -453     3505

 COOLING
  YESTERDAY        0                         0      0        0
  MONTH TO DATE    0                         0      0        0
  SINCE DEC 1      0                         0      0        0
  SINCE JAN 1      0                         0      0        0
..................................................................


WIND (MPH)
  RESULTANT WIND SPEED   5   RESULTANT WIND DIRECTION   S (170)
  HIGHEST WIND SPEED     9   HIGHEST WIND DIRECTION     S (160)
  HIGHEST GUST SPEED    12   HIGHEST GUST DIRECTION     S (190)
  AVERAGE WIND SPEED     5.8


SKY COVER
  POSSIBLE SUNSHINE  MM
  AVERAGE SKY COVER 0.7


WEATHER CONDITIONS
 THE FOLLOWING WEATHER WAS RECORDED YESTERDAY.
  LIGHT RAIN


RELATIVE HUMIDITY (PERCENT)
 HIGHEST    92           700 AM
 LOWEST     47           300 PM
 AVERAGE    70

..........................................................


THE HARTFORD CT CLIMATE NORMALS FOR TODAY
                         NORMAL    RECORD    YEAR
 MAXIMUM TEMPERATURE (F)   41        68      1990
 MINIMUM TEMPERATURE (F)   23        -3      1907


SUNRISE AND SUNSET
FEBRUARY 23 2017......SUNRISE   635 AM EST   SUNSET   534 PM EST
FEBRUARY 24 2017......SUNRISE   633 AM EST   SUNSET   535 PM EST


-  INDICATES NEGATIVE NUMBERS.
R  INDICATES RECORD WAS SET OR TIED.
MM INDICATES DATA IS MISSING.
T  INDICATES TRACE AMOUNT.




$$
