000
CDUS41 KBOX 270545
CLIBDL


CLIMATE REPORT
NATIONAL WEATHER SERVICE TAUNTON MA
1242 AM EST SAT DEC 27 2014


...................................

...THE HARTFORD CT CLIMATE SUMMARY FOR DECEMBER 26 2014...

CLIMATE NORMAL PERIOD 1981 TO 2010
CLIMATE RECORD PERIOD 1904 TO 2014


WEATHER ITEM   OBSERVED TIME   RECORD YEAR NORMAL DEPARTURE LAST
                VALUE   (LST)  VALUE       VALUE  FROM      YEAR
                                                  NORMAL
..................................................................
TEMPERATURE (F)
 YESTERDAY
  MAXIMUM         50    322 PM  61    1982  37     13       31
  MINIMUM         30   1155 PM -14    1980  20     10       20
  AVERAGE         40                        28     12       26

PRECIPITATION (IN)
  YESTERDAY        0.00          2.02 1969   0.11  -0.11     0.02
  MONTH TO DATE    4.51                      2.95   1.56     2.75
  SINCE DEC 1      4.51                      2.95   1.56     2.75
  SINCE JAN 1     45.79                     45.36   0.43    50.54

SNOWFALL (IN)
  YESTERDAY        0.0          13.8  1947   0.3   -0.3      0.3
  MONTH TO DATE    0.7                       5.8   -5.1     12.7
  SINCE DEC 1      0.7                       5.8   -5.1     12.7
  SINCE JUL 1      5.8                       7.8   -2.0     12.7
  SNOW DEPTH       0

DEGREE DAYS
 HEATING
  YESTERDAY       25                        37    -12       39
  MONTH TO DATE  745                       849   -104      883
  SINCE DEC 1    745                       849   -104      883
  SINCE JUL 1   1842                      2056   -214     2115

 COOLING
  YESTERDAY        0                         0      0        0
  MONTH TO DATE    0                         0      0        0
  SINCE DEC 1      0                         0      0        0
  SINCE JAN 1    771                       756     15      894
..................................................................


WIND (MPH)
  RESULTANT WIND SPEED   5   RESULTANT WIND DIRECTION  NW (300)
  HIGHEST WIND SPEED    18   HIGHEST WIND DIRECTION    NW (310)
  HIGHEST GUST SPEED    22   HIGHEST GUST DIRECTION    NW (320)
  AVERAGE WIND SPEED     6.4


SKY COVER
  POSSIBLE SUNSHINE  MM
  AVERAGE SKY COVER 0.4


WEATHER CONDITIONS
 THE FOLLOWING WEATHER WAS RECORDED YESTERDAY.
  NO SIGNIFICANT WEATHER WAS OBSERVED.


RELATIVE HUMIDITY (PERCENT)
 HIGHEST    78          1000 PM
 LOWEST     42           200 PM
 AVERAGE    60

..........................................................


THE HARTFORD CT CLIMATE NORMALS FOR TODAY
                         NORMAL    RECORD    YEAR
 MAXIMUM TEMPERATURE (F)   36        60      1949
 MINIMUM TEMPERATURE (F)   20        -8      1914


SUNRISE AND SUNSET
DECEMBER 27 2014......SUNRISE   718 AM EST   SUNSET   426 PM EST
DECEMBER 28 2014......SUNRISE   718 AM EST   SUNSET   427 PM EST


-  INDICATES NEGATIVE NUMBERS.
R  INDICATES RECORD WAS SET OR TIED.
MM INDICATES DATA IS MISSING.
T  INDICATES TRACE AMOUNT.




$$
