520
CDUS41 KBOX 300541
CLIBDL


CLIMATE REPORT
NATIONAL WEATHER SERVICE TAUNTON MA
137 AM EDT THU MAR 30 2017


...................................

...THE HARTFORD CT CLIMATE SUMMARY FOR MARCH 29 2017...

CLIMATE NORMAL PERIOD 1981 TO 2010
CLIMATE RECORD PERIOD 1904 TO 2017


WEATHER ITEM   OBSERVED TIME   RECORD YEAR NORMAL DEPARTURE LAST
                VALUE   (LST)  VALUE       VALUE  FROM      YEAR
                                                  NORMAL
..................................................................
TEMPERATURE (F)
 YESTERDAY
  MAXIMUM         53    239 PM  86    1945  53      0       49
  MINIMUM         33   1158 PM   4    1923  32      1       32
  AVERAGE         43                        43      0       41

PRECIPITATION (IN)
  YESTERDAY        0.00          1.58 2010   0.11  -0.11     0.00
  MONTH TO DATE    2.89                      3.37  -0.48     2.19
  SINCE MAR 1      2.89                      3.37  -0.48     2.19
  SINCE JAN 1      8.87                      9.49  -0.62     9.02

SNOWFALL (IN)
  YESTERDAY        0.0           7.0  1970   0.1   -0.1      0.0
  MONTH TO DATE   18.1                       6.2   11.9      2.9
  SINCE MAR 1     18.1                       6.2   11.9      2.9
  SINCE JUL 1     60.8                      38.9   21.9     20.0
  SNOW DEPTH       0

DEGREE DAYS
 HEATING
  YESTERDAY       22                        23     -1       24
  MONTH TO DATE  926                       800    126      616
  SINCE MAR 1    926                       800    126      616
  SINCE JUL 1   4819                      5238   -419     4292

 COOLING
  YESTERDAY        0                         0      0        0
  MONTH TO DATE    0                         0      0        0
  SINCE MAR 1      0                         0      0        0
  SINCE JAN 1      0                         0      0        0
..................................................................


WIND (MPH)
  RESULTANT WIND SPEED  11   RESULTANT WIND DIRECTION   N (350)
  HIGHEST WIND SPEED    24   HIGHEST WIND DIRECTION    NW (310)
  HIGHEST GUST SPEED    31   HIGHEST GUST DIRECTION    NW (330)
  AVERAGE WIND SPEED    11.2


SKY COVER
  POSSIBLE SUNSHINE  MM
  AVERAGE SKY COVER 0.7


WEATHER CONDITIONS
 THE FOLLOWING WEATHER WAS RECORDED YESTERDAY.
  FOG


RELATIVE HUMIDITY (PERCENT)
 HIGHEST   100           100 AM
 LOWEST     41           100 PM
 AVERAGE    71

..........................................................


THE HARTFORD CT CLIMATE NORMALS FOR TODAY
                         NORMAL    RECORD    YEAR
 MAXIMUM TEMPERATURE (F)   53        87      1977
 MINIMUM TEMPERATURE (F)   33        15      1970


SUNRISE AND SUNSET
MARCH 30 2017.........SUNRISE   637 AM EDT   SUNSET   714 PM EDT
MARCH 31 2017.........SUNRISE   635 AM EDT   SUNSET   715 PM EDT


-  INDICATES NEGATIVE NUMBERS.
R  INDICATES RECORD WAS SET OR TIED.
MM INDICATES DATA IS MISSING.
T  INDICATES TRACE AMOUNT.




$$
