000
CDUS41 KOKX 232032
CLIBDR


CLIMATE REPORT
NATIONAL WEATHER SERVICE NEW YORK NY
432 PM EDT WED AUG 23 2017


...................................

...THE BRIDGEPORT CT CLIMATE SUMMARY FOR AUGUST 23 2017...
VALID TODAY AS OF 0400 PM LOCAL TIME.

CLIMATE NORMAL PERIOD 1981 TO 2010
CLIMATE RECORD PERIOD 1948 TO 2017


WEATHER ITEM   OBSERVED TIME   RECORD YEAR NORMAL DEPARTURE LAST
                VALUE   (LST)  VALUE       VALUE  FROM      YEAR
                                                  NORMAL
..................................................................
TEMPERATURE (F)
 TODAY
  MAXIMUM         84    232 PM  89    1976  80      4       81
  MINIMUM         74    644 AM  52    1952  65      9       59
  AVERAGE         79                        73      6       70

PRECIPITATION (IN)
  TODAY            0.08          1.69 1970   0.14  -0.06     0.00
  MONTH TO DATE    3.58                      3.06   0.52     3.16
  SINCE JUN 1      8.52                     10.13  -1.61     9.22
  SINCE JAN 1     28.36                     28.00   0.36    24.76

SNOWFALL (IN)
  TODAY            0.0           0.0  2002   0.0    0.0      0.0
                                      2001
  MONTH TO DATE    0.0                       0.0    0.0      0.0
  SINCE OCT 1     40.9                      27.6   13.3     27.3
  SINCE JUL 1      0.0                       0.0    0.0      0.0
  SNOW DEPTH       0

DEGREE DAYS
 HEATING
  TODAY            0                         0      0        0
  MONTH TO DATE    0                         0      0        0
  SINCE JUN 1     25                        33     -8        4
  SINCE JUL 1      0                         1     -1        0

 COOLING
  TODAY           14                         8      6        5
  MONTH TO DATE  230                       206     24      314
  SINCE JUN 1    767                       638    129      883
  SINCE JAN 1    811                       662    149      941
..................................................................


WIND (MPH)
  HIGHEST WIND SPEED    16   HIGHEST WIND DIRECTION    SW (230)
  HIGHEST GUST SPEED    22   HIGHEST GUST DIRECTION    SW (230)
  AVERAGE WIND SPEED     9.5


SKY COVER
  AVERAGE SKY COVER 0.4


WEATHER CONDITIONS
 THE FOLLOWING WEATHER WAS RECORDED TODAY.
  RAIN
  LIGHT RAIN
  FOG


RELATIVE HUMIDITY (PERCENT)
 HIGHEST    93           100 AM
 LOWEST     34           300 PM
 AVERAGE    64

..........................................................


THE BRIDGEPORT CT CLIMATE NORMALS FOR TOMORROW
                         NORMAL    RECORD    YEAR
 MAXIMUM TEMPERATURE (F)   80        91      1995
 MINIMUM TEMPERATURE (F)   65        48      1952


SUNRISE AND SUNSET
AUGUST 23 2017........SUNRISE   610 AM EDT   SUNSET   739 PM EDT
AUGUST 24 2017........SUNRISE   611 AM EDT   SUNSET   738 PM EDT


-  INDICATES NEGATIVE NUMBERS.
R  INDICATES RECORD WAS SET OR TIED.
MM INDICATES DATA IS MISSING.
T  INDICATES TRACE AMOUNT.




$$
