000
CDUS41 KOKX 200617
CLIBDR


CLIMATE REPORT
NATIONAL WEATHER SERVICE NEW YORK NY
116 AM EST MON FEB 20 2017


...................................

...THE BRIDGEPORT CT CLIMATE SUMMARY FOR FEBRUARY 19 2017...

CLIMATE NORMAL PERIOD 1981 TO 2010
CLIMATE RECORD PERIOD 1948 TO 2017


WEATHER ITEM   OBSERVED TIME   RECORD YEAR NORMAL DEPARTURE LAST
                VALUE   (LST)  VALUE       VALUE  FROM      YEAR
                                                  NORMAL
..................................................................
TEMPERATURE (F)
 YESTERDAY
  MAXIMUM         63R   434 PM  61    1997  40     23       39
  MINIMUM         38    712 AM   7    2015  26     12       20
  AVERAGE         51                        33     18       30

PRECIPITATION (IN)
  YESTERDAY        0.00          1.90 1972   0.11  -0.11     0.00
  MONTH TO DATE    1.52                      1.80  -0.28     3.30
  SINCE DEC 1      8.23                      8.23   0.00    10.50
  SINCE JAN 1      4.80                      4.90  -0.10     5.56

SNOWFALL (IN)
  YESTERDAY        0.0           5.5  1964   0.3   -0.3      0.0
  MONTH TO DATE   12.8                       5.5    7.3     13.9
  SINCE OCT 1     29.8                      19.0   10.8     24.9
  SINCE JUL 1     29.8                      19.0   10.8     24.9
  SNOW DEPTH       3

DEGREE DAYS
 HEATING
  YESTERDAY       14                        32    -18       35
  MONTH TO DATE  555                       633    -78      647
  SINCE DEC 1   2255                      2635   -380     2171
  SINCE JUL 1   2983                      3609   -626     2915

 COOLING
  YESTERDAY        0                         0      0        0
  MONTH TO DATE    0                         0      0        0
  SINCE DEC 1      0                         0      0        0
  SINCE JAN 1      0                         0      0        0
..................................................................


WIND (MPH)
  HIGHEST WIND SPEED    20   HIGHEST WIND DIRECTION    NW (300)
  HIGHEST GUST SPEED    25   HIGHEST GUST DIRECTION     W (290)
  AVERAGE WIND SPEED     6.0


SKY COVER
  AVERAGE SKY COVER 0.1


WEATHER CONDITIONS
 THE FOLLOWING WEATHER WAS RECORDED YESTERDAY.
  NO SIGNIFICANT WEATHER WAS OBSERVED.


RELATIVE HUMIDITY (PERCENT)
 HIGHEST    70           600 AM
 LOWEST     34           300 PM
 AVERAGE    52

..........................................................


THE BRIDGEPORT CT CLIMATE NORMALS FOR TODAY
                         NORMAL    RECORD    YEAR
 MAXIMUM TEMPERATURE (F)   41        54      1991
                                             1949
 MINIMUM TEMPERATURE (F)   26         1      2015


SUNRISE AND SUNSET
FEBRUARY 20 2017......SUNRISE   640 AM EST   SUNSET   533 PM EST
FEBRUARY 21 2017......SUNRISE   638 AM EST   SUNSET   534 PM EST


-  INDICATES NEGATIVE NUMBERS.
R  INDICATES RECORD WAS SET OR TIED.
MM INDICATES DATA IS MISSING.
T  INDICATES TRACE AMOUNT.




$$
