000
CDUS41 KOKX 250623
CLIBDR


CLIMATE REPORT
NATIONAL WEATHER SERVICE NEW YORK NY
223 AM EDT SAT OCT 25 2014


...................................

...THE BRIDGEPORT CT CLIMATE SUMMARY FOR OCTOBER 24 2014...

CLIMATE NORMAL PERIOD 1981 TO 2010
CLIMATE RECORD PERIOD 1948 TO 2014


WEATHER ITEM   OBSERVED TIME   RECORD YEAR NORMAL DEPARTURE LAST
                VALUE   (LST)  VALUE       VALUE  FROM      YEAR
                                                  NORMAL
..................................................................
TEMPERATURE (F)
 YESTERDAY
  MAXIMUM         58    157 PM  76    1970  61     -3       57
  MINIMUM         49    749 AM  26    1969  44      5       40
  AVERAGE         54                        52      2       49

PRECIPITATION (IN)
  YESTERDAY        0.12          1.94 2009   0.11   0.01     0.00
  MONTH TO DATE    2.94                      2.86   0.08     0.28
  SINCE SEP 1      5.04                      6.34  -1.30     3.00
  SINCE JAN 1     36.28                     35.24   1.04    29.78

SNOWFALL (IN)
  YESTERDAY        0.0           0.0  2002   0.0    0.0      0.0
                                      2001
  MONTH TO DATE    0.0                       0.0    0.0      0.0
  SINCE OCT 1      0.0                       0.0    0.0      0.0
  SINCE JUL 1      0.0                       0.0    0.0      0.0
  SNOW DEPTH       0

DEGREE DAYS
 HEATING
  YESTERDAY       11                        13     -2       16
  MONTH TO DATE  161                       225    -64      125
  SINCE SEP 1    201                       289    -88      206
  SINCE JUL 1    201                       293    -92      206

 COOLING
  YESTERDAY        0                         0      0        0
  MONTH TO DATE   19                         8     11       22
  SINCE SEP 1    150                       106     44      118
  SINCE JAN 1    884                       824     60     1003
..................................................................


WIND (MPH)
  HIGHEST WIND SPEED    21   HIGHEST WIND DIRECTION     N (340)
  HIGHEST GUST SPEED    32   HIGHEST GUST DIRECTION    NW (330)
  AVERAGE WIND SPEED     9.7


SKY COVER
  AVERAGE SKY COVER 0.8


WEATHER CONDITIONS
 THE FOLLOWING WEATHER WAS RECORDED YESTERDAY.
  RAIN
  LIGHT RAIN
  FOG


RELATIVE HUMIDITY (PERCENT)
 HIGHEST    86           700 AM
 LOWEST     62           200 PM
 AVERAGE    74

..........................................................


THE BRIDGEPORT CT CLIMATE NORMALS FOR TODAY
                         NORMAL    RECORD    YEAR
 MAXIMUM TEMPERATURE (F)   60        76      2001
 MINIMUM TEMPERATURE (F)   44        31      1962


SUNRISE AND SUNSET
OCTOBER 25 2014.......SUNRISE   715 AM EDT   SUNSET   557 PM EDT
OCTOBER 26 2014.......SUNRISE   717 AM EDT   SUNSET   556 PM EDT


-  INDICATES NEGATIVE NUMBERS.
R  INDICATES RECORD WAS SET OR TIED.
MM INDICATES DATA IS MISSING.
T  INDICATES TRACE AMOUNT.




$$
