000
CDAK48 PABE 251230
CLIBET

CLIMATE REPORT
NATIONAL WEATHER SERVICE BETHEL, AK
430 AM AKDT WED MAY 25 2016

...................................
...THE BETHEL AP CLIMATE SUMMARY FOR MAY 24 2016...

CLIMATE NORMAL PERIOD  1981 TO  2010
CLIMATE RECORD PERIOD  1923 TO  2016

WEATHER ITEM   OBSERVED TIME    RECORD YEAR NORMAL DEPARTURE LAST
               VALUE    (LST)   VALUE       VALUE  FROM      YEAR
                                                   NORMAL
...................................................................
TEMPERATURE
YESTERDAY
 MAXIMUM            48  0429 PM    72  1991     54      -6     55
 MINIMUM            41  0553 AM    23  2000     36       5     43
 AVERAGE            45                          45       0     49

PRECIPITATION
(INCHES)
 YESTERDAY           T           0.29  1998   0.04   -0.04      T
 MONTH TO DATE    1.43                        0.86    0.57   1.61
 SINCE MAR 1      2.85                        2.31    0.54   3.17
 SINCE JAN 1      3.24                        3.81   -0.57   4.21

SNOWFALL
(INCHES)
 YESTERDAY         0.0            2.8  1998    0.0     0.0    0.0
 MONTH TO DATE     0.0                         1.9    -1.9      T
 SINCE MAR 1       2.9                        15.8   -12.9   16.6
 SINCE JUL 1      29.4                        61.6   -32.2   42.1
 SNOW DEPTH (IN)     0                                          0

DEGREE DAYS
 HEATING
  YESTERDAY         20                          20       0     16
  MONTH TO DATE    423                         586    -163    473
  SINCE MAR 1     2474                        3272    -798   2877
  SINCE JUL 1     9923                       12018   -2095  10663

 COOLING
  YESTERDAY          0                           0       0      0
  MONTH TO DATE      0                           0       0      0
  SINCE MAR 1        0                           0       0      0
  SINCE JAN 1        0                           0       0      0
...................................................................

WIND (MPH)
 HIGHEST WIND SPEED    24     HIGHEST WIND DIRECTION    190
 HIGHEST GUST SPEED    30     HIGHEST GUST DIRECTION    190
 AVERAGE WIND SPEED  14.5

WEATHER CONDITIONS
 THE FOLLOWING WEATHER WAS RECORDED YESTERDAY.
 FOG
 RAIN

...................................................................

THE BETHEL CLIMATE NORMALS FOR TODAY
                           NORMAL    RECORD   YEAR
 MAXIMUM TEMPERATURE (F)     54        79     1969
 MINIMUM TEMPERATURE (F)     37        21     1926

SUNRISE AND SUNSET
 MAY 25 2016..........SUNRISE  5:40 AM      SUNSET 11:51 PM
 MAY 26 2016..........SUNRISE  5:38 AM      SUNSET 11:53 PM

-  INDICATES NEGATIVE NUMBERS.
R  INDICATES RECORD HAS BEEN SET OR TIED.
MM INDICATES DATA IS MISSING.
T  INDICATES TRACE OF PRECIPITATION.

&&
-------------------------------------------------------------------

AMOUNT OF DAYLIGHT TODAY  (HOUR:MIN)........18 HOURS 11 MINUTES
GAIN SINCE YESTERDAY (HOUR:MIN:SEC)....+0:04:10

$$
CR MAY 16
