000
CDAK48 PABE 061238
CLIBET

CLIMATE REPORT
NATIONAL WEATHER SERVICE BETHEL, AK
439 AM AKDT MON JUL 6 2015

...................................
...THE BETHEL AP CLIMATE SUMMARY FOR JULY 5 2015...

CLIMATE NORMAL PERIOD  1981 TO  2010
CLIMATE RECORD PERIOD  1923 TO  2015

WEATHER ITEM   OBSERVED TIME    RECORD YEAR NORMAL DEPARTURE LAST
               VALUE    (LST)   VALUE       VALUE  FROM      YEAR
                                                   NORMAL
...................................................................
TEMPERATURE
YESTERDAY
 MAXIMUM            75  0217 PM    85  2008     64      11     73
 MINIMUM            56  0632 AM    37  1942     49       7     43
 AVERAGE            66                          56      10     58

PRECIPITATION
(INCHES)
 YESTERDAY        0.05           0.76  1979   0.06   -0.01      T
 MONTH TO DATE    0.05                        0.30   -0.25      T
 SINCE JUN 1      0.33                        2.02   -1.69   1.52
 SINCE JAN 1      4.73                        6.11   -1.38   4.56

SNOWFALL
(INCHES)
 YESTERDAY         0.0              T  1974    0.0     0.0    0.0
 MONTH TO DATE     0.0                         0.0     0.0    0.0
 SINCE JUN 1       0.0                         0.0     0.0    0.0
 SINCE JUL 1       0.0                         0.0     0.0    0.0
 SNOW DEPTH (IN)     0                                          0

DEGREE DAYS
 HEATING
  YESTERDAY          0                           9      -9      7
  MONTH TO DATE     26                          45     -19     32
  SINCE JUN 1      264                         422    -158    452
  SINCE JUL 1       26                          45     -19     32

 COOLING
  YESTERDAY          1                           0       1      0
  MONTH TO DATE      1                           0       1      0
  SINCE JUN 1       11                           0      11      0
  SINCE JAN 1       11                           0      11      0
...................................................................

WIND (MPH)
 HIGHEST WIND SPEED    25     HIGHEST WIND DIRECTION     80
 HIGHEST GUST SPEED    33     HIGHEST GUST DIRECTION     90
 AVERAGE WIND SPEED  13.5

WEATHER CONDITIONS
 THE FOLLOWING WEATHER WAS RECORDED YESTERDAY.
 SMOKE OR HAZE
 FOG
 RAIN

...................................................................

THE BETHEL CLIMATE NORMALS FOR TODAY
                           NORMAL    RECORD   YEAR
 MAXIMUM TEMPERATURE (F)     64        83     2008
 MINIMUM TEMPERATURE (F)     49        39     1942

SUNRISE AND SUNSET
 JUL 6 2015..........SUNRISE  5:28 AM      SUNSET 12:16 AM
 JUL 7 2015..........SUNRISE  5:29 AM      SUNSET 12:15 AM

-  INDICATES NEGATIVE NUMBERS.
R  INDICATES RECORD HAS BEEN SET OR TIED.
MM INDICATES DATA IS MISSING.
T  INDICATES TRACE OF PRECIPITATION.

&&
-------------------------------------------------------------------

AMOUNT OF DAYLIGHT TODAY  (HOUR:MIN)........18 HOURS 48 MINUTES
LOSS SINCE YESTERDAY (HOUR:MIN:SEC)....-0:02:37

$$
CR JUL 15
