345
CDAK48 PABE 241446
CLIBET

CLIMATE REPORT
NATIONAL WEATHER SERVICE BETHEL, AK
646 AM AKDT SUN JUL 24 2016

...................................
...THE BETHEL AP CLIMATE SUMMARY FOR JULY 23 2016...

CLIMATE NORMAL PERIOD  1981 TO  2010
CLIMATE RECORD PERIOD  1923 TO  2016

WEATHER ITEM   OBSERVED TIME    RECORD YEAR NORMAL DEPARTURE LAST
               VALUE    (LST)   VALUE       VALUE  FROM      YEAR
                                                   NORMAL
...................................................................
TEMPERATURE
YESTERDAY
 MAXIMUM            55  0610 PM    81  1966     63      -8     56
 MINIMUM            49  0428 AM    39  1937     49       0     50
 AVERAGE            52                          56      -4     53

PRECIPITATION
(INCHES)
 YESTERDAY        0.27           0.78  1960   0.09    0.18      T
 MONTH TO DATE    1.74                        1.61    0.13   1.66
 SINCE JUN 1      3.21                        3.33   -0.12   1.94
 SINCE JAN 1      6.47                        7.42   -0.95   6.34

SNOWFALL
(INCHES)
 YESTERDAY         0.0            0.0  2016    0.0     0.0    0.0
 MONTH TO DATE     0.0                         0.0     0.0    0.0
 SINCE JUN 1       0.0                         0.0     0.0    0.0
 SINCE JUL 1       0.0                         0.0     0.0    0.0
 SNOW DEPTH (IN)     0                                          0

DEGREE DAYS
 HEATING
  YESTERDAY         13                           9       4     12
  MONTH TO DATE    136                         207     -71    172
  SINCE JUN 1      408                         584    -176    410
  SINCE JUL 1      136                         207     -71    172

 COOLING
  YESTERDAY          0                           0       0      0
  MONTH TO DATE     12                           0      12      1
  SINCE JUN 1       13                           0      13     11
  SINCE JAN 1       13                           0      13     11
...................................................................

WIND (MPH)
 HIGHEST WIND SPEED    20     HIGHEST WIND DIRECTION    240
 HIGHEST GUST SPEED    23     HIGHEST GUST DIRECTION    240
 AVERAGE WIND SPEED  12.9

WEATHER CONDITIONS
 THE FOLLOWING WEATHER WAS RECORDED YESTERDAY.
 SMOKE OR HAZE
 FOG
 RAIN

...................................................................

THE BETHEL CLIMATE NORMALS FOR TODAY
                           NORMAL    RECORD   YEAR
 MAXIMUM TEMPERATURE (F)     63        83     1966
 MINIMUM TEMPERATURE (F)     49        36     1926

SUNRISE AND SUNSET
 JUL 24 2016..........SUNRISE  6:06 AM      SUNSET 11:41 PM
 JUL 25 2016..........SUNRISE  6:08 AM      SUNSET 11:39 PM

-  INDICATES NEGATIVE NUMBERS.
R  INDICATES RECORD HAS BEEN SET OR TIED.
MM INDICATES DATA IS MISSING.
T  INDICATES TRACE OF PRECIPITATION.

&&
-------------------------------------------------------------------

AMOUNT OF DAYLIGHT TODAY  (HOUR:MIN)........17 HOURS 35 MINUTES
LOSS SINCE YESTERDAY (HOUR:MIN:SEC)....-0:04:41

$$
CR JUL 16
