000
CDAK48 PABE 041229
CLIBET

CLIMATE REPORT
NATIONAL WEATHER SERVICE BETHEL, AK
429 AM AKDT FRI SEP 4 2015

...................................
...THE BETHEL AP CLIMATE SUMMARY FOR SEPTEMBER 3 2015...

CLIMATE NORMAL PERIOD  1981 TO  2010
CLIMATE RECORD PERIOD  1923 TO  2015

WEATHER ITEM   OBSERVED TIME    RECORD YEAR NORMAL DEPARTURE LAST
               VALUE    (LST)   VALUE       VALUE  FROM      YEAR
                                                   NORMAL
...................................................................
TEMPERATURE
YESTERDAY
 MAXIMUM            52  0804 PM    70  1974     57      -5     59
 MINIMUM            49  0851 AM    30  1940     44       5     46
 AVERAGE            51                          51       0     53

PRECIPITATION
(INCHES)
 YESTERDAY       R0.89          R0.89  2015   0.10    0.79   0.01
 MONTH TO DATE    1.13                        0.30    0.83   0.14
 SINCE SEP 1      1.13                        0.30    0.83   0.14
 SINCE JAN 1     10.93                       11.72   -0.79   9.45

SNOWFALL
(INCHES)
 YESTERDAY         0.0              T  1927    0.0     0.0    0.0
 MONTH TO DATE     0.0                         0.0     0.0    0.0
 SINCE SEP 1       0.0                         0.0     0.0    0.0
 SINCE JUL 1       0.0                         0.0     0.0    0.0
 SNOW DEPTH (IN)     0                                          0

DEGREE DAYS
 HEATING
  YESTERDAY         14                          15      -1     12
  MONTH TO DATE     45                          43       2     39
  SINCE SEP 1       45                          43       2     39
  SINCE JUL 1      659                         685     -26    560

 COOLING
  YESTERDAY          0                           0       0      0
  MONTH TO DATE      0                           0       0      0
  SINCE SEP 1        0                           0       0      0
  SINCE JAN 1       11                           0      11      0
...................................................................

WIND (MPH)
 HIGHEST WIND SPEED    15     HIGHEST WIND DIRECTION    360
 HIGHEST GUST SPEED    18     HIGHEST GUST DIRECTION    340
 AVERAGE WIND SPEED   7.6

WEATHER CONDITIONS
 THE FOLLOWING WEATHER WAS RECORDED YESTERDAY.
 FOG
 RAIN

...................................................................

THE BETHEL CLIMATE NORMALS FOR TODAY
                           NORMAL    RECORD   YEAR
 MAXIMUM TEMPERATURE (F)     57        69     1996
 MINIMUM TEMPERATURE (F)     44        28     1940

SUNRISE AND SUNSET
 SEP 4 2015..........SUNRISE  7:48 AM      SUNSET  9:44 PM
 SEP 5 2015..........SUNRISE  7:51 AM      SUNSET  9:41 PM

-  INDICATES NEGATIVE NUMBERS.
R  INDICATES RECORD HAS BEEN SET OR TIED.
MM INDICATES DATA IS MISSING.
T  INDICATES TRACE OF PRECIPITATION.

&&
-------------------------------------------------------------------

AMOUNT OF DAYLIGHT TODAY  (HOUR:MIN)........13 HOURS 56 MINUTES
LOSS SINCE YESTERDAY (HOUR:MIN:SEC)....-0:05:33

$$
CR SEP 15
