743
CDAK48 PABE 221242
CLIBET

CLIMATE REPORT
NATIONAL WEATHER SERVICE BETHEL, AK
442 AM AKDT FRI MAY 22 2015

...................................
...THE BETHEL AP CLIMATE SUMMARY FOR MAY 21 2015...

CLIMATE NORMAL PERIOD  1981 TO  2010
CLIMATE RECORD PERIOD  1923 TO  2015

WEATHER ITEM   OBSERVED TIME    RECORD YEAR NORMAL DEPARTURE LAST
               VALUE    (LST)   VALUE       VALUE  FROM      YEAR
                                                   NORMAL
...................................................................
TEMPERATURE
YESTERDAY
 MAXIMUM            54  0149 PM    70  2002     53       1     54
 MINIMUM            43  0354 AM    21  1933     35       8     38
 AVERAGE            49                          44       5     46

PRECIPITATION
(INCHES)
 YESTERDAY        0.03           0.47  1970   0.03    0.00   0.02
 MONTH TO DATE    1.53                        0.74    0.79   0.03
 SINCE MAR 1      3.09                        2.19    0.90   0.85
 SINCE JAN 1      4.13                        3.69    0.44   2.43

SNOWFALL
(INCHES)
 YESTERDAY         0.0            0.4  1966    0.0     0.0    0.0
 MONTH TO DATE       T                         1.8    -1.8    0.0
 SINCE MAR 1      16.6                        15.7     0.9    5.7
 SINCE JUL 1      42.1                        61.5   -19.4   27.8
 SNOW DEPTH (IN)     0                                          0

DEGREE DAYS
 HEATING
  YESTERDAY         16                          21      -5     19
  MONTH TO DATE    426                         525     -99    444
  SINCE MAR 1     2830                        3211    -381   2989
  SINCE JUL 1    10605                       11957   -1352  10464

 COOLING
  YESTERDAY          0                           0       0      0
  MONTH TO DATE      0                           0       0      0
  SINCE MAR 1        0                           0       0      0
  SINCE JAN 1        0                           0       0      0
...................................................................

WIND (MPH)
 HIGHEST WIND SPEED    16     HIGHEST WIND DIRECTION    200
 HIGHEST GUST SPEED    20     HIGHEST GUST DIRECTION    220
 AVERAGE WIND SPEED   6.8

WEATHER CONDITIONS
 THE FOLLOWING WEATHER WAS RECORDED YESTERDAY.
  RAIN

...................................................................

THE BETHEL CLIMATE NORMALS FOR TODAY
                           NORMAL    RECORD   YEAR
 MAXIMUM TEMPERATURE (F)     53        70     2004
 MINIMUM TEMPERATURE (F)     36        19     1966

SUNRISE AND SUNSET
 MAY 22 2015..........SUNRISE  5:48 AM      SUNSET 11:43 PM
 MAY 23 2015..........SUNRISE  5:46 AM      SUNSET 11:45 PM

-  INDICATES NEGATIVE NUMBERS.
R  INDICATES RECORD HAS BEEN SET OR TIED.
MM INDICATES DATA IS MISSING.
T  INDICATES TRACE OF PRECIPITATION.

&&
-------------------------------------------------------------------

AMOUNT OF DAYLIGHT TODAY  (HOUR:MIN)........17 HOURS 55 MINUTES
GAIN SINCE YESTERDAY (HOUR:MIN:SEC)....+0:04:30

$$
CR MAY 15
