000
CDUS41 KCTP 270618
CLIBFD


CLIMATE REPORT
NATIONAL WEATHER SERVICE STATE COLLEGE PA
218 AM EDT THU APR 27 2017


...................................

...THE BRADFORD CLIMATE SUMMARY FOR APRIL 26 2017...

CLIMATE NORMAL PERIOD 1981 TO 2010
CLIMATE RECORD PERIOD 1957 TO 2017


WEATHER ITEM   OBSERVED TIME   RECORD YEAR NORMAL DEPARTURE LAST
                VALUE   (LST)  VALUE       VALUE  FROM      YEAR
                                                  NORMAL
..................................................................
TEMPERATURE (F)
 YESTERDAY
  MAXIMUM         75    336 PM  82    1990  59     16       58
  MINIMUM         51    702 AM  18    1972  35     16       35
  AVERAGE         63                        47     16       47

PRECIPITATION (IN)
  YESTERDAY        0.00          0.88 1998   0.11  -0.11     0.22
  MONTH TO DATE    4.20                      3.06   1.14     3.27
  SINCE MAR 1      7.94                      6.43   1.51     6.20
  SINCE JAN 1     15.02                     12.07   2.95    10.81

DEGREE DAYS
 HEATING
  YESTERDAY        2                        13    -11       18
  MONTH TO DATE  396                       441    -45      607
  SINCE MAR 1   1463                      1478    -15     1351
  SINCE JUL 1   6046                      7048  -1002     6051

 COOLING
  YESTERDAY        0                         0      0        0
  MONTH TO DATE    1                         0      1        0
  SINCE MAR 1      1                         0      1        0
  SINCE JAN 1      1                         0      1        0
..................................................................


WIND (MPH)
  HIGHEST WIND SPEED    12   HIGHEST WIND DIRECTION    SE (120)
  HIGHEST GUST SPEED    16   HIGHEST GUST DIRECTION    SE (140)
  AVERAGE WIND SPEED     4.9


SKY COVER
  POSSIBLE SUNSHINE  MM
  AVERAGE SKY COVER 0.6


WEATHER CONDITIONS
 THE FOLLOWING WEATHER WAS RECORDED YESTERDAY.
  FOG


RELATIVE HUMIDITY (PERCENT)
 HIGHEST   100          1200 AM
 LOWEST     49           300 PM
 AVERAGE    75

..........................................................


THE BRADFORD CLIMATE NORMALS FOR TODAY
                         NORMAL    RECORD    YEAR
 MAXIMUM TEMPERATURE (F)   60        85      1990
 MINIMUM TEMPERATURE (F)   36        20      2002


SUNRISE AND SUNSET
APRIL 27 2017.........SUNRISE   616 AM EDT   SUNSET   809 PM EDT
APRIL 28 2017.........SUNRISE   615 AM EDT   SUNSET   810 PM EDT


-  INDICATES NEGATIVE NUMBERS.
R  INDICATES RECORD WAS SET OR TIED.
MM INDICATES DATA IS MISSING.
T  INDICATES TRACE AMOUNT.




$$
