000
CDUS41 KCTP 100630
CLIBFD


CLIMATE REPORT
NATIONAL WEATHER SERVICE STATE COLLEGE PA
129 AM EST WED FEB 10 2016


...................................

...THE BRADFORD CLIMATE SUMMARY FOR FEBRUARY 9 2016...

CLIMATE NORMAL PERIOD 1981 TO 2010
CLIMATE RECORD PERIOD 1957 TO 2016


WEATHER ITEM   OBSERVED TIME   RECORD YEAR NORMAL DEPARTURE LAST
                VALUE   (LST)  VALUE       VALUE  FROM      YEAR
                                                  NORMAL
..................................................................
TEMPERATURE (F)
 YESTERDAY
  MAXIMUM         33    157 PM  59    2001  31      2       36
  MINIMUM         25   1159 PM -12    1963  14     11       15
  AVERAGE         29                        23      6       26

PRECIPITATION (IN)
  YESTERDAY        0.10          0.48 1999   0.09   0.01     0.08
  MONTH TO DATE    0.94                      0.76   0.18     0.75
  SINCE DEC 1      6.89                      7.45  -0.56     4.79
  SINCE JAN 1      2.09                      4.05  -1.96     2.59

DEGREE DAYS
 HEATING
  YESTERDAY       36                        37     -1       39
  MONTH TO DATE  304                       335    -31      397
  SINCE DEC 1   2411                      2911   -500     2959
  SINCE JUL 1   3891                      4746   -855     4777

 COOLING
  YESTERDAY        0                         0      0        0
  MONTH TO DATE    0                         0      0        0
  SINCE DEC 1      0                         0      0        0
  SINCE JAN 1      0                         0      0        0
..................................................................


WIND (MPH)
  HIGHEST WIND SPEED    16   HIGHEST WIND DIRECTION     W (290)
  HIGHEST GUST SPEED    22   HIGHEST GUST DIRECTION     W (260)
  AVERAGE WIND SPEED     6.8


SKY COVER
  POSSIBLE SUNSHINE  MM
  AVERAGE SKY COVER 1.0


WEATHER CONDITIONS
 THE FOLLOWING WEATHER WAS RECORDED YESTERDAY.
  LIGHT SNOW
  FOG
  HAZE


RELATIVE HUMIDITY (PERCENT)
 HIGHEST    92           500 AM
 LOWEST     58           500 PM
 AVERAGE    75

..........................................................


THE BRADFORD CLIMATE NORMALS FOR TODAY
                         NORMAL    RECORD    YEAR
 MAXIMUM TEMPERATURE (F)   31        53      2001
 MINIMUM TEMPERATURE (F)   14       -10      1972


SUNRISE AND SUNSET
FEBRUARY 10 2016......SUNRISE   717 AM EST   SUNSET   541 PM EST
FEBRUARY 11 2016......SUNRISE   716 AM EST   SUNSET   542 PM EST


-  INDICATES NEGATIVE NUMBERS.
R  INDICATES RECORD WAS SET OR TIED.
MM INDICATES DATA IS MISSING.
T  INDICATES TRACE AMOUNT.




$$
