000
CDUS41 KCTP 310647
CLIBFD


CLIMATE REPORT
NATIONAL WEATHER SERVICE STATE COLLEGE PA
247 AM EDT FRI JUL 31 2015


...................................

...THE BRADFORD CLIMATE SUMMARY FOR JULY 30 2015...

CLIMATE NORMAL PERIOD 1981 TO 2010
CLIMATE RECORD PERIOD 1957 TO 2015


WEATHER ITEM   OBSERVED TIME   RECORD YEAR NORMAL DEPARTURE LAST
                VALUE   (LST)  VALUE       VALUE  FROM      YEAR
                                                  NORMAL
..................................................................
TEMPERATURE (F)
 YESTERDAY
  MAXIMUM         80    217 PM  88    1999  77      3       66
  MINIMUM         55   1159 PM  40    1971  53      2       44
  AVERAGE         68                        65      3       55

PRECIPITATION (IN)
  YESTERDAY        0.24          0.81 1993   0.13   0.11     0.18
  MONTH TO DATE    2.69                      4.05  -1.36     3.58
  SINCE JUN 1     10.16                      8.96   1.20     9.62
  SINCE JAN 1     22.59                     25.70  -3.11    25.57

DEGREE DAYS
 HEATING
  YESTERDAY        0                         0      0       10
  MONTH TO DATE   47                         1     46       91
  SINCE JUN 1    154                       146      8      176
  SINCE JUL 1     47                         1     46       91

 COOLING
  YESTERDAY        3                         2      1        0
  MONTH TO DATE   71                        68      3       63
  SINCE JUN 1    109                       108      1      119
  SINCE JAN 1    153                       118     35      137
..................................................................


WIND (MPH)
  HIGHEST WIND SPEED    18   HIGHEST WIND DIRECTION    NW (300)
  HIGHEST GUST SPEED    25   HIGHEST GUST DIRECTION    NW (310)
  AVERAGE WIND SPEED     8.0


SKY COVER
  POSSIBLE SUNSHINE  MM
  AVERAGE SKY COVER 0.3


WEATHER CONDITIONS
 THE FOLLOWING WEATHER WAS RECORDED YESTERDAY.
  RAIN
  LIGHT RAIN
  FOG


RELATIVE HUMIDITY (PERCENT)
 HIGHEST    90           200 AM
 LOWEST     42           200 PM
 AVERAGE    66

..........................................................


THE BRADFORD CLIMATE NORMALS FOR TODAY
                         NORMAL    RECORD    YEAR
 MAXIMUM TEMPERATURE (F)   77        92      1975
 MINIMUM TEMPERATURE (F)   53        41      1964


SUNRISE AND SUNSET
JULY 31 2015..........SUNRISE   607 AM EDT   SUNSET   834 PM EDT
AUGUST  1 2015........SUNRISE   608 AM EDT   SUNSET   833 PM EDT


-  INDICATES NEGATIVE NUMBERS.
R  INDICATES RECORD WAS SET OR TIED.
MM INDICATES DATA IS MISSING.
T  INDICATES TRACE AMOUNT.




$$
