000
CDUS41 KCTP 010700
CLIBFD


CLIMATE REPORT
NATIONAL WEATHER SERVICE STATE COLLEGE PA
259 AM EDT WED JUL 1 2015


...................................

...THE BRADFORD CLIMATE SUMMARY FOR JUNE 30 2015...

CLIMATE NORMAL PERIOD 1981 TO 2010
CLIMATE RECORD PERIOD 1957 TO 2015


WEATHER ITEM   OBSERVED TIME   RECORD YEAR NORMAL DEPARTURE LAST
                VALUE   (LST)  VALUE       VALUE  FROM      YEAR
                                                  NORMAL
..................................................................
TEMPERATURE (F)
 YESTERDAY
  MAXIMUM         71    521 PM  87    1964  77     -6       83
  MINIMUM         57    221 AM  30    1961  52      5       64
  AVERAGE         64                        65     -1       74

PRECIPITATION (IN)
  YESTERDAY        0.44          3.21 1998   0.15   0.29      T
  MONTH TO DATE    7.47                      4.91   2.56     6.04
  SINCE JUN 1      7.47                      4.91   2.56     6.04
  SINCE JAN 1     19.90                     21.65  -1.75    21.99

DEGREE DAYS
 HEATING
  YESTERDAY        1                         1      0        0
  MONTH TO DATE  107                        59     48       85
  SINCE JUN 1    107                       145    -38       85
  SINCE JUL 1   8005                      7773    232     7843

 COOLING
  YESTERDAY        0                         2     -2        9
  MONTH TO DATE   38                        40     -2       56
  SINCE JUN 1     38                        40     -2       56
  SINCE JAN 1     82                        50     32       74
..................................................................


WIND (MPH)
  HIGHEST WIND SPEED    12   HIGHEST WIND DIRECTION    SW (220)
  HIGHEST GUST SPEED    19   HIGHEST GUST DIRECTION     S (190)
  AVERAGE WIND SPEED     5.8


SKY COVER
  POSSIBLE SUNSHINE  MM
  AVERAGE SKY COVER 0.8


WEATHER CONDITIONS
 THE FOLLOWING WEATHER WAS RECORDED YESTERDAY.
  THUNDERSTORM
  HEAVY RAIN
  RAIN
  LIGHT RAIN
  FOG


RELATIVE HUMIDITY (PERCENT)
 HIGHEST    93           100 AM
 LOWEST     68           500 PM
 AVERAGE    81

..........................................................


THE BRADFORD CLIMATE NORMALS FOR TODAY
                         NORMAL    RECORD    YEAR
 MAXIMUM TEMPERATURE (F)   77        88      1963
 MINIMUM TEMPERATURE (F)   53        38      1965


SUNRISE AND SUNSET
JULY  1 2015..........SUNRISE   543 AM EDT   SUNSET   853 PM EDT
JULY  2 2015..........SUNRISE   544 AM EDT   SUNSET   853 PM EDT


-  INDICATES NEGATIVE NUMBERS.
R  INDICATES RECORD WAS SET OR TIED.
MM INDICATES DATA IS MISSING.
T  INDICATES TRACE AMOUNT.




$$
