000
CDUS41 KCTP 040613
CLIBFD


CLIMATE REPORT
NATIONAL WEATHER SERVICE STATE COLLEGE PA
212 AM EDT FRI SEP 4 2015


...................................

...THE BRADFORD CLIMATE SUMMARY FOR SEPTEMBER 3 2015...

CLIMATE NORMAL PERIOD 1981 TO 2010
CLIMATE RECORD PERIOD 1957 TO 2015


WEATHER ITEM   OBSERVED TIME   RECORD YEAR NORMAL DEPARTURE LAST
                VALUE   (LST)  VALUE       VALUE  FROM      YEAR
                                                  NORMAL
..................................................................
TEMPERATURE (F)
 YESTERDAY
  MAXIMUM         85    330 PM  90    2011  73     12       77
  MINIMUM         54    529 AM  34    1976  49      5       56
  AVERAGE         70                        61      9       67

PRECIPITATION (IN)
  YESTERDAY        0.00          1.36 1993   0.14  -0.14     0.00
  MONTH TO DATE    0.00                      0.40  -0.40     0.73
  SINCE SEP 1      0.00                      0.40  -0.40     0.73
  SINCE JAN 1     23.84                     30.35  -6.51    32.07

DEGREE DAYS
 HEATING
  YESTERDAY        0                         2     -2        0
  MONTH TO DATE    0                         6     -6        0
  SINCE SEP 1      0                         6     -6        0
  SINCE JUL 1    126                       159    -33      184

 COOLING
  YESTERDAY        5                         1      4        2
  MONTH TO DATE   11                         3      8       13
  SINCE SEP 1     11                         3      8       13
  SINCE JAN 1    219                       180     39      183
..................................................................


WIND (MPH)
  HIGHEST WIND SPEED    13   HIGHEST WIND DIRECTION    NW (330)
  HIGHEST GUST SPEED    15   HIGHEST GUST DIRECTION     N (20)
  AVERAGE WIND SPEED     1.9


SKY COVER
  POSSIBLE SUNSHINE  MM
  AVERAGE SKY COVER 0.5


WEATHER CONDITIONS
 THE FOLLOWING WEATHER WAS RECORDED YESTERDAY.
  THUNDERSTORM
  FOG
  FOG W/VISIBILITY <= 1/4 MILE
  HAZE


RELATIVE HUMIDITY (PERCENT)
 HIGHEST   100           700 AM
 LOWEST     51           200 PM
 AVERAGE    76

..........................................................


THE BRADFORD CLIMATE NORMALS FOR TODAY
                         NORMAL    RECORD    YEAR
 MAXIMUM TEMPERATURE (F)   72        85      1973
 MINIMUM TEMPERATURE (F)   49        34      1997


SUNRISE AND SUNSET
SEPTEMBER  4 2015.....SUNRISE   643 AM EDT   SUNSET   743 PM EDT
SEPTEMBER  5 2015.....SUNRISE   644 AM EDT   SUNSET   742 PM EDT


-  INDICATES NEGATIVE NUMBERS.
R  INDICATES RECORD WAS SET OR TIED.
MM INDICATES DATA IS MISSING.
T  INDICATES TRACE AMOUNT.




$$
