000
CDUS41 KCTP 220618
CLIBFD


CLIMATE REPORT
NATIONAL WEATHER SERVICE STATE COLLEGE PA
218 AM EDT WED OCT 22 2014


...................................

...THE BRADFORD CLIMATE SUMMARY FOR OCTOBER 21 2014...

CLIMATE NORMAL PERIOD 1981 TO 2010
CLIMATE RECORD PERIOD 1957 TO 2014


WEATHER ITEM   OBSERVED TIME   RECORD YEAR NORMAL DEPARTURE LAST
                VALUE   (LST)  VALUE       VALUE  FROM      YEAR
                                                  NORMAL
..................................................................
TEMPERATURE (F)
 YESTERDAY
  MAXIMUM         51    151 PM  75    1979  55     -4       61
  MINIMUM         45   1159 PM  21    1972  35     10       42
  AVERAGE         48                        45      3       52

PRECIPITATION (IN)
  YESTERDAY        0.20          0.95 1970   0.10   0.10     0.00
  MONTH TO DATE    3.28                      2.37   0.91     2.99
  SINCE SEP 1      5.53                      6.29  -0.76     5.52
  SINCE JAN 1     36.87                     36.24   0.63    26.93

DEGREE DAYS
 HEATING
  YESTERDAY       17                        15      2       13
  MONTH TO DATE  299                       266     33      209
  SINCE SEP 1    516                       530    -14      449
  SINCE JUL 1    700                       683     17      585

 COOLING
  YESTERDAY        0                         0      0        0
  MONTH TO DATE    1                         0      1        9
  SINCE SEP 1     26                        15     11       39
  SINCE JAN 1    196                       192      4      334
..................................................................


WIND (MPH)
  HIGHEST WIND SPEED    12   HIGHEST WIND DIRECTION    NW (320)
  HIGHEST GUST SPEED    15   HIGHEST GUST DIRECTION    NE (50)
  AVERAGE WIND SPEED     5.0


SKY COVER
  POSSIBLE SUNSHINE  MM
  AVERAGE SKY COVER 1.0


WEATHER CONDITIONS
 THE FOLLOWING WEATHER WAS RECORDED YESTERDAY.
  LIGHT RAIN
  FOG


RELATIVE HUMIDITY (PERCENT)
 HIGHEST    93           100 AM
 LOWEST     74           400 PM
 AVERAGE    84

..........................................................


THE BRADFORD CLIMATE NORMALS FOR TODAY
                         NORMAL    RECORD    YEAR
 MAXIMUM TEMPERATURE (F)   55        78      1979
 MINIMUM TEMPERATURE (F)   34        24      1969


SUNRISE AND SUNSET
OCTOBER 22 2014.......SUNRISE   735 AM EDT   SUNSET   623 PM EDT
OCTOBER 23 2014.......SUNRISE   736 AM EDT   SUNSET   621 PM EDT


-  INDICATES NEGATIVE NUMBERS.
R  INDICATES RECORD WAS SET OR TIED.
MM INDICATES DATA IS MISSING.
T  INDICATES TRACE AMOUNT.




$$
