000
CDUS41 KCTP 310607
CLIBFD


CLIMATE REPORT
NATIONAL WEATHER SERVICE STATE COLLEGE PA
207 AM EDT FRI OCT 31 2014


...................................

...THE BRADFORD CLIMATE SUMMARY FOR OCTOBER 30 2014...

CLIMATE NORMAL PERIOD 1981 TO 2010
CLIMATE RECORD PERIOD 1957 TO 2014


WEATHER ITEM   OBSERVED TIME   RECORD YEAR NORMAL DEPARTURE LAST
                VALUE   (LST)  VALUE       VALUE  FROM      YEAR
                                                  NORMAL
..................................................................
TEMPERATURE (F)
 YESTERDAY
  MAXIMUM         45   1254 PM  72    1999  52     -7       62
  MINIMUM         34    816 PM  17    1983  33      1       31
  AVERAGE         40                        43     -3       47

PRECIPITATION (IN)
  YESTERDAY        0.05          0.53 1973   0.11  -0.06     0.00
  MONTH TO DATE    3.99                      3.32   0.67     3.45
  SINCE SEP 1      6.24                      7.24  -1.00     5.98
  SINCE JAN 1     37.58                     37.19   0.39    27.39

DEGREE DAYS
 HEATING
  YESTERDAY       25                        18      7       18
  MONTH TO DATE  455                       418     37      445
  SINCE SEP 1    672                       682    -10      685
  SINCE JUL 1    856                       835     21      821

 COOLING
  YESTERDAY        0                         0      0        0
  MONTH TO DATE    1                         0      1        9
  SINCE SEP 1     26                        15     11       39
  SINCE JAN 1    196                       192      4      334
..................................................................


WIND (MPH)
  HIGHEST WIND SPEED    14   HIGHEST WIND DIRECTION    NW (320)
  HIGHEST GUST SPEED    19   HIGHEST GUST DIRECTION    NW (310)
  AVERAGE WIND SPEED     4.7


SKY COVER
  POSSIBLE SUNSHINE  MM
  AVERAGE SKY COVER 1.0


WEATHER CONDITIONS
 THE FOLLOWING WEATHER WAS RECORDED YESTERDAY.
  LIGHT RAIN
  FOG


RELATIVE HUMIDITY (PERCENT)
 HIGHEST    92           200 AM
 LOWEST     70          1100 AM
 AVERAGE    81

..........................................................


THE BRADFORD CLIMATE NORMALS FOR TODAY
                         NORMAL    RECORD    YEAR
 MAXIMUM TEMPERATURE (F)   52        72      1971
 MINIMUM TEMPERATURE (F)   33        12      1975


SUNRISE AND SUNSET
OCTOBER 31 2014.......SUNRISE   746 AM EDT   SUNSET   610 PM EDT
NOVEMBER  1 2014......SUNRISE   747 AM EDT   SUNSET   609 PM EDT


-  INDICATES NEGATIVE NUMBERS.
R  INDICATES RECORD WAS SET OR TIED.
MM INDICATES DATA IS MISSING.
T  INDICATES TRACE AMOUNT.




$$
