000
CDUS41 KCTP 222220
CLIBFD


CLIMATE REPORT
NATIONAL WEATHER SERVICE STATE COLLEGE PA
519 PM EST MON DEC 22 2014


...................................

...THE BRADFORD CLIMATE SUMMARY FOR DECEMBER 22 2014...
VALID TODAY AS OF 0500 PM LOCAL TIME.

CLIMATE NORMAL PERIOD 1981 TO 2010
CLIMATE RECORD PERIOD 1957 TO 2014


WEATHER ITEM   OBSERVED TIME   RECORD YEAR NORMAL DEPARTURE LAST
                VALUE   (LST)  VALUE       VALUE  FROM      YEAR
                                                  NORMAL
..................................................................
TEMPERATURE (F)
 TODAY
  MAXIMUM         33    221 PM  61    2013  31      2       61
  MINIMUM         19    525 AM  -9    1958  16      3       40
  AVERAGE         26                        24      2       51

PRECIPITATION (IN)
  TODAY            0.00          1.00 1983   0.11  -0.11     0.39
  MONTH TO DATE    1.40                      2.48  -1.08     2.45
  SINCE DEC 1      1.40                      2.48  -1.08     2.45
  SINCE JAN 1     41.54                     43.54  -2.00    34.48

DEGREE DAYS
 HEATING
  TODAY           39                        36      3       14
  MONTH TO DATE  791                       731     60      816
  SINCE DEC 1    791                       731     60      816
  SINCE JUL 1   2609                      2566     43     2604

 COOLING
  TODAY            0                         0      0        0
  MONTH TO DATE    0                         0      0        0
  SINCE DEC 1      0                         0      0        0
  SINCE JAN 1    196                       193      3      334
..................................................................


WIND (MPH)
  HIGHEST WIND SPEED    14   HIGHEST WIND DIRECTION    SE (130)
  HIGHEST GUST SPEED    19   HIGHEST GUST DIRECTION    SE (140)
  AVERAGE WIND SPEED     8.8


SKY COVER
  POSSIBLE SUNSHINE  MM
  AVERAGE SKY COVER 0.3


WEATHER CONDITIONS
 THE FOLLOWING WEATHER WAS RECORDED TODAY.
  FOG
  HAZE


RELATIVE HUMIDITY (PERCENT)
 HIGHEST    91           200 AM
 LOWEST     72          1200 PM
 AVERAGE    82

..........................................................


THE BRADFORD CLIMATE NORMALS FOR TOMORROW
                         NORMAL    RECORD    YEAR
 MAXIMUM TEMPERATURE (F)   31        56      1990
 MINIMUM TEMPERATURE (F)   16       -13      1989


SUNRISE AND SUNSET
DECEMBER 22 2014......SUNRISE   739 AM EST   SUNSET   447 PM EST
DECEMBER 23 2014......SUNRISE   739 AM EST   SUNSET   448 PM EST


-  INDICATES NEGATIVE NUMBERS.
R  INDICATES RECORD WAS SET OR TIED.
MM INDICATES DATA IS MISSING.
T  INDICATES TRACE AMOUNT.




$$
