000
CDUS45 KCYS 090747
CLIBFF


CLIMATE REPORT
NATIONAL WEATHER SERVICE CHEYENNE WY
1246 AM MST TUE FEB 9 2016


...................................

...THE SCOTTSBLUFF NE AIRPORT CLIMATE SUMMARY FOR FEBRUARY 8 2016...

CLIMATE NORMAL PERIOD 1981 TO 2010
CLIMATE RECORD PERIOD 1871 TO 2016


WEATHER ITEM   OBSERVED TIME   RECORD YEAR NORMAL DEPARTURE LAST
                VALUE   (LST)  VALUE       VALUE  FROM      YEAR
                                                  NORMAL
..................................................................
TEMPERATURE (F)
 YESTERDAY
  MAXIMUM         42    229 PM  73    1954  43     -1       65
  MINIMUM         21    649 AM -29    1936  15      6       29
  AVERAGE         32                        29      3       47

PRECIPITATION (IN)
  YESTERDAY        0.00          0.23 1909   0.02  -0.02     0.00
  MONTH TO DATE    0.34                      0.14   0.20     0.28
  SINCE JAN 1      0.55                      0.55   0.00     0.73

SNOWFALL (IN)
  YESTERDAY        0.0           2.5  1909   0.3   -0.3      0.0
  MONTH TO DATE    0.0                       1.9   -1.9      4.1
  SINCE JUL 1     18.4                      23.3   -4.9     40.5
  SNOW DEPTH      MM

DEGREE DAYS
 HEATING
  YESTERDAY       33                        36     -3       18
  MONTH TO DATE  321                       292     29      221
  SINCE DEC 1   2668                      2669     -1     2611
  SINCE JUL 1   3943                      4234   -291     4056

 COOLING
  YESTERDAY        0                         0      0        0
  MONTH TO DATE    0                         0      0        0
  SINCE DEC 1      0                         0      0        0
  SINCE JAN 1      0                         0      0        0
..................................................................


WIND (MPH)
  HIGHEST WIND SPEED    23   HIGHEST WIND DIRECTION    NW (320)
  HIGHEST GUST SPEED    29   HIGHEST GUST DIRECTION    NW (300)
  AVERAGE WIND SPEED    13.1


SKY COVER
  AVERAGE SKY COVER 0.3


WEATHER CONDITIONS
 THE FOLLOWING WEATHER WAS RECORDED YESTERDAY.
  NO SIGNIFICANT WEATHER WAS OBSERVED.


RELATIVE HUMIDITY (PERCENT)
 HIGHEST    85          1000 PM
 LOWEST     49           200 PM
 AVERAGE    67

..........................................................


THE SCOTTSBLUFF NE AIRPORT CLIMATE NORMALS FOR TODAY
                         NORMAL    RECORD    YEAR
 MAXIMUM TEMPERATURE (F)   43        71      2015
 MINIMUM TEMPERATURE (F)   15       -29      1901


SUNRISE AND SUNSET
FEBRUARY  9 2016......SUNRISE   658 AM MST   SUNSET   519 PM MST
FEBRUARY 10 2016......SUNRISE   657 AM MST   SUNSET   521 PM MST


-  INDICATES NEGATIVE NUMBERS.
R  INDICATES RECORD WAS SET OR TIED.
MM INDICATES DATA IS MISSING.
T  INDICATES TRACE AMOUNT.




$$
