000
CDUS45 KCYS 240734
CLIBFF


CLIMATE REPORT
NATIONAL WEATHER SERVICE CHEYENNE WY
130 AM MDT TUE MAY 24 2016


...................................

...THE SCOTTSBLUFF NE AIRPORT CLIMATE SUMMARY FOR MAY 23 2016...

CLIMATE NORMAL PERIOD 1981 TO 2010
CLIMATE RECORD PERIOD 1871 TO 2016


WEATHER ITEM   OBSERVED TIME   RECORD YEAR NORMAL DEPARTURE LAST
                VALUE   (LST)  VALUE       VALUE  FROM      YEAR
                                                  NORMAL
..................................................................
TEMPERATURE (F)
 YESTERDAY
  MAXIMUM         73   1250 PM  99    1926  74     -1       60
  MINIMUM         42   1155 PM  32    1935  46     -4       45
  AVERAGE         58                        60     -2       53

PRECIPITATION (IN)
  YESTERDAY        0.02          1.50 1899   0.09  -0.07     0.19
  MONTH TO DATE    1.59                      1.70  -0.11     5.59
  SINCE JAN 1      9.09                      5.54   3.55     9.80

SNOWFALL (IN)
  YESTERDAY        0.0                       0.0    0.0      0.0
  MONTH TO DATE    0.0                       0.5   -0.5      8.0
  SINCE JUL 1     34.6                      42.1   -7.5     51.7
  SNOW DEPTH       0

DEGREE DAYS
 HEATING
  YESTERDAY        7                         6      1       12
  MONTH TO DATE  247                       222     25      305
  SINCE MAR 1   1439                      1603   -164     1394
  SINCE JUL 1   5869                      6515   -646     6109

 COOLING
  YESTERDAY        0                         1     -1        0
  MONTH TO DATE    4                        12     -8        0
  SINCE MAR 1      4                        14    -10        0
  SINCE JAN 1      4                        14    -10        0
..................................................................


WIND (MPH)
  HIGHEST WIND SPEED    38   HIGHEST WIND DIRECTION    SW (240)
  HIGHEST GUST SPEED    48   HIGHEST GUST DIRECTION    SW (230)
  AVERAGE WIND SPEED    11.4


SKY COVER
  AVERAGE SKY COVER 0.4


WEATHER CONDITIONS
 THE FOLLOWING WEATHER WAS RECORDED YESTERDAY.
  THUNDERSTORM
  LIGHT RAIN


RELATIVE HUMIDITY (PERCENT)
 HIGHEST    92          1000 PM
 LOWEST     25           100 PM
 AVERAGE    59

..........................................................


THE SCOTTSBLUFF NE AIRPORT CLIMATE NORMALS FOR TODAY
                         NORMAL    RECORD    YEAR
 MAXIMUM TEMPERATURE (F)   74        94      1896
 MINIMUM TEMPERATURE (F)   46        32      2001
                                             1893


SUNRISE AND SUNSET
MAY 24 2016...........SUNRISE   526 AM MDT   SUNSET   817 PM MDT
MAY 25 2016...........SUNRISE   525 AM MDT   SUNSET   818 PM MDT


-  INDICATES NEGATIVE NUMBERS.
R  INDICATES RECORD WAS SET OR TIED.
MM INDICATES DATA IS MISSING.
T  INDICATES TRACE AMOUNT.




$$
