000
CDUS45 KCYS 240727
CLIBFF


CLIMATE REPORT
NATIONAL WEATHER SERVICE CHEYENNE WY
126 AM MDT THU JUL 24 2014


...................................

...THE SCOTTSBLUFF NEBRASKA AIRPORT CLIMATE SUMMARY FOR JULY 23 2014...

CLIMATE NORMAL PERIOD 1981 TO 2010
CLIMATE RECORD PERIOD 1871 TO 2014


WEATHER ITEM   OBSERVED TIME   RECORD YEAR NORMAL DEPARTURE LAST
                VALUE   (LST)  VALUE       VALUE  FROM      YEAR
                                                  NORMAL
..................................................................
TEMPERATURE (F)
 YESTERDAY
  MAXIMUM         93    402 PM 104    1941  90      3       90
  MINIMUM         66    344 AM  47    1933  59      7       62
  AVERAGE         80                        75      5       76

PRECIPITATION (IN)
  YESTERDAY        0.00          1.50 1923   0.06  -0.06     0.00
  MONTH TO DATE    1.39                      1.39   0.00     0.74
  SINCE JAN 1     10.27                     10.56  -0.29     6.92

SNOWFALL (IN)
  YESTERDAY        0.0          MM      MM   0.0    0.0      0.0
  MONTH TO DATE    0.0                       0.0    0.0      0.0
  SINCE JUL 1      0.0                       0.0    0.0      0.0
  SNOW DEPTH       0

DEGREE DAYS
 HEATING
  YESTERDAY        0                         0      0        0
  MONTH TO DATE    7                         1      6        0
  SINCE JUN 1     60                        61     -1       21
  SINCE JUL 1      7                         1      6        0

 COOLING
  YESTERDAY       15                        10      5       11
  MONTH TO DATE  205                       210     -5      263
  SINCE JUN 1    300                       336    -36      458
  SINCE JAN 1    327                       359    -32      512
..................................................................


WIND (MPH)
  HIGHEST WIND SPEED    23   HIGHEST WIND DIRECTION    SE (130)
  HIGHEST GUST SPEED    28   HIGHEST GUST DIRECTION    SE (120)
  AVERAGE WIND SPEED    13.4


SKY COVER
  AVERAGE SKY COVER 0.2


WEATHER CONDITIONS
 THE FOLLOWING WEATHER WAS RECORDED YESTERDAY.
  NO SIGNIFICANT WEATHER WAS OBSERVED.


RELATIVE HUMIDITY (PERCENT)
 HIGHEST    93           300 AM
 LOWEST     39           400 PM
 AVERAGE    66

..........................................................


THE SCOTTSBLUFF NEBRASKA AIRPORT CLIMATE NORMALS FOR TODAY
                         NORMAL    RECORD    YEAR
 MAXIMUM TEMPERATURE (F)   90       104      2003
                                             1940
 MINIMUM TEMPERATURE (F)   59        44      1911


SUNRISE AND SUNSET
JULY 24 2014..........SUNRISE   540 AM MDT   SUNSET   821 PM MDT
JULY 25 2014..........SUNRISE   541 AM MDT   SUNSET   820 PM MDT


-  INDICATES NEGATIVE NUMBERS.
R  INDICATES RECORD WAS SET OR TIED.
MM INDICATES DATA IS MISSING.
T  INDICATES TRACE AMOUNT.




$$
