000
CDUS45 KCYS 010727
CLIBFF


CLIMATE REPORT
NATIONAL WEATHER SERVICE CHEYENNE WY
126 AM MDT SAT AUG 1 2015


...................................

...THE SCOTTSBLUFF NE AIRPORT CLIMATE SUMMARY FOR JULY 31 2015...

CLIMATE NORMAL PERIOD 1981 TO 2010
CLIMATE RECORD PERIOD 1871 TO 2015


WEATHER ITEM   OBSERVED TIME   RECORD YEAR NORMAL DEPARTURE LAST
                VALUE   (LST)  VALUE       VALUE  FROM      YEAR
                                                  NORMAL
..................................................................
TEMPERATURE (F)
 YESTERDAY
  MAXIMUM         93    207 PM 105    2002  90      3       87
  MINIMUM         59    525 AM  39    1913  59      0       53
  AVERAGE         76                        74      2       70

PRECIPITATION (IN)
  YESTERDAY        0.00          0.92 1920   0.05  -0.05     0.00
  MONTH TO DATE    3.83                      1.83   2.00     1.50
  SINCE JAN 1     18.23                     11.00   7.23    10.38

SNOWFALL (IN)
  YESTERDAY        0.0          MM      MM   0.0    0.0      0.0
  MONTH TO DATE    0.0                       0.0    0.0      0.0
  SINCE JUL 1      0.0                       0.0    0.0      0.0
  SNOW DEPTH       0

DEGREE DAYS
 HEATING
  YESTERDAY        0                         0      0        0
  MONTH TO DATE    6                         1      5        7
  SINCE JUN 1      9                        66    -57       60
  SINCE JUL 1      6                         6      0        7

 COOLING
  YESTERDAY       11                        10      1        5
  MONTH TO DATE  247                       287    -40      282
  SINCE JUN 1    432                       413     19      377
  SINCE JAN 1    432                       436     -4      404
..................................................................


WIND (MPH)
  HIGHEST WIND SPEED    26   HIGHEST WIND DIRECTION    SW (230)
  HIGHEST GUST SPEED    33   HIGHEST GUST DIRECTION     S (200)
  AVERAGE WIND SPEED     6.9


SKY COVER
  AVERAGE SKY COVER 0.0


WEATHER CONDITIONS
 THE FOLLOWING WEATHER WAS RECORDED YESTERDAY.
  NO SIGNIFICANT WEATHER WAS OBSERVED.


RELATIVE HUMIDITY (PERCENT)
 HIGHEST    93           500 AM
 LOWEST     22           200 PM
 AVERAGE    58

..........................................................


THE SCOTTSBLUFF NE AIRPORT CLIMATE NORMALS FOR TODAY
                         NORMAL    RECORD    YEAR
 MAXIMUM TEMPERATURE (F)   90       103      1926
 MINIMUM TEMPERATURE (F)   59        44      1913
                                             1903


SUNRISE AND SUNSET
AUGUST  1 2015........SUNRISE   548 AM MDT   SUNSET   813 PM MDT
AUGUST  2 2015........SUNRISE   549 AM MDT   SUNSET   812 PM MDT


-  INDICATES NEGATIVE NUMBERS.
R  INDICATES RECORD WAS SET OR TIED.
MM INDICATES DATA IS MISSING.
T  INDICATES TRACE AMOUNT.




$$
