000
CDUS45 KCYS 190735
CLIBFF


CLIMATE REPORT
NATIONAL WEATHER SERVICE CHEYENNE WY
134 AM MDT FRI SEP 19 2014


...................................

...THE SCOTTSBLUFF NEBRASKA AIRPORT CLIMATE SUMMARY FOR SEPTEMBER 18 2014...

CLIMATE NORMAL PERIOD 1981 TO 2010
CLIMATE RECORD PERIOD 1871 TO 2014


WEATHER ITEM   OBSERVED TIME   RECORD YEAR NORMAL DEPARTURE LAST
                VALUE   (LST)  VALUE       VALUE  FROM      YEAR
                                                  NORMAL
..................................................................
TEMPERATURE (F)
 YESTERDAY
  MAXIMUM         93    322 PM  98    1895  77     16       90
  MINIMUM         52    418 AM  30    1906  44      8       55
  AVERAGE         73                        61     12       73

PRECIPITATION (IN)
  YESTERDAY        0.00          0.91 1942   0.04  -0.04     0.00
  MONTH TO DATE    0.26                      0.71  -0.45     1.02
  SINCE JAN 1     12.30                     13.01  -0.71     8.87

SNOWFALL (IN)
  YESTERDAY        0.0          MM      MM   0.0    0.0      0.0
  MONTH TO DATE    T                         0.1   -0.1      0.0
  SINCE JUL 1      T                         0.1   -0.1      0.0
  SNOW DEPTH       0

DEGREE DAYS
 HEATING
  YESTERDAY        0                         6     -6        0
  MONTH TO DATE   97                        61     36       10
  SINCE SEP 1     97                        61     36       10
  SINCE JUL 1    110                        81     29       12

 COOLING
  YESTERDAY        8                         1      7        8
  MONTH TO DATE   36                        50    -14      148
  SINCE SEP 1     36                        50    -14      148
  SINCE JAN 1    679                       715    -36     1040
..................................................................


WIND (MPH)
  HIGHEST WIND SPEED    16   HIGHEST WIND DIRECTION     E (100)
  HIGHEST GUST SPEED    28   HIGHEST GUST DIRECTION    SE (140)
  AVERAGE WIND SPEED     6.6


SKY COVER
  AVERAGE SKY COVER 0.2


WEATHER CONDITIONS
 THE FOLLOWING WEATHER WAS RECORDED YESTERDAY.
  FOG
  FOG W/VISIBILITY <= 1/4 MILE


RELATIVE HUMIDITY (PERCENT)
 HIGHEST   100           200 AM
 LOWEST     26           300 PM
 AVERAGE    63

..........................................................


THE SCOTTSBLUFF NEBRASKA AIRPORT CLIMATE NORMALS FOR TODAY
                         NORMAL    RECORD    YEAR
 MAXIMUM TEMPERATURE (F)   76        95      1984
 MINIMUM TEMPERATURE (F)   44        29      1971
                                             1942


SUNRISE AND SUNSET
SEPTEMBER 19 2014.....SUNRISE   639 AM MDT   SUNSET   657 PM MDT
SEPTEMBER 20 2014.....SUNRISE   640 AM MDT   SUNSET   655 PM MDT


-  INDICATES NEGATIVE NUMBERS.
R  INDICATES RECORD WAS SET OR TIED.
MM INDICATES DATA IS MISSING.
T  INDICATES TRACE AMOUNT.




$$
