000
CDUS46 KHNX 200023
CLIBFL


CLIMATE REPORT
NATIONAL WEATHER SERVICE SAN JOAQUIN VALLEY, CA
522 PM PDT SAT AUG 19 2017


...................................

...THE BAKERSFIELD CLIMATE SUMMARY FOR AUGUST 19 2017...
VALID AS OF 0400 PM LOCAL TIME.

CLIMATE NORMAL PERIOD 1981 TO 2010
CLIMATE RECORD PERIOD 1889 TO 2017


WEATHER ITEM   OBSERVED TIME   RECORD YEAR NORMAL DEPARTURE LAST
                VALUE   (LST)  VALUE       VALUE  FROM      YEAR
                                                  NORMAL
..................................................................
TEMPERATURE (F)
 TODAY
  MAXIMUM        101        MM 109    1950  95      6      101
  MINIMUM         76        MM  52    1913  69      7       70
  AVERAGE         89                        82      7       86

PRECIPITATION (IN)
  TODAY            0.00          0.08 1983   0.00   0.00     0.00
  MONTH TO DATE    T                         0.02  -0.02     0.00
  SINCE OCT 1      7.82                      6.37   1.45     5.43
  SINCE JAN 1      4.79                      4.41   0.38     4.10

SNOWFALL (IN)
  TODAY            0.0
  MONTH TO DATE    0.0
  SINCE JUN 1      0.0
  SINCE JUL 1      0.0
  SNOW DEPTH       0

DEGREE DAYS
 HEATING
  TODAY            0                         0      0        0
  MONTH TO DATE    0                         0      0        0
  SINCE JUN 1      1                         2     -1        0
  SINCE JUL 1      0                         0      0        0

 COOLING
  TODAY           24                        17      7       21
  MONTH TO DATE  427                       346     81      420
  SINCE JUN 1   1727                      1308    419     1619
  SINCE JAN 1   2076                      1575    501     1976
..................................................................


WIND (MPH)
  HIGHEST WIND SPEED    12   HIGHEST WIND DIRECTION    NW (310)
  HIGHEST GUST SPEED    17   HIGHEST GUST DIRECTION    NW (300)
  AVERAGE WIND SPEED     4.0




RELATIVE HUMIDITY (PERCENT)
 HIGHEST    54
 LOWEST     27
 AVERAGE    41

..........................................................


THE BAKERSFIELD CLIMATE NORMALS FOR TOMORROW
                         NORMAL    RECORD    YEAR
 MAXIMUM TEMPERATURE (F)   95       112      1950
 MINIMUM TEMPERATURE (F)   69        52      1912


SUNRISE AND SUNSET
AUGUST 19 2017........SUNRISE   619 AM PDT   SUNSET   740 PM PDT
AUGUST 20 2017........SUNRISE   620 AM PDT   SUNSET   739 PM PDT


-  INDICATES NEGATIVE NUMBERS.
R  INDICATES RECORD WAS SET OR TIED.
MM INDICATES DATA IS MISSING.
T  INDICATES TRACE AMOUNT.




$$
