000
CDUS46 KHNX 020821
CLIBFL


CLIMATE REPORT
NATIONAL WEATHER SERVICE SAN JOAQUIN VALLEY, CA
120 AM PDT THU OCT 2 2014


...................................

...THE BAKERSFIELD CLIMATE SUMMARY FOR OCTOBER 1 2014...

CLIMATE NORMAL PERIOD 1981 TO 2010
CLIMATE RECORD PERIOD 1889 TO 2014


WEATHER ITEM   OBSERVED TIME   RECORD YEAR NORMAL DEPARTURE
                VALUE   (LST)  VALUE       VALUE  FROM
                                                  NORMAL
...............................................................
TEMPERATURE (F)
 YESTERDAY
  MAXIMUM         83    503 PM 103    1980  86     -3
  MINIMUM         63    640 AM  37    1908  60      3
  AVERAGE         73                        73      0

PRECIPITATION (IN)
  YESTERDAY        0.00          0.70 1981   0.00   0.00
  MONTH TO DATE    0.00                      0.00   0.00
  SINCE JUL 1      0.01                      0.12  -0.11
  SINCE JAN 1      1.35                      4.51  -3.16

SNOWFALL (IN)
  YESTERDAY        0.0
  MONTH TO DATE    0.0
  SINCE SEP 1      0.0
  SINCE JUL 1      0.0
  SNOW DEPTH       0

DEGREE DAYS
 HEATING
  YESTERDAY        0                                0
  MONTH TO DATE    0                                0
  SINCE SEP 1      0                               -2
  SINCE JUL 1      0                               -2

 COOLING
  YESTERDAY        8                                0
  MONTH TO DATE    8                                0
  SINCE SEP 1    493                              123
  SINCE JAN 1   2774                              636
...............................................................


WIND (MPH)
  HIGHEST WIND SPEED    12   HIGHEST WIND DIRECTION     W (290)
  HIGHEST GUST SPEED    16   HIGHEST GUST DIRECTION     W (290)
  AVERAGE WIND SPEED     4.2




RELATIVE HUMIDITY (PERCENT)
 HIGHEST    67
 LOWEST     28
 AVERAGE    48

..........................................................


THE BAKERSFIELD CLIMATE NORMALS FOR TODAY
                         NORMAL    RECORD    YEAR
 MAXIMUM TEMPERATURE (F)   85       103      1917
 MINIMUM TEMPERATURE (F)   60        36      1908


SUNRISE AND SUNSET
OCTOBER  2 2014.......SUNRISE   652 AM PDT   SUNSET   638 PM PDT
OCTOBER  3 2014.......SUNRISE   653 AM PDT   SUNSET   637 PM PDT


-  INDICATES NEGATIVE NUMBERS.
R  INDICATES RECORD WAS SET OR TIED.
MM INDICATES DATA IS MISSING.
T  INDICATES TRACE AMOUNT.




$$
