000
CDUS46 KHNX 220824
CLIBFL


CLIMATE REPORT
NATIONAL WEATHER SERVICE SAN JOAQUIN VALLEY, CA
1223 AM PST WED FEB 22 2017


...................................

...THE BAKERSFIELD CLIMATE SUMMARY FOR FEBRUARY 21 2017...

CLIMATE NORMAL PERIOD 1981 TO 2010
CLIMATE RECORD PERIOD 1889 TO 2017


WEATHER ITEM   OBSERVED TIME   RECORD YEAR NORMAL DEPARTURE
                VALUE   (LST)  VALUE       VALUE  FROM
                                                  NORMAL
...............................................................
TEMPERATURE (F)
 YESTERDAY
  MAXIMUM         72   1252 PM  82    1991  65      7
  MINIMUM         53   1159 PM  27    1893  44      9
  AVERAGE         63                        54      9

PRECIPITATION (IN)
  YESTERDAY        0.00          0.56 1907   0.04  -0.04
  MONTH TO DATE    1.46                      0.93   0.53
  SINCE OCT 1      7.25                      4.05   3.20
  SINCE JAN 1      4.22                      2.09   2.13

SNOWFALL (IN)
  YESTERDAY        0.0
  MONTH TO DATE    0.0
  SINCE DEC 1      0.0
  SINCE JUL 1      0.0
  SNOW DEPTH       0

DEGREE DAYS
 HEATING
  YESTERDAY        2                               -9
  MONTH TO DATE  125                             -151
  SINCE DEC 1   1040                             -304
  SINCE JUL 1   1245                             -457

 COOLING
  YESTERDAY        0                                0
  MONTH TO DATE    0                                0
  SINCE DEC 1      2                                2
  SINCE JAN 1      2                                2
...............................................................


WIND (MPH)
  HIGHEST WIND SPEED    23   HIGHEST WIND DIRECTION     N (340)
  HIGHEST GUST SPEED    28   HIGHEST GUST DIRECTION     N (340)
  AVERAGE WIND SPEED     7.7




RELATIVE HUMIDITY (PERCENT)
 HIGHEST    72
 LOWEST     40
 AVERAGE    56

..........................................................


THE BAKERSFIELD CLIMATE NORMALS FOR TODAY
                         NORMAL    RECORD    YEAR
 MAXIMUM TEMPERATURE (F)   65        87      1989
 MINIMUM TEMPERATURE (F)   44        32      2006
                                             1953


SUNRISE AND SUNSET
FEBRUARY 22 2017......SUNRISE   634 AM PST   SUNSET   545 PM PST
FEBRUARY 23 2017......SUNRISE   633 AM PST   SUNSET   546 PM PST


-  INDICATES NEGATIVE NUMBERS.
R  INDICATES RECORD WAS SET OR TIED.
MM INDICATES DATA IS MISSING.
T  INDICATES TRACE AMOUNT.




$$
