000
CDUS46 KHNX 290823
CLIBFL


CLIMATE REPORT
NATIONAL WEATHER SERVICE SAN JOAQUIN VALLEY, CA
123 AM PDT FRI APR 29 2016


...................................

...THE BAKERSFIELD CLIMATE SUMMARY FOR APRIL 28 2016...

CLIMATE NORMAL PERIOD 1981 TO 2010
CLIMATE RECORD PERIOD 1889 TO 2016


WEATHER ITEM   OBSERVED TIME   RECORD YEAR NORMAL DEPARTURE
                VALUE   (LST)  VALUE       VALUE  FROM
                                                  NORMAL
...............................................................
TEMPERATURE (F)
 YESTERDAY
  MAXIMUM         71    358 PM  97    2007  79     -8
  MINIMUM         52   1214 AM  38    1999  53     -1
                                      1984
  AVERAGE         62                        66     -4

PRECIPITATION (IN)
  YESTERDAY        0.00          0.79 1906   0.01  -0.01
  MONTH TO DATE    0.97                      0.50   0.47
  SINCE OCT 1      4.88                      6.07  -1.19
  SINCE JAN 1      3.55                      4.11  -0.56

SNOWFALL (IN)
  YESTERDAY        0.0
  MONTH TO DATE    0.0
  SINCE MAR 1      0.0
  SINCE JUL 1      0.0
  SNOW DEPTH       0

DEGREE DAYS
 HEATING
  YESTERDAY        3                                1
  MONTH TO DATE   28                              -97
  SINCE MAR 1    168                             -196
  SINCE JUL 1   1686                             -452

 COOLING
  YESTERDAY        0                               -3
  MONTH TO DATE   91                               40
  SINCE MAR 1     97                               37
  SINCE JAN 1     97                               37
...............................................................


WIND (MPH)
  HIGHEST WIND SPEED    12   HIGHEST WIND DIRECTION     N (350)
  HIGHEST GUST SPEED    18   HIGHEST GUST DIRECTION    SW (240)
  AVERAGE WIND SPEED     4.3




RELATIVE HUMIDITY (PERCENT)
 HIGHEST    71
 LOWEST     37
 AVERAGE    54

..........................................................


THE BAKERSFIELD CLIMATE NORMALS FOR TODAY
                         NORMAL    RECORD    YEAR
 MAXIMUM TEMPERATURE (F)   79       100      1981
 MINIMUM TEMPERATURE (F)   53        40      1984
                                             1908
                                             1907


SUNRISE AND SUNSET
APRIL 29 2016.........SUNRISE   606 AM PDT   SUNSET   741 PM PDT
APRIL 30 2016.........SUNRISE   605 AM PDT   SUNSET   742 PM PDT


-  INDICATES NEGATIVE NUMBERS.
R  INDICATES RECORD WAS SET OR TIED.
MM INDICATES DATA IS MISSING.
T  INDICATES TRACE AMOUNT.




$$
