000
CDUS46 KHNX 240821
CLIBFL


CLIMATE REPORT
NATIONAL WEATHER SERVICE SAN JOAQUIN VALLEY, CA
121 AM PDT SUN MAY 24 2015


...................................

...THE BAKERSFIELD CLIMATE SUMMARY FOR MAY 23 2015...

CLIMATE NORMAL PERIOD 1981 TO 2010
CLIMATE RECORD PERIOD 1889 TO 2015


WEATHER ITEM   OBSERVED TIME   RECORD YEAR NORMAL DEPARTURE
                VALUE   (LST)  VALUE       VALUE  FROM
                                                  NORMAL
...............................................................
TEMPERATURE (F)
 YESTERDAY
  MAXIMUM         80    503 PM 107    1904  85     -5
  MINIMUM         59    547 AM  44    1903  59      0
  AVERAGE         70                        72     -2

PRECIPITATION (IN)
  YESTERDAY        0.12R         0.08 2008   0.00   0.12
  MONTH TO DATE    0.68                      0.15   0.53
  SINCE OCT 1      5.29                      6.24  -0.95
  SINCE JAN 1      2.62                      4.28  -1.66

SNOWFALL (IN)
  YESTERDAY        0.0
  MONTH TO DATE    0.0
  SINCE MAR 1      0.0
  SINCE JUL 1      0.0
  SNOW DEPTH       0

DEGREE DAYS
 HEATING
  YESTERDAY        0                               -1
  MONTH TO DATE   19                              -10
  SINCE MAR 1    172                             -225
  SINCE JUL 1   1307                             -864

 COOLING
  YESTERDAY        5                               -3
  MONTH TO DATE   85                              -49
  SINCE MAR 1    247                               47
  SINCE JAN 1    251                               51
...............................................................


WIND (MPH)
  HIGHEST WIND SPEED    18   HIGHEST WIND DIRECTION    NW (310)
  HIGHEST GUST SPEED    22   HIGHEST GUST DIRECTION    NW (310)
  AVERAGE WIND SPEED     8.2




RELATIVE HUMIDITY (PERCENT)
 HIGHEST    72
 LOWEST     28
 AVERAGE    50

..........................................................


THE BAKERSFIELD CLIMATE NORMALS FOR TODAY
                         NORMAL    RECORD    YEAR
 MAXIMUM TEMPERATURE (F)   86       107      1982
 MINIMUM TEMPERATURE (F)   59        41      1916


SUNRISE AND SUNSET
MAY 24 2015...........SUNRISE   546 AM PDT   SUNSET   801 PM PDT
MAY 25 2015...........SUNRISE   545 AM PDT   SUNSET   801 PM PDT


-  INDICATES NEGATIVE NUMBERS.
R  INDICATES RECORD WAS SET OR TIED.
MM INDICATES DATA IS MISSING.
T  INDICATES TRACE AMOUNT.




$$
