000
CDUS46 KHNX 300822
CLIBFL


CLIMATE REPORT
NATIONAL WEATHER SERVICE SAN JOAQUIN VALLEY, CA
122 AM PDT SUN AUG 30 2015


...................................

...THE BAKERSFIELD CLIMATE SUMMARY FOR AUGUST 29 2015...

CLIMATE NORMAL PERIOD 1981 TO 2010
CLIMATE RECORD PERIOD 1889 TO 2015


WEATHER ITEM   OBSERVED TIME   RECORD YEAR NORMAL DEPARTURE
                VALUE   (LST)  VALUE       VALUE  FROM
                                                  NORMAL
...............................................................
TEMPERATURE (F)
 YESTERDAY
  MAXIMUM         98    412 PM 109    1915  94      4
  MINIMUM         74    411 AM  45    1903  67      7
  AVERAGE         86                        80      6

PRECIPITATION (IN)
  YESTERDAY        0.00          T    2000   0.01  -0.01
                                      1931
  MONTH TO DATE    0.00                      0.04  -0.04
  SINCE OCT 1      5.33                      6.39  -1.06
  SINCE JAN 1      2.66                      4.43  -1.77

SNOWFALL (IN)
  YESTERDAY        0.0
  MONTH TO DATE    0.0
  SINCE JUN 1      0.0
  SINCE JUL 1      0.0
  SNOW DEPTH       0

DEGREE DAYS
 HEATING
  YESTERDAY        0                                0
  MONTH TO DATE    0                                0
  SINCE JUN 1      0                               -2
  SINCE JUL 1      0                                0

 COOLING
  YESTERDAY       21                                5
  MONTH TO DATE  572                               63
  SINCE JUN 1   1735                              264
  SINCE JAN 1   2080                              342
...............................................................


WIND (MPH)
  HIGHEST WIND SPEED    15   HIGHEST WIND DIRECTION    NW (330)
  HIGHEST GUST SPEED    23   HIGHEST GUST DIRECTION    NW (310)
  AVERAGE WIND SPEED     7.7




RELATIVE HUMIDITY (PERCENT)
 HIGHEST    43
 LOWEST     20
 AVERAGE    32

..........................................................


THE BAKERSFIELD CLIMATE NORMALS FOR TODAY
                         NORMAL    RECORD    YEAR
 MAXIMUM TEMPERATURE (F)   94       108      1988
 MINIMUM TEMPERATURE (F)   67        45      1912
                                             1903


SUNRISE AND SUNSET
AUGUST 30 2015........SUNRISE   627 AM PDT   SUNSET   726 PM PDT
AUGUST 31 2015........SUNRISE   628 AM PDT   SUNSET   725 PM PDT


-  INDICATES NEGATIVE NUMBERS.
R  INDICATES RECORD WAS SET OR TIED.
MM INDICATES DATA IS MISSING.
T  INDICATES TRACE AMOUNT.




$$
