000
CDUS46 KHNX 010026
CLIBFL


CLIMATE REPORT
NATIONAL WEATHER SERVICE SAN JOAQUIN VALLEY, CA
525 PM PDT TUE MAY 31 2016


...................................

...THE BAKERSFIELD CLIMATE SUMMARY FOR MAY 31 2016...
VALID AS OF 0400 PM LOCAL TIME.

CLIMATE NORMAL PERIOD 1981 TO 2010
CLIMATE RECORD PERIOD 1889 TO 2016


WEATHER ITEM   OBSERVED TIME   RECORD YEAR NORMAL DEPARTURE LAST
                VALUE   (LST)  VALUE       VALUE  FROM      YEAR
                                                  NORMAL
..................................................................
TEMPERATURE (F)
 TODAY
  MAXIMUM         99    355 PM 110    1910  87     12       99
  MINIMUM         70    434 AM  44    1923  61      9       67
  AVERAGE         85                        74     11       83

PRECIPITATION (IN)
  TODAY            0.00          0.02 1948   0.00   0.00     0.00
  MONTH TO DATE    0.55                      0.18   0.37     0.68
  SINCE OCT 1      5.43                      6.27  -0.84     5.29
  SINCE JAN 1      4.10                      4.31  -0.21     2.62

SNOWFALL (IN)
  TODAY            0.0
  MONTH TO DATE    0.0
  SINCE MAR 1      0.0
  SINCE JUL 1      0.0
  SNOW DEPTH       0

DEGREE DAYS
 HEATING
  TODAY            0                         0      0        0
  MONTH TO DATE    6                        30    -24       19
  SINCE MAR 1    174                       399   -225      172
  SINCE JUL 1   1692                      2173   -481     1307

 COOLING
  TODAY           20                         9     11       18
  MONTH TO DATE  255                       201     54      179
  SINCE MAR 1    357                       267     90      341
  SINCE JAN 1    357                       267     90      345
..................................................................


WIND (MPH)
  HIGHEST WIND SPEED    17   HIGHEST WIND DIRECTION    NW (300)
  HIGHEST GUST SPEED    22   HIGHEST GUST DIRECTION    NW (320)
  AVERAGE WIND SPEED     5.1




RELATIVE HUMIDITY (PERCENT)
 HIGHEST    41
 LOWEST     16
 AVERAGE    29

..........................................................


THE BAKERSFIELD CLIMATE NORMALS FOR TOMORROW
                         NORMAL    RECORD    YEAR
 MAXIMUM TEMPERATURE (F)   87       110      1970
 MINIMUM TEMPERATURE (F)   61        39      1908


SUNRISE AND SUNSET
MAY 31 2016...........SUNRISE   543 AM PDT   SUNSET   806 PM PDT
JUNE  1 2016..........SUNRISE   542 AM PDT   SUNSET   806 PM PDT


-  INDICATES NEGATIVE NUMBERS.
R  INDICATES RECORD WAS SET OR TIED.
MM INDICATES DATA IS MISSING.
T  INDICATES TRACE AMOUNT.




$$
