000
CDUS46 KHNX 270022
CLIBFL


CLIMATE REPORT
NATIONAL WEATHER SERVICE SAN JOAQUIN VALLEY, CA
522 PM PDT MON SEP 26 2016


...................................

...THE BAKERSFIELD CLIMATE SUMMARY FOR SEPTEMBER 26 2016...
VALID AS OF 0400 PM LOCAL TIME.

CLIMATE NORMAL PERIOD 1981 TO 2010
CLIMATE RECORD PERIOD 1889 TO 2016


WEATHER ITEM   OBSERVED TIME   RECORD YEAR NORMAL DEPARTURE LAST
                VALUE   (LST)  VALUE       VALUE  FROM      YEAR
                                                  NORMAL
..................................................................
TEMPERATURE (F)
 TODAY
  MAXIMUM        101    339 PM 107    1963  87     14       95
  MINIMUM         63    605 AM  35    1908  62      1       71
  AVERAGE         82                        74      8       83

PRECIPITATION (IN)
  TODAY            0.00          0.34 1982   0.00   0.00     0.00
  MONTH TO DATE    0.00                      0.06  -0.06      T
  SINCE OCT 1      5.43                      6.45  -1.02     5.33
  SINCE JAN 1      4.10                      4.49  -0.39     2.66

SNOWFALL (IN)
  TODAY            0.0
  MONTH TO DATE    0.0
  SINCE SEP 1      0.0
  SINCE JUL 1      0.0
  SNOW DEPTH       0

DEGREE DAYS
 HEATING
  TODAY            0                         0      0        0
  MONTH TO DATE    0                         0      0        0
  SINCE SEP 1      0                         0      0        0
  SINCE JUL 1      0                         0      0        0

 COOLING
  TODAY           17                        10      7       18
  MONTH TO DATE  341                       327     14      408
  SINCE SEP 1    341                       327     14      408
  SINCE JAN 1   2534                      2095    439     2515
..................................................................


WIND (MPH)
  HIGHEST WIND SPEED    18   HIGHEST WIND DIRECTION     N (340)
  HIGHEST GUST SPEED    22   HIGHEST GUST DIRECTION     N (340)
  AVERAGE WIND SPEED     5.3




RELATIVE HUMIDITY (PERCENT)
 HIGHEST    35
 LOWEST      8
 AVERAGE    22

..........................................................


THE BAKERSFIELD CLIMATE NORMALS FOR TOMORROW
                         NORMAL    RECORD    YEAR
 MAXIMUM TEMPERATURE (F)   87       104      2009
 MINIMUM TEMPERATURE (F)   61        30      1908


SUNRISE AND SUNSET
SEPTEMBER 26 2016.....SUNRISE   648 AM PDT   SUNSET   646 PM PDT
SEPTEMBER 27 2016.....SUNRISE   648 AM PDT   SUNSET   645 PM PDT


-  INDICATES NEGATIVE NUMBERS.
R  INDICATES RECORD WAS SET OR TIED.
MM INDICATES DATA IS MISSING.
T  INDICATES TRACE AMOUNT.




$$
