000
CDUS46 KHNX 270822
CLIBFL


CLIMATE REPORT
NATIONAL WEATHER SERVICE SAN JOAQUIN VALLEY, CA
1222 AM PST TUE JAN 27 2015


...................................

...THE BAKERSFIELD CLIMATE SUMMARY FOR JANUARY 26 2015...

CLIMATE NORMAL PERIOD 1981 TO 2010
CLIMATE RECORD PERIOD 1889 TO 2015


WEATHER ITEM   OBSERVED TIME   RECORD YEAR NORMAL DEPARTURE
                VALUE   (LST)  VALUE       VALUE  FROM
                                                  NORMAL
...............................................................
TEMPERATURE (F)
 YESTERDAY
  MAXIMUM         61    917 PM  78    1942  58      3
                                      1906
  MINIMUM         39    747 AM  25    1904  40     -1
                                      1902
                                      1893
  AVERAGE         50                        49      1

PRECIPITATION (IN)
  YESTERDAY        0.01          0.84 1914   0.04  -0.03
  MONTH TO DATE    0.65                      0.96  -0.31
  SINCE OCT 1      3.32                      2.92   0.40
  SINCE JAN 1      0.65                      0.96  -0.31

SNOWFALL (IN)
  YESTERDAY       MM
  MONTH TO DATE    0.0
  SINCE DEC 1      0.0
  SINCE JUL 1      0.0
  SNOW DEPTH       0

DEGREE DAYS
 HEATING
  YESTERDAY       15                               -1
  MONTH TO DATE  403                              -52
  SINCE DEC 1    748                             -240
  SINCE JUL 1    922                             -424

 COOLING
  YESTERDAY        0                                0
  MONTH TO DATE    0                                0
  SINCE DEC 1      0                                0
  SINCE JAN 1      0                                0
...............................................................


WIND (MPH)
  HIGHEST WIND SPEED    14   HIGHEST WIND DIRECTION    SE (140)
  HIGHEST GUST SPEED    17   HIGHEST GUST DIRECTION    SE (130)
  AVERAGE WIND SPEED     3.9




RELATIVE HUMIDITY (PERCENT)
 HIGHEST   100
 LOWEST     72
 AVERAGE    86

..........................................................


THE BAKERSFIELD CLIMATE NORMALS FOR TODAY
                         NORMAL    RECORD    YEAR
 MAXIMUM TEMPERATURE (F)   58        75      1928
 MINIMUM TEMPERATURE (F)   40        24      1904


SUNRISE AND SUNSET
JANUARY 27 2015.......SUNRISE   659 AM PST   SUNSET   519 PM PST
JANUARY 28 2015.......SUNRISE   659 AM PST   SUNSET   520 PM PST


-  INDICATES NEGATIVE NUMBERS.
R  INDICATES RECORD WAS SET OR TIED.
MM INDICATES DATA IS MISSING.
T  INDICATES TRACE AMOUNT.




$$
