000
CDUS46 KHNX 310023
CLIBFL


CLIMATE REPORT
NATIONAL WEATHER SERVICE SAN JOAQUIN VALLEY, CA
522 PM PDT SAT JUL 30 2016


...................................

...THE BAKERSFIELD CLIMATE SUMMARY FOR JULY 30 2016...
VALID AS OF 0400 PM LOCAL TIME.

CLIMATE NORMAL PERIOD 1981 TO 2010
CLIMATE RECORD PERIOD 1889 TO 2016


WEATHER ITEM   OBSERVED TIME   RECORD YEAR NORMAL DEPARTURE LAST
                VALUE   (LST)  VALUE       VALUE  FROM      YEAR
                                                  NORMAL
..................................................................
TEMPERATURE (F)
 TODAY
  MAXIMUM        111    253 PM 112    1908  98     13       99
  MINIMUM         80    517 AM  48    1914  71      9       80
  AVERAGE         96                        84     12       90

PRECIPITATION (IN)
  TODAY            0.00          0.30 1965   0.00   0.00      T
  MONTH TO DATE    0.00                      0.00   0.00     0.04
  SINCE OCT 1      5.43                      6.35  -0.92     5.33
  SINCE JAN 1      4.10                      4.39  -0.29     2.66

SNOWFALL (IN)
  TODAY            0.0
  MONTH TO DATE    0.0
  SINCE JUN 1      0.0
  SINCE JUL 1      0.0
  SNOW DEPTH       0

DEGREE DAYS
 HEATING
  TODAY            0                         0      0        0
  MONTH TO DATE    0                         0      0        0
  SINCE JUN 1      0                         2     -2        0
  SINCE JUL 1      0                         0      0        0

 COOLING
  TODAY           31                        19     12       25
  MONTH TO DATE  640                       565     75      582
  SINCE JUN 1   1174                       944    230     1135
  SINCE JAN 1   1531                      1211    320     1480
..................................................................


WIND (MPH)
  HIGHEST WIND SPEED    17   HIGHEST WIND DIRECTION    NW (320)
  HIGHEST GUST SPEED    22   HIGHEST GUST DIRECTION    NW (330)
  AVERAGE WIND SPEED     6.0




RELATIVE HUMIDITY (PERCENT)
 HIGHEST    39
 LOWEST     11
 AVERAGE    25

..........................................................


THE BAKERSFIELD CLIMATE NORMALS FOR TOMORROW
                         NORMAL    RECORD    YEAR
 MAXIMUM TEMPERATURE (F)   98       110      1943
                                             1908
 MINIMUM TEMPERATURE (F)   71        55      1905
                                             1899


SUNRISE AND SUNSET
JULY 30 2016..........SUNRISE   604 AM PDT   SUNSET   801 PM PDT
JULY 31 2016..........SUNRISE   604 AM PDT   SUNSET   800 PM PDT


-  INDICATES NEGATIVE NUMBERS.
R  INDICATES RECORD WAS SET OR TIED.
MM INDICATES DATA IS MISSING.
T  INDICATES TRACE AMOUNT.




$$
