000
CDUS46 KHNX 240824
CLIBFL


CLIMATE REPORT
NATIONAL WEATHER SERVICE SAN JOAQUIN VALLEY, CA
1223 AM PST TUE JAN 24 2017


...................................

...THE BAKERSFIELD CLIMATE SUMMARY FOR JANUARY 23 2017...

CLIMATE NORMAL PERIOD 1981 TO 2010
CLIMATE RECORD PERIOD 1889 TO 2017


WEATHER ITEM   OBSERVED TIME   RECORD YEAR NORMAL DEPARTURE
                VALUE   (LST)  VALUE       VALUE  FROM
                                                  NORMAL
...............................................................
TEMPERATURE (F)
 YESTERDAY
  MAXIMUM         53    124 PM  79    2014  57     -4
  MINIMUM         41   1123 PM  21    1937  40      1
  AVERAGE         47                        48     -1

PRECIPITATION (IN)
  YESTERDAY        0.13          0.38 1943   0.04   0.09
  MONTH TO DATE    2.76                      0.85   1.91
  SINCE OCT 1      5.79                      2.81   2.98
  SINCE JAN 1      2.76                      0.85   1.91

SNOWFALL (IN)
  YESTERDAY       MM
  MONTH TO DATE    0.0
  SINCE DEC 1      0.0
  SINCE JUL 1      0.0
  SNOW DEPTH       0

DEGREE DAYS
 HEATING
  YESTERDAY       18                                1
  MONTH TO DATE  322                              -84
  SINCE DEC 1    782                             -157
  SINCE JUL 1    987                             -310

 COOLING
  YESTERDAY        0                                0
  MONTH TO DATE    2                                2
  SINCE DEC 1      2                                2
  SINCE JAN 1      2                                2
...............................................................


WIND (MPH)
  HIGHEST WIND SPEED    20   HIGHEST WIND DIRECTION    NW (310)
  HIGHEST GUST SPEED    23   HIGHEST GUST DIRECTION    NW (310)
  AVERAGE WIND SPEED     4.6




RELATIVE HUMIDITY (PERCENT)
 HIGHEST    83
 LOWEST     59
 AVERAGE    71

..........................................................


THE BAKERSFIELD CLIMATE NORMALS FOR TODAY
                         NORMAL    RECORD    YEAR
 MAXIMUM TEMPERATURE (F)   57        79      2014
 MINIMUM TEMPERATURE (F)   40        21      1937


SUNRISE AND SUNSET
JANUARY 24 2017.......SUNRISE   701 AM PST   SUNSET   516 PM PST
JANUARY 25 2017.......SUNRISE   700 AM PST   SUNSET   517 PM PST


-  INDICATES NEGATIVE NUMBERS.
R  INDICATES RECORD WAS SET OR TIED.
MM INDICATES DATA IS MISSING.
T  INDICATES TRACE AMOUNT.




$$
