000
CDUS46 KHNX 170832
CLIBFL


CLIMATE REPORT
NATIONAL WEATHER SERVICE SAN JOAQUIN VALLEY, CA
1232 AM PST SUN DEC 17 2017


...................................

...THE BAKERSFIELD CLIMATE SUMMARY FOR DECEMBER 16 2017...

CLIMATE NORMAL PERIOD 1981 TO 2010
CLIMATE RECORD PERIOD 1889 TO 2017


WEATHER ITEM   OBSERVED TIME   RECORD YEAR NORMAL DEPARTURE
                VALUE   (LST)  VALUE       VALUE  FROM
                                                  NORMAL
...............................................................
TEMPERATURE (F)
 YESTERDAY
  MAXIMUM         59    328 PM  77    1976  56      3
  MINIMUM         42    613 AM  22    1901  39      3
  AVERAGE         51                        48      3

PRECIPITATION (IN)
  YESTERDAY        0.00          0.64 1957   0.03  -0.03
  MONTH TO DATE    0.00                      0.47  -0.47
  SINCE OCT 1      0.03                      1.41  -1.38
  SINCE JAN 1      5.34                      5.92  -0.58

SNOWFALL (IN)
  YESTERDAY        0.0
  MONTH TO DATE    0.0
  SINCE DEC 1      0.0
  SINCE JUL 1      0.0
  SNOW DEPTH       0

DEGREE DAYS
 HEATING
  YESTERDAY       14                               -4
  MONTH TO DATE  228                              -34
  SINCE DEC 1    228                              -34
  SINCE JUL 1    405                             -215

 COOLING
  YESTERDAY        0                                0
  MONTH TO DATE    0                                0
  SINCE DEC 1      0                                0
  SINCE JAN 1   2948                              690
...............................................................


WIND (MPH)
  HIGHEST WIND SPEED    24   HIGHEST WIND DIRECTION    SE (120)
  HIGHEST GUST SPEED    29   HIGHEST GUST DIRECTION    SE (120)
  AVERAGE WIND SPEED     5.2




RELATIVE HUMIDITY (PERCENT)
 HIGHEST    76
 LOWEST     40
 AVERAGE    58

..........................................................


THE BAKERSFIELD CLIMATE NORMALS FOR TODAY
                         NORMAL    RECORD    YEAR
 MAXIMUM TEMPERATURE (F)   56        75      1977
 MINIMUM TEMPERATURE (F)   39        23      1901


SUNRISE AND SUNSET
DECEMBER 17 2017......SUNRISE   659 AM PST   SUNSET   446 PM PST
DECEMBER 18 2017......SUNRISE   700 AM PST   SUNSET   446 PM PST


-  INDICATES NEGATIVE NUMBERS.
R  INDICATES RECORD WAS SET OR TIED.
MM INDICATES DATA IS MISSING.
T  INDICATES TRACE AMOUNT.




$$
