000
CDUS46 KHNX 050823
CLIBFL


CLIMATE REPORT
NATIONAL WEATHER SERVICE SAN JOAQUIN VALLEY, CA
1223 AM PST THU MAR 5 2015


...................................

...THE BAKERSFIELD CLIMATE SUMMARY FOR MARCH 4 2015...

CLIMATE NORMAL PERIOD 1981 TO 2010
CLIMATE RECORD PERIOD 1889 TO 2015


WEATHER ITEM   OBSERVED TIME   RECORD YEAR NORMAL DEPARTURE
                VALUE   (LST)  VALUE       VALUE  FROM
                                                  NORMAL
...............................................................
TEMPERATURE (F)
 YESTERDAY
  MAXIMUM         69    426 PM  88    1929  67      2
  MINIMUM         42    423 AM  28    1907  45     -3
  AVERAGE         56                        56      0

PRECIPITATION (IN)
  YESTERDAY        0.00          0.45 1995   0.04  -0.04
  MONTH TO DATE    0.27                      0.17   0.10
  SINCE OCT 1      4.53                      4.53   0.00
  SINCE JAN 1      1.86                      2.57  -0.71

SNOWFALL (IN)
  YESTERDAY        0.0
  MONTH TO DATE    0.0
  SINCE MAR 1      0.0
  SINCE JUL 1      0.0
  SNOW DEPTH       0

DEGREE DAYS
 HEATING
  YESTERDAY        9                                0
  MONTH TO DATE   44                                8
  SINCE MAR 1     44                                8
  SINCE JUL 1   1179                             -631

 COOLING
  YESTERDAY        0                                0
  MONTH TO DATE    0                                0
  SINCE MAR 1      0                                0
  SINCE JAN 1      4                                4
...............................................................


WIND (MPH)
  HIGHEST WIND SPEED    10   HIGHEST WIND DIRECTION    NE (40)
  HIGHEST GUST SPEED    12   HIGHEST GUST DIRECTION    NE (40)
  AVERAGE WIND SPEED     3.1




RELATIVE HUMIDITY (PERCENT)
 HIGHEST    83
 LOWEST     32
 AVERAGE    58

..........................................................


THE BAKERSFIELD CLIMATE NORMALS FOR TODAY
                         NORMAL    RECORD    YEAR
 MAXIMUM TEMPERATURE (F)   67        86      1929
 MINIMUM TEMPERATURE (F)   46        30      1923


SUNRISE AND SUNSET
MARCH  5 2015.........SUNRISE   621 AM PST   SUNSET   555 PM PST
MARCH  6 2015.........SUNRISE   620 AM PST   SUNSET   556 PM PST


-  INDICATES NEGATIVE NUMBERS.
R  INDICATES RECORD WAS SET OR TIED.
MM INDICATES DATA IS MISSING.
T  INDICATES TRACE AMOUNT.




$$
