000
CDUS44 KAMA 181507
CLIBGD


CLIMATE REPORT
NATIONAL WEATHER SERVICE AMARILLO TX
906 AM CST SUN FEB 18 2018


...................................

...THE BORGER CLIMATE SUMMARY FOR FEBRUARY 18 2018...
VALID AS OF 0900 AM LOCAL TIME.

CLIMATE NORMAL PERIOD 1981 TO 2010
CLIMATE RECORD PERIOD 1949 TO 2018


WEATHER ITEM   OBSERVED TIME   RECORD YEAR NORMAL DEPARTURE LAST
                VALUE   (LST)  VALUE       VALUE  FROM      YEAR
                                                  NORMAL
..................................................................
TEMPERATURE (F)
 TODAY
  MINIMUM         42    759 AM   6    2006  30     12       34
                                      1978

PRECIPITATION (IN)
  TODAY            0.00          0.71 1957   0.02  -0.02     0.00
  MONTH TO DATE    0.00                      0.43  -0.43     0.37
  SINCE DEC 1      0.01                      1.79  -1.78     3.70
  SINCE JAN 1      0.01                      1.02  -1.01     3.48

SNOWFALL (IN)
  TODAY            0.0           1.0  1975                   0.0
  MONTH TO DATE    0.0                                        T
  SINCE DEC 1      1.2                                       3.6
  SINCE JUL 1      2.0                                       3.6
  SNOW DEPTH       0

..................................................................


WIND (MPH)
  RESULTANT WIND SPEED  15   RESULTANT WIND DIRECTION   S (190)
  HIGHEST WIND SPEED    22   HIGHEST WIND DIRECTION     S (180)
  HIGHEST GUST SPEED    30   HIGHEST GUST DIRECTION     S (190)
  AVERAGE WIND SPEED    15.5


SKY COVER
  AVERAGE SKY COVER 0.0


WEATHER CONDITIONS
 THE FOLLOWING WEATHER WAS RECORDED TODAY.
  NO SIGNIFICANT WEATHER WAS OBSERVED.


RELATIVE HUMIDITY (PERCENT)
 HIGHEST    57           800 AM
 LOWEST     40           100 AM
 AVERAGE    49

..........................................................


THE BORGER CLIMATE NORMALS FOR TOMORROW
                         NORMAL    RECORD    YEAR
 MAXIMUM TEMPERATURE (F)   55        81      2011
 MINIMUM TEMPERATURE (F)   30        11      1978


SUNRISE AND SUNSET
FEBRUARY 18 2018......SUNRISE   729 AM CST   SUNSET   630 PM CST
FEBRUARY 19 2018......SUNRISE   728 AM CST   SUNSET   631 PM CST


-  INDICATES NEGATIVE NUMBERS.
R  INDICATES RECORD WAS SET OR TIED.
MM INDICATES DATA IS MISSING.
T  INDICATES TRACE AMOUNT.




$$
