000
CDUS44 KAMA 142232
CLIBGD


CLIMATE REPORT
NATIONAL WEATHER SERVICE AMARILLO TX
432 PM CST SUN FEB 14 2016


...................................

...THE BORGER CLIMATE SUMMARY FOR FEBRUARY 14 2016...
VALID TODAY AS OF 0400 PM LOCAL TIME.

CLIMATE NORMAL PERIOD 1981 TO 2010
CLIMATE RECORD PERIOD 1949 TO 2016


WEATHER ITEM   OBSERVED TIME   RECORD YEAR NORMAL DEPARTURE LAST
                VALUE   (LST)  VALUE       VALUE  FROM      YEAR
                                                  NORMAL
..................................................................
TEMPERATURE (F)
 TODAY
  MAXIMUM         58    259 PM  85    1979  55      3       79
  MINIMUM         36    641 AM   5    1966  29      7       37
  AVERAGE         47                        42      5       58

PRECIPITATION (IN)
  TODAY            0.00          0.38 1962   0.02  -0.02     0.00
  MONTH TO DATE    0.23                      0.35  -0.12      T
  SINCE DEC 1      1.35                      1.71  -0.36     1.37
  SINCE JAN 1      0.51                      0.94  -0.43     1.23

SNOWFALL (IN)
  TODAY            0.0           2.4  1951                   0.0
  MONTH TO DATE    0.0                                        T
  SINCE DEC 1      6.7                                       9.1
  SINCE JUL 1      7.5                                      11.0
  SNOW DEPTH       0

DEGREE DAYS
 HEATING
  TODAY           18                        23     -5        7
  MONTH TO DATE  301                       337    -36      225
  SINCE DEC 1   1742                      1972   -230     1761
  SINCE JUL 1   2314                      2689   -375     2446

 COOLING
  TODAY            0                         0      0        0
  MONTH TO DATE    0                         0      0        0
  SINCE DEC 1      0                         0      0        0
  SINCE JAN 1      0                         0      0        0
..................................................................


WIND (MPH)
  RESULTANT WIND SPEED   5   RESULTANT WIND DIRECTION   N (350)
  HIGHEST WIND SPEED    25   HIGHEST WIND DIRECTION     N (340)
  HIGHEST GUST SPEED    33   HIGHEST GUST DIRECTION     N (340)
  AVERAGE WIND SPEED    10.4


SKY COVER
  AVERAGE SKY COVER 0.0


WEATHER CONDITIONS
 THE FOLLOWING WEATHER WAS RECORDED TODAY.
  NO SIGNIFICANT WEATHER WAS OBSERVED.


RELATIVE HUMIDITY (PERCENT)
 HIGHEST    65           300 AM
 LOWEST     23           300 PM
 AVERAGE    44

..........................................................


THE BORGER CLIMATE NORMALS FOR TOMORROW
                         NORMAL    RECORD    YEAR
 MAXIMUM TEMPERATURE (F)   55        77      1971
 MINIMUM TEMPERATURE (F)   29         5      2007


SUNRISE AND SUNSET
FEBRUARY 14 2016......SUNRISE   734 AM CST   SUNSET   626 PM CST
FEBRUARY 15 2016......SUNRISE   733 AM CST   SUNSET   627 PM CST


-  INDICATES NEGATIVE NUMBERS.
R  INDICATES RECORD WAS SET OR TIED.
MM INDICATES DATA IS MISSING.
T  INDICATES TRACE AMOUNT.




$$
