000
CDUS44 KAMA 272143
CLIBGD


CLIMATE REPORT
NATIONAL WEATHER SERVICE AMARILLO TX
441 PM CDT WED MAY 27 2015


...................................

...THE BORGER CLIMATE SUMMARY FOR MAY 27 2015...
VALID TODAY AS OF 0400 PM LOCAL TIME.

CLIMATE NORMAL PERIOD 1981 TO 2013
CLIMATE RECORD PERIOD 1949 TO 2015


WEATHER ITEM   OBSERVED TIME   RECORD YEAR NORMAL DEPARTURE LAST
                VALUE   (LST)  VALUE       VALUE  FROM      YEAR
                                                  NORMAL
..................................................................
TEMPERATURE (F)
 TODAY
  MAXIMUM         89    139 PM 100    2013  84      5       82
                                      2006
  MINIMUM         59    612 AM  41    1950  59      0       58
  AVERAGE         74                        72      2       70

PRECIPITATION (IN)
  TODAY            0.00          0.92 1978   0.13  -0.13     0.00
  MONTH TO DATE    8.70                      2.35   6.35     1.49
  SINCE MAR 1     13.37                      5.30   8.07     1.69
  SINCE JAN 1     15.22                      6.51   8.71     2.07

SNOWFALL (IN)
  TODAY            0.0           T    1996                   0.0
  MONTH TO DATE    0.0                                       0.0
  SINCE MAR 1      T                                         2.1
  SINCE JUL 1     17.5                                      14.7
  SNOW DEPTH       0

DEGREE DAYS
 HEATING
  TODAY            0                         1     -1        0
  MONTH TO DATE   77                        60     17       56
  SINCE MAR 1    578                       770   -192      760
  SINCE JUL 1   3450                      3763   -313     3838

 COOLING
  TODAY            9                         7      2        5
  MONTH TO DATE   59                       123    -64      201
  SINCE MAR 1    115                       167    -52      266
  SINCE JAN 1    115                       167    -52      266
..................................................................


WIND (MPH)
  RESULTANT WIND SPEED   2   RESULTANT WIND DIRECTION   S (190)
  HIGHEST WIND SPEED    22   HIGHEST WIND DIRECTION     S (180)
  HIGHEST GUST SPEED    27   HIGHEST GUST DIRECTION     S (180)
  AVERAGE WIND SPEED     5.5


SKY COVER
  AVERAGE SKY COVER 0.1


WEATHER CONDITIONS
 THE FOLLOWING WEATHER WAS RECORDED TODAY.
  NO SIGNIFICANT WEATHER WAS OBSERVED.


RELATIVE HUMIDITY (PERCENT)
 HIGHEST    87           500 AM
 LOWEST     28           100 PM
 AVERAGE    58

..........................................................


THE BORGER CLIMATE NORMALS FOR TOMORROW
                         NORMAL    RECORD    YEAR
 MAXIMUM TEMPERATURE (F)   84       100      2006
 MINIMUM TEMPERATURE (F)   59        38      1992


SUNRISE AND SUNSET
MAY 27 2015...........SUNRISE   633 AM CDT   SUNSET   853 PM CDT
MAY 28 2015...........SUNRISE   633 AM CDT   SUNSET   853 PM CDT


-  INDICATES NEGATIVE NUMBERS.
R  INDICATES RECORD WAS SET OR TIED.
MM INDICATES DATA IS MISSING.
T  INDICATES TRACE AMOUNT.




$$
