000
CDUS44 KAMA 231511
CLIBGD


CLIMATE REPORT
NATIONAL WEATHER SERVICE AMARILLO TX
911 AM CST THU NOV 23 2017


...................................

...THE BORGER CLIMATE SUMMARY FOR NOVEMBER 23 2017...
VALID AS OF 0900 AM LOCAL TIME.

CLIMATE NORMAL PERIOD 1981 TO 2010
CLIMATE RECORD PERIOD 1949 TO 2017


WEATHER ITEM   OBSERVED TIME   RECORD YEAR NORMAL DEPARTURE LAST
                VALUE   (LST)  VALUE       VALUE  FROM      YEAR
                                                  NORMAL
..................................................................
TEMPERATURE (F)
 TODAY
  MINIMUM         42    557 AM   8    1957  33      9       37

PRECIPITATION (IN)
  TODAY            0.00          1.22 2004   0.03  -0.03     0.00
  MONTH TO DATE    0.06                      0.71  -0.65     0.15
  SINCE SEP 1      5.10                      4.81   0.29     1.22
  SINCE JAN 1     26.10                     20.82   5.28    15.56

SNOWFALL (IN)
  TODAY            0.0           5.5  2004                   0.0
  MONTH TO DATE    0.8                                       0.0
  SINCE SEP 1      0.8                                       0.0
  SINCE JUL 1      0.8                                       0.0
  SNOW DEPTH       0

..................................................................


WIND (MPH)
  RESULTANT WIND SPEED   8   RESULTANT WIND DIRECTION   W (250)
  HIGHEST WIND SPEED    13   HIGHEST WIND DIRECTION     W (250)
  HIGHEST GUST SPEED    14   HIGHEST GUST DIRECTION     W (250)
  AVERAGE WIND SPEED     8.2


SKY COVER
  AVERAGE SKY COVER 0.0


WEATHER CONDITIONS
 THE FOLLOWING WEATHER WAS RECORDED TODAY.
  NO SIGNIFICANT WEATHER WAS OBSERVED.


RELATIVE HUMIDITY (PERCENT)
 HIGHEST    62           600 AM
 LOWEST     50          1200 AM
 AVERAGE    56

..........................................................


THE BORGER CLIMATE NORMALS FOR TOMORROW
                         NORMAL    RECORD    YEAR
 MAXIMUM TEMPERATURE (F)   57        80      1981
 MINIMUM TEMPERATURE (F)   33        11      1950


SUNRISE AND SUNSET
NOVEMBER 23 2017......SUNRISE   730 AM CST   SUNSET   534 PM CST
NOVEMBER 24 2017......SUNRISE   731 AM CST   SUNSET   534 PM CST


-  INDICATES NEGATIVE NUMBERS.
R  INDICATES RECORD WAS SET OR TIED.
MM INDICATES DATA IS MISSING.
T  INDICATES TRACE AMOUNT.




$$
