000
CDUS44 KAMA 270633
CLIBGD


CLIMATE REPORT
NATIONAL WEATHER SERVICE AMARILLO TX
132 AM CDT THU APR 27 2017


...................................

...THE BORGER CLIMATE SUMMARY FOR APRIL 26 2017...

CLIMATE NORMAL PERIOD 1981 TO 2010
CLIMATE RECORD PERIOD 1949 TO 2017


WEATHER ITEM   OBSERVED TIME   RECORD YEAR NORMAL DEPARTURE LAST
                VALUE   (LST)  VALUE       VALUE  FROM      YEAR
                                                  NORMAL
..................................................................
TEMPERATURE (F)
 YESTERDAY
  MAXIMUM         63    539 PM  95    1959  75    -12       79
  MINIMUM         40    705 AM  36    2006  48     -8       52
  AVERAGE         52                        62    -10       66

PRECIPITATION (IN)
  YESTERDAY        0.07          0.76 1965   0.04   0.03      T
  MONTH TO DATE    0.99                      1.39  -0.40     1.60
  SINCE MAR 1      3.69                      2.80   0.89     2.31
  SINCE JAN 1      7.17                      4.01   3.16     3.23

SNOWFALL (IN)
  YESTERDAY       MM             T    1954                   0.0
  MONTH TO DATE    0.0                                       0.0
  SINCE MAR 1      0.0                                       2.7
  SINCE JUL 1      0.1                                       8.9
  SNOW DEPTH       0

DEGREE DAYS
 HEATING
  YESTERDAY       13                         5      8        0
  MONTH TO DATE  151                       208    -57      133
  SINCE MAR 1    449                       692   -243      443
  SINCE JUL 1   2784                      3685   -901     2938

 COOLING
  YESTERDAY        0                         2     -2        1
  MONTH TO DATE   68                        29     39       34
  SINCE MAR 1    101                        36     65       45
  SINCE JAN 1    115                        36     79       51
..................................................................


WIND (MPH)
  RESULTANT WIND SPEED  12   RESULTANT WIND DIRECTION   N (350)
  HIGHEST WIND SPEED    29   HIGHEST WIND DIRECTION     N (360)
  HIGHEST GUST SPEED    36   HIGHEST GUST DIRECTION     N (10)
  AVERAGE WIND SPEED    13.3


SKY COVER
  AVERAGE SKY COVER 0.4


WEATHER CONDITIONS
 THE FOLLOWING WEATHER WAS RECORDED YESTERDAY.
  LIGHT RAIN
  FOG


RELATIVE HUMIDITY (PERCENT)
 HIGHEST    96           200 AM
 LOWEST     30           400 PM
 AVERAGE    63

..........................................................


THE BORGER CLIMATE NORMALS FOR TODAY
                         NORMAL    RECORD    YEAR
 MAXIMUM TEMPERATURE (F)   76        91      1974
 MINIMUM TEMPERATURE (F)   49        30      1995


SUNRISE AND SUNSET
APRIL 27 2017.........SUNRISE   658 AM CDT   SUNSET   829 PM CDT
APRIL 28 2017.........SUNRISE   657 AM CDT   SUNSET   830 PM CDT


-  INDICATES NEGATIVE NUMBERS.
R  INDICATES RECORD WAS SET OR TIED.
MM INDICATES DATA IS MISSING.
T  INDICATES TRACE AMOUNT.




$$
