000
CDUS44 KAMA 050627
CLIBGD


CLIMATE REPORT
NATIONAL WEATHER SERVICE AMARILLO TX
126 AM CDT SUN JUL 5 2015


...................................

...THE BORGER CLIMATE SUMMARY FOR JULY 4 2015...

CLIMATE NORMAL PERIOD 1981 TO 2013
CLIMATE RECORD PERIOD 1949 TO 2015


WEATHER ITEM   OBSERVED TIME   RECORD YEAR NORMAL DEPARTURE LAST
                VALUE   (LST)  VALUE       VALUE  FROM      YEAR
                                                  NORMAL
..................................................................
TEMPERATURE (F)
 YESTERDAY
  MAXIMUM         91    547 PM 104    1980  93     -2       92
  MINIMUM         64    608 AM  54    1972  69     -5       67
  AVERAGE         78                        81     -3       80

PRECIPITATION (IN)
  YESTERDAY        0.00          2.55 1967   0.10  -0.10     0.00
  MONTH TO DATE    2.83                      0.46   2.37     0.90
  SINCE JUN 1      7.98                      3.63   4.35     2.64
  SINCE JAN 1     23.50                     10.68  12.82     4.76

SNOWFALL (IN)
  YESTERDAY        0.0           T    1952                   0.0
  MONTH TO DATE    0.0                                       0.0
  SINCE JUN 1      0.0                                       0.0
  SINCE JUL 1      0.0                                       0.0
  SNOW DEPTH       0

DEGREE DAYS
 HEATING
  YESTERDAY        0                         0      0        0
  MONTH TO DATE    0                         0      0        0
  SINCE JUN 1      0                         3     -3        3
  SINCE JUL 1      0                         0      0        0

 COOLING
  YESTERDAY       13                        16     -3       15
  MONTH TO DATE   61                        63     -2       41
  SINCE JUN 1    474                       421     53      448
  SINCE JAN 1    598                       618    -20      762
..................................................................


WIND (MPH)
  RESULTANT WIND SPEED   7   RESULTANT WIND DIRECTION   S (170)
  HIGHEST WIND SPEED    16   HIGHEST WIND DIRECTION     S (170)
  HIGHEST GUST SPEED    24   HIGHEST GUST DIRECTION     S (180)
  AVERAGE WIND SPEED     7.9


SKY COVER
  AVERAGE SKY COVER 0.0


WEATHER CONDITIONS
 THE FOLLOWING WEATHER WAS RECORDED YESTERDAY.
  NO SIGNIFICANT WEATHER WAS OBSERVED.


RELATIVE HUMIDITY (PERCENT)
 HIGHEST    87           200 AM
 LOWEST     34           300 PM
 AVERAGE    61

..........................................................


THE BORGER CLIMATE NORMALS FOR TODAY
                         NORMAL    RECORD    YEAR
 MAXIMUM TEMPERATURE (F)   93       104      1966
 MINIMUM TEMPERATURE (F)   69        54      1995


SUNRISE AND SUNSET
JULY  5 2015..........SUNRISE   635 AM CDT   SUNSET   905 PM CDT
JULY  6 2015..........SUNRISE   636 AM CDT   SUNSET   905 PM CDT


-  INDICATES NEGATIVE NUMBERS.
R  INDICATES RECORD WAS SET OR TIED.
MM INDICATES DATA IS MISSING.
T  INDICATES TRACE AMOUNT.




$$
