000
CDUS44 KAMA 020626
CLIBGD


CLIMATE REPORT
NATIONAL WEATHER SERVICE AMARILLO TX
125 AM CDT SAT AUG 2 2014


...................................

...THE BORGER CLIMATE SUMMARY FOR AUGUST 1 2014...

CLIMATE NORMAL PERIOD 1981 TO 2013
CLIMATE RECORD PERIOD 1949 TO 2014


WEATHER ITEM   OBSERVED TIME   RECORD YEAR NORMAL DEPARTURE LAST
                VALUE   (LST)  VALUE       VALUE  FROM      YEAR
                                                  NORMAL
..................................................................
TEMPERATURE (F)
 YESTERDAY
  MAXIMUM         87    516 PM 108    2012  94     -7       96
  MINIMUM         62    617 AM  57    1971  70     -8       71
  AVERAGE         75                        82     -7       84

PRECIPITATION (IN)
  YESTERDAY        0.00          2.42 1962   0.08  -0.08     0.02
  MONTH TO DATE    0.00                      0.08  -0.08     0.02
  SINCE JUN 1      4.91                      5.87  -0.96     4.38
  SINCE JAN 1      7.03                     12.92  -5.89     8.85

SNOWFALL (IN)
  YESTERDAY        0.0           0.0  2013                   0.0
                                      2012
                                      2011
  MONTH TO DATE    0.0                                       0.0
  SINCE JUN 1      0.0                                       0.0
  SINCE JUL 1      0.0                                       0.0
  SNOW DEPTH       0

DEGREE DAYS
 HEATING
  YESTERDAY        0                         0      0        0
  MONTH TO DATE    0                         0      0        0
  SINCE JUN 1      4                         3      1        0
  SINCE JUL 1      1                         0      1        0

 COOLING
  YESTERDAY       10                        17     -7       19
  MONTH TO DATE   10                        17     -7       19
  SINCE JUN 1    887                       901    -14     1016
  SINCE JAN 1   1201                      1098    103     1304
..................................................................


WIND (MPH)
  RESULTANT WIND SPEED   2   RESULTANT WIND DIRECTION  SE (150)
  HIGHEST WIND SPEED    14   HIGHEST WIND DIRECTION    SE (120)
  HIGHEST GUST SPEED    19   HIGHEST GUST DIRECTION     E (110)
  AVERAGE WIND SPEED     5.0


SKY COVER
  AVERAGE SKY COVER 0.1


WEATHER CONDITIONS
 THE FOLLOWING WEATHER WAS RECORDED YESTERDAY.
  NO SIGNIFICANT WEATHER WAS OBSERVED.


RELATIVE HUMIDITY (PERCENT)
 HIGHEST    78           500 AM
 LOWEST     27           600 PM
 AVERAGE    53

..........................................................


THE BORGER CLIMATE NORMALS FOR TODAY
                         NORMAL    RECORD    YEAR
 MAXIMUM TEMPERATURE (F)   94       107      2012
 MINIMUM TEMPERATURE (F)   70        57      1973


SUNRISE AND SUNSET
AUGUST  2 2014........SUNRISE   654 AM CDT   SUNSET   849 PM CDT
AUGUST  3 2014........SUNRISE   655 AM CDT   SUNSET   848 PM CDT


-  INDICATES NEGATIVE NUMBERS.
R  INDICATES RECORD WAS SET OR TIED.
MM INDICATES DATA IS MISSING.
T  INDICATES TRACE AMOUNT.




$$
