000
CDUS44 KAMA 200626
CLIBGD


CLIMATE REPORT
NATIONAL WEATHER SERVICE AMARILLO TX
125 AM CDT WED SEP 20 2017


...................................

...THE BORGER CLIMATE SUMMARY FOR SEPTEMBER 19 2017...

CLIMATE NORMAL PERIOD 1981 TO 2010
CLIMATE RECORD PERIOD 1949 TO 2017


WEATHER ITEM   OBSERVED TIME   RECORD YEAR NORMAL DEPARTURE LAST
                VALUE   (LST)  VALUE       VALUE  FROM      YEAR
                                                  NORMAL
..................................................................
TEMPERATURE (F)
 YESTERDAY
  MAXIMUM         95    402 PM  98    1983  83     12       96
  MINIMUM         70    702 AM  42    1971  59     11       62
  AVERAGE         83                        71     12       79

PRECIPITATION (IN)
  YESTERDAY        0.00          0.93 2002   0.07  -0.07     0.00
  MONTH TO DATE    0.55                      1.57  -1.02     1.02
  SINCE SEP 1      0.55                      1.57  -1.02     1.02
  SINCE JAN 1     21.55                     17.58   3.97    15.36

SNOWFALL (IN)
  YESTERDAY        0.0           0.0  2013                   0.0
                                      2012
                                      2011
  MONTH TO DATE    0.0                                       0.0
  SINCE SEP 1      0.0                                       0.0
  SINCE JUL 1      0.0                                       0.0
  SNOW DEPTH       0

DEGREE DAYS
 HEATING
  YESTERDAY        0                         1     -1        0
  MONTH TO DATE    0                         5     -5        0
  SINCE SEP 1      0                         5     -5        0
  SINCE JUL 1      0                         6     -6        0

 COOLING
  YESTERDAY       18                         7     11       14
  MONTH TO DATE  209                       177     32      212
  SINCE SEP 1    209                       177     32      212
  SINCE JAN 1   1872                      1727    145     1930
..................................................................


WIND (MPH)
  RESULTANT WIND SPEED  14   RESULTANT WIND DIRECTION  SW (210)
  HIGHEST WIND SPEED    30   HIGHEST WIND DIRECTION    SW (240)
  HIGHEST GUST SPEED    41   HIGHEST GUST DIRECTION    SW (240)
  AVERAGE WIND SPEED    15.4


SKY COVER
  AVERAGE SKY COVER 0.0


WEATHER CONDITIONS
 THE FOLLOWING WEATHER WAS RECORDED YESTERDAY.
  NO SIGNIFICANT WEATHER WAS OBSERVED.


RELATIVE HUMIDITY (PERCENT)
 HIGHEST    79           100 AM
 LOWEST     12           500 PM
 AVERAGE    46

..........................................................


THE BORGER CLIMATE NORMALS FOR TODAY
                         NORMAL    RECORD    YEAR
 MAXIMUM TEMPERATURE (F)   82        98      1956
 MINIMUM TEMPERATURE (F)   59        40      1991


SUNRISE AND SUNSET
SEPTEMBER 20 2017.....SUNRISE   732 AM CDT   SUNSET   745 PM CDT
SEPTEMBER 21 2017.....SUNRISE   733 AM CDT   SUNSET   743 PM CDT


-  INDICATES NEGATIVE NUMBERS.
R  INDICATES RECORD WAS SET OR TIED.
MM INDICATES DATA IS MISSING.
T  INDICATES TRACE AMOUNT.




$$
