000
CDUS41 KBGM 260549
CLIBGM


CLIMATE REPORT
NATIONAL WEATHER SERVICE BINGHAMTON NY
1249 AM EST FRI DEC 26 2014


...................................

...THE BINGHAMTON NY CLIMATE SUMMARY FOR DECEMBER 25 2014...

CLIMATE NORMAL PERIOD 1981 TO 2010
CLIMATE RECORD PERIOD 1951 TO 2014


WEATHER ITEM   OBSERVED TIME   RECORD YEAR NORMAL DEPARTURE LAST
                VALUE   (LST)  VALUE       VALUE  FROM      YEAR
                                                  NORMAL
..................................................................
TEMPERATURE (F)
 YESTERDAY
  MAXIMUM         56    106 AM  58    1964  31     25       20
  MINIMUM         36   1159 PM -18    1980  18     18        4
  AVERAGE         46                        24     22       12

PRECIPITATION (IN)
  YESTERDAY        0.07          0.60 1978   0.09  -0.02      T
  MONTH TO DATE    3.01                      2.35   0.66     2.19
  SINCE DEC 1      3.01                      2.35   0.66     2.19
  SINCE JAN 1     39.34                     38.82   0.52    41.70

SNOWFALL (IN)
  YESTERDAY        0.0          12.7  2002   0.6   -0.6      0.1
  MONTH TO DATE   11.6                      13.9   -2.3     17.3
  SINCE DEC 1     11.6                      13.9   -2.3     17.3
  SINCE JUL 1     25.3                      20.7    4.6     25.5
  SNOW DEPTH       0

DEGREE DAYS
 HEATING
  YESTERDAY       19                        40    -21       53
  MONTH TO DATE  858                       921    -63      919
  SINCE DEC 1    858                       921    -63      919
  SINCE JUL 1   2393                      2496   -103     2510

 COOLING
  YESTERDAY        0                         0      0        0
  MONTH TO DATE    0                         0      0        0
  SINCE DEC 1      0                         0      0        0
  SINCE JAN 1    341                       381    -40      480
..................................................................


WIND (MPH)
  HIGHEST WIND SPEED    30   HIGHEST WIND DIRECTION    SW (240)
  HIGHEST GUST SPEED    44   HIGHEST GUST DIRECTION     W (250)
  AVERAGE WIND SPEED    16.7


SKY COVER
  AVERAGE SKY COVER 1.0


WEATHER CONDITIONS
 THE FOLLOWING WEATHER WAS RECORDED YESTERDAY.
  RAIN
  LIGHT RAIN
  FOG


RELATIVE HUMIDITY (PERCENT)
 HIGHEST   100          1200 AM
 LOWEST     64           900 PM
 AVERAGE    82

..........................................................


THE BINGHAMTON NY CLIMATE NORMALS FOR TODAY
                         NORMAL    RECORD    YEAR
 MAXIMUM TEMPERATURE (F)   30        58      1982
 MINIMUM TEMPERATURE (F)   18        -6      1983


SUNRISE AND SUNSET
DECEMBER 26 2014......SUNRISE   731 AM EST   SUNSET   438 PM EST
DECEMBER 27 2014......SUNRISE   732 AM EST   SUNSET   438 PM EST


-  INDICATES NEGATIVE NUMBERS.
R  INDICATES RECORD WAS SET OR TIED.
MM INDICATES DATA IS MISSING.
T  INDICATES TRACE AMOUNT.




$$
