000
CDUS41 KBGM 200601
CLIBGM


CLIMATE REPORT
NATIONAL WEATHER SERVICE BINGHAMTON NY
200 AM EDT WED AUG 20 2014


...................................

...THE BINGHAMTON NY CLIMATE SUMMARY FOR AUGUST 19 2014...

CLIMATE NORMAL PERIOD 1981 TO 2010
CLIMATE RECORD PERIOD 1951 TO 2014


WEATHER ITEM   OBSERVED TIME   RECORD YEAR NORMAL DEPARTURE LAST
                VALUE   (LST)  VALUE       VALUE  FROM      YEAR
                                                  NORMAL
..................................................................
TEMPERATURE (F)
 YESTERDAY
  MAXIMUM         78    313 PM  86    1983  76      2       74
                                      1978
                                      1955
  MINIMUM         47    542 AM  43    1963  58    -11       58
  AVERAGE         63                        67     -4       66

PRECIPITATION (IN)
  YESTERDAY        0.00          2.73 2006   0.12  -0.12     0.00
  MONTH TO DATE    3.01                      2.13   0.88     3.84
  SINCE JUN 1     11.22                     10.14   1.08    15.60
  SINCE JAN 1     26.58                     24.89   1.69    28.76

SNOWFALL (IN)
  YESTERDAY        0.0           0.0  2002   0.0    0.0      0.0
                                      2001
                                      2000
  MONTH TO DATE    0.0                       0.0    0.0      0.0
  SINCE JUN 1      T                         0.0    0.0      0.0
  SINCE JUL 1      T                         0.0    0.0      0.0
  SNOW DEPTH       0

DEGREE DAYS
 HEATING
  YESTERDAY        2                         1      1        0
  MONTH TO DATE   29                        19     10       34
  SINCE JUN 1     99                       134    -35      135
  SINCE JUL 1     54                        43     11       48

 COOLING
  YESTERDAY        0                         4     -4        1
  MONTH TO DATE   41                        76    -35       20
  SINCE JUN 1    249                       288    -39      323
  SINCE JAN 1    274                       311    -37      366
..................................................................


WIND (MPH)
  HIGHEST WIND SPEED    10   HIGHEST WIND DIRECTION     S (180)
  HIGHEST GUST SPEED    14   HIGHEST GUST DIRECTION     S (190)
  AVERAGE WIND SPEED     4.4


SKY COVER
  AVERAGE SKY COVER 0.3


WEATHER CONDITIONS
 THE FOLLOWING WEATHER WAS RECORDED YESTERDAY.
  FOG
  FOG W/VISIBILITY <= 1/4 MILE


RELATIVE HUMIDITY (PERCENT)
 HIGHEST   100           300 AM
 LOWEST     60           200 PM
 AVERAGE    80

..........................................................


THE BINGHAMTON NY CLIMATE NORMALS FOR TODAY
                         NORMAL    RECORD    YEAR
 MAXIMUM TEMPERATURE (F)   76        91      1962
                                             1955
 MINIMUM TEMPERATURE (F)   58        45      1998


SUNRISE AND SUNSET
AUGUST 20 2014........SUNRISE   617 AM EDT   SUNSET   757 PM EDT
AUGUST 21 2014........SUNRISE   618 AM EDT   SUNSET   756 PM EDT


-  INDICATES NEGATIVE NUMBERS.
R  INDICATES RECORD WAS SET OR TIED.
MM INDICATES DATA IS MISSING.
T  INDICATES TRACE AMOUNT.




$$
