000
CDUS41 KBGM 020838
CLIBGM


CLIMATE REPORT
NATIONAL WEATHER SERVICE BINGHAMTON NY
338 AM EST MON MAR 2 2015


...................................

...THE BINGHAMTON NY CLIMATE SUMMARY FOR MARCH 1 2015...

CLIMATE NORMAL PERIOD 1981 TO 2010
CLIMATE RECORD PERIOD 1951 TO 2015


WEATHER ITEM   OBSERVED TIME   RECORD YEAR NORMAL DEPARTURE LAST
                VALUE   (LST)  VALUE       VALUE  FROM      YEAR
                                                  NORMAL
..................................................................
TEMPERATURE (F)
 YESTERDAY
  MAXIMUM         22   1159 PM  60    1972  36    -14       31
  MINIMUM          9   1233 AM  -5    1980  20    -11        8
  AVERAGE         16                        28    -12       20

PRECIPITATION (IN)
  YESTERDAY        0.37          0.80 1987   0.09   0.28     0.00
  MONTH TO DATE    0.37                      0.09   0.28     0.00
  SINCE MAR 1      0.37                      0.09   0.28     0.00
  SINCE JAN 1      4.31                      4.85  -0.54     5.69

SNOWFALL (IN)
  YESTERDAY        3.4           7.8  1963   0.6    2.8      0.0
  MONTH TO DATE    3.4                       0.6    2.8      0.0
  SINCE MAR 1      3.4                       0.6    2.8      0.0
  SINCE JUL 1     79.2                      64.5   14.7     82.5
  SNOW DEPTH      17

DEGREE DAYS
 HEATING
  YESTERDAY       49                        37     12       45
  MONTH TO DATE   49                        37     12       45
  SINCE MAR 1     49                        37     12       45
  SINCE JUL 1   5581                      5236    345     5516

 COOLING
  YESTERDAY        0                         0      0        0
  MONTH TO DATE    0                         0      0        0
  SINCE MAR 1      0                         0      0        0
  SINCE JAN 1      0                         0      0        0
..................................................................


WIND (MPH)
  HIGHEST WIND SPEED    14   HIGHEST WIND DIRECTION     S (180)
  HIGHEST GUST SPEED    20   HIGHEST GUST DIRECTION     S (200)
  AVERAGE WIND SPEED     7.3


SKY COVER
  AVERAGE SKY COVER 0.9


WEATHER CONDITIONS
 THE FOLLOWING WEATHER WAS RECORDED YESTERDAY.
  SNOW
  LIGHT SNOW
  FOG


RELATIVE HUMIDITY (PERCENT)
 HIGHEST    92           700 AM
 LOWEST     48          1200 AM
 AVERAGE    70

..........................................................


THE BINGHAMTON NY CLIMATE NORMALS FOR TODAY
                         NORMAL    RECORD    YEAR
 MAXIMUM TEMPERATURE (F)   36        63      1991
 MINIMUM TEMPERATURE (F)   20        -6      1980


SUNRISE AND SUNSET
MARCH  2 2015.........SUNRISE   638 AM EST   SUNSET   555 PM EST
MARCH  3 2015.........SUNRISE   636 AM EST   SUNSET   556 PM EST


-  INDICATES NEGATIVE NUMBERS.
R  INDICATES RECORD WAS SET OR TIED.
MM INDICATES DATA IS MISSING.
T  INDICATES TRACE AMOUNT.




$$

HEDEN
