000
CDUS41 KBGM 090525
CLIBGM


CLIMATE REPORT
NATIONAL WEATHER SERVICE BINGHAMTON NY
1223 AM EST FRI DEC 9 2016


...................................

...THE BINGHAMTON NY CLIMATE SUMMARY FOR DECEMBER 8 2016...

CLIMATE NORMAL PERIOD 1981 TO 2010
CLIMATE RECORD PERIOD 1951 TO 2016


WEATHER ITEM   OBSERVED TIME   RECORD YEAR NORMAL DEPARTURE LAST
                VALUE   (LST)  VALUE       VALUE  FROM      YEAR
                                                  NORMAL
..................................................................
TEMPERATURE (F)
 YESTERDAY
  MAXIMUM         32    216 PM  59    1966  36     -4       39
  MINIMUM         22    905 PM   4    1976  24     -2       30
  AVERAGE         27                        30     -3       35

PRECIPITATION (IN)
  YESTERDAY        0.06          1.04 1974   0.11  -0.05     0.00
  MONTH TO DATE    1.18                      0.83   0.35     1.00
  SINCE DEC 1      1.18                      0.83   0.35     1.00
  SINCE JAN 1     33.70                     37.30  -3.60    40.10

SNOWFALL (IN)
  YESTERDAY        1.4           4.1  2001   0.5    0.9      0.0
  MONTH TO DATE    6.9                       3.9    3.0       T
  SINCE DEC 1      6.9                       3.9    3.0       T
  SINCE JUL 1     35.5                      10.7   24.8      1.1
  SNOW DEPTH       1

DEGREE DAYS
 HEATING
  YESTERDAY       38                        35      3       30
  MONTH TO DATE  255                       272    -17      224
  SINCE DEC 1    255                       272    -17      224
  SINCE JUL 1   1604                      1847   -243     1494

 COOLING
  YESTERDAY        0                         0      0        0
  MONTH TO DATE    0                         0      0        0
  SINCE DEC 1      0                         0      0        0
  SINCE JAN 1    563                       381    182      443
..................................................................


WIND (MPH)
  HIGHEST WIND SPEED    22   HIGHEST WIND DIRECTION     W (270)
  HIGHEST GUST SPEED    25   HIGHEST GUST DIRECTION     W (270)
  AVERAGE WIND SPEED    10.4


SKY COVER
  AVERAGE SKY COVER 0.9


WEATHER CONDITIONS
 THE FOLLOWING WEATHER WAS RECORDED YESTERDAY.
  HEAVY SNOW
  SNOW
  LIGHT SNOW
  FOG
  HAZE


RELATIVE HUMIDITY (PERCENT)
 HIGHEST    96          1000 PM
 LOWEST     59           200 PM
 AVERAGE    78

..........................................................


THE BINGHAMTON NY CLIMATE NORMALS FOR TODAY
                         NORMAL    RECORD    YEAR
 MAXIMUM TEMPERATURE (F)   35        61      1966
 MINIMUM TEMPERATURE (F)   23         1      1968


SUNRISE AND SUNSET
DECEMBER  9 2016......SUNRISE   721 AM EST   SUNSET   432 PM EST
DECEMBER 10 2016......SUNRISE   722 AM EST   SUNSET   432 PM EST


-  INDICATES NEGATIVE NUMBERS.
R  INDICATES RECORD WAS SET OR TIED.
MM INDICATES DATA IS MISSING.
T  INDICATES TRACE AMOUNT.




$$
