000
CDUS41 KCAR 050529
CLIBGR


CLIMATE REPORT
NATIONAL WEATHER SERVICE CARIBOU, ME
129 AM EDT WED AUG 5 2015


...................................

...THE BANGOR ME CLIMATE SUMMARY FOR AUGUST 4 2015...

CLIMATE NORMAL PERIOD 1981 TO 2010
CLIMATE RECORD PERIOD 1925 TO 2015


WEATHER ITEM   OBSERVED TIME   RECORD YEAR NORMAL DEPARTURE LAST
                VALUE   (LST)  VALUE       VALUE  FROM      YEAR
                                                  NORMAL
..................................................................
TEMPERATURE (F)
 YESTERDAY
  MAXIMUM         84    221 PM  94    1938  80      4       84
  MINIMUM         58   1139 PM  47    1940  58      0       59
  AVERAGE         71                        69      2       72

PRECIPITATION (IN)
  YESTERDAY        0.15          1.45 1931   0.11   0.04     0.11
  MONTH TO DATE    0.18                      0.44  -0.26     0.11
  SINCE JUN 1      6.24                      7.66  -1.42    10.48
  SINCE JAN 1     17.29                     23.71  -6.42    24.89

SNOWFALL (IN)
  YESTERDAY        0.0           0.0  2002   0.0             0.0
                                      2001
  MONTH TO DATE    0.0                       0.0             0.0
  SINCE JUN 1      0.0                       0.0             0.0
  SINCE JUL 1      0.0                       0.0             0.0
  SNOW DEPTH       0

DEGREE DAYS
 HEATING
  YESTERDAY        0                         1     -1        0
  MONTH TO DATE    0                         4     -4        0
  SINCE JUN 1    205                       134     71       76
  SINCE JUL 1     29                        27      2        5

 COOLING
  YESTERDAY        6                         4      2        7
  MONTH TO DATE   23                        16      7       21
  SINCE JUN 1    147                       200    -53      240
  SINCE JAN 1    170                       206    -36      240
..................................................................


WIND (MPH)
  RESULTANT WIND SPEED   5   RESULTANT WIND DIRECTION   S (180)
  HIGHEST WIND SPEED    20   HIGHEST WIND DIRECTION    NW (300)
  HIGHEST GUST SPEED    26   HIGHEST GUST DIRECTION     S (180)


SKY COVER
  POSSIBLE SUNSHINE  MM
  AVERAGE SKY COVER 0.6


WEATHER CONDITIONS
 THE FOLLOWING WEATHER WAS RECORDED YESTERDAY.
  THUNDERSTORM
  LIGHT RAIN
  FOG
  HAZE


RELATIVE HUMIDITY (PERCENT)
 HIGHEST   100
 LOWEST     51
 AVERAGE    76

..........................................................


THE BANGOR ME CLIMATE NORMALS FOR TODAY
                         NORMAL    RECORD    YEAR
 MAXIMUM TEMPERATURE (F)   80        95      1944
                                             1938
 MINIMUM TEMPERATURE (F)   58        46      1970


SUNRISE AND SUNSET
AUGUST  5 2015........SUNRISE   525 AM EDT   SUNSET   756 PM EDT
AUGUST  6 2015........SUNRISE   527 AM EDT   SUNSET   755 PM EDT


-  INDICATES NEGATIVE NUMBERS.
R  INDICATES RECORD WAS SET OR TIED.
MM INDICATES DATA IS MISSING.
T  INDICATES TRACE AMOUNT.




$$
