000
CDUS41 KCAR 012136
CLIBGR


CLIMATE REPORT
NATIONAL WEATHER SERVICE CARIBOU, ME
435 PM EST SUN FEB 1 2015


...................................

...THE BANGOR ME CLIMATE SUMMARY FOR FEBRUARY 1 2015...
VALID TODAY AS OF 0400 PM LOCAL TIME.

CLIMATE NORMAL PERIOD 1981 TO 2010
CLIMATE RECORD PERIOD 1925 TO 2015


WEATHER ITEM   OBSERVED TIME   RECORD YEAR NORMAL DEPARTURE LAST
                VALUE   (LST)  VALUE       VALUE  FROM      YEAR
                                                  NORMAL
..................................................................
TEMPERATURE (F)
 TODAY
  MAXIMUM         16    246 PM  58    1989  28    -12       37
  MINIMUM          4    336 AM -22    1971   7     -3       15
  AVERAGE         10                        18     -8       26

PRECIPITATION (IN)
  TODAY            0.00          0.88 1982   0.09  -0.09     0.11
  MONTH TO DATE    0.00                      0.09  -0.09     0.11
  SINCE DEC 1      7.92                      6.46   1.46     6.22
  SINCE JAN 1      2.69                      2.98  -0.29     3.29

SNOWFALL (IN)
  TODAY            0.0           6.4  1993   0.6   -0.6      1.2
  MONTH TO DATE    0.0                       0.6   -0.6      1.2
  SINCE DEC 1     48.8                      34.2   14.6     38.5
  SINCE JUL 1     74.7                      36.6   38.1     39.2
  SNOW DEPTH      33

DEGREE DAYS
 HEATING
  TODAY           55                        47      8       39
  MONTH TO DATE   55                        47      8       39
  SINCE DEC 1   2721                      2785    -64     2896
  SINCE JUL 1   4305                      4454   -149     4481

 COOLING
  TODAY            0                         0      0        0
  MONTH TO DATE    0                         0      0        0
  SINCE DEC 1      0                         0      0        0
  SINCE JAN 1      0                         0      0        0
..................................................................


WIND (MPH)
  HIGHEST WIND SPEED    24   HIGHEST WIND DIRECTION    NW (320)
  HIGHEST GUST SPEED    32   HIGHEST GUST DIRECTION    NW (300)
  AVERAGE WIND SPEED    13.6


SKY COVER
  POSSIBLE SUNSHINE  MM
  AVERAGE SKY COVER 0.1


WEATHER CONDITIONS
 THE FOLLOWING WEATHER WAS RECORDED TODAY.
  BLOWING SNOW


RELATIVE HUMIDITY (PERCENT)
 HIGHEST    69           500 AM
 LOWEST     36           300 PM
 AVERAGE    53

..........................................................


THE BANGOR ME CLIMATE NORMALS FOR TOMORROW
                         NORMAL    RECORD    YEAR
 MAXIMUM TEMPERATURE (F)   28        75      1947
 MINIMUM TEMPERATURE (F)    7       -30      1962


SUNRISE AND SUNSET
FEBRUARY  1 2015......SUNRISE   655 AM EST   SUNSET   443 PM EST
FEBRUARY  2 2015......SUNRISE   654 AM EST   SUNSET   445 PM EST


-  INDICATES NEGATIVE NUMBERS.
R  INDICATES RECORD WAS SET OR TIED.
MM INDICATES DATA IS MISSING.
T  INDICATES TRACE AMOUNT.




$$
