000
CDUS41 KCAR 210551
CLIBGR


CLIMATE REPORT
NATIONAL WEATHER SERVICE CARIBOU, ME
1251 AM EST WED FEB 21 2018


...................................

...THE BANGOR ME CLIMATE SUMMARY FOR FEBRUARY 20 2018...

CLIMATE NORMAL PERIOD 1981 TO 2010
CLIMATE RECORD PERIOD 1925 TO 2018


WEATHER ITEM   OBSERVED TIME   RECORD YEAR NORMAL DEPARTURE LAST
                VALUE   (LST)  VALUE       VALUE  FROM      YEAR
                                                  NORMAL
..................................................................
TEMPERATURE (F)
 YESTERDAY
  MAXIMUM         41   1221 PM  58    1994  33      8       38
  MINIMUM         34    413 AM -16    1966  12     22       21
  AVERAGE         38                        22     16       30

PRECIPITATION (IN)
  YESTERDAY        0.18          1.34 1963   0.08   0.10      T
  MONTH TO DATE    2.77                      1.76   1.01     1.78
  SINCE DEC 1     12.13                      8.13   4.00     9.18
  SINCE JAN 1      8.30                      4.65   3.65     5.41

SNOWFALL (IN)
  YESTERDAY        0.0          16.1  1947   0.5              T
  MONTH TO DATE   16.7                      10.8            37.4
  SINCE DEC 1     74.5                      44.4            61.8
  SINCE JUL 1     74.5                      46.8            63.3
  SNOW DEPTH       3

DEGREE DAYS
 HEATING
  YESTERDAY       27                        43    -16       35
  MONTH TO DATE  853                       906    -53      927
  SINCE DEC 1   3719                      3644     75     3476
  SINCE JUL 1   4978                      5313   -335     4895

 COOLING
  YESTERDAY        0                         0      0        0
  MONTH TO DATE    0                         0      0        0
  SINCE DEC 1      0                         0      0        0
  SINCE JAN 1      0                         0      0        0
..................................................................


WIND (MPH)
  RESULTANT WIND SPEED   1   RESULTANT WIND DIRECTION  NE (40)
  HIGHEST WIND SPEED    14   HIGHEST WIND DIRECTION    NE (50)
  HIGHEST GUST SPEED    15   HIGHEST GUST DIRECTION    NE (50)


SKY COVER
  POSSIBLE SUNSHINE  MM
  AVERAGE SKY COVER 1.0


WEATHER CONDITIONS
 THE FOLLOWING WEATHER WAS RECORDED YESTERDAY.
  LIGHT RAIN
  FOG
  FOG W/VISIBILITY <= 1/4 MILE


RELATIVE HUMIDITY (PERCENT)
 HIGHEST   100
 LOWEST     92
 AVERAGE    96

..........................................................


THE BANGOR ME CLIMATE NORMALS FOR TODAY
                         NORMAL    RECORD    YEAR
 MAXIMUM TEMPERATURE (F)   33        60      1937
 MINIMUM TEMPERATURE (F)   12       -15      1929


SUNRISE AND SUNSET
FEBRUARY 21 2018......SUNRISE   626 AM EST   SUNSET   512 PM EST
FEBRUARY 22 2018......SUNRISE   625 AM EST   SUNSET   513 PM EST


-  INDICATES NEGATIVE NUMBERS.
R  INDICATES RECORD WAS SET OR TIED.
MM INDICATES DATA IS MISSING.
T  INDICATES TRACE AMOUNT.




$$
