192
CDUS41 KCAR 120705
CLIBGR


CLIMATE REPORT
NATIONAL WEATHER SERVICE CARIBOU, ME
205 AM EST FRI FEB 12 2016


...................................

...THE BANGOR ME CLIMATE SUMMARY FOR FEBRUARY 11 2016...

CLIMATE NORMAL PERIOD 1981 TO 2010
CLIMATE RECORD PERIOD 1925 TO 2016


WEATHER ITEM   OBSERVED TIME   RECORD YEAR NORMAL DEPARTURE LAST
                VALUE   (LST)  VALUE       VALUE  FROM      YEAR
                                                  NORMAL
..................................................................
TEMPERATURE (F)
 YESTERDAY
  MAXIMUM         29    152 AM  54    1966  30     -1       18
  MINIMUM          5   1159 PM -29    1948   9     -4        2
  AVERAGE         17                        20     -3       10

PRECIPITATION (IN)
  YESTERDAY        T             1.86 1970   0.09  -0.09     0.00
  MONTH TO DATE    1.23                      0.96   0.27     1.22
  SINCE DEC 1      7.67                      7.33   0.34     9.14
  SINCE JAN 1      3.61                      3.85  -0.24     3.91

SNOWFALL (IN)
  YESTERDAY        T             8.0  2005   0.6             0.0
  MONTH TO DATE   14.2                       5.9            21.9
  SINCE DEC 1     30.7                      39.5            70.7
  SINCE JUL 1     33.2                      41.9            96.6
  SNOW DEPTH      11

DEGREE DAYS
 HEATING
  YESTERDAY       48                        45      3       55
  MONTH TO DATE  427                       510    -83      649
  SINCE DEC 1   2693                      3248   -555     3315
  SINCE JUL 1   4194                      4917   -723     4899

 COOLING
  YESTERDAY        0                         0      0        0
  MONTH TO DATE    0                         0      0        0
  SINCE DEC 1      0                         0      0        0
  SINCE JAN 1      0                         0      0        0
..................................................................


WIND (MPH)
  RESULTANT WIND SPEED  10   RESULTANT WIND DIRECTION  NW (310)
  HIGHEST WIND SPEED    23   HIGHEST WIND DIRECTION    NW (320)
  HIGHEST GUST SPEED    28   HIGHEST GUST DIRECTION    NW (320)


SKY COVER
  POSSIBLE SUNSHINE  MM
  AVERAGE SKY COVER 0.8


WEATHER CONDITIONS
 THE FOLLOWING WEATHER WAS RECORDED YESTERDAY.
  LIGHT SNOW
  FOG
  HAZE


RELATIVE HUMIDITY (PERCENT)
 HIGHEST    92
 LOWEST     55
 AVERAGE    74

..........................................................


THE BANGOR ME CLIMATE NORMALS FOR TODAY
                         NORMAL    RECORD    YEAR
 MAXIMUM TEMPERATURE (F)   31        55      1981
 MINIMUM TEMPERATURE (F)    9       -17      1967


SUNRISE AND SUNSET
FEBRUARY 12 2016......SUNRISE   641 AM EST   SUNSET   459 PM EST
FEBRUARY 13 2016......SUNRISE   639 AM EST   SUNSET   500 PM EST


-  INDICATES NEGATIVE NUMBERS.
R  INDICATES RECORD WAS SET OR TIED.
MM INDICATES DATA IS MISSING.
T  INDICATES TRACE AMOUNT.




$$
