000
CDUS41 KCAR 242027
CLIBGR


CLIMATE REPORT
NATIONAL WEATHER SERVICE CARIBOU, ME
427 PM EDT MON APR 24 2017


...................................

...THE BANGOR ME CLIMATE SUMMARY FOR APRIL 24 2017...
VALID TODAY AS OF 0400 PM LOCAL TIME.

CLIMATE NORMAL PERIOD 1981 TO 2010
CLIMATE RECORD PERIOD 1925 TO 2017


WEATHER ITEM   OBSERVED TIME   RECORD YEAR NORMAL DEPARTURE LAST
                VALUE   (LST)  VALUE       VALUE  FROM      YEAR
                                                  NORMAL
..................................................................
TEMPERATURE (F)
 TODAY
  MAXIMUM         58    149 PM  79    1942  57      1       52
  MINIMUM         32    319 AM  22    1944  35     -3       30
  AVERAGE         45                        46     -1       41

PRECIPITATION (IN)
  TODAY            0.00          2.49 1983   0.11  -0.11     0.00
  MONTH TO DATE    2.78                      2.90  -0.12     2.55
  SINCE MAR 1      4.85                      6.28  -1.43     5.82
  SINCE JAN 1     10.74                     11.69  -0.95    12.09

SNOWFALL (IN)
  TODAY            0.0           5.5  1974   0.1   -0.1      0.0
  MONTH TO DATE    2.3                       3.6   -1.3       T
  SINCE MAR 1     19.3                      15.3    4.0      6.0
  SINCE JUL 1     82.6                      66.0   16.6     44.6
  SNOW DEPTH       0

DEGREE DAYS
 HEATING
  TODAY           20                        19      1       24
  MONTH TO DATE  505                       569    -64      576
  SINCE MAR 1   1719                      1646     73     1561
  SINCE JUL 1   6847                      7292   -445     6476

 COOLING
  TODAY            0                         0      0        0
  MONTH TO DATE    0                         0      0        0
  SINCE MAR 1      0                         0      0        0
  SINCE JAN 1      0                         0      0        0
..................................................................


WIND (MPH)
  HIGHEST WIND SPEED    16   HIGHEST WIND DIRECTION     N (350)
  HIGHEST GUST SPEED    21   HIGHEST GUST DIRECTION     N (340)
  AVERAGE WIND SPEED     5.9


SKY COVER
  POSSIBLE SUNSHINE  MM
  AVERAGE SKY COVER 0.4


WEATHER CONDITIONS
 THE FOLLOWING WEATHER WAS RECORDED TODAY.
  FOG


RELATIVE HUMIDITY (PERCENT)
 HIGHEST   100           300 AM
 LOWEST     32           100 PM
 AVERAGE    66

..........................................................


THE BANGOR ME CLIMATE NORMALS FOR TOMORROW
                         NORMAL    RECORD    YEAR
 MAXIMUM TEMPERATURE (F)   57        79      1942
 MINIMUM TEMPERATURE (F)   36        21      1965


SUNRISE AND SUNSET
APRIL 24 2017.........SUNRISE   536 AM EDT   SUNSET   732 PM EDT
APRIL 25 2017.........SUNRISE   534 AM EDT   SUNSET   733 PM EDT


-  INDICATES NEGATIVE NUMBERS.
R  INDICATES RECORD WAS SET OR TIED.
MM INDICATES DATA IS MISSING.
T  INDICATES TRACE AMOUNT.




$$
