000
CDUS41 KCAR 030528
CLIBGR


CLIMATE REPORT
NATIONAL WEATHER SERVICE CARIBOU, ME
127 AM EDT FRI JUL 3 2015


...................................

...THE BANGOR ME CLIMATE SUMMARY FOR JULY 2 2015...

CLIMATE NORMAL PERIOD 1981 TO 2010
CLIMATE RECORD PERIOD 1925 TO 2015


WEATHER ITEM   OBSERVED TIME   RECORD YEAR NORMAL DEPARTURE LAST
                VALUE   (LST)  VALUE       VALUE  FROM      YEAR
                                                  NORMAL
..................................................................
TEMPERATURE (F)
 YESTERDAY
  MAXIMUM         75    345 PM  93    1941  78     -3       89
  MINIMUM         51   1154 PM  41    1943  56     -5       68
  AVERAGE         63                        67     -4       79

PRECIPITATION (IN)
  YESTERDAY        0.00          1.47 1932   0.10  -0.10     0.17
  MONTH TO DATE    0.07                      0.21  -0.14     0.17
  SINCE JUN 1      4.97                      3.97   0.00     3.76
  SINCE JAN 1     16.02                     20.02  -4.00    18.17

SNOWFALL (IN)
  YESTERDAY        0.0           0.0  2002   0.0             0.0
                                      2001
  MONTH TO DATE    0.0                       0.0             0.0
  SINCE JUN 1      0.0                       0.0             0.0
  SINCE JUL 1      0.0                       0.0             0.0
  SNOW DEPTH       0

DEGREE DAYS
 HEATING
  YESTERDAY        2                         1      1        0
  MONTH TO DATE    5                         2      3        0
  SINCE JUN 1    184                       109     75       71
  SINCE JUL 1      5                         2      3        0

 COOLING
  YESTERDAY        0                         3     -3       14
  MONTH TO DATE    0                         6     -6       26
  SINCE JUN 1     24                        58    -34       72
  SINCE JAN 1     47                        64    -17       72
..................................................................


WIND (MPH)
  RESULTANT WIND SPEED   6   RESULTANT WIND DIRECTION  SW (240)
  HIGHEST WIND SPEED    15   HIGHEST WIND DIRECTION    SW (240)
  HIGHEST GUST SPEED    23   HIGHEST GUST DIRECTION    SW (230)


SKY COVER
  POSSIBLE SUNSHINE  MM
  AVERAGE SKY COVER 0.7


WEATHER CONDITIONS
 THE FOLLOWING WEATHER WAS RECORDED YESTERDAY.
  FOG
  FOG W/VISIBILITY <= 1/4 MILE


RELATIVE HUMIDITY (PERCENT)
 HIGHEST   100
 LOWEST     41
 AVERAGE    71

..........................................................


THE BANGOR ME CLIMATE NORMALS FOR TODAY
                         NORMAL    RECORD    YEAR
 MAXIMUM TEMPERATURE (F)   78        97      1949
 MINIMUM TEMPERATURE (F)   57        40      1929


SUNRISE AND SUNSET
JULY  3 2015..........SUNRISE   454 AM EDT   SUNSET   824 PM EDT
JULY  4 2015..........SUNRISE   455 AM EDT   SUNSET   824 PM EDT


-  INDICATES NEGATIVE NUMBERS.
R  INDICATES RECORD WAS SET OR TIED.
MM INDICATES DATA IS MISSING.
T  INDICATES TRACE AMOUNT.




$$
