284
CDUS41 KCAR 232031
CLIBGR


CLIMATE REPORT
NATIONAL WEATHER SERVICE CARIBOU, ME
430 PM EDT THU MAR 23 2017


...................................

...THE BANGOR ME CLIMATE SUMMARY FOR MARCH 23 2017...
VALID TODAY AS OF 0400 PM LOCAL TIME.

CLIMATE NORMAL PERIOD 1981 TO 2010
CLIMATE RECORD PERIOD 1925 TO 2017


WEATHER ITEM   OBSERVED TIME   RECORD YEAR NORMAL DEPARTURE LAST
                VALUE   (LST)  VALUE       VALUE  FROM      YEAR
                                                  NORMAL
..................................................................
TEMPERATURE (F)
 TODAY
  MAXIMUM         27    259 PM  67    1979  42    -15       44
                                      1953
  MINIMUM         10    627 AM   1    1934  23    -13       24
  AVERAGE         19                        33    -14       34

PRECIPITATION (IN)
  TODAY            0.00          2.04 2010   0.12  -0.12     0.00
  MONTH TO DATE    1.42                      2.42  -1.00     1.84
  SINCE MAR 1      1.42                      2.42  -1.00     1.84
  SINCE JAN 1      7.31                      7.83  -0.52     8.11

SNOWFALL (IN)
  TODAY            0.0           4.0  1991   0.3   -0.3      0.0
  MONTH TO DATE   14.6                       9.3    5.3      6.0
  SINCE MAR 1     14.6                       9.3    5.3      6.0
  SINCE JUL 1     77.9                      60.0   17.9     44.6
  SNOW DEPTH       6

DEGREE DAYS
 HEATING
  TODAY           46                        32     14       31
  MONTH TO DATE  951                       833    118      749
  SINCE MAR 1    951                       833    118      749
  SINCE JUL 1   6079                      6479   -400     5664

 COOLING
  TODAY            0                         0      0        0
  MONTH TO DATE    0                         0      0        0
  SINCE MAR 1      0                         0      0        0
  SINCE JAN 1      0                         0      0        0
..................................................................


WIND (MPH)
  HIGHEST WIND SPEED    26   HIGHEST WIND DIRECTION    NW (320)
  HIGHEST GUST SPEED    37   HIGHEST GUST DIRECTION     N (340)
  AVERAGE WIND SPEED    18.3


SKY COVER
  POSSIBLE SUNSHINE  MM
  AVERAGE SKY COVER 0.0


WEATHER CONDITIONS
 THE FOLLOWING WEATHER WAS RECORDED TODAY.
  NO SIGNIFICANT WEATHER WAS OBSERVED.


RELATIVE HUMIDITY (PERCENT)
 HIGHEST    53           800 AM
 LOWEST     33           200 PM
 AVERAGE    43

..........................................................


THE BANGOR ME CLIMATE NORMALS FOR TOMORROW
                         NORMAL    RECORD    YEAR
 MAXIMUM TEMPERATURE (F)   43        66      1938
 MINIMUM TEMPERATURE (F)   24         4      2015
                                             2014
                                             1940


SUNRISE AND SUNSET
MARCH 23 2017.........SUNRISE   632 AM EDT   SUNSET   652 PM EDT
MARCH 24 2017.........SUNRISE   631 AM EDT   SUNSET   653 PM EDT


-  INDICATES NEGATIVE NUMBERS.
R  INDICATES RECORD WAS SET OR TIED.
MM INDICATES DATA IS MISSING.
T  INDICATES TRACE AMOUNT.




$$
