000
CDUS41 KCAR 270537
CLIBGR


CLIMATE REPORT
NATIONAL WEATHER SERVICE CARIBOU, ME
1234 AM EST SAT DEC 27 2014


...................................

...THE BANGOR ME CLIMATE SUMMARY FOR DECEMBER 26 2014...

CLIMATE NORMAL PERIOD 1981 TO 2010
CLIMATE RECORD PERIOD 1925 TO 2014


WEATHER ITEM   OBSERVED TIME   RECORD YEAR NORMAL DEPARTURE LAST
                VALUE   (LST)  VALUE       VALUE  FROM      YEAR
                                                  NORMAL
..................................................................
TEMPERATURE (F)
 YESTERDAY
  MAXIMUM         47    149 PM  57    1957  30     17       20
  MINIMUM         32    619 PM -18    1980  11     21        1
  AVERAGE         40                        21     19       11

PRECIPITATION (IN)
  YESTERDAY        0.00          1.95 1975   0.10  -0.10     0.11
  MONTH TO DATE    5.01                      3.03   1.98     2.36
  SINCE DEC 1      5.01                      3.03   1.98     2.36
  SINCE JAN 1     43.70                     41.48   2.22    39.49

SNOWFALL (IN)
  YESTERDAY        0.0           9.9  1976   0.5             3.0
  MONTH TO DATE    6.5                      11.6            19.6
  SINCE DEC 1      6.5                      11.6            19.6
  SINCE JUL 1     32.4                      14.0            20.3
  SNOW DEPTH       0

DEGREE DAYS
 HEATING
  YESTERDAY       25                        44    -19       54
  MONTH TO DATE  916                      1024   -108     1169
  SINCE DEC 1    916                      1024   -108     1169
  SINCE JUL 1   2500                      2693   -193     2754

 COOLING
  YESTERDAY        0                         0      0        0
  MONTH TO DATE    0                         0      0        0
  SINCE DEC 1      0                         0      0        0
  SINCE JAN 1    363                       318     45      355
..................................................................


WIND (MPH)
  RESULTANT WIND SPEED   7   RESULTANT WIND DIRECTION   W (260)
  HIGHEST WIND SPEED    21   HIGHEST WIND DIRECTION    NW (300)
  HIGHEST GUST SPEED    35   HIGHEST GUST DIRECTION    NW (310)


SKY COVER
  POSSIBLE SUNSHINE  MM
  AVERAGE SKY COVER 0.4


WEATHER CONDITIONS
 THE FOLLOWING WEATHER WAS RECORDED YESTERDAY.
  NO SIGNIFICANT WEATHER WAS OBSERVED.


RELATIVE HUMIDITY (PERCENT)
 HIGHEST    64
 LOWEST     42
 AVERAGE    53

..........................................................


THE BANGOR ME CLIMATE NORMALS FOR TODAY
                         NORMAL    RECORD    YEAR
 MAXIMUM TEMPERATURE (F)   30        51      1957
                                             1949
 MINIMUM TEMPERATURE (F)   10       -15      1963
                                             1946


SUNRISE AND SUNSET
DECEMBER 27 2014......SUNRISE   712 AM EST   SUNSET   401 PM EST
DECEMBER 28 2014......SUNRISE   712 AM EST   SUNSET   402 PM EST


-  INDICATES NEGATIVE NUMBERS.
R  INDICATES RECORD WAS SET OR TIED.
MM INDICATES DATA IS MISSING.
T  INDICATES TRACE AMOUNT.




$$
