548
CDUS41 KCAR 040541
CLIBGR


CLIMATE REPORT
NATIONAL WEATHER SERVICE CARIBOU, ME
141 AM EDT WED MAY 4 2016


...................................

...THE BANGOR ME CLIMATE SUMMARY FOR MAY 3 2016...

CLIMATE NORMAL PERIOD 1981 TO 2010
CLIMATE RECORD PERIOD 1925 TO 2016


WEATHER ITEM   OBSERVED TIME   RECORD YEAR NORMAL DEPARTURE LAST
                VALUE   (LST)  VALUE       VALUE  FROM      YEAR
                                                  NORMAL
..................................................................
TEMPERATURE (F)
 YESTERDAY
  MAXIMUM         55    419 PM  91    2001  61     -6       69
  MINIMUM         43    445 AM  23    1946  38      5       37
  AVERAGE         49                        49      0       53

PRECIPITATION (IN)
  YESTERDAY        0.00          1.54 1971   0.11  -0.11     0.00
  MONTH TO DATE    0.58                      0.34   0.24     0.00
  SINCE MAR 1      6.43                      7.34  -0.91     3.84
  SINCE JAN 1     12.70                     12.75  -0.05     8.73

SNOWFALL (IN)
  YESTERDAY        0.0           0.0  2002   0.0             0.0
                                      2001
  MONTH TO DATE    0.0                       0.0             0.0
  SINCE MAR 1      6.0                      15.4            21.9
  SINCE JUL 1     44.6                      66.1           139.0
  SNOW DEPTH       0

DEGREE DAYS
 HEATING
  YESTERDAY       16                        16      0       12
  MONTH TO DATE   49                        48      1       48
  SINCE MAR 1   1762                      1800    -38     2023
  SINCE JUL 1   6677                      7446   -769     7913

 COOLING
  YESTERDAY        0                         0      0        0
  MONTH TO DATE    0                         0      0        0
  SINCE MAR 1      0                         0      0        0
  SINCE JAN 1      0                         0      0        0
..................................................................


WIND (MPH)
  RESULTANT WIND SPEED   6   RESULTANT WIND DIRECTION   N (0)
  HIGHEST WIND SPEED    14   HIGHEST WIND DIRECTION     N (350)
  HIGHEST GUST SPEED    17   HIGHEST GUST DIRECTION     N (340)


SKY COVER
  POSSIBLE SUNSHINE  MM
  AVERAGE SKY COVER 1.0


WEATHER CONDITIONS
 THE FOLLOWING WEATHER WAS RECORDED YESTERDAY.
  FOG
  HAZE


RELATIVE HUMIDITY (PERCENT)
 HIGHEST    89
 LOWEST     55
 AVERAGE    72

..........................................................


THE BANGOR ME CLIMATE NORMALS FOR TODAY
                         NORMAL    RECORD    YEAR
 MAXIMUM TEMPERATURE (F)   61        87      1937
 MINIMUM TEMPERATURE (F)   39        26      1939


SUNRISE AND SUNSET
MAY  4 2016...........SUNRISE   520 AM EDT   SUNSET   745 PM EDT
MAY  5 2016...........SUNRISE   519 AM EDT   SUNSET   746 PM EDT


-  INDICATES NEGATIVE NUMBERS.
R  INDICATES RECORD WAS SET OR TIED.
MM INDICATES DATA IS MISSING.
T  INDICATES TRACE AMOUNT.




$$
