000
CDUS41 KCAR 172032
CLIBGR


CLIMATE REPORT
NATIONAL WEATHER SERVICE CARIBOU, ME
431 PM EDT TUE OCT 17 2017


...................................

...THE BANGOR ME CLIMATE SUMMARY FOR OCTOBER 17 2017...
VALID TODAY AS OF 0400 PM LOCAL TIME.

CLIMATE NORMAL PERIOD 1981 TO 2010
CLIMATE RECORD PERIOD 1925 TO 2017


WEATHER ITEM   OBSERVED TIME   RECORD YEAR NORMAL DEPARTURE LAST
                VALUE   (LST)  VALUE       VALUE  FROM      YEAR
                                                  NORMAL
..................................................................
TEMPERATURE (F)
 TODAY
  MAXIMUM         55    259 PM  85    1968  57     -2       70
  MINIMUM         30    610 AM  14    1940  36     -6       42
  AVERAGE         43                        47     -4       56

PRECIPITATION (IN)
  TODAY            0.00          2.25 1943   0.13  -0.13     0.00
  MONTH TO DATE    0.93                      2.31  -1.38     0.80
  SINCE SEP 1      3.62                      6.14  -2.52     2.03
  SINCE JAN 1     29.79                     32.39  -2.60    24.02

SNOWFALL (IN)
  TODAY            0.0           4.0  1970   0.0    0.0      0.0
  MONTH TO DATE    0.0                       0.0    0.0      0.0
  SINCE SEP 1      T                         0.0    0.0      0.0
  SINCE JUL 1      T                         0.0    0.0      0.0
  SNOW DEPTH       0

DEGREE DAYS
 HEATING
  TODAY           22                        18      4        9
  MONTH TO DATE  153                       262   -109      234
  SINCE SEP 1    223                       471   -248      381
  SINCE JUL 1    270                       534   -264      408

 COOLING
  TODAY            0                         0      0        0
  MONTH TO DATE    5                         0      5        0
  SINCE SEP 1     85                        23     62       59
  SINCE JAN 1    367                       317     50      448
..................................................................


WIND (MPH)
  HIGHEST WIND SPEED    13   HIGHEST WIND DIRECTION    NW (320)
  HIGHEST GUST SPEED    21   HIGHEST GUST DIRECTION    NW (320)
  AVERAGE WIND SPEED     4.7


SKY COVER
  POSSIBLE SUNSHINE  MM
  AVERAGE SKY COVER 0.2


WEATHER CONDITIONS
 THE FOLLOWING WEATHER WAS RECORDED TODAY.
  NO SIGNIFICANT WEATHER WAS OBSERVED.


RELATIVE HUMIDITY (PERCENT)
 HIGHEST    89           700 AM
 LOWEST     35          1200 PM
 AVERAGE    62

..........................................................


THE BANGOR ME CLIMATE NORMALS FOR TOMORROW
                         NORMAL    RECORD    YEAR
 MAXIMUM TEMPERATURE (F)   57        84      1947
 MINIMUM TEMPERATURE (F)   36        23      1940


SUNRISE AND SUNSET
OCTOBER 17 2017.......SUNRISE   654 AM EDT   SUNSET   547 PM EDT
OCTOBER 18 2017.......SUNRISE   655 AM EDT   SUNSET   545 PM EDT


-  INDICATES NEGATIVE NUMBERS.
R  INDICATES RECORD WAS SET OR TIED.
MM INDICATES DATA IS MISSING.
T  INDICATES TRACE AMOUNT.




$$
