000
CDUS44 KBMX 060724
CLIBHM


CLIMATE REPORT
NATIONAL WEATHER SERVICE BIRMINGHAM, AL
224 AM CDT MON JUL 6 2015


...................................

...THE BIRMINGHAM CLIMATE SUMMARY FOR JULY 5 2015...

CLIMATE NORMAL PERIOD 1981 TO 2010
CLIMATE RECORD PERIOD 2014 TO 2015


WEATHER ITEM   OBSERVED TIME   RECORD YEAR NORMAL DEPARTURE LAST
                VALUE   (LST)  VALUE       VALUE  FROM      YEAR
                                                  NORMAL
..................................................................
TEMPERATURE (F)
 YESTERDAY
  MAXIMUM         84    318 PM 100    1948  90     -6       89
  MINIMUM         70    538 AM  58    2014  71     -1       58
  AVERAGE         77                        81     -4       74

PRECIPITATION (IN)
  YESTERDAY        0.00          1.68 1915   0.15  -0.15     0.00
  MONTH TO DATE    3.58                      0.80   2.78      T
  SINCE JUN 1      5.28                      5.18   0.10     4.81
  SINCE JAN 1     31.01                     29.15   1.86    27.67

DEGREE DAYS
 COOLING
  YESTERDAY       12                        16     -4        9
  MONTH TO DATE   64                        77    -13       65
  SINCE JUN 1    530                       459     71      471
  SINCE JAN 1    865                       741    124      764
..................................................................


WIND (MPH)
  HIGHEST WIND SPEED    13   HIGHEST WIND DIRECTION    SW (240)
  HIGHEST GUST SPEED    16   HIGHEST GUST DIRECTION     S (200)
  AVERAGE WIND SPEED     7.5


SKY COVER
  AVERAGE SKY COVER 0.9


WEATHER CONDITIONS
 THE FOLLOWING WEATHER WAS RECORDED YESTERDAY.
  NO SIGNIFICANT WEATHER WAS OBSERVED.


RELATIVE HUMIDITY (PERCENT)
 HIGHEST    97           300 AM
 LOWEST     63           300 PM
 AVERAGE    80

..........................................................


THE BIRMINGHAM CLIMATE NORMALS FOR TODAY
                         NORMAL    RECORD    YEAR
 MAXIMUM TEMPERATURE (F)   91       102      1977
 MINIMUM TEMPERATURE (F)   71        54      1972


SUNRISE AND SUNSET
JULY  6 2015..........SUNRISE   543 AM CDT   SUNSET   801 PM CDT
JULY  7 2015..........SUNRISE   543 AM CDT   SUNSET   800 PM CDT


-  INDICATES NEGATIVE NUMBERS.
R  INDICATES RECORD WAS SET OR TIED.
MM INDICATES DATA IS MISSING.
T  INDICATES TRACE AMOUNT.




$$
