854
CDUS44 KBMX 290833
CLIBHM


CLIMATE REPORT
NATIONAL WEATHER SERVICE BIRMINGHAM, AL
333 AM CDT FRI JUL 29 2016


...................................

...THE BIRMINGHAM CLIMATE SUMMARY FOR JULY 28 2016...

CLIMATE NORMAL PERIOD 1981 TO 2010
CLIMATE RECORD PERIOD 1895 TO 2016


WEATHER ITEM   OBSERVED TIME   RECORD YEAR NORMAL DEPARTURE LAST
                VALUE   (LST)  VALUE       VALUE  FROM      YEAR
                                                  NORMAL
..................................................................
TEMPERATURE (F)
 YESTERDAY
  MAXIMUM         88    232 PM 105    1952  91     -3       95
  MINIMUM         76   1159 PM  60    1911  72      4       73
  AVERAGE         82                        81      1       84

PRECIPITATION (IN)
  YESTERDAY        T             2.48 1977   0.15  -0.15      T
  MONTH TO DATE    5.75                      4.37   1.38     7.24
  SINCE JUN 1      9.71                      8.75   0.96     8.94
  SINCE JAN 1     31.32                     32.72  -1.40    34.67

DEGREE DAYS
 COOLING
  YESTERDAY       17                        16      1       19
  MONTH TO DATE  538                       445     93      501
  SINCE JUN 1   1017                       827    190      967
  SINCE JAN 1   1340                      1109    231     1302
..................................................................


WIND (MPH)
  HIGHEST WIND SPEED    26   HIGHEST WIND DIRECTION     W (250)
  HIGHEST GUST SPEED    34   HIGHEST GUST DIRECTION    SW (240)
  AVERAGE WIND SPEED     9.5


SKY COVER
  AVERAGE SKY COVER 0.7


WEATHER CONDITIONS
 THE FOLLOWING WEATHER WAS RECORDED YESTERDAY.
  THUNDERSTORM


RELATIVE HUMIDITY (PERCENT)
 HIGHEST    88          1000 PM
 LOWEST     59           200 PM
 AVERAGE    74

..........................................................


THE BIRMINGHAM CLIMATE NORMALS FOR TODAY
                         NORMAL    RECORD    YEAR
 MAXIMUM TEMPERATURE (F)   91       107      1930
 MINIMUM TEMPERATURE (F)   72        60      1994


SUNRISE AND SUNSET
JULY 29 2016..........SUNRISE   558 AM CDT   SUNSET   749 PM CDT
JULY 30 2016..........SUNRISE   558 AM CDT   SUNSET   748 PM CDT


-  INDICATES NEGATIVE NUMBERS.
R  INDICATES RECORD WAS SET OR TIED.
MM INDICATES DATA IS MISSING.
T  INDICATES TRACE AMOUNT.




$$
