000
CDUS44 KBMX 240749
CLIBHM


CLIMATE REPORT
NATIONAL WEATHER SERVICE BIRMINGHAM, AL
249 AM CDT MON JUL 24 2017


...................................

...THE BIRMINGHAM CLIMATE SUMMARY FOR JULY 23 2017...

CLIMATE NORMAL PERIOD 1981 TO 2010
CLIMATE RECORD PERIOD 1895 TO 2017


WEATHER ITEM   OBSERVED TIME   RECORD YEAR NORMAL DEPARTURE LAST
                VALUE   (LST)  VALUE       VALUE  FROM      YEAR
                                                  NORMAL
..................................................................
TEMPERATURE (F)
 YESTERDAY
  MAXIMUM         92    100 PM 105    1952  91      1       92
  MINIMUM         77   1159 PM  60    1915  72      5       76
  AVERAGE         85                        81      4       84

PRECIPITATION (IN)
  YESTERDAY        0.22          1.77 1930   0.16   0.06     0.49
  MONTH TO DATE    5.68                      3.62   2.06     5.74
  SINCE JUN 1     16.48                      8.00   8.48     9.70
  SINCE JAN 1     44.14                     31.97  12.17    31.31

DEGREE DAYS
 COOLING
  YESTERDAY       20                        16      4       19
  MONTH TO DATE  401                       365     36      444
  SINCE JUN 1    761                       747     14      923
  SINCE JAN 1   1223                      1029    194     1246
..................................................................


WIND (MPH)
  HIGHEST WIND SPEED    21   HIGHEST WIND DIRECTION     W (290)
  HIGHEST GUST SPEED    26   HIGHEST GUST DIRECTION     W (280)
  AVERAGE WIND SPEED     5.3


SKY COVER
  AVERAGE SKY COVER 0.4


WEATHER CONDITIONS
 THE FOLLOWING WEATHER WAS RECORDED YESTERDAY.
  THUNDERSTORM
  HEAVY RAIN
  RAIN
  LIGHT RAIN
  FOG


RELATIVE HUMIDITY (PERCENT)
 HIGHEST    97           900 PM
 LOWEST     52           100 PM
 AVERAGE    75

..........................................................


THE BIRMINGHAM CLIMATE NORMALS FOR TODAY
                         NORMAL    RECORD    YEAR
 MAXIMUM TEMPERATURE (F)   91       104      1952
 MINIMUM TEMPERATURE (F)   72        62      1966
                                             1909


SUNRISE AND SUNSET
JULY 24 2017..........SUNRISE   554 AM CDT   SUNSET   753 PM CDT
JULY 25 2017..........SUNRISE   555 AM CDT   SUNSET   752 PM CDT


-  INDICATES NEGATIVE NUMBERS.
R  INDICATES RECORD WAS SET OR TIED.
MM INDICATES DATA IS MISSING.
T  INDICATES TRACE AMOUNT.




$$
