000
CDUS44 KBMX 160945
CLIBHM


CLIMATE REPORT
NATIONAL WEATHER SERVICE BIRMINGHAM, AL
444 AM CDT TUE SEP 16 2014


...................................

...THE BIRMINGHAM CLIMATE SUMMARY FOR SEPTEMBER 15 2014...

CLIMATE NORMAL PERIOD 1981 TO 2010
CLIMATE RECORD PERIOD 1895 TO 2014


WEATHER ITEM   OBSERVED TIME   RECORD YEAR NORMAL DEPARTURE LAST
                VALUE   (LST)  VALUE       VALUE  FROM      YEAR
                                                  NORMAL
..................................................................
TEMPERATURE (F)
 YESTERDAY
  MAXIMUM         86   1255 PM 102    1927  86      0       88
  MINIMUM         72    941 PM  52    1985  65      7       60
  AVERAGE         79                        75      4       74

PRECIPITATION (IN)
  YESTERDAY        0.02          2.43 1957   0.13  -0.11     0.00
  MONTH TO DATE    1.63                      1.96  -0.33     1.44
  SINCE SEP 1      1.63                      1.96  -0.33     1.44
  SINCE JAN 1     34.49                     39.04  -4.55    53.70

DEGREE DAYS
 HEATING
  YESTERDAY        0                         0      0        0
  MONTH TO DATE    0                         0      0        0
  SINCE SEP 1      0                         0      0        0
  SINCE JUL 1      0                         0      0        0

 COOLING
  YESTERDAY       14                        10      4        9
  MONTH TO DATE  237                       184     53      197
  SINCE SEP 1    237                       184     53      197
  SINCE JAN 1   1877                      1834     43     1722
..................................................................


WIND (MPH)
  HIGHEST WIND SPEED    20   HIGHEST WIND DIRECTION     N (360)
  HIGHEST GUST SPEED    25   HIGHEST GUST DIRECTION     N (10)
  AVERAGE WIND SPEED     4.3


SKY COVER
  AVERAGE SKY COVER 0.8


WEATHER CONDITIONS
 THE FOLLOWING WEATHER WAS RECORDED YESTERDAY.
  THUNDERSTORM
  HAZE


RELATIVE HUMIDITY (PERCENT)
 HIGHEST    93           800 PM
 LOWEST     65           100 PM
 AVERAGE    79

..........................................................


THE BIRMINGHAM CLIMATE NORMALS FOR TODAY
                         NORMAL    RECORD    YEAR
 MAXIMUM TEMPERATURE (F)   85       101      1927
 MINIMUM TEMPERATURE (F)   64        48      1961


SUNRISE AND SUNSET
SEPTEMBER 16 2014.....SUNRISE   631 AM CDT   SUNSET   652 PM CDT
SEPTEMBER 17 2014.....SUNRISE   632 AM CDT   SUNSET   651 PM CDT


-  INDICATES NEGATIVE NUMBERS.
R  INDICATES RECORD WAS SET OR TIED.
MM INDICATES DATA IS MISSING.
T  INDICATES TRACE AMOUNT.




$$
