000
CDUS44 KBMX 242145
CLIBHM


CLIMATE REPORT
NATIONAL WEATHER SERVICE BIRMINGHAM, AL
445 PM CDT SUN SEP 24 2017


...................................

...THE BIRMINGHAM CLIMATE SUMMARY FOR SEPTEMBER 24 2017...
VALID TODAY AS OF 0400 PM LOCAL TIME.

CLIMATE NORMAL PERIOD 1981 TO 2010
CLIMATE RECORD PERIOD 1895 TO 2017


WEATHER ITEM   OBSERVED TIME   RECORD YEAR NORMAL DEPARTURE LAST
                VALUE   (LST)  VALUE       VALUE  FROM      YEAR
                                                  NORMAL
..................................................................
TEMPERATURE (F)
 TODAY
  MAXIMUM         87    254 PM  99    1931  83      4       98
  MINIMUM         70    550 AM  41    1990  61      9       72
  AVERAGE         79                        72      7       85

PRECIPITATION (IN)
  TODAY            0.00          3.02 1951   0.13  -0.13     0.00
  MONTH TO DATE    2.48                      3.10  -0.62     0.68
  SINCE SEP 1      2.48                      3.10  -0.62     0.68
  SINCE JAN 1     58.04                     40.18  17.86    35.85

DEGREE DAYS

 COOLING
  TODAY           14                         7      7       20
  MONTH TO DATE  213                       262    -49      409
  SINCE SEP 1    213                       262    -49      409
  SINCE JAN 1   2026                      1912    114     2375
..................................................................


WIND (MPH)
  HIGHEST WIND SPEED    12   HIGHEST WIND DIRECTION    NE (60)
  HIGHEST GUST SPEED    16   HIGHEST GUST DIRECTION    NE (60)
  AVERAGE WIND SPEED     4.1


SKY COVER
  AVERAGE SKY COVER 0.2


WEATHER CONDITIONS
 THE FOLLOWING WEATHER WAS RECORDED TODAY.
  NO SIGNIFICANT WEATHER WAS OBSERVED.


RELATIVE HUMIDITY (PERCENT)
 HIGHEST    79           400 AM
 LOWEST     45           100 PM
 AVERAGE    62

..........................................................


THE BIRMINGHAM CLIMATE NORMALS FOR TOMORROW
                         NORMAL    RECORD    YEAR
 MAXIMUM TEMPERATURE (F)   82        98      2016
 MINIMUM TEMPERATURE (F)   61        43      1990
                                             1965


SUNRISE AND SUNSET
SEPTEMBER 24 2017.....SUNRISE   637 AM CDT   SUNSET   641 PM CDT
SEPTEMBER 25 2017.....SUNRISE   637 AM CDT   SUNSET   639 PM CDT


-  INDICATES NEGATIVE NUMBERS.
R  INDICATES RECORD WAS SET OR TIED.
MM INDICATES DATA IS MISSING.
T  INDICATES TRACE AMOUNT.




$$
