516
CDUS44 KBMX 240735
CLIBHM


CLIMATE REPORT
NATIONAL WEATHER SERVICE BIRMINGHAM, AL
234 AM CDT WED AUG 24 2016


...................................

...THE BIRMINGHAM CLIMATE SUMMARY FOR AUGUST 23 2016...

CLIMATE NORMAL PERIOD 1981 TO 2010
CLIMATE RECORD PERIOD 1895 TO 2016


WEATHER ITEM   OBSERVED TIME   RECORD YEAR NORMAL DEPARTURE LAST
                VALUE   (LST)  VALUE       VALUE  FROM      YEAR
                                                  NORMAL
..................................................................
TEMPERATURE (F)
 YESTERDAY
  MAXIMUM         92    308 PM 105    2007  90      2       86
  MINIMUM         71    411 AM  54    1950  70      1       71
  AVERAGE         82                        80      2       79

PRECIPITATION (IN)
  YESTERDAY        0.00          1.65 1901   0.12  -0.12     0.57
  MONTH TO DATE    2.36                      2.99  -0.63     5.88
  SINCE JUN 1     13.40                     12.17   1.23    14.99
  SINCE JAN 1     35.01                     36.14  -1.13    40.72

DEGREE DAYS
 COOLING
  YESTERDAY       17                        15      2       14
  MONTH TO DATE  413                       366     47      375
  SINCE JUN 1   1482                      1247    235     1399
  SINCE JAN 1   1805                      1529    276     1734
..................................................................


WIND (MPH)
  HIGHEST WIND SPEED    12   HIGHEST WIND DIRECTION    NW (330)
  HIGHEST GUST SPEED    17   HIGHEST GUST DIRECTION     W (280)
  AVERAGE WIND SPEED     2.6


SKY COVER
  AVERAGE SKY COVER 0.3


WEATHER CONDITIONS
 THE FOLLOWING WEATHER WAS RECORDED YESTERDAY.
  NO SIGNIFICANT WEATHER WAS OBSERVED.


RELATIVE HUMIDITY (PERCENT)
 HIGHEST    93          1200 AM
 LOWEST     49           200 PM
 AVERAGE    71

..........................................................


THE BIRMINGHAM CLIMATE NORMALS FOR TODAY
                         NORMAL    RECORD    YEAR
 MAXIMUM TEMPERATURE (F)   90       103      1924
 MINIMUM TEMPERATURE (F)   70        57      2009
                                             1997


SUNRISE AND SUNSET
AUGUST 24 2016........SUNRISE   616 AM CDT   SUNSET   722 PM CDT
AUGUST 25 2016........SUNRISE   617 AM CDT   SUNSET   721 PM CDT


-  INDICATES NEGATIVE NUMBERS.
R  INDICATES RECORD WAS SET OR TIED.
MM INDICATES DATA IS MISSING.
T  INDICATES TRACE AMOUNT.




$$
