000
CDUS44 KBMX 020722
CLIBHM


CLIMATE REPORT
NATIONAL WEATHER SERVICE BIRMINGHAM, AL
221 AM CDT TUE JUN 2 2015


...................................

...THE BIRMINGHAM CLIMATE SUMMARY FOR JUNE 1 2015...

CLIMATE NORMAL PERIOD 1981 TO 2010
CLIMATE RECORD PERIOD 2014 TO 2015


WEATHER ITEM   OBSERVED TIME   RECORD YEAR NORMAL DEPARTURE LAST
                VALUE   (LST)  VALUE       VALUE  FROM      YEAR
                                                  NORMAL
..................................................................
TEMPERATURE (F)
 YESTERDAY
  MAXIMUM         81    327 PM  98    2011  85     -4       83
  MINIMUM         66   1159 PM  42    1966  64      2       71
  AVERAGE         74                        75     -1       77

PRECIPITATION (IN)
  YESTERDAY        0.00          1.85 2008   0.15  -0.15     0.01
  MONTH TO DATE    0.00                      0.15  -0.15     0.01
  SINCE JUN 1      0.00                      0.15  -0.15     0.01
  SINCE JAN 1     25.73                     24.12   1.61    22.87

DEGREE DAYS
 COOLING
  YESTERDAY        9                        10     -1       12
  MONTH TO DATE    9                        10     -1       12
  SINCE JUN 1      9                        10     -1       12
  SINCE JAN 1    344                       292     52      305
..................................................................


WIND (MPH)
  HIGHEST WIND SPEED    14   HIGHEST WIND DIRECTION     S (200)
  HIGHEST GUST SPEED    16   HIGHEST GUST DIRECTION    SW (220)
  AVERAGE WIND SPEED     3.9


SKY COVER
  AVERAGE SKY COVER 0.7


WEATHER CONDITIONS
 THE FOLLOWING WEATHER WAS RECORDED YESTERDAY.
  THUNDERSTORM
  FOG


RELATIVE HUMIDITY (PERCENT)
 HIGHEST   100           100 AM
 LOWEST     58           300 PM
 AVERAGE    79

..........................................................


THE BIRMINGHAM CLIMATE NORMALS FOR TODAY
                         NORMAL    RECORD    YEAR
 MAXIMUM TEMPERATURE (F)   85        99      2011
 MINIMUM TEMPERATURE (F)   65        46      1972


SUNRISE AND SUNSET
JUNE  2 2015..........SUNRISE   538 AM CDT   SUNSET   752 PM CDT
JUNE  3 2015..........SUNRISE   537 AM CDT   SUNSET   753 PM CDT


-  INDICATES NEGATIVE NUMBERS.
R  INDICATES RECORD WAS SET OR TIED.
MM INDICATES DATA IS MISSING.
T  INDICATES TRACE AMOUNT.




$$
