000
CDUS44 KBMX 242135
CLIBHM


CLIMATE REPORT
NATIONAL WEATHER SERVICE BIRMINGHAM, AL
434 PM CDT FRI OCT 24 2014


...................................

...THE BIRMINGHAM CLIMATE SUMMARY FOR OCTOBER 24 2014...
VALID AS OF 0400 PM LOCAL TIME.

CLIMATE NORMAL PERIOD 1981 TO 2010
CLIMATE RECORD PERIOD 1895 TO 2014


WEATHER ITEM   OBSERVED TIME   RECORD YEAR NORMAL DEPARTURE LAST
                VALUE   (LST)  VALUE       VALUE  FROM      YEAR
                                                  NORMAL
..................................................................
TEMPERATURE (F)
 TODAY
  MAXIMUM         75    251 PM  86    1927  73      2       68
  MINIMUM         51    454 AM  30    1937  50      1       39
  AVERAGE         63                        62      1       54

PRECIPITATION (IN)
  TODAY            0.00          2.26 1918   0.11  -0.11     0.00
  MONTH TO DATE    3.30                      2.64   0.66     1.38
  SINCE SEP 1      4.94                      6.54  -1.60     3.85
  SINCE JAN 1     37.80                     43.62  -5.82    56.11

SNOWFALL (IN)
  TODAY            0.0                       0.0    0.0      0.0
  MONTH TO DATE    0.0                       0.0    0.0      0.0
  SINCE SEP 1      0.0                       0.0    0.0      0.0
  SINCE JUL 1      0.0                       0.0    0.0      0.0
  SNOW DEPTH       0

DEGREE DAYS

 COOLING
  TODAY            0                         2     -2        0
  MONTH TO DATE  111                        78     33       97
  SINCE SEP 1    487                       378    109      415
  SINCE JAN 1   2127                      2028     99     1940
..................................................................


WIND (MPH)
  HIGHEST WIND SPEED    13   HIGHEST WIND DIRECTION     N (350)
  HIGHEST GUST SPEED    18   HIGHEST GUST DIRECTION     N (10)
  AVERAGE WIND SPEED     4.8


SKY COVER
  AVERAGE SKY COVER 0.5


WEATHER CONDITIONS
 THE FOLLOWING WEATHER WAS RECORDED TODAY.
  NO SIGNIFICANT WEATHER WAS OBSERVED.


RELATIVE HUMIDITY (PERCENT)
 HIGHEST    83          1200 AM
 LOWEST     22           300 PM
 AVERAGE    53

..........................................................


THE BIRMINGHAM CLIMATE NORMALS FOR TOMORROW
                         NORMAL    RECORD    YEAR
 MAXIMUM TEMPERATURE (F)   73        88      1927
 MINIMUM TEMPERATURE (F)   50        28      1965


SUNRISE AND SUNSET
OCTOBER 24 2014.......SUNRISE   659 AM CDT   SUNSET   603 PM CDT
OCTOBER 25 2014.......SUNRISE   700 AM CDT   SUNSET   602 PM CDT


-  INDICATES NEGATIVE NUMBERS.
R  INDICATES RECORD WAS SET OR TIED.
MM INDICATES DATA IS MISSING.
T  INDICATES TRACE AMOUNT.




$$
