000
CDUS44 KBMX 222250
CLIBHM


CLIMATE REPORT
NATIONAL WEATHER SERVICE BIRMINGHAM, AL
449 PM CST WED FEB 22 2017


...................................

...THE BIRMINGHAM CLIMATE SUMMARY FOR FEBRUARY 22 2017...
VALID TODAY AS OF 0400 PM LOCAL TIME.

CLIMATE NORMAL PERIOD 1981 TO 2010
CLIMATE RECORD PERIOD 1895 TO 2017


WEATHER ITEM   OBSERVED TIME   RECORD YEAR NORMAL DEPARTURE LAST
                VALUE   (LST)  VALUE       VALUE  FROM      YEAR
                                                  NORMAL
..................................................................
TEMPERATURE (F)
 TODAY
  MAXIMUM         71    347 PM  81    1897  60     11       64
  MINIMUM         59    205 AM   9    1963  39     20       60
  AVERAGE         65                        50     15       62

PRECIPITATION (IN)
  TODAY            T             3.88 1961   0.16  -0.16     1.24
  MONTH TO DATE    2.50                      3.50  -1.00     5.53
  SINCE DEC 1     11.60                     12.79  -1.19    19.34
  SINCE JAN 1      9.21                      8.34   0.87     8.81

SNOWFALL (IN)
  TODAY            0.0                       0.0    0.0      0.0
  MONTH TO DATE    0.0                       0.1   -0.1       T
  SINCE DEC 1      0.3                       0.8   -0.5       T
  SINCE JUL 1      0.3                       0.8   -0.5       T
  SNOW DEPTH       0

..................................................................


WIND (MPH)
  HIGHEST WIND SPEED    12   HIGHEST WIND DIRECTION     E (90)
  HIGHEST GUST SPEED    16   HIGHEST GUST DIRECTION     E (90)
  AVERAGE WIND SPEED     4.8


SKY COVER
  AVERAGE SKY COVER 0.8


WEATHER CONDITIONS
 THE FOLLOWING WEATHER WAS RECORDED TODAY.
  LIGHT RAIN


RELATIVE HUMIDITY (PERCENT)
 HIGHEST    97           700 AM
 LOWEST     66           100 PM
 AVERAGE    82

..........................................................


THE BIRMINGHAM CLIMATE NORMALS FOR TOMORROW
                         NORMAL    RECORD    YEAR
 MAXIMUM TEMPERATURE (F)   61        83      1996
 MINIMUM TEMPERATURE (F)   39        20      1963


SUNRISE AND SUNSET
FEBRUARY 22 2017......SUNRISE   623 AM CST   SUNSET   538 PM CST
FEBRUARY 23 2017......SUNRISE   622 AM CST   SUNSET   539 PM CST


-  INDICATES NEGATIVE NUMBERS.
R  INDICATES RECORD WAS SET OR TIED.
MM INDICATES DATA IS MISSING.
T  INDICATES TRACE AMOUNT.




$$
