000
CDUS44 KBMX 010914
CLIBHM


CLIMATE REPORT
NATIONAL WEATHER SERVICE BIRMINGHAM, AL
410 AM CDT TUE SEP 1 2015


...................................

...THE BIRMINGHAM CLIMATE SUMMARY FOR AUGUST 31 2015...

CLIMATE NORMAL PERIOD 1981 TO 2010
CLIMATE RECORD PERIOD 2014 TO 2015


WEATHER ITEM   OBSERVED TIME   RECORD YEAR NORMAL DEPARTURE LAST
                VALUE   (LST)  VALUE       VALUE  FROM      YEAR
                                                  NORMAL
..................................................................
TEMPERATURE (F)
 YESTERDAY
  MAXIMUM         84    301 PM 100    1951  89     -5       91
  MINIMUM         69    503 AM  51    1946  69      0       71
  AVERAGE         77                        79     -2       81

PRECIPITATION (IN)
  YESTERDAY        0.00          2.91 1998   0.12  -0.12     0.00
  MONTH TO DATE    7.23                      3.93   3.30     4.27
  SINCE JUN 1     16.34                     13.11   3.23    10.00
  SINCE JAN 1     42.07                     37.08   4.99    32.86

DEGREE DAYS
 COOLING
  YESTERDAY       12                        14     -2       16
  MONTH TO DATE  455                       487    -32      509
  SINCE JUN 1   1479                      1368    111     1347
  SINCE JAN 1   1814                      1650    164     1640
..................................................................


WIND (MPH)
  HIGHEST WIND SPEED    13   HIGHEST WIND DIRECTION    NE (40)
  HIGHEST GUST SPEED    15   HIGHEST GUST DIRECTION     N (20)
  AVERAGE WIND SPEED     3.5


SKY COVER
  AVERAGE SKY COVER 0.7


WEATHER CONDITIONS
 THE FOLLOWING WEATHER WAS RECORDED YESTERDAY.
  FOG


RELATIVE HUMIDITY (PERCENT)
 HIGHEST    97           600 AM
 LOWEST     58           200 PM
 AVERAGE    78

..........................................................


THE BIRMINGHAM CLIMATE NORMALS FOR TODAY
                         NORMAL    RECORD    YEAR
 MAXIMUM TEMPERATURE (F)   89       100      1951
 MINIMUM TEMPERATURE (F)   69        53      1946


SUNRISE AND SUNSET
SEPTEMBER  1 2015.....SUNRISE   621 AM CDT   SUNSET   713 PM CDT
SEPTEMBER  2 2015.....SUNRISE   621 AM CDT   SUNSET   711 PM CDT


-  INDICATES NEGATIVE NUMBERS.
R  INDICATES RECORD WAS SET OR TIED.
MM INDICATES DATA IS MISSING.
T  INDICATES TRACE AMOUNT.




$$
