000
CDUS44 KBMX 290910
CLIBHM


CLIMATE REPORT
NATIONAL WEATHER SERVICE BIRMINGHAM, AL
409 AM CDT SUN MAR 29 2015


...................................

...THE BIRMINGHAM CLIMATE SUMMARY FOR MARCH 28 2015...

CLIMATE NORMAL PERIOD 1981 TO 2010
CLIMATE RECORD PERIOD 2014 TO 2015


WEATHER ITEM   OBSERVED TIME   RECORD YEAR NORMAL DEPARTURE LAST
                VALUE   (LST)  VALUE       VALUE  FROM      YEAR
                                                  NORMAL
..................................................................
TEMPERATURE (F)
 YESTERDAY
  MAXIMUM         51   1259 PM  89    1919  70    -19       64
  MINIMUM         33    611 AM  28    1937  46    -13       57
  AVERAGE         42                        58    -16       61

PRECIPITATION (IN)
  YESTERDAY        0.00          5.89 1951   0.16  -0.16     1.07
  MONTH TO DATE    3.53                      4.75  -1.22     4.39
  SINCE MAR 1      3.53                      4.75  -1.22     4.39
  SINCE JAN 1     12.23                     14.12  -1.89    11.32

SNOWFALL (IN)
  YESTERDAY        0.0                       0.0    0.0      0.0
  MONTH TO DATE    0.1                       0.6   -0.5      0.0
  SINCE MAR 1      0.1                       0.6   -0.5      0.0
  SINCE JUL 1      0.8                       1.4   -0.6      5.0
  SNOW DEPTH       0

DEGREE DAYS
 HEATING
  YESTERDAY       23                         8     15        4
  MONTH TO DATE  240                       300    -60      345
  SINCE MAR 1    240                       300    -60      345
  SINCE JUL 1   2706                      2490    216     2843

 COOLING
  YESTERDAY        0                         1     -1        0
  MONTH TO DATE    5                        18    -13        0
  SINCE MAR 1      5                        18    -13        0
  SINCE JAN 1      5                        22    -17        3
..................................................................


WIND (MPH)
  HIGHEST WIND SPEED    14   HIGHEST WIND DIRECTION     W (280)
  HIGHEST GUST SPEED    20   HIGHEST GUST DIRECTION     N (340)
  AVERAGE WIND SPEED     7.0


SKY COVER
  AVERAGE SKY COVER 0.7


WEATHER CONDITIONS
 THE FOLLOWING WEATHER WAS RECORDED YESTERDAY.
  NO SIGNIFICANT WEATHER WAS OBSERVED.


RELATIVE HUMIDITY (PERCENT)
 HIGHEST    85          1200 AM
 LOWEST     24           200 PM
 AVERAGE    55

..........................................................


THE BIRMINGHAM CLIMATE NORMALS FOR TODAY
                         NORMAL    RECORD    YEAR
 MAXIMUM TEMPERATURE (F)   70        87      2007
 MINIMUM TEMPERATURE (F)   46        25      1955


SUNRISE AND SUNSET
MARCH 29 2015.........SUNRISE   639 AM CDT   SUNSET   705 PM CDT
MARCH 30 2015.........SUNRISE   638 AM CDT   SUNSET   706 PM CDT


-  INDICATES NEGATIVE NUMBERS.
R  INDICATES RECORD WAS SET OR TIED.
MM INDICATES DATA IS MISSING.
T  INDICATES TRACE AMOUNT.




$$
