000
CDUS44 KBMX 300948
CLIBHM


CLIMATE REPORT
NATIONAL WEATHER SERVICE BIRMINGHAM, AL
447 AM CDT THU OCT 30 2014


...................................

...THE BIRMINGHAM CLIMATE SUMMARY FOR OCTOBER 29 2014...

CLIMATE NORMAL PERIOD 1981 TO 2010
CLIMATE RECORD PERIOD 1895 TO 2014


WEATHER ITEM   OBSERVED TIME   RECORD YEAR NORMAL DEPARTURE LAST
                VALUE   (LST)  VALUE       VALUE  FROM      YEAR
                                                  NORMAL
..................................................................
TEMPERATURE (F)
 YESTERDAY
  MAXIMUM         68    331 PM  86    1984  71     -3       79
                                      1919
  MINIMUM         45   1126 PM  27    1952  49     -4       58
                                      1910
  AVERAGE         57                        60     -3       69

PRECIPITATION (IN)
  YESTERDAY        0.36          5.51 1918   0.11   0.25     0.00
  MONTH TO DATE    3.66                      3.20   0.46     1.52
  SINCE SEP 1      5.30                      7.10  -1.80     3.99
  SINCE JAN 1     38.16                     44.18  -6.02    56.25

SNOWFALL (IN)
  YESTERDAY       MM                         0.0   MM        0.0
  MONTH TO DATE    0.0                       0.0    0.0      0.0
  SINCE SEP 1      0.0                       0.0    0.0      0.0
  SINCE JUL 1      0.0                       0.0    0.0      0.0
  SNOW DEPTH       0

DEGREE DAYS
 HEATING
  YESTERDAY        8                         6      2        0
  MONTH TO DATE   65                       104    -39       97
  SINCE SEP 1     65                       113    -48       97
  SINCE JUL 1     65                       113    -48       97

 COOLING
  YESTERDAY        0                         1     -1        4
  MONTH TO DATE  127                        86     41      101
  SINCE SEP 1    503                       386    117      419
  SINCE JAN 1   2143                      2036    107     1944
..................................................................


WIND (MPH)
  HIGHEST WIND SPEED    16   HIGHEST WIND DIRECTION     N (350)
  HIGHEST GUST SPEED    19   HIGHEST GUST DIRECTION     N (350)
  AVERAGE WIND SPEED     5.3


SKY COVER
  AVERAGE SKY COVER 0.5


WEATHER CONDITIONS
 THE FOLLOWING WEATHER WAS RECORDED YESTERDAY.
  THUNDERSTORM
  HEAVY RAIN
  LIGHT RAIN
  FOG
  FOG W/VISIBILITY <= 1/4 MILE
  HAZE


RELATIVE HUMIDITY (PERCENT)
 HIGHEST   100          1100 AM
 LOWEST     48           400 PM
 AVERAGE    74

..........................................................


THE BIRMINGHAM CLIMATE NORMALS FOR TODAY
                         NORMAL    RECORD    YEAR
 MAXIMUM TEMPERATURE (F)   71        86      1984
 MINIMUM TEMPERATURE (F)   48        28      1952


SUNRISE AND SUNSET
OCTOBER 30 2014.......SUNRISE   704 AM CDT   SUNSET   557 PM CDT
OCTOBER 31 2014.......SUNRISE   705 AM CDT   SUNSET   556 PM CDT


-  INDICATES NEGATIVE NUMBERS.
R  INDICATES RECORD WAS SET OR TIED.
MM INDICATES DATA IS MISSING.
T  INDICATES TRACE AMOUNT.




$$
