000
CDUS44 KBMX 290833
CLIBHM


CLIMATE REPORT
NATIONAL WEATHER SERVICE BIRMINGHAM, AL
333 AM CDT WED MAR 29 2017


...................................

...THE BIRMINGHAM CLIMATE SUMMARY FOR MARCH 28 2017...

CLIMATE NORMAL PERIOD 1981 TO 2010
CLIMATE RECORD PERIOD 1895 TO 2017


WEATHER ITEM   OBSERVED TIME   RECORD YEAR NORMAL DEPARTURE LAST
                VALUE   (LST)  VALUE       VALUE  FROM      YEAR
                                                  NORMAL
..................................................................
TEMPERATURE (F)
 YESTERDAY
  MAXIMUM         82    333 PM  89    1919  70     12       69
  MINIMUM         62    237 AM  28    1937  46     16       49
  AVERAGE         72                        58     14       59

PRECIPITATION (IN)
  YESTERDAY        1.11          5.89 1951   0.16   0.95     0.00
  MONTH TO DATE    5.23                      4.75   0.48     4.80
  SINCE MAR 1      5.23                      4.75   0.48     4.80
  SINCE JAN 1     14.89                     14.12   0.77    15.54

SNOWFALL (IN)
  YESTERDAY        0.0                       0.0    0.0      0.0
  MONTH TO DATE    0.0                       0.6   -0.6      0.0
  SINCE MAR 1      0.0                       0.6   -0.6      0.0
  SINCE JUL 1      0.3                       1.4   -1.1       T
  SNOW DEPTH       0

DEGREE DAYS
 HEATING
  YESTERDAY        0                         8     -8        6
  MONTH TO DATE  250                       300    -50      185
  SINCE MAR 1    250                       300    -50      185
  SINCE JUL 1   1622                      2490   -868     1855

 COOLING
  YESTERDAY        7                         1      6        0
  MONTH TO DATE   39                        18     21       37
  SINCE MAR 1     39                        18     21       37
  SINCE JAN 1     54                        22     32       44
..................................................................


WIND (MPH)
  HIGHEST WIND SPEED    17   HIGHEST WIND DIRECTION     W (250)
  HIGHEST GUST SPEED    23   HIGHEST GUST DIRECTION     W (280)
  AVERAGE WIND SPEED     5.8


SKY COVER
  AVERAGE SKY COVER 0.6


WEATHER CONDITIONS
 THE FOLLOWING WEATHER WAS RECORDED YESTERDAY.
  THUNDERSTORM
  HEAVY RAIN
  RAIN
  LIGHT RAIN
  FOG


RELATIVE HUMIDITY (PERCENT)
 HIGHEST   100           400 AM
 LOWEST     45           500 PM
 AVERAGE    73

..........................................................


THE BIRMINGHAM CLIMATE NORMALS FOR TODAY
                         NORMAL    RECORD    YEAR
 MAXIMUM TEMPERATURE (F)   70        87      2007
 MINIMUM TEMPERATURE (F)   46        25      1955


SUNRISE AND SUNSET
MARCH 29 2017.........SUNRISE   638 AM CDT   SUNSET   706 PM CDT
MARCH 30 2017.........SUNRISE   637 AM CDT   SUNSET   706 PM CDT


-  INDICATES NEGATIVE NUMBERS.
R  INDICATES RECORD WAS SET OR TIED.
MM INDICATES DATA IS MISSING.
T  INDICATES TRACE AMOUNT.




$$
