000
CDUS45 KVEF 070827
CLIBIH


CLIMATE REPORT
NATIONAL WEATHER SERVICE LAS VEGAS, NV
1226 AM PST SUN FEB 7 2016


...................................

...THE BISHOP CA CLIMATE SUMMARY FOR FEBRUARY 6 2016...

CLIMATE NORMAL PERIOD 1981 TO 2010
CLIMATE RECORD PERIOD 1943 TO 2016


WEATHER ITEM   OBSERVED TIME   RECORD YEAR NORMAL DEPARTURE LAST
                VALUE   (LST)  VALUE       VALUE  FROM      YEAR
                                                  NORMAL
..................................................................
TEMPERATURE (F)
 YESTERDAY
  MAXIMUM         63    349 PM  80    2015  56      7       80
  MINIMUM         25    709 AM   7    1989  25      0       34
  AVERAGE         44                        40      4       57

PRECIPITATION (IN)
  YESTERDAY        0.00          0.69 1969   0.03  -0.03     0.00
  MONTH TO DATE    0.00                      0.17  -0.17     0.00
  SINCE OCT 1      1.87                      2.84  -0.97     0.55
  SINCE JAN 1      1.06                      1.22  -0.16     0.09

SNOWFALL (IN)
  YESTERDAY        0.0          12.1  1976   0.1   -0.1      0.0
  MONTH TO DATE    0.0                       0.3   -0.3      0.0
  SINCE DEC 1      2.0                       6.7   -4.7      0.0
  SINCE JUL 1      2.0                       7.0   -5.0      0.0
  SNOW DEPTH       0

DEGREE DAYS
 HEATING
  YESTERDAY       21                        24     -3        8
  MONTH TO DATE  183                       149     34       86
  SINCE DEC 1   1909                      1817     92     1473
  SINCE JUL 1   2723                      2718      5     2124

 COOLING
  YESTERDAY        0                         0      0        0
  MONTH TO DATE    0                         0      0        0
  SINCE DEC 1      0                         0      0        0
  SINCE JAN 1      0                         0      0        0
..................................................................


WIND (MPH)
  RESULTANT WIND SPEED   3   RESULTANT WIND DIRECTION  NW (330)
  HIGHEST WIND SPEED    10   HIGHEST WIND DIRECTION    NW (310)
  HIGHEST GUST SPEED    10   HIGHEST GUST DIRECTION    NW (310)
  AVERAGE WIND SPEED     4.6


SKY COVER
  POSSIBLE SUNSHINE  MM
  AVERAGE SKY COVER 0.0


WEATHER CONDITIONS
 THE FOLLOWING WEATHER WAS RECORDED YESTERDAY.
  NO SIGNIFICANT WEATHER WAS OBSERVED.


RELATIVE HUMIDITY (PERCENT)
 HIGHEST    88           500 AM
 LOWEST     17           300 PM
 AVERAGE    53

..........................................................


THE BISHOP CA CLIMATE NORMALS FOR TODAY
                         NORMAL    RECORD    YEAR
 MAXIMUM TEMPERATURE (F)   56        72      1954
                                             1951
 MINIMUM TEMPERATURE (F)   25        -2      1969


SUNRISE AND SUNSET
FEBRUARY  7 2016......SUNRISE   652 AM PST   SUNSET   524 PM PST
FEBRUARY  8 2016......SUNRISE   651 AM PST   SUNSET   525 PM PST


-  INDICATES NEGATIVE NUMBERS.
R  INDICATES RECORD WAS SET OR TIED.
MM INDICATES DATA IS MISSING.
T  INDICATES TRACE AMOUNT.




$$
