000
CDUS45 KVEF 210826
CLIBIH


CLIMATE REPORT
NATIONAL WEATHER SERVICE LAS VEGAS, NV
126 AM PDT THU SEP 21 2017


...................................

...THE BISHOP CA CLIMATE SUMMARY FOR SEPTEMBER 20 2017...

CLIMATE NORMAL PERIOD 1981 TO 2010
CLIMATE RECORD PERIOD 1943 TO 2017


WEATHER ITEM   OBSERVED TIME   RECORD YEAR NORMAL DEPARTURE LAST
                VALUE   (LST)  VALUE       VALUE  FROM      YEAR
                                                  NORMAL
..................................................................
TEMPERATURE (F)
 YESTERDAY
  MAXIMUM         88    304 PM  97    1974  87      1       91
                                      1951
  MINIMUM         45    524 AM  29    1986  46     -1       52
  AVERAGE         67                        66      1       72

PRECIPITATION (IN)
  YESTERDAY        0.00          0.50 1988   0.00   0.00     0.00
  MONTH TO DATE    T                         0.10  -0.10     0.00
  SINCE OCT 1      9.18                      5.08   4.10     3.88
  SINCE JAN 1      8.82                      3.46   5.36     3.07

SNOWFALL (IN)
  YESTERDAY        0.0          MM      MM   0.0    0.0      0.0
  MONTH TO DATE    0.0                       0.0    0.0      0.0
  SINCE SEP 1      0.0                       0.0    0.0      0.0
  SINCE JUL 1      0.0                       0.0    0.0      0.0
  SNOW DEPTH       0

DEGREE DAYS
 HEATING
  YESTERDAY        0                         2     -2        0
  MONTH TO DATE    0                        15    -15       10
  SINCE SEP 1      0                        15    -15       10
  SINCE JUL 1      0                        17    -17       10

 COOLING
  YESTERDAY        2                         3     -1        7
  MONTH TO DATE  134                       100     34      101
  SINCE SEP 1    134                       100     34      101
  SINCE JAN 1   1407                      1077    330     1324
..................................................................


WIND (MPH)
  RESULTANT WIND SPEED   2   RESULTANT WIND DIRECTION   W (290)
  HIGHEST WIND SPEED    26   HIGHEST WIND DIRECTION     W (260)
  HIGHEST GUST SPEED    35   HIGHEST GUST DIRECTION     W (260)
  AVERAGE WIND SPEED     9.2


SKY COVER
  POSSIBLE SUNSHINE  MM
  AVERAGE SKY COVER 0.1


WEATHER CONDITIONS
 THE FOLLOWING WEATHER WAS RECORDED YESTERDAY.
  NO SIGNIFICANT WEATHER WAS OBSERVED.


RELATIVE HUMIDITY (PERCENT)
 HIGHEST    65           400 AM
 LOWEST     14           100 PM
 AVERAGE    40

..........................................................


THE BISHOP CA CLIMATE NORMALS FOR TODAY
                         NORMAL    RECORD    YEAR
 MAXIMUM TEMPERATURE (F)   86        97      1949
                                             1943
 MINIMUM TEMPERATURE (F)   46        31      1986


SUNRISE AND SUNSET
SEPTEMBER 21 2017.....SUNRISE   641 AM PDT   SUNSET   651 PM PDT
SEPTEMBER 22 2017.....SUNRISE   642 AM PDT   SUNSET   650 PM PDT


-  INDICATES NEGATIVE NUMBERS.
R  INDICATES RECORD WAS SET OR TIED.
MM INDICATES DATA IS MISSING.
T  INDICATES TRACE AMOUNT.




$$
