000
CDUS45 KVEF 250827
CLIBIH


CLIMATE REPORT
NATIONAL WEATHER SERVICE LAS VEGAS, NV
1226 AM PST SUN JAN 25 2015


...................................

...THE BISHOP CA CLIMATE SUMMARY FOR JANUARY 24 2015...

CLIMATE NORMAL PERIOD 1981 TO 2010
CLIMATE RECORD PERIOD 1943 TO 2015


WEATHER ITEM   OBSERVED TIME   RECORD YEAR NORMAL DEPARTURE LAST
                VALUE   (LST)  VALUE       VALUE  FROM      YEAR
                                                  NORMAL
..................................................................
TEMPERATURE (F)
 YESTERDAY
  MAXIMUM         69    302 PM  77    1948  55     14       60
  MINIMUM         24    704 AM   8    1964  24      0       25
                                      1949
  AVERAGE         47                        39      8       43

PRECIPITATION (IN)
  YESTERDAY        0.00          1.21 1969   0.03  -0.03     0.00
  MONTH TO DATE    0.00                      0.88  -0.88     0.00
  SINCE OCT 1      0.46                      2.50  -2.04     0.22
  SINCE JAN 1      0.00                      0.88  -0.88     0.00

SNOWFALL (IN)
  YESTERDAY        0.0          12.5  1969   0.1   -0.1      0.0
  MONTH TO DATE    0.0                       3.3   -3.3      0.0
  SINCE DEC 1      0.0                       4.6   -4.6      0.5
  SINCE JUL 1      0.0                       5.0   -5.0      0.5
  SNOW DEPTH       0

DEGREE DAYS
 HEATING
  YESTERDAY       18                        26     -8       22
  MONTH TO DATE  520                       642   -122      491
  SINCE DEC 1   1281                      1488   -207     1296
  SINCE JUL 1   1932                      2389   -457     2299

 COOLING
  YESTERDAY        0                         0      0        0
  MONTH TO DATE    0                         0      0        0
  SINCE DEC 1      0                         0      0        0
  SINCE JAN 1      0                         0      0        0
..................................................................


WIND (MPH)
  RESULTANT WIND SPEED   6   RESULTANT WIND DIRECTION  NW (330)
  HIGHEST WIND SPEED    14   HIGHEST WIND DIRECTION    NW (320)
  HIGHEST GUST SPEED    17   HIGHEST GUST DIRECTION    NW (330)
  AVERAGE WIND SPEED     6.9


SKY COVER
  POSSIBLE SUNSHINE  MM
  AVERAGE SKY COVER 0.0


WEATHER CONDITIONS
 THE FOLLOWING WEATHER WAS RECORDED YESTERDAY.
  NO SIGNIFICANT WEATHER WAS OBSERVED.


RELATIVE HUMIDITY (PERCENT)
 HIGHEST    55           700 AM
 LOWEST      7           400 PM
 AVERAGE    31

..........................................................


THE BISHOP CA CLIMATE NORMALS FOR TODAY
                         NORMAL    RECORD    YEAR
 MAXIMUM TEMPERATURE (F)   55        71      1984
 MINIMUM TEMPERATURE (F)   24         0      1949


SUNRISE AND SUNSET
JANUARY 25 2015.......SUNRISE   702 AM PST   SUNSET   510 PM PST
JANUARY 26 2015.......SUNRISE   701 AM PST   SUNSET   511 PM PST


-  INDICATES NEGATIVE NUMBERS.
R  INDICATES RECORD WAS SET OR TIED.
MM INDICATES DATA IS MISSING.
T  INDICATES TRACE AMOUNT.




$$
