000
CDUS45 KVEF 300826
CLIBIH


CLIMATE REPORT
NATIONAL WEATHER SERVICE LAS VEGAS, NV
125 AM PDT THU MAR 30 2017


...................................

...THE BISHOP CA CLIMATE SUMMARY FOR MARCH 29 2017...

CLIMATE NORMAL PERIOD 1981 TO 2010
CLIMATE RECORD PERIOD 1943 TO 2017


WEATHER ITEM   OBSERVED TIME   RECORD YEAR NORMAL DEPARTURE LAST
                VALUE   (LST)  VALUE       VALUE  FROM      YEAR
                                                  NORMAL
..................................................................
TEMPERATURE (F)
 YESTERDAY
  MAXIMUM         80    211 PM  84    2015  68     12       57
  MINIMUM         36    623 AM  19    1998  33      3       36
  AVERAGE         58                        51      7       47

PRECIPITATION (IN)
  YESTERDAY        0.00          0.03 1982   0.02  -0.02      T
  MONTH TO DATE    0.09                      0.51  -0.42     0.07
  SINCE OCT 1      7.89                      4.03   3.86     2.00
  SINCE JAN 1      7.53                      2.41   5.12     1.19

SNOWFALL (IN)
  YESTERDAY        0.0           0.8  1982   0.0    0.0      0.0
  MONTH TO DATE    T                         0.5   -0.5       T
  SINCE MAR 1      T                         0.5   -0.5       T
  SINCE JUL 1      8.6                       7.9    0.7      2.0
  SNOW DEPTH       0

DEGREE DAYS
 HEATING
  YESTERDAY        7                        14     -7       18
  MONTH TO DATE  378                       488   -110      364
  SINCE MAR 1    378                       488   -110      364
  SINCE JUL 1   3378                      3695   -317     3420

 COOLING
  YESTERDAY        0                         0      0        0
  MONTH TO DATE    0                         0      0        0
  SINCE MAR 1      0                         0      0        0
  SINCE JAN 1      0                         0      0        0
..................................................................


WIND (MPH)
  RESULTANT WIND SPEED   1   RESULTANT WIND DIRECTION  NW (310)
  HIGHEST WIND SPEED    16   HIGHEST WIND DIRECTION    SE (150)
  HIGHEST GUST SPEED    19   HIGHEST GUST DIRECTION    SE (150)
  AVERAGE WIND SPEED     6.3


SKY COVER
  POSSIBLE SUNSHINE  MM
  AVERAGE SKY COVER 0.0


WEATHER CONDITIONS
 THE FOLLOWING WEATHER WAS RECORDED YESTERDAY.
  NO SIGNIFICANT WEATHER WAS OBSERVED.


RELATIVE HUMIDITY (PERCENT)
 HIGHEST    59           600 AM
 LOWEST     11           100 PM
 AVERAGE    35

..........................................................


THE BISHOP CA CLIMATE NORMALS FOR TODAY
                         NORMAL    RECORD    YEAR
 MAXIMUM TEMPERATURE (F)   69        85      2015
 MINIMUM TEMPERATURE (F)   33        17      1949


SUNRISE AND SUNSET
MARCH 30 2017.........SUNRISE   642 AM PDT   SUNSET   715 PM PDT
MARCH 31 2017.........SUNRISE   640 AM PDT   SUNSET   716 PM PDT


-  INDICATES NEGATIVE NUMBERS.
R  INDICATES RECORD WAS SET OR TIED.
MM INDICATES DATA IS MISSING.
T  INDICATES TRACE AMOUNT.




$$
