000
CDUS45 KVEF 200825
CLIBIH


CLIMATE REPORT
NATIONAL WEATHER SERVICE LAS VEGAS, NV
125 AM PDT SAT SEP 20 2014


...................................

...THE BISHOP CA CLIMATE SUMMARY FOR SEPTEMBER 19 2014...

CLIMATE NORMAL PERIOD 1981 TO 2010
CLIMATE RECORD PERIOD 1943 TO 2014


WEATHER ITEM   OBSERVED TIME   RECORD YEAR NORMAL DEPARTURE LAST
                VALUE   (LST)  VALUE       VALUE  FROM      YEAR
                                                  NORMAL
..................................................................
TEMPERATURE (F)
 YESTERDAY
  MAXIMUM         90    233 PM  96    2000  87      3       88
                                      1991
                                      1974
  MINIMUM         58   1159 PM  33    1946  46     12       42
  AVERAGE         74                        67      7       65

PRECIPITATION (IN)
  YESTERDAY        0.00          0.21 1989   0.01  -0.01     0.00
  MONTH TO DATE    T                         0.10  -0.10      T
  SINCE OCT 1      2.83                      5.09  -2.26     2.34
  SINCE JAN 1      2.61                      3.47  -0.86     1.11

SNOWFALL (IN)
  YESTERDAY        0.0          MM      MM   0.0    0.0      0.0
  MONTH TO DATE    0.0                       0.0    0.0      0.0
  SINCE SEP 1      0.0                       0.0    0.0      0.0
  SINCE JUL 1      0.0                       0.0    0.0      0.0
  SNOW DEPTH       0

DEGREE DAYS
 HEATING
  YESTERDAY        0                         2     -2        0
  MONTH TO DATE    0                        13    -13        0
  SINCE SEP 1      0                        13    -13        0
  SINCE JUL 1      0                        15    -15        0

 COOLING
  YESTERDAY        9                         3      6        0
  MONTH TO DATE  180                        97     83      170
  SINCE SEP 1    180                        97     83      170
  SINCE JAN 1   1327                      1074    253     1335
..................................................................


WIND (MPH)
  RESULTANT WIND SPEED   2   RESULTANT WIND DIRECTION  NE (50)
  HIGHEST WIND SPEED    17   HIGHEST WIND DIRECTION     E (100)
  HIGHEST GUST SPEED    23   HIGHEST GUST DIRECTION     E (80)
  AVERAGE WIND SPEED     7.1


SKY COVER
  POSSIBLE SUNSHINE  MM
  AVERAGE SKY COVER 0.3


WEATHER CONDITIONS
 THE FOLLOWING WEATHER WAS RECORDED YESTERDAY.
  HAZE


RELATIVE HUMIDITY (PERCENT)
 HIGHEST    55           600 AM
 LOWEST     13           200 PM
 AVERAGE    34

..........................................................


THE BISHOP CA CLIMATE NORMALS FOR TODAY
                         NORMAL    RECORD    YEAR
 MAXIMUM TEMPERATURE (F)   87        97      1974
                                             1951
 MINIMUM TEMPERATURE (F)   46        29      1986


SUNRISE AND SUNSET
SEPTEMBER 20 2014.....SUNRISE   640 AM PDT   SUNSET   653 PM PDT
SEPTEMBER 21 2014.....SUNRISE   640 AM PDT   SUNSET   652 PM PDT


-  INDICATES NEGATIVE NUMBERS.
R  INDICATES RECORD WAS SET OR TIED.
MM INDICATES DATA IS MISSING.
T  INDICATES TRACE AMOUNT.




$$
