000
CDUS45 KVEF 270027
CLIBIH


CLIMATE REPORT
NATIONAL WEATHER SERVICE LAS VEGAS, NV
526 PM PDT FRI MAY 26 2017


...................................

...THE BISHOP CA CLIMATE SUMMARY FOR MAY 26 2017...
VALID TODAY AS OF 0500 PM LOCAL TIME.

CLIMATE NORMAL PERIOD 1981 TO 2010
CLIMATE RECORD PERIOD 1943 TO 2017


WEATHER ITEM   OBSERVED RECORD YEAR NORMAL DEPARTURE LAST
                VALUE   VALUE       VALUE  FROM      YEAR
                                           NORMAL
...........................................................
TEMPERATURE (F)
 TODAY
  MAXIMUM         86    101    1951  86      0       79
  MINIMUM         42     33    1980  47     -5       44
  AVERAGE         64

PRECIPITATION (IN)
  TODAY            0.00   0.51 1981   0.01  -0.01     0.00
  MONTH TO DATE    0.35               0.16   0.19     0.34
  SINCE OCT 1      9.16               4.47   4.69     3.38
  SINCE JAN 1      8.80               2.85   5.95     2.57

SNOWFALL (IN)
  TODAY            0.0   MM      MM   0.0    0.0      0.0
  MONTH TO DATE    0.0                0.0    0.0      0.0
  SINCE MAR 1      T                  0.6   -0.6       T
  SINCE JUL 1      8.6                8.0    0.6      2.0
  SNOW DEPTH       0

DEGREE DAYS
 HEATING
  TODAY            1                  2     -1        3
  MONTH TO DATE   98                107     -9       94
  SINCE MAR 1    782                942   -160      696
  SINCE JUL 1   3782               4149   -367     3752

 COOLING
  TODAY            0                  3     -3        0
  MONTH TO DATE   44                 44      0       28
  SINCE MAR 1     44                 48     -4       28
  SINCE JAN 1     44                 48     -4       28
...........................................................


WIND (MPH)
  RESULTANT WIND SPEED   4   RESULTANT WIND DIRECTION   N (0)
  HIGHEST WIND SPEED    20   HIGHEST WIND DIRECTION     N (360)
  HIGHEST GUST SPEED    25   HIGHEST GUST DIRECTION     N (350)
  AVERAGE WIND SPEED     7.0


SKY COVER
  POSSIBLE SUNSHINE  MM
  AVERAGE SKY COVER 0.0


WEATHER CONDITIONS
 THE FOLLOWING WEATHER WAS RECORDED TODAY.
  NO SIGNIFICANT WEATHER WAS OBSERVED.


RELATIVE HUMIDITY (PERCENT)
 HIGHEST    40           500 AM
 LOWEST      6          1200 PM
 AVERAGE    23

..........................................................


THE BISHOP CA CLIMATE NORMALS FOR TOMORROW
                         NORMAL    RECORD    YEAR
 MAXIMUM TEMPERATURE (F)   86       100      2003
 MINIMUM TEMPERATURE (F)   47        27      1998


SUNRISE AND SUNSET
MAY 26 2017...........SUNRISE   537 AM PDT   SUNSET   805 PM PDT
MAY 27 2017...........SUNRISE   536 AM PDT   SUNSET   805 PM PDT


-  INDICATES NEGATIVE NUMBERS.
R  INDICATES RECORD WAS SET OR TIED.
MM INDICATES DATA IS MISSING.
T  INDICATES TRACE AMOUNT.




$$
