000
CDUS45 KVEF 050029
CLIBIH


CLIMATE REPORT
NATIONAL WEATHER SERVICE LAS VEGAS, NV
428 PM PST WED MAR 4 2015


...................................

...THE BISHOP CA CLIMATE SUMMARY FOR MARCH 4 2015...
VALID TODAY AS OF 0400 PM LOCAL TIME.

CLIMATE NORMAL PERIOD 1981 TO 2010
CLIMATE RECORD PERIOD 1943 TO 2015


WEATHER ITEM   OBSERVED RECORD YEAR NORMAL DEPARTURE LAST
                VALUE   VALUE       VALUE  FROM      YEAR
                                           NORMAL
...........................................................
TEMPERATURE (F)
 TODAY
  MAXIMUM         62     78    1972  63     -1       69
  MINIMUM         22     12    1966  30     -8       36
  AVERAGE         42

PRECIPITATION (IN)
  TODAY            0.00   1.75 1991   0.02  -0.02     0.00
  MONTH TO DATE    0.01               0.09  -0.08     0.00
  SINCE OCT 1      0.73               3.61  -2.88     2.13
  SINCE JAN 1      0.27               1.99  -1.72     1.91

SNOWFALL (IN)
  TODAY            0.0    T    1949   0.0    0.0      0.0
  MONTH TO DATE    T                  0.1   -0.1      0.0
  SINCE MAR 1      T                  0.1   -0.1      0.0
  SINCE JUL 1      T                  6.0   -6.0      0.5
  SNOW DEPTH      MM

DEGREE DAYS
 HEATING
  TODAY           23                 19      4       12
  MONTH TO DATE   98                 77     21       75
  SINCE MAR 1     98                 77     21       75
  SINCE JUL 1   2539               3284   -745     3025

 COOLING
  TODAY            0                  0      0        0
  MONTH TO DATE    0                  0      0        0
  SINCE MAR 1      0                  0      0        0
  SINCE JAN 1      0                  0      0        0
...........................................................


WIND (MPH)
  RESULTANT WIND SPEED   6   RESULTANT WIND DIRECTION   N (340)
  HIGHEST WIND SPEED    16   HIGHEST WIND DIRECTION     N (360)
  HIGHEST GUST SPEED    20   HIGHEST GUST DIRECTION     N (360)
  AVERAGE WIND SPEED     7.0


SKY COVER
  POSSIBLE SUNSHINE  MM
  AVERAGE SKY COVER 0.0


WEATHER CONDITIONS
 THE FOLLOWING WEATHER WAS RECORDED TODAY.
  NO SIGNIFICANT WEATHER WAS OBSERVED.


RELATIVE HUMIDITY (PERCENT)
 HIGHEST    59           700 AM
 LOWEST      5           300 PM
 AVERAGE    32

..........................................................


THE BISHOP CA CLIMATE NORMALS FOR TOMORROW
                         NORMAL    RECORD    YEAR
 MAXIMUM TEMPERATURE (F)   63        81      1972
 MINIMUM TEMPERATURE (F)   30        12      1948


SUNRISE AND SUNSET
MARCH  4 2015.........SUNRISE   621 AM PST   SUNSET   550 PM PST
MARCH  5 2015.........SUNRISE   619 AM PST   SUNSET   551 PM PST


-  INDICATES NEGATIVE NUMBERS.
R  INDICATES RECORD WAS SET OR TIED.
MM INDICATES DATA IS MISSING.
T  INDICATES TRACE AMOUNT.




$$
