939
CDUS45 KVEF 160826
CLIBIH


CLIMATE REPORT
NATIONAL WEATHER SERVICE LAS VEGAS, NV
1225 AM PST TUE JAN 16 2018


...................................

...THE BISHOP CA CLIMATE SUMMARY FOR JANUARY 15 2018...

CLIMATE NORMAL PERIOD 1981 TO 2010
CLIMATE RECORD PERIOD 1943 TO 2018


WEATHER ITEM   OBSERVED TIME   RECORD YEAR NORMAL DEPARTURE LAST
                VALUE   (LST)  VALUE       VALUE  FROM      YEAR
                                                  NORMAL
..................................................................
TEMPERATURE (F)
 YESTERDAY
  MAXIMUM         62    116 PM  71    2014  54      8       56
                                      2011
  MINIMUM         27    723 AM   6    1949  23      4       28
  AVERAGE         45                        38      7       42

PRECIPITATION (IN)
  YESTERDAY        0.00          3.32 1952   0.03  -0.03     0.00
  MONTH TO DATE    0.04                      0.61  -0.57     3.70
  SINCE OCT 1      0.20                      2.23  -2.03     4.06
  SINCE JAN 1      0.04                      0.61  -0.57     3.70

SNOWFALL (IN)
  YESTERDAY        0.0           9.0  1952   0.2   -0.2      0.0
  MONTH TO DATE    0.0                       3.1   -3.1      1.7
  SINCE DEC 1      0.0                       4.3   -4.3      1.7
  SINCE JUL 1      0.0                       4.6   -4.6      1.7
  SNOW DEPTH       0

DEGREE DAYS
 HEATING
  YESTERDAY       20                        27     -7       23
  MONTH TO DATE  302                       407   -105      386
  SINCE DEC 1   1009                      1253   -244     1175
  SINCE JUL 1   1809                      2154   -345     1918

 COOLING
  YESTERDAY        0                         0      0        0
  MONTH TO DATE    0                         0      0        0
  SINCE DEC 1      0                         0      0        0
  SINCE JAN 1      0                         0      0        0
..................................................................


WIND (MPH)
  RESULTANT WIND SPEED   1   RESULTANT WIND DIRECTION   N (350)
  HIGHEST WIND SPEED    12   HIGHEST WIND DIRECTION     W (280)
  HIGHEST GUST SPEED    13   HIGHEST GUST DIRECTION     W (280)
  AVERAGE WIND SPEED     5.2


SKY COVER
  POSSIBLE SUNSHINE  MM
  AVERAGE SKY COVER 0.0


WEATHER CONDITIONS
 THE FOLLOWING WEATHER WAS RECORDED YESTERDAY.
  NO SIGNIFICANT WEATHER WAS OBSERVED.


RELATIVE HUMIDITY (PERCENT)
 HIGHEST    78           600 AM
 LOWEST     27           100 PM
 AVERAGE    53

..........................................................


THE BISHOP CA CLIMATE NORMALS FOR TODAY
                         NORMAL    RECORD    YEAR
 MAXIMUM TEMPERATURE (F)   54        74      1976
 MINIMUM TEMPERATURE (F)   23         6      1993


SUNRISE AND SUNSET
JANUARY 16 2018.......SUNRISE   706 AM PST   SUNSET   501 PM PST
JANUARY 17 2018.......SUNRISE   706 AM PST   SUNSET   502 PM PST


-  INDICATES NEGATIVE NUMBERS.
R  INDICATES RECORD WAS SET OR TIED.
MM INDICATES DATA IS MISSING.
T  INDICATES TRACE AMOUNT.




$$
