000
CDUS45 KBYZ 220912
CLIBIL


CLIMATE REPORT
NATIONAL WEATHER SERVICE BILLINGS MT
311 AM MDT THU JUN 22 2017


...................................

...THE BILLINGS MT CLIMATE SUMMARY FOR JUNE 21 2017...

CLIMATE NORMAL PERIOD 1981 TO 2010
CLIMATE RECORD PERIOD 1934 TO 2017


WEATHER ITEM   OBSERVED TIME   RECORD YEAR NORMAL DEPARTURE LAST
                VALUE   (LST)  VALUE       VALUE  FROM      YEAR
                                                  NORMAL
..................................................................
TEMPERATURE (F)
 YESTERDAY
  MAXIMUM         84    439 PM  98    2016  79      5       98
  MINIMUM         64    200 AM  41    1958  54     10       59
  AVERAGE         74                        66      8       79

PRECIPITATION (IN)
  YESTERDAY        0.00          1.20 1991   0.07  -0.07     0.00
  MONTH TO DATE    1.95                      1.58   0.37     0.23
  SINCE OCT 1     16.14                      9.75   6.39     8.48
  SINCE JAN 1     10.58                      7.44   3.14     5.63

SNOWFALL (IN)
  YESTERDAY        0.0           T    1991   0.0    0.0      0.0
  MONTH TO DATE    0.0                       0.0    0.0       T
  SINCE JUN 1      0.0                       0.0    0.0       T
  SINCE JUL 1     74.1                      55.0   19.1     28.1
  SNOW DEPTH       0

DEGREE DAYS
 HEATING
  YESTERDAY        0                         2     -2        0
  MONTH TO DATE   25                        81    -56       11
  SINCE JUN 1     25                        81    -56       11
  SINCE JUL 1   6590                      6767   -177     5686

 COOLING
  YESTERDAY        9                         3      6       14
  MONTH TO DATE   81                        43     38      115
  SINCE JUN 1     81                        43     38      115
  SINCE JAN 1     96                        60     36      126
..................................................................


WIND (MPH)
  HIGHEST WIND SPEED    20   HIGHEST WIND DIRECTION    NW (300)
  HIGHEST GUST SPEED    27   HIGHEST GUST DIRECTION    NW (310)
  AVERAGE WIND SPEED     7.8


SKY COVER
  POSSIBLE SUNSHINE  MM
  AVERAGE SKY COVER 0.2


WEATHER CONDITIONS
 THE FOLLOWING WEATHER WAS RECORDED YESTERDAY.
  NO SIGNIFICANT WEATHER WAS OBSERVED.


RELATIVE HUMIDITY (PERCENT)
 HIGHEST    84           200 AM
 LOWEST     24          1000 PM
 AVERAGE    54

..........................................................


THE BILLINGS MT CLIMATE NORMALS FOR TODAY
                         NORMAL    RECORD    YEAR
 MAXIMUM TEMPERATURE (F)   80        99      2005
                                             1988
 MINIMUM TEMPERATURE (F)   54        43      1967


SUNRISE AND SUNSET
JUNE 22 2017..........SUNRISE   524 AM MDT   SUNSET   908 PM MDT
JUNE 23 2017..........SUNRISE   525 AM MDT   SUNSET   908 PM MDT


-  INDICATES NEGATIVE NUMBERS.
R  INDICATES RECORD WAS SET OR TIED.
MM INDICATES DATA IS MISSING.
T  INDICATES TRACE AMOUNT.




$$
