000
CDUS45 KBYZ 180724
CLIBIL


CLIMATE REPORT
NATIONAL WEATHER SERVICE BILLINGS MT
1224 AM MST THU JAN 18 2018


...................................

...THE BILLINGS MT CLIMATE SUMMARY FOR JANUARY 17 2018...

CLIMATE NORMAL PERIOD 1981 TO 2010
CLIMATE RECORD PERIOD 1934 TO 2018


WEATHER ITEM   OBSERVED TIME   RECORD YEAR NORMAL DEPARTURE LAST
                VALUE   (LST)  VALUE       VALUE  FROM      YEAR
                                                  NORMAL
..................................................................
TEMPERATURE (F)
 YESTERDAY
  MAXIMUM         42   1159 PM  60    1958  37      5       37
  MINIMUM         23    921 AM -24    1943  18      5       23
  AVERAGE         33                        27      6       30

PRECIPITATION (IN)
  YESTERDAY        0.00          0.36 1963   0.01  -0.01     0.00
  MONTH TO DATE    0.42                      0.26   0.16     0.30
  SINCE OCT 1      4.07                      2.57   1.50     5.86
  SINCE JAN 1      0.42                      0.26   0.16     0.30

SNOWFALL (IN)
  YESTERDAY        0.0           4.6  1963   0.3   -0.3      0.0
  MONTH TO DATE    6.8                       4.8    2.0      6.2
  SINCE DEC 1     32.1                      13.0   19.1     36.6
  SINCE JUL 1     44.3                      24.7   19.6     41.9
  SNOW DEPTH       4

DEGREE DAYS
 HEATING
  YESTERDAY       32                        38     -6       35
  MONTH TO DATE  722                       653     69      931
  SINCE DEC 1   1973                      1846    127     2358
  SINCE JUL 1   3575                      3474    101     3617

 COOLING
  YESTERDAY        0                         0      0        0
  MONTH TO DATE    0                         0      0        0
  SINCE DEC 1      0                         0      0        0
  SINCE JAN 1      0                         0      0        0
..................................................................


WIND (MPH)
  HIGHEST WIND SPEED    28   HIGHEST WIND DIRECTION    SW (240)
  HIGHEST GUST SPEED    35   HIGHEST GUST DIRECTION    SW (240)
  AVERAGE WIND SPEED    20.9


SKY COVER
  POSSIBLE SUNSHINE  MM
  AVERAGE SKY COVER 0.4


WEATHER CONDITIONS
 THE FOLLOWING WEATHER WAS RECORDED YESTERDAY.
  NO SIGNIFICANT WEATHER WAS OBSERVED.


RELATIVE HUMIDITY (PERCENT)
 HIGHEST    60          1200 AM
 LOWEST     44          1200 PM
 AVERAGE    52

..........................................................


THE BILLINGS MT CLIMATE NORMALS FOR TODAY
                         NORMAL    RECORD    YEAR
 MAXIMUM TEMPERATURE (F)   37        62      2009
 MINIMUM TEMPERATURE (F)   18       -25      1943


SUNRISE AND SUNSET
JANUARY 18 2018.......SUNRISE   749 AM MST   SUNSET   500 PM MST
JANUARY 19 2018.......SUNRISE   749 AM MST   SUNSET   502 PM MST


-  INDICATES NEGATIVE NUMBERS.
R  INDICATES RECORD WAS SET OR TIED.
MM INDICATES DATA IS MISSING.
T  INDICATES TRACE AMOUNT.




$$
