000
CDUS45 KBYZ 202226
CLIBIL


CLIMATE REPORT
NATIONAL WEATHER SERVICE BILLINGS MT
425 PM MDT SUN APR 20 2014


...................................

...THE BILLINGS MT CLIMATE SUMMARY FOR APRIL 20 2014...
VALID TODAY AS OF 0400 PM LOCAL TIME.

CLIMATE NORMAL PERIOD 1981 TO 2010
CLIMATE RECORD PERIOD 1934 TO 2014


WEATHER ITEM   OBSERVED TIME   RECORD YEAR NORMAL DEPARTURE LAST
                VALUE   (LST)  VALUE       VALUE  FROM      YEAR
                                                  NORMAL
..................................................................
TEMPERATURE (F)
 TODAY
  MAXIMUM         66    259 PM  90    1980  59      7       62
  MINIMUM         47   1219 AM  17    1966  36     11       38
  AVERAGE         57                        47     10       50

PRECIPITATION (IN)
  TODAY            0.00          0.55 2005   0.05  -0.05      T
  MONTH TO DATE    0.26                      1.05  -0.79     0.81
  SINCE OCT 1      9.55                      5.38   4.17     4.00
  SINCE JAN 1      4.66                      3.07   1.59     1.95

SNOWFALL (IN)
  TODAY            0.0           7.5  2005   0.3   -0.3      0.0
  MONTH TO DATE    0.6                       6.2   -5.6      3.7
  SINCE MAR 1     11.2                      16.4   -5.2      6.4
  SINCE JUL 1    101.4                      50.9   50.5     38.5
  SNOW DEPTH       0

DEGREE DAYS
 HEATING
  TODAY            8                        18    -10       15
  MONTH TO DATE  393                       408    -15      513
  SINCE MAR 1   1360                      1253    107     1355
  SINCE JUL 1   6633                      6218    415     5916

 COOLING
  TODAY            0                         0      0        0
  MONTH TO DATE    0                         0      0        0
  SINCE MAR 1      0                         0      0        0
  SINCE JAN 1      0                         0      0        0
..................................................................


WIND (MPH)
  HIGHEST WIND SPEED    29   HIGHEST WIND DIRECTION    NW (310)
  HIGHEST GUST SPEED    36   HIGHEST GUST DIRECTION    NW (300)
  AVERAGE WIND SPEED    14.8


SKY COVER
  POSSIBLE SUNSHINE  MM
  AVERAGE SKY COVER 0.5


WEATHER CONDITIONS
 THE FOLLOWING WEATHER WAS RECORDED TODAY.
  NO SIGNIFICANT WEATHER WAS OBSERVED.


RELATIVE HUMIDITY (PERCENT)
 HIGHEST    46           100 AM
 LOWEST     12           200 PM
 AVERAGE    29

..........................................................


THE BILLINGS MT CLIMATE NORMALS FOR TOMORROW
                         NORMAL    RECORD    YEAR
 MAXIMUM TEMPERATURE (F)   59        89      1980
 MINIMUM TEMPERATURE (F)   36        15      2008


SUNRISE AND SUNSET
APRIL 20 2014.........SUNRISE   619 AM MDT   SUNSET   807 PM MDT
APRIL 21 2014.........SUNRISE   618 AM MDT   SUNSET   809 PM MDT


-  INDICATES NEGATIVE NUMBERS.
R  INDICATES RECORD WAS SET OR TIED.
MM INDICATES DATA IS MISSING.
T  INDICATES TRACE AMOUNT.




$$
