000
CDUS45 KBYZ 191715
CLIBIL


CLIMATE REPORT
NATIONAL WEATHER SERVICE BILLINGS MT
1115 AM MDT FRI SEP 19 2014


...................................

...THE BILLINGS MT CLIMATE SUMMARY FOR SEPTEMBER 19 2014...
VALID AS OF 1100 AM LOCAL TIME.

CLIMATE NORMAL PERIOD 1981 TO 2010
CLIMATE RECORD PERIOD 1934 TO 2014


WEATHER ITEM   OBSERVED RECORD YEAR NORMAL DEPARTURE LAST
                VALUE   VALUE       VALUE  FROM      YEAR
                                           NORMAL
...........................................................
TEMPERATURE (F)
 TODAY
  MAXIMUM         71     93    2009  71      0
                               1981
  MINIMUM         58     26    1983  46     12
  AVERAGE         65

PRECIPITATION (IN)
  TODAY            0.00   0.68 2000   0.05  -0.05      T
  MONTH TO DATE    0.41               0.79  -0.38     2.99
  SINCE OCT 1     17.19              13.15   4.04    13.22
  SINCE JAN 1     12.30              10.84   1.46    11.17

...........................................................










-  INDICATES NEGATIVE NUMBERS.
R  INDICATES RECORD WAS SET OR TIED.
MM INDICATES DATA IS MISSING.
T  INDICATES TRACE AMOUNT.




$$
