000
CDUS45 KBYZ 022224
CLIBIL


CLIMATE REPORT
NATIONAL WEATHER SERVICE BILLINGS MT
421 PM MDT SUN AUG 2 2015


...................................

...THE BILLINGS MT CLIMATE SUMMARY FOR AUGUST 2 2015...
VALID TODAY AS OF 0400 PM LOCAL TIME.

CLIMATE NORMAL PERIOD 1981 TO 2010
CLIMATE RECORD PERIOD 1934 TO 2015


WEATHER ITEM   OBSERVED TIME   RECORD YEAR NORMAL DEPARTURE LAST
                VALUE   (LST)  VALUE       VALUE  FROM      YEAR
                                                  NORMAL
..................................................................
TEMPERATURE (F)
 TODAY
  MAXIMUM         86    259 PM  99    2001  89     -3       92
                                      1966
  MINIMUM         62    531 AM  46    1978  60      2       60
                                      1939
  AVERAGE         74                        74      0       76

PRECIPITATION (IN)
  TODAY            0.00          1.20 1998   0.03  -0.03      T
  MONTH TO DATE    0.00                      0.06  -0.06      T
  SINCE OCT 1     10.50                     11.67  -1.17    14.81
  SINCE JAN 1      8.93                      9.36  -0.43     9.92

SNOWFALL (IN)
  TODAY            0.0           T    1992   0.0    0.0      0.0
  MONTH TO DATE    0.0                       0.0    0.0      0.0
  SINCE JUN 1      T                         0.0    0.0       T
  SINCE JUL 1      T                         0.0    0.0      0.0
  SNOW DEPTH       0

DEGREE DAYS
 HEATING
  TODAY            0                         0      0        0
  MONTH TO DATE    0                         0      0        0
  SINCE JUN 1     19                       111    -92       90
  SINCE JUL 1      1                        15    -14        1

 COOLING
  TODAY            9                         9      0       11
  MONTH TO DATE   24                        18      6       26
  SINCE JUN 1    438                       359     79      349
  SINCE JAN 1    441                       376     65      365
..................................................................


WIND (MPH)
  HIGHEST WIND SPEED    17   HIGHEST WIND DIRECTION    NE (60)
  HIGHEST GUST SPEED    23   HIGHEST GUST DIRECTION     E (70)
  AVERAGE WIND SPEED     8.6


SKY COVER
  POSSIBLE SUNSHINE  MM
  AVERAGE SKY COVER 0.3


WEATHER CONDITIONS
 THE FOLLOWING WEATHER WAS RECORDED TODAY.
  NO SIGNIFICANT WEATHER WAS OBSERVED.


RELATIVE HUMIDITY (PERCENT)
 HIGHEST    51           800 AM
 LOWEST     19          1200 AM
 AVERAGE    35

..........................................................


THE BILLINGS MT CLIMATE NORMALS FOR TOMORROW
                         NORMAL    RECORD    YEAR
 MAXIMUM TEMPERATURE (F)   88       104      1961
 MINIMUM TEMPERATURE (F)   60        44      1978


SUNRISE AND SUNSET
AUGUST  2 2015........SUNRISE   558 AM MDT   SUNSET   842 PM MDT
AUGUST  3 2015........SUNRISE   559 AM MDT   SUNSET   841 PM MDT


-  INDICATES NEGATIVE NUMBERS.
R  INDICATES RECORD WAS SET OR TIED.
MM INDICATES DATA IS MISSING.
T  INDICATES TRACE AMOUNT.




$$
