000
CDUS45 KBYZ 190724
CLIBIL


CLIMATE REPORT
NATIONAL WEATHER SERVICE BILLINGS MT
1224 AM MST SUN NOV 19 2017


...................................

...THE BILLINGS MT CLIMATE SUMMARY FOR NOVEMBER 18 2017...

CLIMATE NORMAL PERIOD 1981 TO 2010
CLIMATE RECORD PERIOD 1934 TO 2017


WEATHER ITEM   OBSERVED TIME   RECORD YEAR NORMAL DEPARTURE LAST
                VALUE   (LST)  VALUE       VALUE  FROM      YEAR
                                                  NORMAL
..................................................................
TEMPERATURE (F)
 YESTERDAY
  MAXIMUM         47    243 PM  71    1995  44      3       33
  MINIMUM         29    738 AM  -5    1978  25      4       19
  AVERAGE         38                        35      3       26

PRECIPITATION (IN)
  YESTERDAY        0.00          0.46 1977   0.02  -0.02     0.00
  MONTH TO DATE    1.17                      0.39   0.78     0.38
  SINCE OCT 1      1.66                      1.57   0.09     3.89
  SINCE JAN 1     15.64                     12.92   2.72    13.22

SNOWFALL (IN)
  YESTERDAY        0.0           5.9  1978   0.2   -0.2      0.0
  MONTH TO DATE   12.1                       3.5    8.6      2.3
  SINCE SEP 1     12.1                       8.7    3.4      5.3
  SINCE JUL 1     12.1                       8.7    3.4      5.3
  SNOW DEPTH       0

DEGREE DAYS
 HEATING
  YESTERDAY       27                        30     -3       39
  MONTH TO DATE  617                       477    140      298
  SINCE SEP 1   1351                      1192    159      910
  SINCE JUL 1   1353                      1229    124      938

 COOLING
  YESTERDAY        0                         0      0        0
  MONTH TO DATE    0                         0      0        0
  SINCE SEP 1    100                        54     46       54
  SINCE JAN 1    840                       636    204      738
..................................................................


WIND (MPH)
  HIGHEST WIND SPEED    33   HIGHEST WIND DIRECTION     W (270)
  HIGHEST GUST SPEED    39   HIGHEST GUST DIRECTION     W (280)
  AVERAGE WIND SPEED    17.8


SKY COVER
  POSSIBLE SUNSHINE  MM
  AVERAGE SKY COVER 0.4


WEATHER CONDITIONS
 THE FOLLOWING WEATHER WAS RECORDED YESTERDAY.
  NO SIGNIFICANT WEATHER WAS OBSERVED.


RELATIVE HUMIDITY (PERCENT)
 HIGHEST    58           900 AM
 LOWEST     31          1200 PM
 AVERAGE    45

..........................................................


THE BILLINGS MT CLIMATE NORMALS FOR TODAY
                         NORMAL    RECORD    YEAR
 MAXIMUM TEMPERATURE (F)   43        68      2003
 MINIMUM TEMPERATURE (F)   25        -8      1985


SUNRISE AND SUNSET
NOVEMBER 19 2017......SUNRISE   720 AM MST   SUNSET   439 PM MST
NOVEMBER 20 2017......SUNRISE   721 AM MST   SUNSET   438 PM MST


-  INDICATES NEGATIVE NUMBERS.
R  INDICATES RECORD WAS SET OR TIED.
MM INDICATES DATA IS MISSING.
T  INDICATES TRACE AMOUNT.




$$
