000
CDUS45 KBYZ 310931
CLIBIL


CLIMATE REPORT
NATIONAL WEATHER SERVICE BILLINGS MT
331 AM MDT TUE MAY 31 2016


...................................

...THE BILLINGS MT CLIMATE SUMMARY FOR MAY 30 2016...

CLIMATE NORMAL PERIOD 1981 TO 2010
CLIMATE RECORD PERIOD 1934 TO 2016


WEATHER ITEM   OBSERVED TIME   RECORD YEAR NORMAL DEPARTURE LAST
                VALUE   (LST)  VALUE       VALUE  FROM      YEAR
                                                  NORMAL
..................................................................
TEMPERATURE (F)
 YESTERDAY
  MAXIMUM         67   1041 AM  95    1984  72     -5       76
  MINIMUM         47   1148 PM  36    1982  48     -1       47
  AVERAGE         57                        60     -3       62

PRECIPITATION (IN)
  YESTERDAY        0.16          0.77 1971   0.07   0.09      T
  MONTH TO DATE    2.04                      2.10  -0.06     2.43
  SINCE OCT 1      8.25                      8.09   0.16     7.24
  SINCE JAN 1      5.40                      5.78  -0.38     5.67

SNOWFALL (IN)
  YESTERDAY        0.0           T    1998   0.0    0.0      0.0
  MONTH TO DATE    T                         2.0   -2.0       T
  SINCE MAR 1      3.7                      20.5  -16.8     11.3
  SINCE JUL 1     28.1                      55.0  -26.9     55.4
  SNOW DEPTH       0

DEGREE DAYS
 HEATING
  YESTERDAY        8                         6      2        3
  MONTH TO DATE  271                       303    -32      344
  SINCE MAR 1   1404                      1715   -311     1410
  SINCE JUL 1   5665                      6680  -1015     6051

 COOLING
  YESTERDAY        0                         1     -1        0
  MONTH TO DATE    8                        12     -4        0
  SINCE MAR 1     11                        13     -2        0
  SINCE JAN 1     11                        13     -2        0
..................................................................


WIND (MPH)
  HIGHEST WIND SPEED    32   HIGHEST WIND DIRECTION    NW (330)
  HIGHEST GUST SPEED    39   HIGHEST GUST DIRECTION    NE (40)
  AVERAGE WIND SPEED    11.8


SKY COVER
  POSSIBLE SUNSHINE  MM
  AVERAGE SKY COVER 0.6


WEATHER CONDITIONS
 THE FOLLOWING WEATHER WAS RECORDED YESTERDAY.
  THUNDERSTORM
  RAIN
  LIGHT RAIN


RELATIVE HUMIDITY (PERCENT)
 HIGHEST    89           600 AM
 LOWEST     34          1100 AM
 AVERAGE    62

..........................................................


THE BILLINGS MT CLIMATE NORMALS FOR TODAY
                         NORMAL    RECORD    YEAR
 MAXIMUM TEMPERATURE (F)   72        92      1940
                                             1936
 MINIMUM TEMPERATURE (F)   48        32      1982
                                             1951


SUNRISE AND SUNSET
MAY 31 2016...........SUNRISE   528 AM MDT   SUNSET   856 PM MDT
JUNE  1 2016..........SUNRISE   527 AM MDT   SUNSET   857 PM MDT


-  INDICATES NEGATIVE NUMBERS.
R  INDICATES RECORD WAS SET OR TIED.
MM INDICATES DATA IS MISSING.
T  INDICATES TRACE AMOUNT.





&&

...THE CLIMATE SUMMARY FOR SOUTHWEST BILLINGS FOR 30 MAY 2016...

HIGH TEMPERATURE........................67
LOW TEMPERATURE.........................52

PRECIPITATION...........................0.06
MONTHLY PRECIPITATION TOTAL.............2.79
YEARLY PRECIPITATION TOTAL..............5.79

SNOWFALL................................0.0
MONTHLY SNOWFALL TOTAL..................0.0
TOTAL SNOWFALL SINCE JULY 1.............25.8

SNOW DEPTH AT MIDNIGHT..................0

$$
