000
CDUS43 KBIS 240740
CLIBIS


CLIMATE REPORT
NATIONAL WEATHER SERVICE BISMARCK ND
140 AM CST TUE JAN 24 2017


...................................

...THE BISMARCK ND CLIMATE SUMMARY FOR JANUARY 23 2017...

CLIMATE NORMAL PERIOD 1981 TO 2010
CLIMATE RECORD PERIOD 1875 TO 2017


WEATHER ITEM   OBSERVED TIME   RECORD YEAR NORMAL DEPARTURE LAST
                VALUE   (LST)  VALUE       VALUE  FROM      YEAR
                                                  NORMAL
..................................................................
TEMPERATURE (F)
 YESTERDAY
  MAXIMUM         33    137 PM  62    1981  24      9       45
  MINIMUM         29   1159 PM -36    1966   2     27       14
  AVERAGE         31                        13     18       30

PRECIPITATION (IN)
  YESTERDAY        0.00          0.22 1950   0.01  -0.01     0.00
                                      1897
  MONTH TO DATE    0.61                      0.33   0.28     0.20
  SINCE DEC 1      2.66                      0.82   1.84     1.11
  SINCE JAN 1      0.61                      0.33   0.28     0.20

SNOWFALL (IN)
  YESTERDAY        0.0           3.8  1950   0.2   -0.2      0.0
  MONTH TO DATE   14.0                       6.9    7.1      2.8
  SINCE DEC 1     38.5                      16.2   22.3     15.6
  SINCE JUL 1     57.5                      27.4   30.1     17.4
  SNOW DEPTH      16

DEGREE DAYS
 HEATING
  YESTERDAY       34                        52    -18       35
  MONTH TO DATE 1374                      1208    166     1204
  SINCE DEC 1   3054                      2722    332     2527
  SINCE JUL 1   4534                      4708   -174     4112

 COOLING
  YESTERDAY        0                         0      0        0
  MONTH TO DATE    0                         0      0        0
  SINCE DEC 1      0                         0      0        0
  SINCE JAN 1      0                         0      0        0
..................................................................


WIND (MPH)
  HIGHEST WIND SPEED    10   HIGHEST WIND DIRECTION     W (290)
  HIGHEST GUST SPEED    13   HIGHEST GUST DIRECTION     W (290)
  AVERAGE WIND SPEED     3.5


SKY COVER
  POSSIBLE SUNSHINE  MM
  AVERAGE SKY COVER 1.0


WEATHER CONDITIONS
 THE FOLLOWING WEATHER WAS RECORDED YESTERDAY.
  NO SIGNIFICANT WEATHER WAS OBSERVED.


RELATIVE HUMIDITY (PERCENT)
 HIGHEST    85           700 AM
 LOWEST     66           200 PM
 AVERAGE    76

..........................................................


THE BISMARCK ND CLIMATE NORMALS FOR TODAY
                         NORMAL    RECORD    YEAR
 MAXIMUM TEMPERATURE (F)   24        54      1942
 MINIMUM TEMPERATURE (F)    2       -34      1904


SUNRISE AND SUNSET
JANUARY 24 2017.......SUNRISE   816 AM CST   SUNSET   535 PM CST
JANUARY 25 2017.......SUNRISE   815 AM CST   SUNSET   536 PM CST


-  INDICATES NEGATIVE NUMBERS.
R  INDICATES RECORD WAS SET OR TIED.
MM INDICATES DATA IS MISSING.
T  INDICATES TRACE AMOUNT.




$$
