834
CDUS43 KBIS 070738
CLIBIS


CLIMATE REPORT
NATIONAL WEATHER SERVICE BISMARCK ND
136 AM CST SUN FEB 7 2016


...................................

...THE BISMARCK ND CLIMATE SUMMARY FOR FEBRUARY 6 2016...

CLIMATE NORMAL PERIOD 1981 TO 2010
CLIMATE RECORD PERIOD 1875 TO 2016


WEATHER ITEM   OBSERVED TIME   RECORD YEAR NORMAL DEPARTURE LAST
                VALUE   (LST)  VALUE       VALUE  FROM      YEAR
                                                  NORMAL
..................................................................
TEMPERATURE (F)
 YESTERDAY
  MAXIMUM         54R   501 PM  52    1898  26     28       28
  MINIMUM         23    204 AM -39    1936   5     18       17
  AVERAGE         39                        15     24       23

PRECIPITATION (IN)
  YESTERDAY        T             0.35 1881   0.01  -0.01     0.00
  MONTH TO DATE    0.02                      0.08  -0.06     0.14
  SINCE DEC 1      1.14                      1.00   0.14     1.00
  SINCE JAN 1      0.23                      0.51  -0.28     0.89

SNOWFALL (IN)
  YESTERDAY        0.0           2.5  1945   0.2   -0.2      0.0
  MONTH TO DATE    0.4                       1.5   -1.1      2.5
  SINCE DEC 1     16.2                      19.7   -3.5     12.1
  SINCE JUL 1     18.0                      30.9  -12.9     20.0
  SNOW DEPTH       T

DEGREE DAYS
 HEATING
  YESTERDAY       26                        50    -24       42
  MONTH TO DATE  204                       301    -97      336
  SINCE DEC 1   3004                      3433   -429     3149
  SINCE JUL 1   4589                      5419   -830     5221

 COOLING
  YESTERDAY        0                         0      0        0
  MONTH TO DATE    0                         0      0        0
  SINCE DEC 1      0                         0      0        0
  SINCE JAN 1      0                         0      0        0
..................................................................


WIND (MPH)
  HIGHEST WIND SPEED    31   HIGHEST WIND DIRECTION     W (280)
  HIGHEST GUST SPEED    39   HIGHEST GUST DIRECTION     W (280)
  AVERAGE WIND SPEED    10.0


SKY COVER
  POSSIBLE SUNSHINE  MM
  AVERAGE SKY COVER 0.5


WEATHER CONDITIONS
 THE FOLLOWING WEATHER WAS RECORDED YESTERDAY.
  LIGHT RAIN


RELATIVE HUMIDITY (PERCENT)
 HIGHEST    81          1200 AM
 LOWEST     35           500 PM
 AVERAGE    58

..........................................................


THE BISMARCK ND CLIMATE NORMALS FOR TODAY
                         NORMAL    RECORD    YEAR
 MAXIMUM TEMPERATURE (F)   26        62      1991
 MINIMUM TEMPERATURE (F)    5       -39      1895


SUNRISE AND SUNSET
FEBRUARY  7 2016......SUNRISE   800 AM CST   SUNSET   555 PM CST
FEBRUARY  8 2016......SUNRISE   758 AM CST   SUNSET   556 PM CST


-  INDICATES NEGATIVE NUMBERS.
R  INDICATES RECORD WAS SET OR TIED.
MM INDICATES DATA IS MISSING.
T  INDICATES TRACE AMOUNT.




$$
