000
CDUS43 KBIS 220753
CLIBIS


CLIMATE REPORT
NATIONAL WEATHER SERVICE BISMARCK ND
153 AM CST WED NOV 22 2017


...................................

...THE BISMARCK ND CLIMATE SUMMARY FOR NOVEMBER 21 2017...

CLIMATE NORMAL PERIOD 1981 TO 2010
CLIMATE RECORD PERIOD 1875 TO 2017


WEATHER ITEM   OBSERVED TIME   RECORD YEAR NORMAL DEPARTURE LAST
                VALUE   (LST)  VALUE       VALUE  FROM      YEAR
                                                  NORMAL
..................................................................
TEMPERATURE (F)
 YESTERDAY
  MAXIMUM         25    333 PM  64    2001  36    -11       43
  MINIMUM          6   1032 PM -28    1875  16    -10       20
  AVERAGE         16                        26    -10       32

PRECIPITATION (IN)
  YESTERDAY        T             0.38 1895   0.02  -0.02     0.00
  MONTH TO DATE    0.16                      0.55  -0.39     0.00
  SINCE SEP 1      1.73                      3.39  -1.66     1.46
  SINCE JAN 1     13.37                     17.20  -3.83    20.00

SNOWFALL (IN)
  YESTERDAY        T             3.9  1895
  MONTH TO DATE    1.3
  SINCE SEP 1      1.3
  SINCE JUL 1      1.3

DEGREE DAYS
 HEATING
  YESTERDAY       49                        39     10       33
  MONTH TO DATE  779                       701     78      459
  SINCE SEP 1   1518                      1558    -40     1151
  SINCE JUL 1   1530                      1613    -83     1184

 COOLING
  YESTERDAY        0                         0      0        0
  MONTH TO DATE    0                         0      0        0
  SINCE SEP 1     49                        39     10       31
  SINCE JAN 1    615                       520     95      548
..................................................................


WIND (MPH)
  HIGHEST WIND SPEED    29   HIGHEST WIND DIRECTION    NW (320)
  HIGHEST GUST SPEED    39   HIGHEST GUST DIRECTION    NW (330)
  AVERAGE WIND SPEED    11.8


SKY COVER
  POSSIBLE SUNSHINE  MM
  AVERAGE SKY COVER 0.3


WEATHER CONDITIONS
 THE FOLLOWING WEATHER WAS RECORDED YESTERDAY.
  LIGHT SNOW


RELATIVE HUMIDITY (PERCENT)
 HIGHEST    80           900 PM
 LOWEST     46           400 PM
 AVERAGE    63

..........................................................


THE BISMARCK ND CLIMATE NORMALS FOR TODAY
                         NORMAL    RECORD    YEAR
 MAXIMUM TEMPERATURE (F)   36        62      1890
 MINIMUM TEMPERATURE (F)   16       -14      1900
                                             1898


SUNRISE AND SUNSET
NOVEMBER 22 2017......SUNRISE   756 AM CST   SUNSET   502 PM CST
NOVEMBER 23 2017......SUNRISE   757 AM CST   SUNSET   501 PM CST


-  INDICATES NEGATIVE NUMBERS.
R  INDICATES RECORD WAS SET OR TIED.
MM INDICATES DATA IS MISSING.
T  INDICATES TRACE AMOUNT.




$$
