000
CDUS43 KBIS 300743
CLIBIS


CLIMATE REPORT
NATIONAL WEATHER SERVICE BISMARCK ND
243 AM CDT THU JUL 30 2015


...................................

...THE BISMARCK ND CLIMATE SUMMARY FOR JULY 29 2015...

CLIMATE NORMAL PERIOD 1981 TO 2010
CLIMATE RECORD PERIOD 1875 TO 2015


WEATHER ITEM   OBSERVED TIME   RECORD YEAR NORMAL DEPARTURE LAST
                VALUE   (LST)  VALUE       VALUE  FROM      YEAR
                                                  NORMAL
..................................................................
TEMPERATURE (F)
 YESTERDAY
  MAXIMUM         83    519 PM 104    1999  86     -3       81
                                      1975
  MINIMUM         54   1159 PM  41    1899  58     -4       48
  AVERAGE         69                        72     -3       65

PRECIPITATION (IN)
  YESTERDAY        0.00          1.28 1887   0.09  -0.09     0.00
  MONTH TO DATE    1.51                      2.72  -1.21     0.73
  SINCE JUN 1      6.49                      5.89   0.60     3.75
  SINCE JAN 1     13.76                     11.36   2.40     7.94

SNOWFALL (IN)
  YESTERDAY        0.0           0.0  2002   0.0    0.0      0.0
                                      2001
  MONTH TO DATE    0.0                       0.0    0.0      0.0
  SINCE JUN 1      0.0                       0.0    0.0      0.0
  SINCE JUL 1      0.0                       0.0    0.0      0.0
  SNOW DEPTH       0

DEGREE DAYS
 HEATING
  YESTERDAY        0                         0      0        0
  MONTH TO DATE    7                        13     -6       28
  SINCE JUN 1     50                       106    -56      122
  SINCE JUL 1      7                        13     -6       28

 COOLING
  YESTERDAY        4                         7     -3        0
  MONTH TO DATE  216                       186     30      137
  SINCE JUN 1    310                       269     41      190
  SINCE JAN 1    316                       286     30      241
..................................................................


WIND (MPH)
  HIGHEST WIND SPEED    29   HIGHEST WIND DIRECTION     W (280)
  HIGHEST GUST SPEED    36   HIGHEST GUST DIRECTION     W (290)
  AVERAGE WIND SPEED    15.8


SKY COVER
  POSSIBLE SUNSHINE  MM
  AVERAGE SKY COVER 0.0


WEATHER CONDITIONS
 THE FOLLOWING WEATHER WAS RECORDED YESTERDAY.
  NO SIGNIFICANT WEATHER WAS OBSERVED.


RELATIVE HUMIDITY (PERCENT)
 HIGHEST    69          1200 AM
 LOWEST     26           300 PM
 AVERAGE    48

..........................................................


THE BISMARCK ND CLIMATE NORMALS FOR TODAY
                         NORMAL    RECORD    YEAR
 MAXIMUM TEMPERATURE (F)   86       112      2006
 MINIMUM TEMPERATURE (F)   58        35      1971


SUNRISE AND SUNSET
JULY 30 2015..........SUNRISE   620 AM CDT   SUNSET   918 PM CDT
JULY 31 2015..........SUNRISE   622 AM CDT   SUNSET   916 PM CDT


-  INDICATES NEGATIVE NUMBERS.
R  INDICATES RECORD WAS SET OR TIED.
MM INDICATES DATA IS MISSING.
T  INDICATES TRACE AMOUNT.




$$
