000
CDUS43 KBIS 290729
CLIBIS


CLIMATE REPORT
NATIONAL WEATHER SERVICE BISMARCK ND
228 AM CDT FRI APR 29 2016


...................................

...THE BISMARCK ND CLIMATE SUMMARY FOR APRIL 28 2016...

CLIMATE NORMAL PERIOD 1981 TO 2010
CLIMATE RECORD PERIOD 1875 TO 2016


WEATHER ITEM   OBSERVED TIME   RECORD YEAR NORMAL DEPARTURE LAST
                VALUE   (LST)  VALUE       VALUE  FROM      YEAR
                                                  NORMAL
..................................................................
TEMPERATURE (F)
 YESTERDAY
  MAXIMUM         57    248 PM  92    1952  63     -6       68
  MINIMUM         36    523 AM  18    2008  36      0       28
  AVERAGE         47                        49     -2       48

PRECIPITATION (IN)
  YESTERDAY        0.01          1.51 1970   0.06  -0.05     0.00
  MONTH TO DATE    4.15                      1.15   3.00     0.37
  SINCE MAR 1      4.58                      2.02   2.56     0.82
  SINCE JAN 1      5.22                      2.96   2.26     1.96

SNOWFALL (IN)
  YESTERDAY        0.0           6.7  1914   0.1   -0.1      0.0
  MONTH TO DATE    0.2                       4.1   -3.9      0.2
  SINCE MAR 1      3.5                      13.2   -9.7      1.0
  SINCE JUL 1     24.1                      50.7  -26.6     23.9
  SNOW DEPTH       0

DEGREE DAYS
 HEATING
  YESTERDAY       18                        16      2       17
  MONTH TO DATE  562                       606    -44      565
  SINCE MAR 1   1360                      1694   -334     1454
  SINCE JUL 1   6680                      8125  -1445     7815

 COOLING
  YESTERDAY        0                         0      0        0
  MONTH TO DATE    0                         0      0        0
  SINCE MAR 1      0                         0      0        0
  SINCE JAN 1      0                         0      0        0
..................................................................


WIND (MPH)
  HIGHEST WIND SPEED    20   HIGHEST WIND DIRECTION     E (80)
  HIGHEST GUST SPEED    24   HIGHEST GUST DIRECTION    NE (60)
  AVERAGE WIND SPEED     8.1


SKY COVER
  POSSIBLE SUNSHINE  MM
  AVERAGE SKY COVER 1.0


WEATHER CONDITIONS
 THE FOLLOWING WEATHER WAS RECORDED YESTERDAY.
  LIGHT RAIN


RELATIVE HUMIDITY (PERCENT)
 HIGHEST    92           700 AM
 LOWEST     26           200 PM
 AVERAGE    59

..........................................................


THE BISMARCK ND CLIMATE NORMALS FOR TODAY
                         NORMAL    RECORD    YEAR
 MAXIMUM TEMPERATURE (F)   63        89      1952
                                             1926
 MINIMUM TEMPERATURE (F)   36        18      1958
                                             1907


SUNRISE AND SUNSET
APRIL 29 2016.........SUNRISE   630 AM CDT   SUNSET   851 PM CDT
APRIL 30 2016.........SUNRISE   629 AM CDT   SUNSET   852 PM CDT


-  INDICATES NEGATIVE NUMBERS.
R  INDICATES RECORD WAS SET OR TIED.
MM INDICATES DATA IS MISSING.
T  INDICATES TRACE AMOUNT.




$$
