000
CDUS43 KBIS 260841
CLIBIS


CLIMATE REPORT
NATIONAL WEATHER SERVICE BISMARCK ND
240 AM CST SUN FEB 26 2017


...................................

...THE BISMARCK ND CLIMATE SUMMARY FOR FEBRUARY 25 2017...

CLIMATE NORMAL PERIOD 1981 TO 2010
CLIMATE RECORD PERIOD 1875 TO 2017


WEATHER ITEM   OBSERVED TIME   RECORD YEAR NORMAL DEPARTURE LAST
                VALUE   (LST)  VALUE       VALUE  FROM      YEAR
                                                  NORMAL
..................................................................
TEMPERATURE (F)
 YESTERDAY
  MAXIMUM         30    326 PM  68    1958  31     -1       44
  MINIMUM         13    214 AM -28    1962  12      1       26
  AVERAGE         22                        22      0       35

PRECIPITATION (IN)
  YESTERDAY        0.01          1.02 2000   0.02  -0.01     0.00
  MONTH TO DATE    0.76                      0.43   0.33     0.40
  SINCE DEC 1      3.45                      1.35   2.10     1.52
  SINCE JAN 1      1.40                      0.86   0.54     0.61

SNOWFALL (IN)
  YESTERDAY        0.5           4.2  1987   0.3    0.2      0.0
  MONTH TO DATE    4.2                       7.1   -2.9      2.9
  SINCE DEC 1     43.9                      25.3   18.6     18.7
  SINCE JUL 1     62.9                      36.5   26.4     20.5
  SNOW DEPTH       4

DEGREE DAYS
 HEATING
  YESTERDAY       43                        43      0       30
  MONTH TO DATE 1039                      1186   -147      837
  SINCE DEC 1   4382                      4318     64     3637
  SINCE JUL 1   5862                      6304   -442     5222

 COOLING
  YESTERDAY        0                         0      0        0
  MONTH TO DATE    0                         0      0        0
  SINCE DEC 1      0                         0      0        0
  SINCE JAN 1      0                         0      0        0
..................................................................


WIND (MPH)
  HIGHEST WIND SPEED    20   HIGHEST WIND DIRECTION     N (340)
  HIGHEST GUST SPEED    24   HIGHEST GUST DIRECTION    NW (310)
  AVERAGE WIND SPEED     6.0


SKY COVER
  POSSIBLE SUNSHINE  MM
  AVERAGE SKY COVER 0.8


WEATHER CONDITIONS
 THE FOLLOWING WEATHER WAS RECORDED YESTERDAY.
  LIGHT SNOW
  FOG
  HAZE


RELATIVE HUMIDITY (PERCENT)
 HIGHEST    92          1200 AM
 LOWEST     69           200 PM
 AVERAGE    81

..........................................................


THE BISMARCK ND CLIMATE NORMALS FOR TODAY
                         NORMAL    RECORD    YEAR
 MAXIMUM TEMPERATURE (F)   32        62      2016
 MINIMUM TEMPERATURE (F)   12       -34      1890


SUNRISE AND SUNSET
FEBRUARY 26 2017......SUNRISE   728 AM CST   SUNSET   625 PM CST
FEBRUARY 27 2017......SUNRISE   726 AM CST   SUNSET   626 PM CST


-  INDICATES NEGATIVE NUMBERS.
R  INDICATES RECORD WAS SET OR TIED.
MM INDICATES DATA IS MISSING.
T  INDICATES TRACE AMOUNT.




$$
