430
CDUS43 KBIS 210038
CLIBIS


CLIMATE REPORT
NATIONAL WEATHER SERVICE BISMARCK ND
738 PM CDT THU JUL 20 2017


...................................

...THE BISMARCK ND CLIMATE SUMMARY FOR JULY 20 2017...
VALID TODAY AS OF 0700 PM LOCAL TIME.

CLIMATE NORMAL PERIOD 1981 TO 2010
CLIMATE RECORD PERIOD 1875 TO 2017


WEATHER ITEM   OBSERVED TIME   RECORD YEAR NORMAL DEPARTURE LAST
                VALUE   (LST)  VALUE       VALUE  FROM      YEAR
                                                  NORMAL
..................................................................
TEMPERATURE (F)
 TODAY
  MAXIMUM         97    345 PM 108    1960  86     11       97
  MINIMUM         61    520 AM  38    1898  58      3       70
  AVERAGE         79                        72      7       84

PRECIPITATION (IN)
  TODAY            0.00          1.42 1948   0.09  -0.09     0.00
  MONTH TO DATE    0.88                      1.94  -1.06     3.35
  SINCE JUN 1      2.62                      5.11  -2.49     7.73
  SINCE JAN 1      5.75                     10.58  -4.83    14.91

DEGREE DAYS
 HEATING
  TODAY            0                         0      0        0
  MONTH TO DATE    0                        13    -13        8
  SINCE JUN 1     30                       106    -76       34
  SINCE JUL 1      0                        13    -13        8

 COOLING
  TODAY           14                         7      7       19
  MONTH TO DATE  217                       123     94      124
  SINCE JUN 1    342                       206    136      250
  SINCE JAN 1    356                       223    133      260
..................................................................


WIND (MPH)
  RESULTANT WIND SPEED   7   RESULTANT WIND DIRECTION   S (160)
  HIGHEST WIND SPEED    24   HIGHEST WIND DIRECTION     S (160)
  HIGHEST GUST SPEED    29   HIGHEST GUST DIRECTION     S (160)
  AVERAGE WIND SPEED     7.7


SKY COVER
  POSSIBLE SUNSHINE  MM
  AVERAGE SKY COVER 0.0


WEATHER CONDITIONS
 THE FOLLOWING WEATHER WAS RECORDED TODAY.
  NO SIGNIFICANT WEATHER WAS OBSERVED.


RELATIVE HUMIDITY (PERCENT)
 HIGHEST    93           200 AM
 LOWEST     24           400 PM
 AVERAGE    59

..........................................................


THE BISMARCK ND CLIMATE NORMALS FOR TOMORROW
                         NORMAL    RECORD    YEAR
 MAXIMUM TEMPERATURE (F)   86       104      1921
 MINIMUM TEMPERATURE (F)   58        42      1947
                                             1895


SUNRISE AND SUNSET
JULY 20 2017..........SUNRISE   610 AM CDT   SUNSET   929 PM CDT
JULY 21 2017..........SUNRISE   611 AM CDT   SUNSET   928 PM CDT


-  INDICATES NEGATIVE NUMBERS.
R  INDICATES RECORD WAS SET OR TIED.
MM INDICATES DATA IS MISSING.
T  INDICATES TRACE AMOUNT.




$$
