000
CDUS43 KBIS 240028
CLIBIS


CLIMATE REPORT
NATIONAL WEATHER SERVICE BISMARCK ND
728 PM CDT SAT SEP 23 2017


...................................

...THE BISMARCK ND CLIMATE SUMMARY FOR SEPTEMBER 23 2017...
VALID TODAY AS OF 0700 PM LOCAL TIME.

CLIMATE NORMAL PERIOD 1981 TO 2010
CLIMATE RECORD PERIOD 1875 TO 2017


WEATHER ITEM   OBSERVED TIME   RECORD YEAR NORMAL DEPARTURE LAST
                VALUE   (LST)  VALUE       VALUE  FROM      YEAR
                                                  NORMAL
..................................................................
TEMPERATURE (F)
 TODAY
  MAXIMUM         59    234 PM  95    1958  69    -10       63
  MINIMUM         49    942 AM  24    1989  42      7       56
  AVERAGE         54                        55     -1       60

PRECIPITATION (IN)
  TODAY            0.02          2.75 1977   0.05  -0.03     0.04
  MONTH TO DATE    0.77                      1.27  -0.50     1.16
  SINCE SEP 1      0.77                      1.27  -0.50     1.16
  SINCE JAN 1     12.41                     15.08  -2.67    19.70

DEGREE DAYS
 HEATING
  TODAY           11                        10      1        5
  MONTH TO DATE  103                       147    -44      117
  SINCE SEP 1    103                       147    -44      117
  SINCE JUL 1    115                       202    -87      150

 COOLING
  TODAY            0                         0      0        0
  MONTH TO DATE   49                        37     12       27
  SINCE SEP 1     49                        37     12       27
  SINCE JAN 1    615                       518     97      544
..................................................................


WIND (MPH)
  RESULTANT WIND SPEED   9   RESULTANT WIND DIRECTION   N (360)
  HIGHEST WIND SPEED    17   HIGHEST WIND DIRECTION     N (10)
  HIGHEST GUST SPEED    22   HIGHEST GUST DIRECTION     N (20)
  AVERAGE WIND SPEED     9.5


SKY COVER
  POSSIBLE SUNSHINE  MM
  AVERAGE SKY COVER 0.9


WEATHER CONDITIONS
 THE FOLLOWING WEATHER WAS RECORDED TODAY.
  LIGHT RAIN
  FOG


RELATIVE HUMIDITY (PERCENT)
 HIGHEST    93           600 AM
 LOWEST     62           300 PM
 AVERAGE    78

..........................................................


THE BISMARCK ND CLIMATE NORMALS FOR TOMORROW
                         NORMAL    RECORD    YEAR
 MAXIMUM TEMPERATURE (F)   68        95      1885
 MINIMUM TEMPERATURE (F)   41        23      1926


SUNRISE AND SUNSET
SEPTEMBER 23 2017.....SUNRISE   732 AM CDT   SUNSET   738 PM CDT
SEPTEMBER 24 2017.....SUNRISE   733 AM CDT   SUNSET   736 PM CDT


-  INDICATES NEGATIVE NUMBERS.
R  INDICATES RECORD WAS SET OR TIED.
MM INDICATES DATA IS MISSING.
T  INDICATES TRACE AMOUNT.




$$
