000
CDUS43 KBIS 040750
CLIBIS


CLIMATE REPORT
NATIONAL WEATHER SERVICE BISMARCK ND
150 AM CST WED MAR 4 2015


...................................

...THE BISMARCK ND CLIMATE SUMMARY FOR MARCH 3 2015...

CLIMATE NORMAL PERIOD 1981 TO 2010
CLIMATE RECORD PERIOD 1875 TO 2015


WEATHER ITEM   OBSERVED TIME   RECORD YEAR NORMAL DEPARTURE LAST
                VALUE   (LST)  VALUE       VALUE  FROM      YEAR
                                                  NORMAL
..................................................................
TEMPERATURE (F)
 YESTERDAY
  MAXIMUM         21   1214 AM  61    1905  34    -13       12
  MINIMUM          1   1145 PM -20    1917  14    -13        3
                                      1888
  AVERAGE         11                        24    -13        8

PRECIPITATION (IN)
  YESTERDAY        T             1.24 1966   0.02  -0.02      T
  MONTH TO DATE    T                         0.07  -0.07      T
  SINCE MAR 1      T                         0.07  -0.07      T
  SINCE JAN 1      1.14                      1.01   0.13     0.57

SNOWFALL (IN)
  YESTERDAY        T            15.5  1966   0.3   -0.3       T
  MONTH TO DATE    T                         0.9   -0.9       T
  SINCE MAR 1      T                         0.9   -0.9       T
  SINCE JUL 1     22.9                      38.4  -15.5     25.2
  SNOW DEPTH       T

DEGREE DAYS
 HEATING
  YESTERDAY       54                        41     13       57
  MONTH TO DATE  147                       124     23      199
  SINCE MAR 1    147                       124     23      199
  SINCE JUL 1   6508                      6555    -47     7051

 COOLING
  YESTERDAY        0                         0      0        0
  MONTH TO DATE    0                         0      0        0
  SINCE MAR 1      0                         0      0        0
  SINCE JAN 1      0                         0      0        0
..................................................................


WIND (MPH)
  HIGHEST WIND SPEED    33   HIGHEST WIND DIRECTION    NW (330)
  HIGHEST GUST SPEED    43   HIGHEST GUST DIRECTION    NW (330)
  AVERAGE WIND SPEED    18.9


SKY COVER
  POSSIBLE SUNSHINE  MM
  AVERAGE SKY COVER 0.6


WEATHER CONDITIONS
 THE FOLLOWING WEATHER WAS RECORDED YESTERDAY.
  LIGHT SNOW
  HAZE


RELATIVE HUMIDITY (PERCENT)
 HIGHEST    77          1200 AM
 LOWEST     50          1100 AM
 AVERAGE    64

..........................................................


THE BISMARCK ND CLIMATE NORMALS FOR TODAY
                         NORMAL    RECORD    YEAR
 MAXIMUM TEMPERATURE (F)   34        69      2000
                                             1905
 MINIMUM TEMPERATURE (F)   15       -33      1891


SUNRISE AND SUNSET
MARCH  4 2015.........SUNRISE   717 AM CST   SUNSET   633 PM CST
MARCH  5 2015.........SUNRISE   716 AM CST   SUNSET   634 PM CST


-  INDICATES NEGATIVE NUMBERS.
R  INDICATES RECORD WAS SET OR TIED.
MM INDICATES DATA IS MISSING.
T  INDICATES TRACE AMOUNT.




$$
