000
CDUS43 KBIS 290046
CLIBIS


CLIMATE REPORT
NATIONAL WEATHER SERVICE BISMARCK ND
744 PM CDT SAT MAR 28 2015


...................................

...THE BISMARCK ND CLIMATE SUMMARY FOR MARCH 28 2015...
VALID TODAY AS OF 0700 PM LOCAL TIME.

CLIMATE NORMAL PERIOD 1981 TO 2010
CLIMATE RECORD PERIOD 1875 TO 2015


WEATHER ITEM   OBSERVED TIME   RECORD YEAR NORMAL DEPARTURE LAST
                VALUE   (LST)  VALUE       VALUE  FROM      YEAR
                                                  NORMAL
..................................................................
TEMPERATURE (F)
 TODAY
  MAXIMUM         68    402 PM  78    1986  47     21       33
  MINIMUM         27    121 AM  -7    1964  24      3       16
  AVERAGE         48                        35     13       25

PRECIPITATION (IN)
  TODAY            0.00          1.02 1900   0.03  -0.03      T
  MONTH TO DATE    0.20                      0.77  -0.57     0.23
  SINCE MAR 1      0.20                      0.77  -0.57     0.23
  SINCE JAN 1      1.34                      1.71  -0.37     0.80

SNOWFALL (IN)
  TODAY            0.0          10.2  1900   0.2   -0.2       T
  MONTH TO DATE    0.8                       8.3   -7.5      2.2
  SINCE MAR 1      0.8                       8.3   -7.5      2.2
  SINCE JUL 1     23.7                      45.8  -22.1     27.4
  SNOW DEPTH       0

DEGREE DAYS
 HEATING
  TODAY           17                        30    -13       40
  MONTH TO DATE  844                      1003   -159     1071
  SINCE MAR 1    844                      1003   -159     1071
  SINCE JUL 1   7205                      7434   -229     7923

 COOLING
  TODAY            0                         0      0        0
  MONTH TO DATE    0                         0      0        0
  SINCE MAR 1      0                         0      0        0
  SINCE JAN 1      0                         0      0        0
..................................................................


WIND (MPH)
  RESULTANT WIND SPEED  12   RESULTANT WIND DIRECTION   S (160)
  HIGHEST WIND SPEED    26   HIGHEST WIND DIRECTION     S (160)
  HIGHEST GUST SPEED    34   HIGHEST GUST DIRECTION     S (180)
  AVERAGE WIND SPEED    13.6


SKY COVER
  POSSIBLE SUNSHINE  MM
  AVERAGE SKY COVER 0.5


WEATHER CONDITIONS
 THE FOLLOWING WEATHER WAS RECORDED TODAY.
  FOG
  FOG W/VISIBILITY <= 1/4 MILE


RELATIVE HUMIDITY (PERCENT)
 HIGHEST   100           200 AM
 LOWEST     32           400 PM
 AVERAGE    66

..........................................................


THE BISMARCK ND CLIMATE NORMALS FOR TOMORROW
                         NORMAL    RECORD    YEAR
 MAXIMUM TEMPERATURE (F)   48        80      1967
 MINIMUM TEMPERATURE (F)   24        -7      1964


SUNRISE AND SUNSET
MARCH 28 2015.........SUNRISE   731 AM CDT   SUNSET   806 PM CDT
MARCH 29 2015.........SUNRISE   729 AM CDT   SUNSET   808 PM CDT


-  INDICATES NEGATIVE NUMBERS.
R  INDICATES RECORD WAS SET OR TIED.
MM INDICATES DATA IS MISSING.
T  INDICATES TRACE AMOUNT.




$$
