000
CDUS43 KBIS 310126
CLIBIS


CLIMATE REPORT
NATIONAL WEATHER SERVICE BISMARCK ND
825 PM CDT SAT AUG 30 2014


...................................

...THE BISMARCK ND CLIMATE SUMMARY FOR AUGUST 30 2014...
VALID TODAY AS OF 0800 PM LOCAL TIME.

CLIMATE NORMAL PERIOD 1981 TO 2010
CLIMATE RECORD PERIOD 1875 TO 2014


WEATHER ITEM   OBSERVED TIME   RECORD YEAR NORMAL DEPARTURE LAST
                VALUE   (LST)  VALUE       VALUE  FROM      YEAR
                                                  NORMAL
..................................................................
TEMPERATURE (F)
 TODAY
  MAXIMUM         76        MM 100    2008  79     -3       92
  MINIMUM         45        MM  37    1965  52     -7       62
  AVERAGE         61                        66     -5       77

PRECIPITATION (IN)
  TODAY            0.00          2.00 1951   0.07  -0.07     0.12
  MONTH TO DATE    4.22                      2.22   2.00     1.37
  SINCE JUN 1      7.97                      8.28  -0.31     5.71
  SINCE JAN 1     12.16                     13.75  -1.59    16.31

SNOWFALL (IN)
  TODAY            0.0           0.0  2002   0.0    0.0      0.0
                                      2001
  MONTH TO DATE    0.0                       0.0    0.0      0.0
  SINCE JUN 1      0.0                       0.0    0.0      0.0
  SINCE JUL 1      0.0                       0.0    0.0      0.0
  SNOW DEPTH       0

DEGREE DAYS
 HEATING
  TODAY            4                         3      1        0
  MONTH TO DATE   34                        37     -3        6
  SINCE JUN 1    156                       147      9      114
  SINCE JUL 1     62                        54      8       28

 COOLING
  TODAY            0                         3     -3       12
  MONTH TO DATE  151                       173    -22      192
  SINCE JUN 1    352                       460   -108      461
  SINCE JAN 1    403                       477    -74      473
..................................................................


WIND (MPH)
  RESULTANT WIND SPEED   6   RESULTANT WIND DIRECTION  SE (150)
  HIGHEST WIND SPEED    16   HIGHEST WIND DIRECTION    SE (150)
  HIGHEST GUST SPEED    22   HIGHEST GUST DIRECTION    SE (130)
  AVERAGE WIND SPEED     6.8


SKY COVER
  POSSIBLE SUNSHINE  MM
  AVERAGE SKY COVER 0.3


WEATHER CONDITIONS
 THE FOLLOWING WEATHER WAS RECORDED TODAY.
  FOG
  FOG W/VISIBILITY <= 1/4 MILE


RELATIVE HUMIDITY (PERCENT)
 HIGHEST   100           100 AM
 LOWEST     50           300 PM
 AVERAGE    75

..........................................................


THE BISMARCK ND CLIMATE NORMALS FOR TOMORROW
                         NORMAL    RECORD    YEAR
 MAXIMUM TEMPERATURE (F)   79       101      1953
 MINIMUM TEMPERATURE (F)   52        32      1895


SUNRISE AND SUNSET
AUGUST 30 2014........SUNRISE   700 AM CDT   SUNSET   826 PM CDT
AUGUST 31 2014........SUNRISE   701 AM CDT   SUNSET   824 PM CDT


-  INDICATES NEGATIVE NUMBERS.
R  INDICATES RECORD WAS SET OR TIED.
MM INDICATES DATA IS MISSING.
T  INDICATES TRACE AMOUNT.




$$
