000
CDUS43 KGRR 272125
CLIBIV


CLIMATE REPORT
NATIONAL WEATHER SERVICE GRAND RAPIDS, MI
524 PM EDT MON MAR 27 2017


...................................

...THE HOLLAND/TULIP CITY MI CLIMATE SUMMARY FOR MARCH 27 2017...
VALID TODAY AS OF 0500 PM LOCAL TIME.

CLIMATE NORMAL PERIOD 1981 TO 2010
CLIMATE RECORD PERIOD 1996 TO 2017


WEATHER ITEM   OBSERVED TIME   NORMAL DEPARTURE LAST
                VALUE   (LST)  VALUE  FROM      YEAR
                                      NORMAL
......................................................
TEMPERATURE (F)
 TODAY
  MAXIMUM         47    115 PM  50     -3       68
  MINIMUM         40    839 AM  32      8       36
  AVERAGE         44            41      3       52

PRECIPITATION (IN)
  TODAY            0.01          0.07  -0.06     0.14
  MONTH TO DATE    1.81          2.00  -0.19     2.74
  SINCE MAR 1      1.81          2.00  -0.19     2.74
  SINCE JAN 1      6.47          5.89   0.58     6.60

DEGREE DAYS
 HEATING
  TODAY           21            24     -3       13
  MONTH TO DATE  786           781      5      681
  SINCE MAR 1    786           781      5      681
  SINCE JUL 1   4648          5281   -633     4671

 COOLING
  TODAY            0             0      0        0
  MONTH TO DATE    0             0      0        0
  SINCE MAR 1      0             0      0        0
  SINCE JAN 1      0             0      0        0
......................................................


WIND (MPH)
  RESULTANT WIND SPEED   5   RESULTANT WIND DIRECTION   W (280)
  HIGHEST WIND SPEED    10   HIGHEST WIND DIRECTION     W (280)
  HIGHEST GUST SPEED    13   HIGHEST GUST DIRECTION     W (270)
  AVERAGE WIND SPEED     5.7


SKY COVER
  AVERAGE SKY COVER 1.0


WEATHER CONDITIONS
 THE FOLLOWING WEATHER WAS RECORDED TODAY.
  LIGHT RAIN
  FOG


RELATIVE HUMIDITY (PERCENT)
 HIGHEST   100           500 AM
 LOWEST     76          1200 PM
 AVERAGE    88

..........................................................


THE HOLLAND/TULIP CITY MI CLIMATE NORMALS FOR TOMORROW
                         NORMAL
 MAXIMUM TEMPERATURE (F)   50
 MINIMUM TEMPERATURE (F)   32


SUNRISE AND SUNSET
MARCH 27 2017.........SUNRISE   735 AM EDT   SUNSET   805 PM EDT
MARCH 28 2017.........SUNRISE   733 AM EDT   SUNSET   807 PM EDT


-  INDICATES NEGATIVE NUMBERS.
R  INDICATES RECORD WAS SET OR TIED.
MM INDICATES DATA IS MISSING.
T  INDICATES TRACE AMOUNT.




$$
