000
CDUS43 KGRR 290527
CLIBIV


CLIMATE REPORT
NATIONAL WEATHER SERVICE GRAND RAPIDS, MI
121 AM EDT SUN MAR 29 2015


...................................

...THE HOLLAND/TULIP CITY MI CLIMATE SUMMARY FOR MARCH 28 2015...

CLIMATE NORMAL PERIOD 1981 TO 2010
CLIMATE RECORD PERIOD 1996 TO 2015


WEATHER ITEM   OBSERVED TIME   NORMAL DEPARTURE LAST
                VALUE   (LST)  VALUE  FROM      YEAR
                                      NORMAL
......................................................
TEMPERATURE (F)
 YESTERDAY
  MAXIMUM         33    123 PM  50    -17       54
  MINIMUM         14    648 AM  32    -18       33
  AVERAGE         24            41    -17       44

PRECIPITATION (IN)
  YESTERDAY        0.00          0.07  -0.07     0.26
  MONTH TO DATE    0.49          2.07  -1.58     1.14
  SINCE MAR 1      0.49          2.07  -1.58     1.14
  SINCE JAN 1      1.97          5.96  -3.99     5.10

DEGREE DAYS
 HEATING
  YESTERDAY       41            24     17       21
  MONTH TO DATE  902           805     97     1059
  SINCE MAR 1    902           805     97     1059
  SINCE JUL 1   5869          5305    564     6217

 COOLING
  YESTERDAY        0             0      0        0
  MONTH TO DATE    0             0      0        0
  SINCE MAR 1      0             0      0        0
  SINCE JAN 1      0             0      0        0
......................................................


WIND (MPH)
  RESULTANT WIND SPEED   2   RESULTANT WIND DIRECTION  NW (320)
  HIGHEST WIND SPEED    14   HIGHEST WIND DIRECTION     W (280)
  HIGHEST GUST SPEED    20   HIGHEST GUST DIRECTION     W (290)
  AVERAGE WIND SPEED     5.0


SKY COVER
  AVERAGE SKY COVER 0.0


WEATHER CONDITIONS
 THE FOLLOWING WEATHER WAS RECORDED YESTERDAY.
  NO SIGNIFICANT WEATHER WAS OBSERVED.


RELATIVE HUMIDITY (PERCENT)
 HIGHEST    68          1000 PM
 LOWEST     31          1200 PM
 AVERAGE    50

..........................................................


THE HOLLAND/TULIP CITY MI CLIMATE NORMALS FOR TODAY
                         NORMAL
 MAXIMUM TEMPERATURE (F)   50
 MINIMUM TEMPERATURE (F)   33


SUNRISE AND SUNSET
MARCH 29 2015.........SUNRISE   733 AM EDT   SUNSET   807 PM EDT
MARCH 30 2015.........SUNRISE   731 AM EDT   SUNSET   808 PM EDT


-  INDICATES NEGATIVE NUMBERS.
R  INDICATES RECORD WAS SET OR TIED.
MM INDICATES DATA IS MISSING.
T  INDICATES TRACE AMOUNT.




$$
