000
CDUS43 KGRR 230528
CLIBIV


CLIMATE REPORT
NATIONAL WEATHER SERVICE GRAND RAPIDS, MI
127 AM EDT THU OCT 23 2014


...................................

...THE HOLLAND/TULIP CITY MI CLIMATE SUMMARY FOR OCTOBER 22 2014...

CLIMATE NORMAL PERIOD 1981 TO 2010
CLIMATE RECORD PERIOD 1996 TO 2014


WEATHER ITEM   OBSERVED TIME   NORMAL DEPARTURE LAST
                VALUE   (LST)  VALUE  FROM      YEAR
                                      NORMAL
......................................................
TEMPERATURE (F)
 YESTERDAY
  MAXIMUM         56    411 PM  60     -4       48
  MINIMUM         31    719 AM  42    -11       36
  AVERAGE         44            51     -7       42

PRECIPITATION (IN)
  YESTERDAY        0.00          0.13  -0.13     0.05
  MONTH TO DATE    3.38          2.47   0.91     2.80
  SINCE SEP 1      7.32          6.37   0.95     3.98
  SINCE JAN 1     28.35         29.58  -1.23    31.99

DEGREE DAYS
 HEATING
  YESTERDAY       21            14      7       23
  MONTH TO DATE  263           250     13      188
  SINCE SEP 1    398           365     33      301
  SINCE JUL 1    434           380     54      320

 COOLING
  YESTERDAY        0             0      0        0
  MONTH TO DATE    1            10     -9       14
  SINCE SEP 1     53            74    -21      104
  SINCE JAN 1    570           692   -122      811
......................................................


WIND (MPH)
  RESULTANT WIND SPEED   3   RESULTANT WIND DIRECTION   E (80)
  HIGHEST WIND SPEED    10   HIGHEST WIND DIRECTION     E (110)
  HIGHEST GUST SPEED    14   HIGHEST GUST DIRECTION     E (90)
  AVERAGE WIND SPEED     2.9


SKY COVER
  AVERAGE SKY COVER 0.0


WEATHER CONDITIONS
 THE FOLLOWING WEATHER WAS RECORDED YESTERDAY.
  FOG


RELATIVE HUMIDITY (PERCENT)
 HIGHEST    92          1100 PM
 LOWEST     43           300 PM
 AVERAGE    68

..........................................................


THE HOLLAND/TULIP CITY MI CLIMATE NORMALS FOR TODAY
                         NORMAL
 MAXIMUM TEMPERATURE (F)   59
 MINIMUM TEMPERATURE (F)   42


SUNRISE AND SUNSET
OCTOBER 23 2014.......SUNRISE   808 AM EDT   SUNSET   650 PM EDT
OCTOBER 24 2014.......SUNRISE   809 AM EDT   SUNSET   648 PM EDT


-  INDICATES NEGATIVE NUMBERS.
R  INDICATES RECORD WAS SET OR TIED.
MM INDICATES DATA IS MISSING.
T  INDICATES TRACE AMOUNT.




$$
