000
CDUS43 KGRR 101514
CLIBIV


CLIMATE REPORT
NATIONAL WEATHER SERVICE GRAND RAPIDS, MI
1013 AM EST WED FEB 10 2016


...................................

...THE HOLLAND/TULIP CITY MI CLIMATE SUMMARY FOR FEBRUARY 10 2016...
VALID AS OF 0900 AM LOCAL TIME.

CLIMATE NORMAL PERIOD 1981 TO 2010
CLIMATE RECORD PERIOD 1996 TO 2016


WEATHER ITEM   OBSERVED TIME   NORMAL DEPARTURE LAST
                VALUE   (LST)  VALUE  FROM      YEAR
                                      NORMAL
......................................................
TEMPERATURE (F)
 TODAY
  MAXIMUM         21   1201 AM  34    -13       28
  MINIMUM         18    859 AM  21     -3        6
  AVERAGE         20            27     -7       17

PRECIPITATION (IN)
  TODAY            0.16          0.07   0.09     0.00
  MONTH TO DATE    1.53          0.53   1.00     0.43
  SINCE DEC 1      6.73          4.92   1.81     2.46
  SINCE JAN 1      3.15          2.62   0.53     1.07

DEGREE DAYS
 HEATING
  TODAY           45            38      7       48
  MONTH TO DATE  346           385    -39      423
  SINCE DEC 1   2284          2636   -352     2633
  SINCE JUL 1   3314          3859   -545     4024

 COOLING
  TODAY            0             0      0        0
  MONTH TO DATE    0             0      0        0
  SINCE DEC 1      0             0      0        0
  SINCE JAN 1      0             0      0        0
......................................................


WIND (MPH)
  RESULTANT WIND SPEED   8   RESULTANT WIND DIRECTION   N (340)
  HIGHEST WIND SPEED    16   HIGHEST WIND DIRECTION    NW (310)
  HIGHEST GUST SPEED    26   HIGHEST GUST DIRECTION    NW (330)
  AVERAGE WIND SPEED     8.4


SKY COVER
  AVERAGE SKY COVER 1.0


WEATHER CONDITIONS
 THE FOLLOWING WEATHER WAS RECORDED TODAY.
  HEAVY SNOW
  SNOW
  LIGHT SNOW
  FOG
  FOG W/VISIBILITY <= 1/4 MILE


RELATIVE HUMIDITY (PERCENT)
 HIGHEST    84           200 AM
 LOWEST     77          1200 AM
 AVERAGE    81

..........................................................


THE HOLLAND/TULIP CITY MI CLIMATE NORMALS FOR TOMORROW
                         NORMAL
 MAXIMUM TEMPERATURE (F)   34
 MINIMUM TEMPERATURE (F)   21


SUNRISE AND SUNSET
FEBRUARY 10 2016......SUNRISE   749 AM EST   SUNSET   609 PM EST
FEBRUARY 11 2016......SUNRISE   748 AM EST   SUNSET   610 PM EST


-  INDICATES NEGATIVE NUMBERS.
R  INDICATES RECORD WAS SET OR TIED.
MM INDICATES DATA IS MISSING.
T  INDICATES TRACE AMOUNT.




$$

JAM
