000
CDUS43 KGRR 300516
CLIBIV


CLIMATE REPORT
NATIONAL WEATHER SERVICE GRAND RAPIDS, MI
115 AM EDT THU JUL 30 2015


...................................

...THE HOLLAND/TULIP CITY MI CLIMATE SUMMARY FOR JULY 29 2015...

CLIMATE NORMAL PERIOD 1981 TO 2010
CLIMATE RECORD PERIOD 1996 TO 2015


WEATHER ITEM   OBSERVED TIME   NORMAL DEPARTURE LAST
                VALUE   (LST)  VALUE  FROM      YEAR
                                      NORMAL
......................................................
TEMPERATURE (F)
 YESTERDAY
  MAXIMUM         84   1239 PM  82      2       72
  MINIMUM         73    827 PM  63     10       50
  AVERAGE         79            72      7       61

PRECIPITATION (IN)
  YESTERDAY        0.00          0.10  -0.10      T
  MONTH TO DATE    2.29          2.64  -0.35     2.83
  SINCE JUN 1      3.73          6.86  -3.13     6.56
  SINCE JAN 1     14.54         19.45  -4.91    16.09

DEGREE DAYS
 HEATING
  YESTERDAY        0             0      0        4
  MONTH TO DATE   10             0     10       19
  SINCE JUN 1     34            48    -14       42
  SINCE JUL 1     10             0     10       19

 COOLING
  YESTERDAY       14             8      6        0
  MONTH TO DATE  162           226    -64      103
  SINCE JUN 1    246           372   -126      286
  SINCE JAN 1    295           414   -119      325
......................................................


WIND (MPH)
  RESULTANT WIND SPEED   6   RESULTANT WIND DIRECTION   W (260)
  HIGHEST WIND SPEED    17   HIGHEST WIND DIRECTION     W (290)
  HIGHEST GUST SPEED    27   HIGHEST GUST DIRECTION    NW (300)
  AVERAGE WIND SPEED     8.5


SKY COVER
  AVERAGE SKY COVER 0.3


WEATHER CONDITIONS
 THE FOLLOWING WEATHER WAS RECORDED YESTERDAY.
  NO SIGNIFICANT WEATHER WAS OBSERVED.


RELATIVE HUMIDITY (PERCENT)
 HIGHEST    85           800 AM
 LOWEST     51           300 PM
 AVERAGE    68

..........................................................


THE HOLLAND/TULIP CITY MI CLIMATE NORMALS FOR TODAY
                         NORMAL
 MAXIMUM TEMPERATURE (F)   82
 MINIMUM TEMPERATURE (F)   63


SUNRISE AND SUNSET
JULY 30 2015..........SUNRISE   634 AM EDT   SUNSET   908 PM EDT
JULY 31 2015..........SUNRISE   635 AM EDT   SUNSET   907 PM EDT


-  INDICATES NEGATIVE NUMBERS.
R  INDICATES RECORD WAS SET OR TIED.
MM INDICATES DATA IS MISSING.
T  INDICATES TRACE AMOUNT.




$$
