000
CDUS43 KGRR 222126
CLIBIV


CLIMATE REPORT
NATIONAL WEATHER SERVICE GRAND RAPIDS, MI
526 PM EDT THU JUN 22 2017


...................................

...THE HOLLAND/TULIP CITY MI CLIMATE SUMMARY FOR JUNE 22 2017...
VALID TODAY AS OF 0500 PM LOCAL TIME.

CLIMATE NORMAL PERIOD 1981 TO 2010
CLIMATE RECORD PERIOD 1996 TO 2017


WEATHER ITEM   OBSERVED TIME   NORMAL DEPARTURE LAST
                VALUE   (LST)  VALUE  FROM      YEAR
                                      NORMAL
......................................................
TEMPERATURE (F)
 TODAY
  MAXIMUM         86    238 PM  81      5       80
  MINIMUM         64    218 AM  60      4       60
  AVERAGE         75            70      5       70

PRECIPITATION (IN)
  TODAY            0.00          0.14  -0.14     0.02
  MONTH TO DATE    2.08          3.17  -1.09     1.96
  SINCE JUN 1      2.08          3.17  -1.09     1.96
  SINCE JAN 1     17.25         15.76   1.49    15.09

DEGREE DAYS
 HEATING
  TODAY            0             1     -1        0
  MONTH TO DATE    9            43    -34       32
  SINCE JUN 1      9            43    -34       32
  SINCE JUL 1   5439          6155   -716     5534

 COOLING
  TODAY           10             6      4        5
  MONTH TO DATE  132            93     39       86
  SINCE JUN 1    132            93     39       86
  SINCE JAN 1    163           135     28      145
......................................................


WIND (MPH)
  RESULTANT WIND SPEED  13   RESULTANT WIND DIRECTION  SW (210)
  HIGHEST WIND SPEED    25   HIGHEST WIND DIRECTION    SW (230)
  HIGHEST GUST SPEED    34   HIGHEST GUST DIRECTION    SW (220)
  AVERAGE WIND SPEED    13.9


SKY COVER
  AVERAGE SKY COVER 0.1


WEATHER CONDITIONS
 THE FOLLOWING WEATHER WAS RECORDED TODAY.
  NO SIGNIFICANT WEATHER WAS OBSERVED.


RELATIVE HUMIDITY (PERCENT)
 HIGHEST    74           800 AM
 LOWEST     51           200 PM
 AVERAGE    63

..........................................................


THE HOLLAND/TULIP CITY MI CLIMATE NORMALS FOR TOMORROW
                         NORMAL
 MAXIMUM TEMPERATURE (F)   81
 MINIMUM TEMPERATURE (F)   60


SUNRISE AND SUNSET
JUNE 22 2017..........SUNRISE   607 AM EDT   SUNSET   927 PM EDT
JUNE 23 2017..........SUNRISE   607 AM EDT   SUNSET   927 PM EDT


-  INDICATES NEGATIVE NUMBERS.
R  INDICATES RECORD WAS SET OR TIED.
MM INDICATES DATA IS MISSING.
T  INDICATES TRACE AMOUNT.




$$
