000
CDUS43 KGRR 300523
CLIBIV


CLIMATE REPORT
NATIONAL WEATHER SERVICE GRAND RAPIDS, MI
123 AM EDT SAT MAY 30 2015


...................................

...THE HOLLAND/TULIP CITY MI CLIMATE SUMMARY FOR MAY 29 2015...

CLIMATE NORMAL PERIOD 1981 TO 2010
CLIMATE RECORD PERIOD 1996 TO 2015


WEATHER ITEM   OBSERVED TIME   NORMAL DEPARTURE LAST
                VALUE   (LST)  VALUE  FROM      YEAR
                                      NORMAL
......................................................
TEMPERATURE (F)
 YESTERDAY
  MAXIMUM         82    139 PM  73      9       83
  MINIMUM         64    600 AM  53     11       53
  AVERAGE         73            63     10       68

PRECIPITATION (IN)
  YESTERDAY        0.41          0.08   0.33     0.00
  MONTH TO DATE    4.47          3.02   1.45     2.03
  SINCE MAR 1      9.01          8.54   0.47     5.57
  SINCE JAN 1     10.49         12.43  -1.94     9.53

DEGREE DAYS
 HEATING
  YESTERDAY        0             4     -4        0
  MONTH TO DATE  184           224    -40      228
  SINCE MAR 1   1654          1603     51     1867
  SINCE JUL 1   6621          6103    518     7025

 COOLING
  YESTERDAY        8             2      6        3
  MONTH TO DATE   49            32     17       29
  SINCE MAR 1     49            36     13       29
  SINCE JAN 1     49            36     13       29
......................................................


WIND (MPH)
  RESULTANT WIND SPEED   7   RESULTANT WIND DIRECTION   S (180)
  HIGHEST WIND SPEED    20   HIGHEST WIND DIRECTION    SW (220)
  HIGHEST GUST SPEED    23   HIGHEST GUST DIRECTION    SW (210)
  AVERAGE WIND SPEED     9.0


SKY COVER
  AVERAGE SKY COVER 0.2


WEATHER CONDITIONS
 THE FOLLOWING WEATHER WAS RECORDED YESTERDAY.
  THUNDERSTORM
  HEAVY RAIN
  LIGHT RAIN
  FOG


RELATIVE HUMIDITY (PERCENT)
 HIGHEST    84          1000 PM
 LOWEST     58           100 PM
 AVERAGE    71

..........................................................


THE HOLLAND/TULIP CITY MI CLIMATE NORMALS FOR TODAY
                         NORMAL
 MAXIMUM TEMPERATURE (F)   74
 MINIMUM TEMPERATURE (F)   53


SUNRISE AND SUNSET
MAY 30 2015...........SUNRISE   610 AM EDT   SUNSET   915 PM EDT
MAY 31 2015...........SUNRISE   610 AM EDT   SUNSET   916 PM EDT


-  INDICATES NEGATIVE NUMBERS.
R  INDICATES RECORD WAS SET OR TIED.
MM INDICATES DATA IS MISSING.
T  INDICATES TRACE AMOUNT.




$$
