022
CDUS46 KBOI 280931
CLIBKE


CLIMATE REPORT
NATIONAL WEATHER SERVICE BOISE ID
330 AM MDT FRI APR 28 2017


...................................

...THE BAKER OR CLIMATE SUMMARY FOR APRIL 27 2017...

CLIMATE NORMAL PERIOD 1981 TO 2010
CLIMATE RECORD PERIOD 1948 TO 2017


WEATHER ITEM   OBSERVED TIME   RECORD YEAR NORMAL DEPARTURE LAST
                VALUE   (LST)  VALUE       VALUE  FROM      YEAR
                                                  NORMAL
..................................................................
TEMPERATURE (F)
 YESTERDAY
  MAXIMUM         48    211 PM  88    1987  61    -13       55
  MINIMUM         28   1105 PM  17    1970  31     -3       38
  AVERAGE         38                        46     -8       47

PRECIPITATION (IN)
  YESTERDAY        0.02          1.33 1978   0.04  -0.02      T
  MONTH TO DATE    0.81                      0.75   0.06     0.35
  SINCE OCT 1      6.15                      5.46   0.69     3.81
  SINCE JAN 1      3.41                      2.95   0.46     1.27

DEGREE DAYS
 HEATING
  YESTERDAY       27                        19      8       18
  MONTH TO DATE  623                       590     33      429
  SINCE MAR 1   1355                      1438    -83     1216
  SINCE JUL 1   7183                      6958    225     6260

 COOLING
  YESTERDAY        0                         0      0        0
  MONTH TO DATE    0                         0      0        0
  SINCE MAR 1      0                         0      0        0
  SINCE JAN 1      0                         0      0        0
..................................................................


WIND (MPH)
  RESULTANT WIND SPEED  10   RESULTANT WIND DIRECTION  NW (320)
  HIGHEST WIND SPEED    32   HIGHEST WIND DIRECTION    NW (320)
  HIGHEST GUST SPEED    38   HIGHEST GUST DIRECTION    NW (310)
  AVERAGE WIND SPEED    12.2


SKY COVER
  AVERAGE SKY COVER 0.6


WEATHER CONDITIONS
 THE FOLLOWING WEATHER WAS RECORDED YESTERDAY.
  LIGHT RAIN
  LIGHT SNOW
  FOG


RELATIVE HUMIDITY (PERCENT)
 HIGHEST    92          1000 PM
 LOWEST     49           300 PM
 AVERAGE    71

..........................................................


THE BAKER OR CLIMATE NORMALS FOR TODAY
                         NORMAL    RECORD    YEAR
 MAXIMUM TEMPERATURE (F)   61        84      1987
 MINIMUM TEMPERATURE (F)   31        20      2002


SUNRISE AND SUNSET
APRIL 28 2017.........SUNRISE   545 AM PDT   SUNSET   753 PM PDT
APRIL 29 2017.........SUNRISE   543 AM PDT   SUNSET   754 PM PDT


-  INDICATES NEGATIVE NUMBERS.
R  INDICATES RECORD WAS SET OR TIED.
MM INDICATES DATA IS MISSING.
T  INDICATES TRACE AMOUNT.




$$
