000
CDUS46 KBOI 300930
CLIBKE


CLIMATE REPORT
NATIONAL WEATHER SERVICE BOISE ID
330 AM MDT THU OCT 30 2014


...................................

...THE BAKER OR CLIMATE SUMMARY FOR OCTOBER 29 2014...

CLIMATE NORMAL PERIOD 1981 TO 2010
CLIMATE RECORD PERIOD 1948 TO 2014


WEATHER ITEM   OBSERVED TIME   RECORD YEAR NORMAL DEPARTURE LAST
                VALUE   (LST)  VALUE       VALUE  FROM      YEAR
                                                  NORMAL
..................................................................
TEMPERATURE (F)
 YESTERDAY
  MAXIMUM         60    236 PM  73    1962  54      6       50
  MINIMUM         27    519 AM   9    1971  26      1       20
  AVERAGE         44                        40      4       35

PRECIPITATION (IN)
  YESTERDAY        T             0.79 1982   0.03  -0.03     0.00
  MONTH TO DATE    0.22                      0.58  -0.36     0.16
  SINCE OCT 1      0.22                      0.58  -0.36     0.16
  SINCE JAN 1      6.22                      8.20  -1.98     7.93

DEGREE DAYS
 HEATING
  YESTERDAY       21                        25     -4       30
  MONTH TO DATE  465                       585   -120      659
  SINCE SEP 1    675                       876   -201      898
  SINCE JUL 1    752                      1027   -275      930

 COOLING
  YESTERDAY        0                         0      0        0
  MONTH TO DATE    0                         0      0        0
  SINCE SEP 1     15                         9      6       28
  SINCE JAN 1    250                       169     81      258
..................................................................


WIND (MPH)
  RESULTANT WIND SPEED   3   RESULTANT WIND DIRECTION   E (90)
  HIGHEST WIND SPEED    13   HIGHEST WIND DIRECTION     E (100)
  HIGHEST GUST SPEED    16   HIGHEST GUST DIRECTION     E (110)
  AVERAGE WIND SPEED     3.8


SKY COVER
  AVERAGE SKY COVER 0.2


WEATHER CONDITIONS
 THE FOLLOWING WEATHER WAS RECORDED YESTERDAY.
  LIGHT RAIN


RELATIVE HUMIDITY (PERCENT)
 HIGHEST   100           700 AM
 LOWEST     42           200 PM
 AVERAGE    71

..........................................................


THE BAKER OR CLIMATE NORMALS FOR TODAY
                         NORMAL    RECORD    YEAR
 MAXIMUM TEMPERATURE (F)   53        70      1997
 MINIMUM TEMPERATURE (F)   26         9      2006


SUNRISE AND SUNSET
OCTOBER 30 2014.......SUNRISE   727 AM PDT   SUNSET   542 PM PDT
OCTOBER 31 2014.......SUNRISE   728 AM PDT   SUNSET   541 PM PDT


-  INDICATES NEGATIVE NUMBERS.
R  INDICATES RECORD WAS SET OR TIED.
MM INDICATES DATA IS MISSING.
T  INDICATES TRACE AMOUNT.




$$
