000
CDUS46 KBOI 030931
CLIBKE


CLIMATE REPORT
NATIONAL WEATHER SERVICE BOISE ID
331 AM MDT TUE MAY 3 2016


...................................

...THE BAKER OR CLIMATE SUMMARY FOR MAY 2 2016...

CLIMATE NORMAL PERIOD 1981 TO 2010
CLIMATE RECORD PERIOD 1948 TO 2016


WEATHER ITEM   OBSERVED TIME   RECORD YEAR NORMAL DEPARTURE LAST
                VALUE   (LST)  VALUE       VALUE  FROM      YEAR
                                                  NORMAL
..................................................................
TEMPERATURE (F)
 YESTERDAY
  MAXIMUM         74    342 PM  85    1947  62     12       70
  MINIMUM         35    434 AM  18    2008  32      3       36
  AVERAGE         55                        47      8       53

PRECIPITATION (IN)
  YESTERDAY        0.00          0.50 2009   0.04  -0.04     0.00
  MONTH TO DATE    0.00                      0.08  -0.08     0.00
  SINCE OCT 1      3.81                      5.64  -1.83     4.44
  SINCE JAN 1      1.27                      3.13  -1.86     2.24

DEGREE DAYS
 HEATING
  YESTERDAY       10                        18     -8       12
  MONTH TO DATE   24                        36    -12       26
  SINCE MAR 1   1289                      1529   -240     1392
  SINCE JUL 1   6333                      7049   -716     6068

 COOLING
  YESTERDAY        0                         0      0        0
  MONTH TO DATE    0                         0      0        0
  SINCE MAR 1      0                         0      0        0
  SINCE JAN 1      0                         0      0        0
..................................................................


WIND (MPH)
  RESULTANT WIND SPEED   4   RESULTANT WIND DIRECTION  SE (120)
  HIGHEST WIND SPEED    20   HIGHEST WIND DIRECTION    SE (140)
  HIGHEST GUST SPEED    25   HIGHEST GUST DIRECTION     S (160)
  AVERAGE WIND SPEED     5.2


SKY COVER
  AVERAGE SKY COVER 0.3


WEATHER CONDITIONS
 THE FOLLOWING WEATHER WAS RECORDED YESTERDAY.
  NO SIGNIFICANT WEATHER WAS OBSERVED.


RELATIVE HUMIDITY (PERCENT)
 HIGHEST    85           200 AM
 LOWEST     17           400 PM
 AVERAGE    51

..........................................................


THE BAKER OR CLIMATE NORMALS FOR TODAY
                         NORMAL    RECORD    YEAR
 MAXIMUM TEMPERATURE (F)   63        90      1966
 MINIMUM TEMPERATURE (F)   33        21      1944


SUNRISE AND SUNSET
MAY  3 2016...........SUNRISE   537 AM PDT   SUNSET   800 PM PDT
MAY  4 2016...........SUNRISE   536 AM PDT   SUNSET   801 PM PDT


-  INDICATES NEGATIVE NUMBERS.
R  INDICATES RECORD WAS SET OR TIED.
MM INDICATES DATA IS MISSING.
T  INDICATES TRACE AMOUNT.




$$
