000
CDUS46 KBOI 310931
CLIBKE


CLIMATE REPORT
NATIONAL WEATHER SERVICE BOISE ID
331 AM MDT SUN AUG 31 2014


...................................

...THE BAKER OR CLIMATE SUMMARY FOR AUGUST 30 2014...

CLIMATE NORMAL PERIOD 1981 TO 2010
CLIMATE RECORD PERIOD 1948 TO 2014


WEATHER ITEM   OBSERVED TIME   RECORD YEAR NORMAL DEPARTURE LAST
                VALUE   (LST)  VALUE       VALUE  FROM      YEAR
                                                  NORMAL
..................................................................
TEMPERATURE (F)
 YESTERDAY
  MAXIMUM         75    129 PM  96    1996  81     -6       84
  MINIMUM         42   1159 PM  30    1965  42      0       49
  AVERAGE         59                        61     -2       67

PRECIPITATION (IN)
  YESTERDAY        0.19          0.82 1984   0.03   0.16     0.00
  MONTH TO DATE    0.70                      0.69   0.01     0.47
  SINCE OCT 1      6.79                      9.56  -2.77     8.33
  SINCE JAN 1      5.62                      7.05  -1.43     6.15

DEGREE DAYS
 HEATING
  YESTERDAY        6                         5      1        0
  MONTH TO DATE   54                        75    -21       11
  SINCE JUN 1    300                       371    -71      228
  SINCE JUL 1     67                       145    -78       32

 COOLING
  YESTERDAY        0                         1     -1        2
  MONTH TO DATE   70                        65      5       94
  SINCE JUN 1    235                       156     79      223
  SINCE JAN 1    235                       158     77      227
..................................................................


WIND (MPH)
  RESULTANT WIND SPEED   3   RESULTANT WIND DIRECTION   W (290)
  HIGHEST WIND SPEED    29   HIGHEST WIND DIRECTION    NW (300)
  HIGHEST GUST SPEED    39   HIGHEST GUST DIRECTION    NW (300)
  AVERAGE WIND SPEED     7.0


SKY COVER
  AVERAGE SKY COVER 0.2


WEATHER CONDITIONS
 THE FOLLOWING WEATHER WAS RECORDED YESTERDAY.
  RAIN
  LIGHT RAIN
  FOG
  HAZE


RELATIVE HUMIDITY (PERCENT)
 HIGHEST    93           800 PM
 LOWEST     35           100 PM
 AVERAGE    64

..........................................................


THE BAKER OR CLIMATE NORMALS FOR TODAY
                         NORMAL    RECORD    YEAR
 MAXIMUM TEMPERATURE (F)   80        94      1998
 MINIMUM TEMPERATURE (F)   42        31      1999


SUNRISE AND SUNSET
AUGUST 31 2014........SUNRISE   612 AM PDT   SUNSET   730 PM PDT
SEPTEMBER  1 2014.....SUNRISE   613 AM PDT   SUNSET   728 PM PDT


-  INDICATES NEGATIVE NUMBERS.
R  INDICATES RECORD WAS SET OR TIED.
MM INDICATES DATA IS MISSING.
T  INDICATES TRACE AMOUNT.




$$
