000
CDUS46 KBOI 190931
CLIBKE


CLIMATE REPORT
NATIONAL WEATHER SERVICE BOISE ID
231 AM MST FRI JAN 19 2018


...................................

...THE BAKER OR CLIMATE SUMMARY FOR JANUARY 18 2018...

CLIMATE NORMAL PERIOD 1981 TO 2010
CLIMATE RECORD PERIOD 1928 TO 2018


WEATHER ITEM   OBSERVED TIME   RECORD YEAR NORMAL DEPARTURE LAST
                VALUE   (LST)  VALUE       VALUE  FROM      YEAR
                                                  NORMAL
..................................................................
TEMPERATURE (F)
 YESTERDAY
  MAXIMUM         47   1208 PM  50    1981  34     13       30
  MINIMUM         36   1159 PM -17    1943  17     19       19
  AVERAGE         42                        25     17       25

PRECIPITATION (IN)
  YESTERDAY        0.09          0.54 1974   0.02   0.07     0.07
  MONTH TO DATE    0.65                      0.50   0.15     0.45
  SINCE OCT 1      1.91                      3.01  -1.10     3.19
  SINCE JAN 1      0.65                      0.50   0.15     0.45

DEGREE DAYS
 HEATING
  YESTERDAY       23                        40    -17       40
  MONTH TO DATE  528                       729   -201     1035
  SINCE DEC 1   1767                      1977   -210     2588
  SINCE JUL 1   3397                      4014   -617     4362

 COOLING
  YESTERDAY        0                         0      0        0
  MONTH TO DATE    0                         0      0        0
  SINCE DEC 1      0                         0      0        0
  SINCE JAN 1      0                         0      0        0
..................................................................


WIND (MPH)
  RESULTANT WIND SPEED   8   RESULTANT WIND DIRECTION   E (110)
  HIGHEST WIND SPEED    22   HIGHEST WIND DIRECTION    SE (150)
  HIGHEST GUST SPEED    26   HIGHEST GUST DIRECTION    SE (150)
  AVERAGE WIND SPEED     8.4


SKY COVER
  AVERAGE SKY COVER 1.0


WEATHER CONDITIONS
 THE FOLLOWING WEATHER WAS RECORDED YESTERDAY.
  RAIN
  LIGHT RAIN
  FOG


RELATIVE HUMIDITY (PERCENT)
 HIGHEST    85          1000 PM
 LOWEST     65           200 PM
 AVERAGE    75

..........................................................


THE BAKER OR CLIMATE NORMALS FOR TODAY
                         NORMAL    RECORD    YEAR
 MAXIMUM TEMPERATURE (F)   34        50      1971
 MINIMUM TEMPERATURE (F)   17       -10      1949


SUNRISE AND SUNSET
JANUARY 19 2018.......SUNRISE   723 AM PST   SUNSET   442 PM PST
JANUARY 20 2018.......SUNRISE   722 AM PST   SUNSET   443 PM PST


-  INDICATES NEGATIVE NUMBERS.
R  INDICATES RECORD WAS SET OR TIED.
MM INDICATES DATA IS MISSING.
T  INDICATES TRACE AMOUNT.




$$
