227
CDUS41 KRLX 192219
CLIBKW


CLIMATE REPORT
NATIONAL WEATHER SERVICE CHARLESTON WV
519 PM EST MON FEB 19 2018


...................................

...THE BECKLEY WV CLIMATE SUMMARY FOR FEBRUARY 19 2018...
VALID TODAY AS OF 0500 PM LOCAL TIME.

CLIMATE NORMAL PERIOD 1981 TO 2010
CLIMATE RECORD PERIOD 1963 TO 2018


WEATHER ITEM   OBSERVED TIME   RECORD YEAR NORMAL DEPARTURE LAST
                VALUE   (LST)  VALUE       VALUE  FROM      YEAR
                                                  NORMAL
..................................................................
TEMPERATURE (F)
 TODAY
  MAXIMUM         63    359 PM  72    1939  44     19       51
  MINIMUM         42    505 AM  -5    2015  26     16       35
  AVERAGE         53                        35     18       43

PRECIPITATION (IN)
  TODAY            0.10          1.15 1914   0.10   0.00     0.00
  MONTH TO DATE    6.22                      1.85   4.37     0.48
  SINCE DEC 1     10.44                      7.66   2.78     9.83
  SINCE JAN 1      8.54                      4.66   3.88     5.19

DEGREE DAYS
 HEATING
  TODAY           12                        30    -18       22
  MONTH TO DATE  508                       599    -91      482
  SINCE DEC 1   2627                      2603     24     2221
  SINCE JUL 1   3610                      3743   -133     2996

 COOLING
  TODAY            0                         0      0        0
  MONTH TO DATE    0                         0      0        0
  SINCE DEC 1      0                         0      0        0
  SINCE JAN 1      0                         0      0        0
..................................................................


WIND (MPH)
  HIGHEST WIND SPEED    20   HIGHEST WIND DIRECTION    SE (150)
  HIGHEST GUST SPEED    30   HIGHEST GUST DIRECTION    SE (150)
  AVERAGE WIND SPEED    11.6


SKY COVER
  POSSIBLE SUNSHINE  MM
  AVERAGE SKY COVER 0.5


WEATHER CONDITIONS
 THE FOLLOWING WEATHER WAS RECORDED TODAY.
  RAIN
  LIGHT RAIN
  FOG
  HAZE


RELATIVE HUMIDITY (PERCENT)
 HIGHEST    93          1000 AM
 LOWEST     49          1200 AM
 AVERAGE    71

..........................................................


THE BECKLEY WV CLIMATE NORMALS FOR TOMORROW
                         NORMAL    RECORD    YEAR
 MAXIMUM TEMPERATURE (F)   44        69      1916
 MINIMUM TEMPERATURE (F)   27        -9      2015


SUNRISE AND SUNSET
FEBRUARY 19 2018......SUNRISE   709 AM EST   SUNSET   608 PM EST
FEBRUARY 20 2018......SUNRISE   708 AM EST   SUNSET   609 PM EST


-  INDICATES NEGATIVE NUMBERS.
R  INDICATES RECORD WAS SET OR TIED.
MM INDICATES DATA IS MISSING.
T  INDICATES TRACE AMOUNT.




$$
