000
CDUS41 KRLX 170722
CLIBKW


CLIMATE REPORT
NATIONAL WEATHER SERVICE CHARLESTON WV
320 AM EDT TUE OCT 17 2017


...................................

...THE BECKLEY WV CLIMATE SUMMARY FOR OCTOBER 16 2017...

CLIMATE NORMAL PERIOD 1981 TO 2010
CLIMATE RECORD PERIOD 1963 TO 2017


WEATHER ITEM   OBSERVED TIME   RECORD YEAR NORMAL DEPARTURE LAST
                VALUE   (LST)  VALUE       VALUE  FROM      YEAR
                                                  NORMAL
..................................................................
TEMPERATURE (F)
 YESTERDAY
  MAXIMUM         54    225 PM  82    1908  63     -9       74
  MINIMUM         38   1159 PM  21    1907  43     -5       52
  AVERAGE         46                        53     -7       63

PRECIPITATION (IN)
  YESTERDAY        0.02          3.37 1954   0.08  -0.06     0.00
  MONTH TO DATE    1.76                      1.30   0.46     1.63
  SINCE JAN 1     36.95                     33.97   2.98    38.96

SNOWFALL (IN)
  YESTERDAY        0.0           T    1977   0.0    0.0      0.0
  MONTH TO DATE    0.0                       0.0    0.0      0.0
  SINCE SEP 1      0.0                       0.0    0.0      0.0
  SNOW DEPTH       0

DEGREE DAYS
 HEATING
  YESTERDAY       19                        12      7        2
  MONTH TO DATE   41                       161   -120      107
  SINCE SEP 1    139                       274   -135      124
  SINCE JUL 1    156                       295   -139      124

 COOLING
  YESTERDAY        0                         0      0        0
  MONTH TO DATE   33                         2     31        0
  SINCE SEP 1     81                        59     22      130
  SINCE JAN 1    594                       552     42      831
..................................................................


WIND (MPH)
  HIGHEST WIND SPEED    18   HIGHEST WIND DIRECTION     N (360)
  HIGHEST GUST SPEED    25   HIGHEST GUST DIRECTION     N (10)
  AVERAGE WIND SPEED     7.5


SKY COVER
  POSSIBLE SUNSHINE  MM
  AVERAGE SKY COVER 0.7


WEATHER CONDITIONS
 THE FOLLOWING WEATHER WAS RECORDED YESTERDAY.
  LIGHT RAIN
  FOG


RELATIVE HUMIDITY (PERCENT)
 HIGHEST    93          1200 AM
 LOWEST     59           200 PM
 AVERAGE    76

..........................................................


THE BECKLEY WV CLIMATE NORMALS FOR TODAY
                         NORMAL    RECORD    YEAR
 MAXIMUM TEMPERATURE (F)   63        84      1938
 MINIMUM TEMPERATURE (F)   43        22      1952
                                             1907


SUNRISE AND SUNSET
OCTOBER 17 2017.......SUNRISE   735 AM EDT   SUNSET   644 PM EDT
OCTOBER 18 2017.......SUNRISE   736 AM EDT   SUNSET   643 PM EDT


-  INDICATES NEGATIVE NUMBERS.
R  INDICATES RECORD WAS SET OR TIED.
MM INDICATES DATA IS MISSING.
T  INDICATES TRACE AMOUNT.




$$
