000
CDUS41 KRLX 252116
CLIBKW


CLIMATE REPORT
NATIONAL WEATHER SERVICE CHARLESTON WV
516 PM EDT SUN JUN 25 2017


...................................

...THE BECKLEY WV CLIMATE SUMMARY FOR JUNE 25 2017...
VALID TODAY AS OF 0500 PM LOCAL TIME.

CLIMATE NORMAL PERIOD 1981 TO 2010
CLIMATE RECORD PERIOD 1963 TO 2017


WEATHER ITEM   OBSERVED TIME   RECORD YEAR NORMAL DEPARTURE LAST
                VALUE   (LST)  VALUE       VALUE  FROM      YEAR
                                                  NORMAL
..................................................................
TEMPERATURE (F)
 TODAY
  MAXIMUM         73    343 PM  91    1914  79     -6       82
  MINIMUM         58    359 AM  38    1979  60     -2       61
  AVERAGE         66                        70     -4       72

PRECIPITATION (IN)
  TODAY            0.00          2.33 1913   0.14  -0.14     0.00
  MONTH TO DATE    7.37                      3.32   4.05     6.21
  SINCE JUN 1      7.37                      3.32   4.05     6.21
  SINCE JAN 1     27.83                     20.48   7.35    23.32

DEGREE DAYS
 HEATING
  TODAY            0                         0      0        0
  MONTH TO DATE   28                        38    -10       16
  SINCE JUN 1     28                        38    -10       16
  SINCE JUL 1   4245                      5339  -1094     4395

 COOLING
  TODAY            1                         5     -4        7
  MONTH TO DATE   88                        85      3      113
  SINCE JUN 1     88                        85      3      113
  SINCE JAN 1    153                       126     27      154
..................................................................


WIND (MPH)
  HIGHEST WIND SPEED    16   HIGHEST WIND DIRECTION    NW (310)
  HIGHEST GUST SPEED    22   HIGHEST GUST DIRECTION     N (340)
  AVERAGE WIND SPEED     6.5


SKY COVER
  POSSIBLE SUNSHINE  MM
  AVERAGE SKY COVER 0.3


WEATHER CONDITIONS
 THE FOLLOWING WEATHER WAS RECORDED TODAY.
  NO SIGNIFICANT WEATHER WAS OBSERVED.


RELATIVE HUMIDITY (PERCENT)
 HIGHEST    90           100 AM
 LOWEST     38           400 PM
 AVERAGE    64

..........................................................


THE BECKLEY WV CLIMATE NORMALS FOR TOMORROW
                         NORMAL    RECORD    YEAR
 MAXIMUM TEMPERATURE (F)   79        93      1934
 MINIMUM TEMPERATURE (F)   60        43      1961


SUNRISE AND SUNSET
JUNE 25 2017..........SUNRISE   604 AM EDT   SUNSET   850 PM EDT
JUNE 26 2017..........SUNRISE   604 AM EDT   SUNSET   850 PM EDT


-  INDICATES NEGATIVE NUMBERS.
R  INDICATES RECORD WAS SET OR TIED.
MM INDICATES DATA IS MISSING.
T  INDICATES TRACE AMOUNT.




$$
