000
CDUS41 KRLX 010716
CLIBKW


CLIMATE REPORT
NATIONAL WEATHER SERVICE CHARLESTON WV
315 AM EDT SUN MAY 1 2016


...................................

...THE BECKLEY WV CLIMATE SUMMARY FOR APRIL 30 2016...

CLIMATE NORMAL PERIOD 1981 TO 2010
CLIMATE RECORD PERIOD 1963 TO 2016


WEATHER ITEM   OBSERVED TIME   RECORD YEAR NORMAL DEPARTURE LAST
                VALUE   (LST)  VALUE       VALUE  FROM      YEAR
                                                  NORMAL
..................................................................
TEMPERATURE (F)
 YESTERDAY
  MAXIMUM         66   1138 AM  86    1899  67     -1       63
  MINIMUM         53    523 AM  28    2008  45      8       42
                                      1961
  AVERAGE         60                        56      4       53

PRECIPITATION (IN)
  YESTERDAY        0.10          1.22 1909   0.12  -0.02     0.23
  MONTH TO DATE    2.36                      3.36  -1.00     6.46
  SINCE JAN 1     10.52                     12.50  -1.98    18.80

SNOWFALL (IN)
  YESTERDAY        0.0
  MONTH TO DATE    2.5
  SINCE SEP 1     45.5
  SNOW DEPTH       0

DEGREE DAYS
 HEATING
  YESTERDAY        5                         9     -4       12
  MONTH TO DATE  348                       395    -47      344
  SINCE MAR 1    804                      1108   -304     1023
  SINCE JUL 1   4179                      5109   -930     5356

 COOLING
  YESTERDAY        0                         0      0        0
  MONTH TO DATE    6                         9     -3        3
  SINCE MAR 1      8                        10     -2        3
  SINCE JAN 1      8                        10     -2        3
..................................................................


WIND (MPH)
  HIGHEST WIND SPEED    18   HIGHEST WIND DIRECTION    SE (150)
  HIGHEST GUST SPEED    28   HIGHEST GUST DIRECTION    SE (140)
  AVERAGE WIND SPEED     8.6


SKY COVER
  POSSIBLE SUNSHINE  MM
  AVERAGE SKY COVER 0.8


WEATHER CONDITIONS
 THE FOLLOWING WEATHER WAS RECORDED YESTERDAY.
  LIGHT RAIN
  FOG


RELATIVE HUMIDITY (PERCENT)
 HIGHEST    93           600 PM
 LOWEST     63          1200 PM
 AVERAGE    78

..........................................................


THE BECKLEY WV CLIMATE NORMALS FOR TODAY
                         NORMAL    RECORD    YEAR
 MAXIMUM TEMPERATURE (F)   67        86      1962
 MINIMUM TEMPERATURE (F)   46        29      1939


SUNRISE AND SUNSET
MAY  1 2016...........SUNRISE   628 AM EDT   SUNSET   815 PM EDT
MAY  2 2016...........SUNRISE   627 AM EDT   SUNSET   816 PM EDT


-  INDICATES NEGATIVE NUMBERS.
R  INDICATES RECORD WAS SET OR TIED.
MM INDICATES DATA IS MISSING.
T  INDICATES TRACE AMOUNT.




$$
