000
CDUS41 KRLX 212124
CLIBKW


CLIMATE REPORT
NATIONAL WEATHER SERVICE CHARLESTON WV
523 PM EDT THU AUG 21 2014


...................................

...THE BECKLEY WV CLIMATE SUMMARY FOR AUGUST 21 2014...
VALID TODAY AS OF 0500 PM LOCAL TIME.

CLIMATE NORMAL PERIOD 1981 TO 2010
CLIMATE RECORD PERIOD 1963 TO 2014


WEATHER ITEM   OBSERVED TIME   RECORD YEAR NORMAL DEPARTURE LAST
                VALUE   (LST)  VALUE       VALUE  FROM      YEAR
                                                  NORMAL
..................................................................
TEMPERATURE (F)
 TODAY
  MAXIMUM         80   1252 PM  95    1936  79      1       79
  MINIMUM         62    432 AM  34    1940  60      2       62
  AVERAGE         71                        70      1       71

PRECIPITATION (IN)
  TODAY            0.15          1.13 1980   0.11   0.04     0.07
  MONTH TO DATE    2.30                      2.56  -0.26     4.71
  SINCE JUN 1      8.57                     11.59  -3.02    14.15
  SINCE JAN 1     22.69                     28.75  -6.06    29.53

DEGREE DAYS
 HEATING
  TODAY            0                         0      0        0
  MONTH TO DATE    7                         0      7       15
  SINCE JUN 1     41                        47     -6       27
  SINCE JUL 1     29                         8     21       20

 COOLING
  TODAY            6                         5      1        6
  MONTH TO DATE   64                       118    -54       91
  SINCE JUN 1    386                       410    -24      421
  SINCE JAN 1    461                       451     10      488
..................................................................


WIND (MPH)
  HIGHEST WIND SPEED    12   HIGHEST WIND DIRECTION    SW (220)
  HIGHEST GUST SPEED    14   HIGHEST GUST DIRECTION    SW (230)
  AVERAGE WIND SPEED     5.3


SKY COVER
  POSSIBLE SUNSHINE  MM
  AVERAGE SKY COVER 0.2


WEATHER CONDITIONS
 THE FOLLOWING WEATHER WAS RECORDED TODAY.
  HEAVY RAIN
  LIGHT RAIN
  FOG
  HAZE


RELATIVE HUMIDITY (PERCENT)
 HIGHEST    93           500 AM
 LOWEST     58           100 PM
 AVERAGE    76

..........................................................


THE BECKLEY WV CLIMATE NORMALS FOR TOMORROW
                         NORMAL    RECORD    YEAR
 MAXIMUM TEMPERATURE (F)   79        95      1926
 MINIMUM TEMPERATURE (F)   60        36      1956


SUNRISE AND SUNSET
AUGUST 21 2014........SUNRISE   645 AM EDT   SUNSET   809 PM EDT
AUGUST 22 2014........SUNRISE   646 AM EDT   SUNSET   808 PM EDT


-  INDICATES NEGATIVE NUMBERS.
R  INDICATES RECORD WAS SET OR TIED.
MM INDICATES DATA IS MISSING.
T  INDICATES TRACE AMOUNT.




$$
