000
CDUS41 KRLX 292117
CLIBKW


CLIMATE REPORT
NATIONAL WEATHER SERVICE CHARLESTON WV
517 PM EDT MON JUN 29 2015


...................................

...THE BECKLEY WV CLIMATE SUMMARY FOR JUNE 29 2015...
VALID TODAY AS OF 0500 PM LOCAL TIME.

CLIMATE NORMAL PERIOD 1981 TO 2010
CLIMATE RECORD PERIOD 1963 TO 2015


WEATHER ITEM   OBSERVED TIME   RECORD YEAR NORMAL DEPARTURE LAST
                VALUE   (LST)  VALUE       VALUE  FROM      YEAR
                                                  NORMAL
..................................................................
TEMPERATURE (F)
 TODAY
  MAXIMUM         76    348 PM  96    2012  79     -3       79
  MINIMUM         51    515 AM  40    1938  61    -10       67
                                      1923
  AVERAGE         64                        70     -6       73

PRECIPITATION (IN)
  TODAY            0.00          1.72 1983   0.14  -0.14     0.53
  MONTH TO DATE    4.95                      3.86   1.09     3.86
  SINCE JUN 1      4.95                      3.86   1.09     3.86
  SINCE JAN 1     24.89                     21.02   3.87    17.98

DEGREE DAYS
 HEATING
  TODAY            1                         0      1        0
  MONTH TO DATE   10                        38    -28       12
  SINCE JUN 1     10                        38    -28       12
  SINCE JUL 1   5454                      5339    115     5443

 COOLING
  TODAY            0                         5     -5        8
  MONTH TO DATE  186                       105     81      163
  SINCE JUN 1    186                       105     81      163
  SINCE JAN 1    292                       146    146      238
..................................................................


WIND (MPH)
  HIGHEST WIND SPEED    18   HIGHEST WIND DIRECTION    SW (210)
  HIGHEST GUST SPEED    25   HIGHEST GUST DIRECTION    SW (210)
  AVERAGE WIND SPEED     6.0


SKY COVER
  POSSIBLE SUNSHINE  MM
  AVERAGE SKY COVER 0.3


WEATHER CONDITIONS
 THE FOLLOWING WEATHER WAS RECORDED TODAY.
  NO SIGNIFICANT WEATHER WAS OBSERVED.


RELATIVE HUMIDITY (PERCENT)
 HIGHEST    89           400 AM
 LOWEST     46           100 PM
 AVERAGE    68

..........................................................


THE BECKLEY WV CLIMATE NORMALS FOR TOMORROW
                         NORMAL    RECORD    YEAR
 MAXIMUM TEMPERATURE (F)   80       100      1936
 MINIMUM TEMPERATURE (F)   61        43      1923


SUNRISE AND SUNSET
JUNE 29 2015..........SUNRISE   605 AM EDT   SUNSET   850 PM EDT
JUNE 30 2015..........SUNRISE   606 AM EDT   SUNSET   850 PM EDT


-  INDICATES NEGATIVE NUMBERS.
R  INDICATES RECORD WAS SET OR TIED.
MM INDICATES DATA IS MISSING.
T  INDICATES TRACE AMOUNT.




$$
