072
CDUS41 KRLX 120838
CLIBKW


CLIMATE REPORT
NATIONAL WEATHER SERVICE CHARLESTON WV
335 AM EST FRI FEB 12 2016


...................................

...THE BECKLEY WV CLIMATE SUMMARY FOR FEBRUARY 11 2016...

CLIMATE NORMAL PERIOD 1981 TO 2010
CLIMATE RECORD PERIOD 1963 TO 2016


WEATHER ITEM   OBSERVED TIME   RECORD YEAR NORMAL DEPARTURE LAST
                VALUE   (LST)  VALUE       VALUE  FROM      YEAR
                                                  NORMAL
..................................................................
TEMPERATURE (F)
 YESTERDAY
  MAXIMUM         21    445 PM  73    1932  42    -21       42
  MINIMUM         10    743 AM  -5    1958  25    -15       22
  AVERAGE         16                        34    -18       32

PRECIPITATION (IN)
  YESTERDAY        T             1.02 1939   0.10  -0.10     0.00
  MONTH TO DATE    0.78                      1.06  -0.28     1.00
  SINCE JAN 1      3.20                      3.87  -0.67     3.23

SNOWFALL (IN)
  YESTERDAY        0.2
  MONTH TO DATE    4.8
  SINCE SEP 1     23.5
  SNOW DEPTH       2

DEGREE DAYS
 HEATING
  YESTERDAY       49                        31     18       33
  MONTH TO DATE  346                       355     -9      345
  SINCE DEC 1   1983                      2359   -376     2276
  SINCE JUL 1   2842                      3499   -657     3517

 COOLING
  YESTERDAY        0                         0      0        0
  MONTH TO DATE    0                         0      0        0
  SINCE DEC 1      0                         0      0        0
  SINCE JAN 1      0                         0      0        0
..................................................................


WIND (MPH)
  HIGHEST WIND SPEED    16   HIGHEST WIND DIRECTION     W (270)
  HIGHEST GUST SPEED    23   HIGHEST GUST DIRECTION     W (290)
  AVERAGE WIND SPEED     7.8


SKY COVER
  POSSIBLE SUNSHINE  MM
  AVERAGE SKY COVER 0.6


WEATHER CONDITIONS
 THE FOLLOWING WEATHER WAS RECORDED YESTERDAY.
  LIGHT SNOW
  FOG
  HAZE


RELATIVE HUMIDITY (PERCENT)
 HIGHEST    76          1200 AM
 LOWEST     45           400 PM
 AVERAGE    61

..........................................................


THE BECKLEY WV CLIMATE NORMALS FOR TODAY
                         NORMAL    RECORD    YEAR
 MAXIMUM TEMPERATURE (F)   42        72      1932
                                             1916
 MINIMUM TEMPERATURE (F)   25        -8      1936


SUNRISE AND SUNSET
FEBRUARY 12 2016......SUNRISE   718 AM EST   SUNSET   600 PM EST
FEBRUARY 13 2016......SUNRISE   717 AM EST   SUNSET   601 PM EST


-  INDICATES NEGATIVE NUMBERS.
R  INDICATES RECORD WAS SET OR TIED.
MM INDICATES DATA IS MISSING.
T  INDICATES TRACE AMOUNT.




$$
