000
CDUS41 KRLX 120820
CLIBKW


CLIMATE REPORT
NATIONAL WEATHER SERVICE CHARLESTON WV
318 AM EST TUE DEC 12 2017


...................................

...THE BECKLEY WV CLIMATE SUMMARY FOR DECEMBER 11 2017...

CLIMATE NORMAL PERIOD 1981 TO 2010
CLIMATE RECORD PERIOD 1963 TO 2017


WEATHER ITEM   OBSERVED TIME   RECORD YEAR NORMAL DEPARTURE LAST
                VALUE   (LST)  VALUE       VALUE  FROM      YEAR
                                                  NORMAL
..................................................................
TEMPERATURE (F)
 YESTERDAY
  MAXIMUM         46    408 PM  68    2007  43      3       46
  MINIMUM         23    710 AM  -3    1937  27     -4       24
  AVERAGE         35                        35      0       35

PRECIPITATION (IN)
  YESTERDAY        0.00          1.77 2008   0.10  -0.10     0.00
  MONTH TO DATE    0.42                      1.09  -0.67     0.79
  SINCE JAN 1     41.53                     39.28   2.25    43.79

SNOWFALL (IN)
  YESTERDAY        0.0           3.6  1992   0.4   -0.4      0.0
  MONTH TO DATE    2.5                       3.7   -1.2      0.2
  SINCE SEP 1      2.5                       6.7   -4.2      0.4
  SNOW DEPTH       0

DEGREE DAYS
 HEATING
  YESTERDAY       30                        30      0       30
  MONTH TO DATE  306                       312     -6      345
  SINCE DEC 1    306                       312     -6      345
  SINCE JUL 1   1289                      1452   -163     1120

 COOLING
  YESTERDAY        0                         0      0        0
  MONTH TO DATE    0                         0      0        0
  SINCE DEC 1      0                         0      0        0
  SINCE JAN 1    594                       557     37      844
..................................................................


WIND (MPH)
  HIGHEST WIND SPEED    18   HIGHEST WIND DIRECTION    SW (220)
  HIGHEST GUST SPEED    23   HIGHEST GUST DIRECTION    SW (220)
  AVERAGE WIND SPEED     8.0


SKY COVER
  POSSIBLE SUNSHINE  MM
  AVERAGE SKY COVER 0.2


WEATHER CONDITIONS
 THE FOLLOWING WEATHER WAS RECORDED YESTERDAY.
  NO SIGNIFICANT WEATHER WAS OBSERVED.


RELATIVE HUMIDITY (PERCENT)
 HIGHEST    74           800 AM
 LOWEST     37           400 PM
 AVERAGE    56

..........................................................


THE BECKLEY WV CLIMATE NORMALS FOR TODAY
                         NORMAL    RECORD    YEAR
 MAXIMUM TEMPERATURE (F)   43        69      2015
 MINIMUM TEMPERATURE (F)   27       -14      1962


SUNRISE AND SUNSET
DECEMBER 12 2017......SUNRISE   731 AM EST   SUNSET   506 PM EST
DECEMBER 13 2017......SUNRISE   731 AM EST   SUNSET   506 PM EST


-  INDICATES NEGATIVE NUMBERS.
R  INDICATES RECORD WAS SET OR TIED.
MM INDICATES DATA IS MISSING.
T  INDICATES TRACE AMOUNT.




$$
