000
CDUS41 KRLX 192120
CLIBKW


CLIMATE REPORT
NATIONAL WEATHER SERVICE CHARLESTON WV
519 PM EDT SAT AUG 19 2017


...................................

...THE BECKLEY WV CLIMATE SUMMARY FOR AUGUST 19 2017...
VALID TODAY AS OF 0500 PM LOCAL TIME.

CLIMATE NORMAL PERIOD 1981 TO 2010
CLIMATE RECORD PERIOD 1963 TO 2017


WEATHER ITEM   OBSERVED TIME   RECORD YEAR NORMAL DEPARTURE LAST
                VALUE   (LST)  VALUE       VALUE  FROM      YEAR
                                                  NORMAL
..................................................................
TEMPERATURE (F)
 TODAY
  MAXIMUM         82    312 PM  98    1911  79      3       80
  MINIMUM         62    620 AM  41    1943  60      2       65
  AVERAGE         72                        70      2       73

PRECIPITATION (IN)
  TODAY            0.00          1.51 1969   0.10  -0.10     0.07
  MONTH TO DATE    1.79                      2.35  -0.56     3.33
  SINCE JUN 1     12.66                     11.38   1.28    17.09
  SINCE JAN 1     33.12                     28.54   4.58    34.20

DEGREE DAYS
 HEATING
  TODAY            0                         0      0        0
  MONTH TO DATE    4                         0      4        0
  SINCE JUN 1     46                        47     -1       16
  SINCE JUL 1      8                         8      0        0

 COOLING
  TODAY            7                         5      2        8
  MONTH TO DATE   95                       108    -13      177
  SINCE JUN 1    412                       400     12      567
  SINCE JAN 1    477                       441     36      608
..................................................................


WIND (MPH)
  HIGHEST WIND SPEED    10   HIGHEST WIND DIRECTION     W (270)
  HIGHEST GUST SPEED    14   HIGHEST GUST DIRECTION     W (290)
  AVERAGE WIND SPEED     4.3


SKY COVER
  POSSIBLE SUNSHINE  MM
  AVERAGE SKY COVER 0.1


WEATHER CONDITIONS
 THE FOLLOWING WEATHER WAS RECORDED TODAY.
  FOG


RELATIVE HUMIDITY (PERCENT)
 HIGHEST   100           400 AM
 LOWEST     45           400 PM
 AVERAGE    73

..........................................................


THE BECKLEY WV CLIMATE NORMALS FOR TOMORROW
                         NORMAL    RECORD    YEAR
 MAXIMUM TEMPERATURE (F)   79        94      1936
 MINIMUM TEMPERATURE (F)   60        33      1940


SUNRISE AND SUNSET
AUGUST 19 2017........SUNRISE   644 AM EDT   SUNSET   812 PM EDT
AUGUST 20 2017........SUNRISE   644 AM EDT   SUNSET   810 PM EDT


-  INDICATES NEGATIVE NUMBERS.
R  INDICATES RECORD WAS SET OR TIED.
MM INDICATES DATA IS MISSING.
T  INDICATES TRACE AMOUNT.




$$
