000
CDUS41 KRNK 240848
CLIBLF


CLIMATE REPORT
NATIONAL WEATHER SERVICE BLACKSBURG VA
342 AM EST SAT FEB 24 2018


...................................

...THE BLUEFIELD WV CLIMATE SUMMARY FOR FEBRUARY 23 2018...

CLIMATE NORMAL PERIOD 1981 TO 2010
CLIMATE RECORD PERIOD 1959 TO 2018


WEATHER ITEM   OBSERVED TIME   RECORD YEAR NORMAL DEPARTURE LAST
                VALUE   (LST)  VALUE       VALUE  FROM      YEAR
                                                  NORMAL
..................................................................
TEMPERATURE (F)
 YESTERDAY
  MAXIMUM         74R   257 PM  74    1975  48     26       64
  MINIMUM         56    657 AM   5    1963  31     25       48
  AVERAGE         65                        39     26       56

PRECIPITATION (IN)
  YESTERDAY        0.00          0.63 1998   0.10  -0.10     0.00
  MONTH TO DATE    4.69                      2.24   2.45     0.99
  SINCE DEC 1      7.14                      8.05  -0.91     8.44
  SINCE JAN 1      6.18                      5.14   1.04     5.24

SNOWFALL (IN)
  YESTERDAY        0.0                                       0.0
  MONTH TO DATE    5.5                                       0.9
  SINCE DEC 1     14.4                                      17.2
  SINCE JUL 1     14.7                                      17.2
  SNOW DEPTH       0

DEGREE DAYS
 HEATING
  YESTERDAY        0                        26    -26        9
  MONTH TO DATE  498                       647   -149      523
  SINCE DEC 1   2625                      2464    161     2264
  SINCE JUL 1   3652                      3367    285     3040

 COOLING
  YESTERDAY        0                         0      0        0
  MONTH TO DATE    2                         0      2        0
  SINCE DEC 1      2                         0      2        0
  SINCE JAN 1      2                         0      2        0
..................................................................


WIND (MPH)
  HIGHEST WIND SPEED    20   HIGHEST WIND DIRECTION    SW (230)
  HIGHEST GUST SPEED    26   HIGHEST GUST DIRECTION    SW (230)
  AVERAGE WIND SPEED     5.9


SKY COVER
  AVERAGE SKY COVER 0.5


WEATHER CONDITIONS
 THE FOLLOWING WEATHER WAS RECORDED YESTERDAY.
  NO SIGNIFICANT WEATHER WAS OBSERVED.


RELATIVE HUMIDITY (PERCENT)
 HIGHEST    93           400 AM
 LOWEST     38           300 PM
 AVERAGE    66

..........................................................


THE BLUEFIELD WV CLIMATE NORMALS FOR TODAY
                         NORMAL    RECORD    YEAR
 MAXIMUM TEMPERATURE (F)   48        71      2017
                                             1961
 MINIMUM TEMPERATURE (F)   31        -1      1967


SUNRISE AND SUNSET
FEBRUARY 24 2018......SUNRISE   703 AM EST   SUNSET   614 PM EST
FEBRUARY 25 2018......SUNRISE   701 AM EST   SUNSET   615 PM EST


-  INDICATES NEGATIVE NUMBERS.
R  INDICATES RECORD WAS SET OR TIED.
MM INDICATES DATA IS MISSING.
T  INDICATES TRACE AMOUNT.




$$
