000
CDUS41 KRNK 240922
CLIBLF


CLIMATE REPORT
NATIONAL WEATHER SERVICE BLACKSBURG VA
518 AM EDT FRI OCT 24 2014


...................................

...THE BLUEFIELD WV CLIMATE SUMMARY FOR OCTOBER 23 2014...

CLIMATE NORMAL PERIOD 1981 TO 2010
CLIMATE RECORD PERIOD 1959 TO 2014


WEATHER ITEM   OBSERVED TIME   RECORD YEAR NORMAL DEPARTURE LAST
                VALUE   (LST)  VALUE       VALUE  FROM      YEAR
                                                  NORMAL
..................................................................
TEMPERATURE (F)
 YESTERDAY
  MAXIMUM         50    340 PM  77    2012  64    -14       48
                                      2010
  MINIMUM         40   1158 PM  24    1997  45     -5       34
  AVERAGE         45                        55    -10

PRECIPITATION (IN)
  YESTERDAY        0.00          1.26 1971   0.07  -0.07     0.24
  MONTH TO DATE    5.14                      1.85   3.29     1.33
  SINCE SEP 1      7.55                      4.99   2.56     2.82
  SINCE JAN 1     32.17                     33.38  -1.21    33.04

SNOWFALL (IN)
  YESTERDAY        0.0
  MONTH TO DATE    0.0
  SINCE SEP 1      0.0
  SINCE JUL 1      0.0
  SNOW DEPTH       0

DEGREE DAYS
 HEATING
  YESTERDAY       20                        11      9
  MONTH TO DATE  198                       191      7
  SINCE SEP 1    246                       264    -18
  SINCE JUL 1    256                       270    -14

 COOLING
  YESTERDAY        0                         0      0
  MONTH TO DATE    4                        16    -12
  SINCE SEP 1    110                       114     -4
  SINCE JAN 1    823                       848    -25
..................................................................


WIND (MPH)
  HIGHEST WIND SPEED    13   HIGHEST WIND DIRECTION    NW (310)
  HIGHEST GUST SPEED    18   HIGHEST GUST DIRECTION     N (340)
  AVERAGE WIND SPEED     6.3


SKY COVER
  POSSIBLE SUNSHINE  MM
  AVERAGE SKY COVER 0.9


WEATHER CONDITIONS
 THE FOLLOWING WEATHER WAS RECORDED YESTERDAY.
  FOG


RELATIVE HUMIDITY (PERCENT)
 HIGHEST    89          1200 AM
 LOWEST     61           200 PM
 AVERAGE    75

..........................................................


THE BLUEFIELD WV CLIMATE NORMALS FOR TODAY
                         NORMAL    RECORD    YEAR
 MAXIMUM TEMPERATURE (F)   64        77      2012
 MINIMUM TEMPERATURE (F)   45        25      1981


SUNRISE AND SUNSET
OCTOBER 24 2014.......SUNRISE   741 AM EDT   SUNSET   636 PM EDT
OCTOBER 25 2014.......SUNRISE   742 AM EDT   SUNSET   635 PM EDT


-  INDICATES NEGATIVE NUMBERS.
R  INDICATES RECORD WAS SET OR TIED.
MM INDICATES DATA IS MISSING.
T  INDICATES TRACE AMOUNT.


REMARKS:
DUE TO A POWER FAILURE CAUSING A MISSING LOW TEMPERATURE ON
MAY 30...THE SEASONAL TOTAL AND DEPARTURE FROM NORMAL FOR CDD
WILL BE CALCULATED WITHOUT DATA FROM THAT DATE.


$$
