000
CDUS41 KRNK 190532
CLIBLF


CLIMATE REPORT
NATIONAL WEATHER SERVICE BLACKSBURG VA
130 AM EDT SAT AUG 19 2017


...................................

...THE BLUEFIELD WV CLIMATE SUMMARY FOR AUGUST 18 2017...

CLIMATE NORMAL PERIOD 1981 TO 2010
CLIMATE RECORD PERIOD 1959 TO 2017


WEATHER ITEM   OBSERVED TIME   RECORD YEAR NORMAL DEPARTURE LAST
                VALUE   (LST)  VALUE       VALUE  FROM      YEAR
                                                  NORMAL
..................................................................
TEMPERATURE (F)
 YESTERDAY
  MAXIMUM         77   1044 AM  93    1988  81     -4       74
  MINIMUM         64   1155 PM  53    1976  64      0       66
  AVERAGE         71                        72     -1       70

PRECIPITATION (IN)
  YESTERDAY        0.19          2.14 1989   0.11   0.08      T
  MONTH TO DATE    2.07                      2.00   0.07     1.66
  SINCE JUN 1     11.12                     10.31   0.81    10.61
  SINCE JAN 1     31.92                     27.13   4.79    25.37

SNOWFALL (IN)
  YESTERDAY        0.0                                       0.0
  MONTH TO DATE    0.0                                       0.0
  SINCE JUN 1      0.0                                       0.0
  SINCE JUL 1      0.0                                       0.0
  SNOW DEPTH       0

DEGREE DAYS
 HEATING
  YESTERDAY        0                         0      0        0
  MONTH TO DATE    5                         0      5        0
  SINCE JUN 1     56                        24     32       16
  SINCE JUL 1     11                         2      9        0

 COOLING
  YESTERDAY        6                         7     -1        5
  MONTH TO DATE   70                       143    -73      140
  SINCE JUN 1    337                       557   -220      498
  SINCE JAN 1    389                       648   -259      525
..................................................................


WIND (MPH)
  HIGHEST WIND SPEED    21   HIGHEST WIND DIRECTION     W (250)
  HIGHEST GUST SPEED    31   HIGHEST GUST DIRECTION     W (270)
  AVERAGE WIND SPEED     7.2


SKY COVER
  AVERAGE SKY COVER 0.4


WEATHER CONDITIONS
 THE FOLLOWING WEATHER WAS RECORDED YESTERDAY.
  RAIN
  LIGHT RAIN
  FOG


RELATIVE HUMIDITY (PERCENT)
 HIGHEST    93           400 PM
 LOWEST     74          1100 AM
 AVERAGE    84

..........................................................


THE BLUEFIELD WV CLIMATE NORMALS FOR TODAY
                         NORMAL    RECORD    YEAR
 MAXIMUM TEMPERATURE (F)   81        91      2007
 MINIMUM TEMPERATURE (F)   64        55      1992


SUNRISE AND SUNSET
AUGUST 19 2017........SUNRISE   645 AM EDT   SUNSET   811 PM EDT
AUGUST 20 2017........SUNRISE   646 AM EDT   SUNSET   810 PM EDT


-  INDICATES NEGATIVE NUMBERS.
R  INDICATES RECORD WAS SET OR TIED.
MM INDICATES DATA IS MISSING.
T  INDICATES TRACE AMOUNT.




$$
