000
CDUS41 KRNK 290650
CLIBLF


CLIMATE REPORT
NATIONAL WEATHER SERVICE BLACKSBURG VA
247 AM EDT SAT AUG 29 2015


...................................

...THE BLUEFIELD WV CLIMATE SUMMARY FOR AUGUST 28 2015...

CLIMATE NORMAL PERIOD 1981 TO 2010
CLIMATE RECORD PERIOD 1959 TO 2015


WEATHER ITEM   OBSERVED TIME   RECORD YEAR NORMAL DEPARTURE LAST
                VALUE   (LST)  VALUE       VALUE  FROM      YEAR
                                                  NORMAL
..................................................................
TEMPERATURE (F)
 YESTERDAY
  MAXIMUM         82    357 PM  89    2007  80      2       83
  MINIMUM         59    136 AM  44    1986  63     -4       66
  AVERAGE         71                        71      0       75

PRECIPITATION (IN)
  YESTERDAY        0.00          2.15 1964   0.10  -0.10     0.00
  MONTH TO DATE    2.39                      2.98  -0.59     6.35
  SINCE JUN 1     10.76                     11.29  -0.53    12.90
  SINCE JAN 1     26.55                     28.11  -1.56    24.56

SNOWFALL (IN)
  YESTERDAY        0.0                                       0.0
  MONTH TO DATE    0.0                                       0.0
  SINCE JUN 1      0.0                                       0.0
  SINCE JUL 1      0.0                                       0.0
  SNOW DEPTH       0

DEGREE DAYS
 HEATING
  YESTERDAY        0                         0      0        0
  MONTH TO DATE    1                         0      1        2
  SINCE JUN 1      4                        24    -20       12
  SINCE JUL 1      1                         2     -1       10

 COOLING
  YESTERDAY        6                         6      0       10
  MONTH TO DATE  202                       212    -10      138
  SINCE JUN 1    722                       626     96      553
  SINCE JAN 1    879                       717    162      682
..................................................................


WIND (MPH)
  HIGHEST WIND SPEED    10   HIGHEST WIND DIRECTION     S (170)
  HIGHEST GUST SPEED    16   HIGHEST GUST DIRECTION     S (170)
  AVERAGE WIND SPEED     3.9


SKY COVER
  AVERAGE SKY COVER 0.4


WEATHER CONDITIONS
 THE FOLLOWING WEATHER WAS RECORDED YESTERDAY.
  NO SIGNIFICANT WEATHER WAS OBSERVED.


RELATIVE HUMIDITY (PERCENT)
 HIGHEST    84           400 AM
 LOWEST     42           500 PM
 AVERAGE    63

..........................................................


THE BLUEFIELD WV CLIMATE NORMALS FOR TODAY
                         NORMAL    RECORD    YEAR
 MAXIMUM TEMPERATURE (F)   80        91      1991
 MINIMUM TEMPERATURE (F)   62        39      1986


SUNRISE AND SUNSET
AUGUST 29 2015........SUNRISE   653 AM EDT   SUNSET   758 PM EDT
AUGUST 30 2015........SUNRISE   653 AM EDT   SUNSET   757 PM EDT


-  INDICATES NEGATIVE NUMBERS.
R  INDICATES RECORD WAS SET OR TIED.
MM INDICATES DATA IS MISSING.
T  INDICATES TRACE AMOUNT.

REMARKS:
DUE TO A TIPPING BUCKET FAILURE CAUSING MISSING PRECIPITATION ON
JUNE 1...THE SEASONAL AND ANNUAL PRECIPITATION TOTALS AND DEPARTURES
FROM NORMAL WILL BE CALCULATED WITHOUT DATA FROM THIS DATE.

ALSO...DUE TO A POWER OUTAGE CAUSING A MISSING LOW TEMPERATURE ON
JUNE 7...THE SEASONAL COOLING DEGREE DAY TOTAL AND DEPARTURE FROM
NORMAL WILL BE CALCULATED WITHOUT DATA FROM THIS DATE.


$$
