621
CDUS41 KRNK 011005
CLIBLF


CLIMATE REPORT
NATIONAL WEATHER SERVICE BLACKSBURG VA
501 AM EST WED MAR 1 2017


...................................

...THE BLUEFIELD WV CLIMATE SUMMARY FOR FEBRUARY 28 2017...

CLIMATE NORMAL PERIOD 1981 TO 2010
CLIMATE RECORD PERIOD 1959 TO 2017


WEATHER ITEM   OBSERVED TIME   RECORD YEAR NORMAL DEPARTURE LAST
                VALUE   (LST)  VALUE       VALUE  FROM      YEAR
                                                  NORMAL
..................................................................
TEMPERATURE (F)
 YESTERDAY
  MAXIMUM         63    154 PM  67    2012  49     14       59
  MINIMUM         44    633 AM   9    2015  32     12       35
  AVERAGE         54                        40     14       47

PRECIPITATION (IN)
  YESTERDAY        0.41          1.41 2011   0.11   0.30     0.00
  MONTH TO DATE    1.56                      2.76  -1.20     2.93
  SINCE DEC 1      9.01                      8.57   0.44     8.61
  SINCE JAN 1      5.81                      5.66   0.15     4.78

SNOWFALL (IN)
  YESTERDAY        0.0                                       0.0
  MONTH TO DATE    0.9                                      13.5
  SINCE DEC 1     17.2                                      32.2
  SINCE JUL 1     17.2                                      32.2
  SNOW DEPTH       0

DEGREE DAYS
 HEATING
  YESTERDAY       11                        25    -14       18
  MONTH TO DATE  615                       773   -158      885
  SINCE DEC 1   2356                      2590   -234     2074
  SINCE JUL 1   3132                      3493   -361     2796

 COOLING
  YESTERDAY        0                         0      0        0
  MONTH TO DATE    0                         0      0        0
  SINCE DEC 1      0                         0      0        3
  SINCE JAN 1      0                         0      0        0
..................................................................


WIND (MPH)
  HIGHEST WIND SPEED    20   HIGHEST WIND DIRECTION    SW (220)
  HIGHEST GUST SPEED    29   HIGHEST GUST DIRECTION    SW (220)
  AVERAGE WIND SPEED     7.0


SKY COVER
  AVERAGE SKY COVER 0.5


WEATHER CONDITIONS
 THE FOLLOWING WEATHER WAS RECORDED YESTERDAY.
  THUNDERSTORM
  RAIN
  LIGHT RAIN
  FOG


RELATIVE HUMIDITY (PERCENT)
 HIGHEST   100           400 PM
 LOWEST     39           100 PM
 AVERAGE    70

..........................................................


THE BLUEFIELD WV CLIMATE NORMALS FOR TODAY
                         NORMAL    RECORD    YEAR
 MAXIMUM TEMPERATURE (F)   49        78      1997
 MINIMUM TEMPERATURE (F)   32         7      1980


SUNRISE AND SUNSET
MARCH  1 2017.........SUNRISE   656 AM EST   SUNSET   619 PM EST
MARCH  2 2017.........SUNRISE   654 AM EST   SUNSET   620 PM EST


-  INDICATES NEGATIVE NUMBERS.
R  INDICATES RECORD WAS SET OR TIED.
MM INDICATES DATA IS MISSING.
T  INDICATES TRACE AMOUNT.

REMARKS:

DUE TO A POWER OUTAGE CAUSING A MISSING HIGH TEMPERATURE ON NOVEMBER 10...
THE SEASONAL HEATING DEGREE DAY TOTAL AND DEPARTURE FROM NORMAL WILL BE
CALCULATED WITHOUT DATA FROM THIS DATE.

$$

RAB
