000
CDUS46 KSEW 230835
CLIBLI


CLIMATE REPORT
NATIONAL WEATHER SERVICE SEATTLE WA
134 AM PDT FRI JUN 23 2017


...................................

...THE BELLINGHAM WA AIRPORT CLIMATE SUMMARY FOR JUNE 22 2017...

CLIMATE NORMAL PERIOD 1981 TO 2010
CLIMATE RECORD PERIOD 1949 TO 2017


WEATHER ITEM   OBSERVED TIME   RECORD YEAR NORMAL DEPARTURE LAST
                VALUE   (LST)  VALUE       VALUE  FROM      YEAR
                                                  NORMAL
..................................................................
TEMPERATURE (F)
 YESTERDAY
  MAXIMUM         71    504 PM  85    1992  68      3       71
  MINIMUM         47    403 AM  40    1965  51     -4       51
  AVERAGE         59                        59      0       61

PRECIPITATION (IN)
  YESTERDAY        0.00          1.16 1971   0.05  -0.05      T
  MONTH TO DATE    0.95                      1.45  -0.50     0.71
  SINCE OCT 1     35.86                     31.23   4.63    30.78
  SINCE JAN 1     16.74                     17.53  -0.79    16.71

DEGREE DAYS
 HEATING
  YESTERDAY        6                         6      0        4
  MONTH TO DATE  130                       154    -24      120
  SINCE JUN 1    130                       154    -24      120

 COOLING
  YESTERDAY        0                         0      0        0
  MONTH TO DATE    1                         0      1       16
  SINCE JUN 1      1                         0      1       16
  SINCE JAN 1      3                         0      3       17
..................................................................


WIND (MPH)
  RESULTANT WIND SPEED   3   RESULTANT WIND DIRECTION   W (260)
  HIGHEST WIND SPEED    13   HIGHEST WIND DIRECTION     W (270)
  HIGHEST GUST SPEED    17   HIGHEST GUST DIRECTION     W (260)
  AVERAGE WIND SPEED     4.0


SKY COVER
  AVERAGE SKY COVER 0.1


WEATHER CONDITIONS
 THE FOLLOWING WEATHER WAS RECORDED YESTERDAY.
  NO SIGNIFICANT WEATHER WAS OBSERVED.


RELATIVE HUMIDITY (PERCENT)
 HIGHEST   100           300 AM
 LOWEST     44           400 PM
 AVERAGE    72

..........................................................


THE BELLINGHAM WA AIRPORT CLIMATE NORMALS FOR TODAY
                         NORMAL    RECORD    YEAR
 MAXIMUM TEMPERATURE (F)   68        82      1992
 MINIMUM TEMPERATURE (F)   51        42      2008


SUNRISE AND SUNSET
JUNE 23 2017..........SUNRISE   507 AM PDT   SUNSET   917 PM PDT
JUNE 24 2017..........SUNRISE   508 AM PDT   SUNSET   917 PM PDT


-  INDICATES NEGATIVE NUMBERS.
R  INDICATES RECORD WAS SET OR TIED.
MM INDICATES DATA IS MISSING.
T  INDICATES TRACE AMOUNT.




$$
