000
CDUS46 KSEW 210832
CLIBLI


CLIMATE REPORT
NATIONAL WEATHER SERVICE SEATTLE WA
1232 AM PST SUN DEC 21 2014


...................................

...THE BELLINGHAM WA AIRPORT CLIMATE SUMMARY FOR DECEMBER 20 2014...

CLIMATE NORMAL PERIOD 1981 TO 2010
CLIMATE RECORD PERIOD 1949 TO 2014


WEATHER ITEM   OBSERVED TIME   RECORD YEAR NORMAL DEPARTURE LAST
                VALUE   (LST)  VALUE       VALUE  FROM      YEAR
                                                  NORMAL
..................................................................
TEMPERATURE (F)
 YESTERDAY
  MAXIMUM         56   1141 PM  59    1958  44     12       35
  MINIMUM         44    947 AM  11    2008  32     12       31
                                      1990
  AVERAGE         50                        38     12       33

PRECIPITATION (IN)
  YESTERDAY        0.29          0.88 1974   0.13   0.16     0.29
  MONTH TO DATE    3.54                      2.86   0.68     1.44
  SINCE OCT 1     13.48                     12.34   1.14     8.61
  SINCE JAN 1     35.57                     34.47   1.10    29.11

DEGREE DAYS
 HEATING
  YESTERDAY       15                        27    -12       32
  MONTH TO DATE  414                       530   -116      613
  SINCE DEC 1    414                       530   -116      613

 COOLING
  YESTERDAY        0                         0      0        0
  MONTH TO DATE    0                         0      0        0
  SINCE DEC 1      0                         0      0        0
  SINCE JAN 1    117                        42     75       95
..................................................................


WIND (MPH)
  RESULTANT WIND SPEED  10   RESULTANT WIND DIRECTION  SE (130)
  HIGHEST WIND SPEED    28   HIGHEST WIND DIRECTION    SE (140)
  HIGHEST GUST SPEED    38   HIGHEST GUST DIRECTION     S (160)
  AVERAGE WIND SPEED    12.2


SKY COVER
  AVERAGE SKY COVER 1.0


WEATHER CONDITIONS
 THE FOLLOWING WEATHER WAS RECORDED YESTERDAY.
  LIGHT RAIN
  FOG


RELATIVE HUMIDITY (PERCENT)
 HIGHEST    89          1000 AM
 LOWEST     56          1200 AM
 AVERAGE    73

..........................................................


THE BELLINGHAM WA AIRPORT CLIMATE NORMALS FOR TODAY
                         NORMAL    RECORD    YEAR
 MAXIMUM TEMPERATURE (F)   44        60      2005
                                             1950
 MINIMUM TEMPERATURE (F)   32         8      1990


SUNRISE AND SUNSET
DECEMBER 21 2014......SUNRISE   801 AM PST   SUNSET   416 PM PST
DECEMBER 22 2014......SUNRISE   801 AM PST   SUNSET   417 PM PST


-  INDICATES NEGATIVE NUMBERS.
R  INDICATES RECORD WAS SET OR TIED.
MM INDICATES DATA IS MISSING.
T  INDICATES TRACE AMOUNT.




$$
