000
CDUS46 KSEW 270828
CLIBLI


CLIMATE REPORT
NATIONAL WEATHER SERVICE SEATTLE WA
1228 AM PST THU NOV 27 2014


...................................

...THE BELLINGHAM WA AIRPORT CLIMATE SUMMARY FOR NOVEMBER 26 2014...

CLIMATE NORMAL PERIOD 1981 TO 2010
CLIMATE RECORD PERIOD 1949 TO 2014


WEATHER ITEM   OBSERVED TIME   RECORD YEAR NORMAL DEPARTURE LAST
                VALUE   (LST)  VALUE       VALUE  FROM      YEAR
                                                  NORMAL
..................................................................
TEMPERATURE (F)
 YESTERDAY
  MAXIMUM         59    908 PM  66    1950  47     12       50
  MINIMUM         41    351 AM   9    1985  35      6       28
  AVERAGE         50                        41      9       39

PRECIPITATION (IN)
  YESTERDAY        0.05          1.12 1963   0.18  -0.13     0.00
  MONTH TO DATE    3.46                      5.06  -1.60     4.37
  SINCE OCT 1      9.03                      8.74   0.29     6.54
  SINCE JAN 1     31.12                     30.87   0.25    27.04

DEGREE DAYS
 HEATING
  YESTERDAY       15                        24     -9       26
  MONTH TO DATE  515                       554    -39      556
  SINCE SEP 1    888                      1261   -373     1188

 COOLING
  YESTERDAY        0                         0      0        0
  MONTH TO DATE    0                         0      0        0
  SINCE SEP 1      2                         2      0        6
  SINCE JAN 1    117                        42     75       95
..................................................................


WIND (MPH)
  RESULTANT WIND SPEED   6   RESULTANT WIND DIRECTION  SE (150)
  HIGHEST WIND SPEED    25   HIGHEST WIND DIRECTION     S (160)
  HIGHEST GUST SPEED    37   HIGHEST GUST DIRECTION    SE (150)
  AVERAGE WIND SPEED    10.0


SKY COVER
  AVERAGE SKY COVER 1.0


WEATHER CONDITIONS
 THE FOLLOWING WEATHER WAS RECORDED YESTERDAY.
  LIGHT RAIN
  FOG


RELATIVE HUMIDITY (PERCENT)
 HIGHEST    96           700 AM
 LOWEST     72           900 PM
 AVERAGE    84

..........................................................


THE BELLINGHAM WA AIRPORT CLIMATE NORMALS FOR TODAY
                         NORMAL    RECORD    YEAR
 MAXIMUM TEMPERATURE (F)   47        60      2011
 MINIMUM TEMPERATURE (F)   34         4      1985


SUNRISE AND SUNSET
NOVEMBER 27 2014......SUNRISE   737 AM PST   SUNSET   418 PM PST
NOVEMBER 28 2014......SUNRISE   738 AM PST   SUNSET   418 PM PST


-  INDICATES NEGATIVE NUMBERS.
R  INDICATES RECORD WAS SET OR TIED.
MM INDICATES DATA IS MISSING.
T  INDICATES TRACE AMOUNT.




$$
