000
CDUS46 KSEW 270828
CLIBLI


CLIMATE REPORT
NATIONAL WEATHER SERVICE SEATTLE WA
1228 AM PST FRI FEB 27 2015


...................................

...THE BELLINGHAM WA AIRPORT CLIMATE SUMMARY FOR FEBRUARY 26 2015...

CLIMATE NORMAL PERIOD 1981 TO 2010
CLIMATE RECORD PERIOD 1949 TO 2015


WEATHER ITEM   OBSERVED TIME   RECORD YEAR NORMAL DEPARTURE LAST
                VALUE   (LST)  VALUE       VALUE  FROM      YEAR
                                                  NORMAL
..................................................................
TEMPERATURE (F)
 YESTERDAY
  MAXIMUM         52   1233 PM  65    1992  50      2       47
  MINIMUM         43    721 AM  18    1962  34      9       29
  AVERAGE         48                        42      6       38

PRECIPITATION (IN)
  YESTERDAY        0.03          0.82 1980   0.10  -0.07     0.00
  MONTH TO DATE    2.37                      2.81  -0.44     2.67
  SINCE OCT 1     22.59                     21.18   1.41    15.89
  SINCE JAN 1      7.86                      7.48   0.38     5.58

DEGREE DAYS
 HEATING
  YESTERDAY       17                        23     -6       27
  MONTH TO DATE  458                       633   -175      718
  SINCE DEC 1   1845                      2267   -422     2352

 COOLING
  YESTERDAY        0                         0      0        0
  MONTH TO DATE    0                         0      0        0
  SINCE DEC 1      0                         0      0        0
  SINCE JAN 1      0                         0      0        0
..................................................................


WIND (MPH)
  RESULTANT WIND SPEED   2   RESULTANT WIND DIRECTION  NE (30)
  HIGHEST WIND SPEED    12   HIGHEST WIND DIRECTION    NE (30)
  HIGHEST GUST SPEED    17   HIGHEST GUST DIRECTION     E (70)
  AVERAGE WIND SPEED     2.8


SKY COVER
  AVERAGE SKY COVER 1.0


WEATHER CONDITIONS
 THE FOLLOWING WEATHER WAS RECORDED YESTERDAY.
  LIGHT RAIN
  FOG


RELATIVE HUMIDITY (PERCENT)
 HIGHEST    96           500 AM
 LOWEST     74           100 PM
 AVERAGE    85

..........................................................


THE BELLINGHAM WA AIRPORT CLIMATE NORMALS FOR TODAY
                         NORMAL    RECORD    YEAR
 MAXIMUM TEMPERATURE (F)   50        68      1986
 MINIMUM TEMPERATURE (F)   34        16      1955


SUNRISE AND SUNSET
FEBRUARY 27 2015......SUNRISE   656 AM PST   SUNSET   550 PM PST
FEBRUARY 28 2015......SUNRISE   654 AM PST   SUNSET   552 PM PST


-  INDICATES NEGATIVE NUMBERS.
R  INDICATES RECORD WAS SET OR TIED.
MM INDICATES DATA IS MISSING.
T  INDICATES TRACE AMOUNT.




$$
