000
CDUS46 KSEW 230831
CLIBLI


CLIMATE REPORT
NATIONAL WEATHER SERVICE SEATTLE WA
130 AM PDT TUE MAY 23 2017


...................................

...THE BELLINGHAM WA AIRPORT CLIMATE SUMMARY FOR MAY 22 2017...

CLIMATE NORMAL PERIOD 1981 TO 2010
CLIMATE RECORD PERIOD 1949 TO 2017


WEATHER ITEM   OBSERVED TIME   RECORD YEAR NORMAL DEPARTURE LAST
                VALUE   (LST)  VALUE       VALUE  FROM      YEAR
                                                  NORMAL
..................................................................
TEMPERATURE (F)
 YESTERDAY
  MAXIMUM         79    531 PM  80    1969  63     16       65
                                      1958
  MINIMUM         48    415 AM  39    2007  47      1       54
                                      1984
  AVERAGE         64                        55      9       60

PRECIPITATION (IN)
  YESTERDAY        0.00          0.61 1996   0.08  -0.08     0.00
  MONTH TO DATE    0.30                      1.75  -1.45     0.41
  SINCE OCT 1     34.00                     29.05   4.95    29.42
  SINCE JAN 1     14.88                     15.35  -0.47    15.35

DEGREE DAYS
 HEATING
  YESTERDAY        1                        10     -9        5
  MONTH TO DATE  239                       262    -23      157
  SINCE MAR 1   1267                      1403   -136      977

 COOLING
  YESTERDAY        0                         0      0        0
  MONTH TO DATE    0                         0      0        1
  SINCE MAR 1      0                         0      0        1
  SINCE JAN 1      0                         0      0        1
..................................................................


WIND (MPH)
  RESULTANT WIND SPEED   3   RESULTANT WIND DIRECTION  NW (300)
  HIGHEST WIND SPEED    13   HIGHEST WIND DIRECTION     W (280)
  HIGHEST GUST SPEED    17   HIGHEST GUST DIRECTION     W (270)
  AVERAGE WIND SPEED     3.2


SKY COVER
  AVERAGE SKY COVER 0.0


WEATHER CONDITIONS
 THE FOLLOWING WEATHER WAS RECORDED YESTERDAY.
  NO SIGNIFICANT WEATHER WAS OBSERVED.


RELATIVE HUMIDITY (PERCENT)
 HIGHEST   100           200 AM
 LOWEST     39           300 PM
 AVERAGE    70

..........................................................


THE BELLINGHAM WA AIRPORT CLIMATE NORMALS FOR TODAY
                         NORMAL    RECORD    YEAR
 MAXIMUM TEMPERATURE (F)   63        88      1969
 MINIMUM TEMPERATURE (F)   47        33      1955


SUNRISE AND SUNSET
MAY 23 2017...........SUNRISE   519 AM PDT   SUNSET   856 PM PDT
MAY 24 2017...........SUNRISE   518 AM PDT   SUNSET   857 PM PDT


-  INDICATES NEGATIVE NUMBERS.
R  INDICATES RECORD WAS SET OR TIED.
MM INDICATES DATA IS MISSING.
T  INDICATES TRACE AMOUNT.




$$
