000
CDUS46 KSEW 300119
CLIBLI


CLIMATE REPORT
NATIONAL WEATHER SERVICE SEATTLE WA
619 PM PDT SAT AUG 29 2015


...................................

...THE BELLINGHAM WA AIRPORT CLIMATE SUMMARY FOR AUGUST 29 2015...
VALID TODAY AS OF 0600 PM LOCAL TIME.

CLIMATE NORMAL PERIOD 1981 TO 2010
CLIMATE RECORD PERIOD 1949 TO 2015


WEATHER ITEM   OBSERVED TIME   RECORD YEAR NORMAL DEPARTURE LAST
                VALUE   (LST)  VALUE       VALUE  FROM      YEAR
                                                  NORMAL
..................................................................
TEMPERATURE (F)
 TODAY
  MAXIMUM         74   1104 AM  85    1974  71      3       65
  MINIMUM         62    733 AM  38    1969  51     11       60
  AVERAGE         68                        61      7       63

PRECIPITATION (IN)
  TODAY            0.32          0.35 2000   0.05   0.27      T
                                      1990
  MONTH TO DATE    0.81                      1.13  -0.32     0.67
  SINCE OCT 1     31.11                     33.95  -2.84    30.07
  SINCE JAN 1     16.38                     20.25  -3.87    19.76

DEGREE DAYS
 HEATING
  TODAY            0                         4     -4        2
  MONTH TO DATE   21                        72    -51       12
  SINCE JUN 1    103                       374   -271      183

 COOLING
  TODAY            3                         0      3        0
  MONTH TO DATE   56                         0     56       62
  SINCE JUN 1    194                        23    171      114
  SINCE JAN 1    194                        23    171      115
..................................................................


WIND (MPH)
  RESULTANT WIND SPEED  17   RESULTANT WIND DIRECTION  SE (150)
  HIGHEST WIND SPEED    39   HIGHEST WIND DIRECTION     S (160)
  HIGHEST GUST SPEED    58   HIGHEST GUST DIRECTION     S (160)
  AVERAGE WIND SPEED    19.9


SKY COVER
  AVERAGE SKY COVER 0.8


WEATHER CONDITIONS
 THE FOLLOWING WEATHER WAS RECORDED TODAY.
  RAIN
  LIGHT RAIN
  FOG


RELATIVE HUMIDITY (PERCENT)
 HIGHEST    93          1200 AM
 LOWEST     49          1100 AM
 AVERAGE    71

..........................................................


THE BELLINGHAM WA AIRPORT CLIMATE NORMALS FOR TOMORROW
                         NORMAL    RECORD    YEAR
 MAXIMUM TEMPERATURE (F)   70        85      1987
 MINIMUM TEMPERATURE (F)   51        42      1965


SUNRISE AND SUNSET
AUGUST 29 2015........SUNRISE   623 AM PDT   SUNSET   759 PM PDT
AUGUST 30 2015........SUNRISE   624 AM PDT   SUNSET   757 PM PDT


-  INDICATES NEGATIVE NUMBERS.
R  INDICATES RECORD WAS SET OR TIED.
MM INDICATES DATA IS MISSING.
T  INDICATES TRACE AMOUNT.




$$
