000
CDUS46 KSEW 150833
CLIBLI


CLIMATE REPORT
NATIONAL WEATHER SERVICE SEATTLE WA
1232 AM PST FRI DEC 15 2017


...................................

...THE BELLINGHAM WA AIRPORT CLIMATE SUMMARY FOR DECEMBER 14 2017...

CLIMATE NORMAL PERIOD 1981 TO 2010
CLIMATE RECORD PERIOD 1949 TO 2017


WEATHER ITEM   OBSERVED TIME   RECORD YEAR NORMAL DEPARTURE LAST
                VALUE   (LST)  VALUE       VALUE  FROM      YEAR
                                                  NORMAL
..................................................................
TEMPERATURE (F)
 YESTERDAY
  MAXIMUM         48    254 PM  63    1962  44      4       27
  MINIMUM         31    556 AM  18    2008  32     -1       20
  AVERAGE         40                        38      2       24

PRECIPITATION (IN)
  YESTERDAY        0.00          1.43 1979   0.12  -0.12     0.00
  MONTH TO DATE    0.69                      2.08  -1.39     1.96
  SINCE OCT 1     12.23                     11.56   0.67    17.12
  SINCE JAN 1     30.90                     33.69  -2.79    36.53

DEGREE DAYS
 HEATING
  YESTERDAY       25                        27     -2       41
  MONTH TO DATE  358                       368    -10      434
  SINCE DEC 1    358                       368    -10      434

 COOLING
  YESTERDAY        0                         0      0        0
  MONTH TO DATE    0                         0      0        0
  SINCE DEC 1      0                         0      0        0
  SINCE JAN 1     97                        42     55      101
..................................................................


WIND (MPH)
  RESULTANT WIND SPEED   0   RESULTANT WIND DIRECTION   N (350)
  HIGHEST WIND SPEED     6   HIGHEST WIND DIRECTION     E (100)
  HIGHEST GUST SPEED     8   HIGHEST GUST DIRECTION     N (360)
  AVERAGE WIND SPEED     1.1


SKY COVER
  AVERAGE SKY COVER 0.1


WEATHER CONDITIONS
 THE FOLLOWING WEATHER WAS RECORDED YESTERDAY.
  FOG
  FOG W/VISIBILITY <= 1/4 MILE


RELATIVE HUMIDITY (PERCENT)
 HIGHEST   100          1200 AM
 LOWEST     66           100 PM
 AVERAGE    83

..........................................................


THE BELLINGHAM WA AIRPORT CLIMATE NORMALS FOR TODAY
                         NORMAL    RECORD    YEAR
 MAXIMUM TEMPERATURE (F)   44        62      1962
 MINIMUM TEMPERATURE (F)   32         2      1964


SUNRISE AND SUNSET
DECEMBER 15 2017......SUNRISE   757 AM PST   SUNSET   414 PM PST
DECEMBER 16 2017......SUNRISE   758 AM PST   SUNSET   414 PM PST


-  INDICATES NEGATIVE NUMBERS.
R  INDICATES RECORD WAS SET OR TIED.
MM INDICATES DATA IS MISSING.
T  INDICATES TRACE AMOUNT.




$$
