000
CDUS46 KSEW 200133
CLIBLI


CLIMATE REPORT
NATIONAL WEATHER SERVICE SEATTLE WA
532 PM PST SUN FEB 19 2017


...................................

...THE BELLINGHAM WA AIRPORT CLIMATE SUMMARY FOR FEBRUARY 19 2017...
VALID TODAY AS OF 0500 PM LOCAL TIME.

CLIMATE NORMAL PERIOD 1981 TO 2010
CLIMATE RECORD PERIOD 1949 TO 2017


WEATHER ITEM   OBSERVED TIME   RECORD YEAR NORMAL DEPARTURE LAST
                VALUE   (LST)  VALUE       VALUE  FROM      YEAR
                                                  NORMAL
..................................................................
TEMPERATURE (F)
 TODAY
  MAXIMUM         50    207 PM  60    1981  49      1       53
                                      1978
                                      1977
  MINIMUM         38    618 AM   8    1986  33      5       43
  AVERAGE         44                        41      3       48

PRECIPITATION (IN)
  TODAY            0.01          0.95 1961   0.10  -0.09     0.02
  MONTH TO DATE    3.63                      2.09   1.54     5.19
  SINCE OCT 1     24.42                     20.46   3.96    22.37
  SINCE JAN 1      5.30                      6.76  -1.46     8.30

DEGREE DAYS
 HEATING
  TODAY           21                        24     -3       17
  MONTH TO DATE  494                       467     27      354
  SINCE DEC 1   2351                      2101    250     1792

 COOLING
  TODAY            0                         0      0        0
  MONTH TO DATE    0                         0      0        0
  SINCE DEC 1      0                         0      0        0
  SINCE JAN 1      0                         0      0        0
..................................................................


WIND (MPH)
  RESULTANT WIND SPEED   6   RESULTANT WIND DIRECTION  SE (120)
  HIGHEST WIND SPEED    26   HIGHEST WIND DIRECTION    SE (150)
  HIGHEST GUST SPEED    37   HIGHEST GUST DIRECTION    SE (130)
  AVERAGE WIND SPEED     8.8


SKY COVER
  AVERAGE SKY COVER 0.8


WEATHER CONDITIONS
 THE FOLLOWING WEATHER WAS RECORDED TODAY.
  LIGHT RAIN
  FOG


RELATIVE HUMIDITY (PERCENT)
 HIGHEST   100           300 AM
 LOWEST     66          1200 PM
 AVERAGE    83

..........................................................


THE BELLINGHAM WA AIRPORT CLIMATE NORMALS FOR TOMORROW
                         NORMAL    RECORD    YEAR
 MAXIMUM TEMPERATURE (F)   49        61      1995
 MINIMUM TEMPERATURE (F)   33        15      1986


SUNRISE AND SUNSET
FEBRUARY 19 2017......SUNRISE   710 AM PST   SUNSET   538 PM PST
FEBRUARY 20 2017......SUNRISE   708 AM PST   SUNSET   540 PM PST


-  INDICATES NEGATIVE NUMBERS.
R  INDICATES RECORD WAS SET OR TIED.
MM INDICATES DATA IS MISSING.
T  INDICATES TRACE AMOUNT.




$$
