467
CDUS46 KSEW 110830
CLIBLI


CLIMATE REPORT
NATIONAL WEATHER SERVICE SEATTLE WA
1230 AM PST SUN DEC 11 2016


...................................

...THE BELLINGHAM WA AIRPORT CLIMATE SUMMARY FOR DECEMBER 10 2016...

CLIMATE NORMAL PERIOD 1981 TO 2010
CLIMATE RECORD PERIOD 1949 TO 2016


WEATHER ITEM   OBSERVED TIME   RECORD YEAR NORMAL DEPARTURE LAST
                VALUE   (LST)  VALUE       VALUE  FROM      YEAR
                                                  NORMAL
..................................................................
TEMPERATURE (F)
 YESTERDAY
  MAXIMUM         42   1159 PM  67    2014  44     -2       51
  MINIMUM         29    807 AM   7    1972  32     -3       44
  AVERAGE         36                        38     -2       48

PRECIPITATION (IN)
  YESTERDAY        0.33          0.93 2014   0.14   0.19     0.36
  MONTH TO DATE    1.58                      1.56   0.02     1.90
  SINCE OCT 1     16.74                     11.04   5.70     9.87
  SINCE JAN 1     36.15                     33.17   2.98    29.45

DEGREE DAYS
 HEATING
  YESTERDAY       29                        27      2       17
  MONTH TO DATE  293                       260     33      148
  SINCE DEC 1    293                       260     33      148

 COOLING
  YESTERDAY        0                         0      0        0
  MONTH TO DATE    0                         0      0        0
  SINCE DEC 1      0                         0      0        0
  SINCE JAN 1    101                        42     59      193
..................................................................


WIND (MPH)
  RESULTANT WIND SPEED   2   RESULTANT WIND DIRECTION   E (70)
  HIGHEST WIND SPEED    23   HIGHEST WIND DIRECTION    SE (150)
  HIGHEST GUST SPEED    32   HIGHEST GUST DIRECTION    SE (150)
  AVERAGE WIND SPEED     7.5


SKY COVER
  AVERAGE SKY COVER 1.0


WEATHER CONDITIONS
 THE FOLLOWING WEATHER WAS RECORDED YESTERDAY.
  LIGHT RAIN
  LT FREEZING RAIN
  FOG


RELATIVE HUMIDITY (PERCENT)
 HIGHEST   100          1200 AM
 LOWEST     79           500 PM
 AVERAGE    90

..........................................................


THE BELLINGHAM WA AIRPORT CLIMATE NORMALS FOR TODAY
                         NORMAL    RECORD    YEAR
 MAXIMUM TEMPERATURE (F)   44        59      2014
 MINIMUM TEMPERATURE (F)   32        20      1949


SUNRISE AND SUNSET
DECEMBER 11 2016......SUNRISE   754 AM PST   SUNSET   414 PM PST
DECEMBER 12 2016......SUNRISE   755 AM PST   SUNSET   414 PM PST


-  INDICATES NEGATIVE NUMBERS.
R  INDICATES RECORD WAS SET OR TIED.
MM INDICATES DATA IS MISSING.
T  INDICATES TRACE AMOUNT.




$$
