421
CDUS46 KSEW 190831
CLIBLI


CLIMATE REPORT
NATIONAL WEATHER SERVICE SEATTLE WA
131 AM PDT THU OCT 19 2017


...................................

...THE BELLINGHAM WA AIRPORT CLIMATE SUMMARY FOR OCTOBER 18 2017...

CLIMATE NORMAL PERIOD 1981 TO 2010
CLIMATE RECORD PERIOD 1949 TO 2017


WEATHER ITEM   OBSERVED TIME   RECORD YEAR NORMAL DEPARTURE LAST
                VALUE   (LST)  VALUE       VALUE  FROM      YEAR
                                                  NORMAL
..................................................................
TEMPERATURE (F)
 YESTERDAY
  MAXIMUM         59    830 PM  69    1960  57      2       54
  MINIMUM         42    127 AM  30    1982  41      1       49
  AVERAGE         51                        49      2       52

PRECIPITATION (IN)
  YESTERDAY        1.44R         0.80 2001   0.13   1.31     0.37
  MONTH TO DATE    3.42                      1.77   1.65     4.70
  SINCE OCT 1      3.42                      1.77   1.65     4.70
  SINCE JAN 1     22.09                     23.90  -1.81    24.11

DEGREE DAYS
 HEATING
  YESTERDAY       14                        16     -2       13
  MONTH TO DATE  264                       248     16      200
  SINCE SEP 1    408                       482    -74      404

 COOLING
  YESTERDAY        0                         0      0        0
  MONTH TO DATE    0                         0      0        0
  SINCE SEP 1     31                         2     29        0
  SINCE JAN 1     97                        42     55      101
..................................................................


WIND (MPH)
  RESULTANT WIND SPEED  13   RESULTANT WIND DIRECTION  SE (150)
  HIGHEST WIND SPEED    35   HIGHEST WIND DIRECTION    SE (150)
  HIGHEST GUST SPEED    52   HIGHEST GUST DIRECTION    SE (150)
  AVERAGE WIND SPEED    14.2


SKY COVER
  AVERAGE SKY COVER 0.9


WEATHER CONDITIONS
 THE FOLLOWING WEATHER WAS RECORDED YESTERDAY.
  HEAVY RAIN
  RAIN
  LIGHT RAIN
  FOG


RELATIVE HUMIDITY (PERCENT)
 HIGHEST   100           500 PM
 LOWEST     71          1200 AM
 AVERAGE    86

..........................................................


THE BELLINGHAM WA AIRPORT CLIMATE NORMALS FOR TODAY
                         NORMAL    RECORD    YEAR
 MAXIMUM TEMPERATURE (F)   57        75      2014
 MINIMUM TEMPERATURE (F)   41        25      1949


SUNRISE AND SUNSET
OCTOBER 19 2017.......SUNRISE   737 AM PDT   SUNSET   612 PM PDT
OCTOBER 20 2017.......SUNRISE   739 AM PDT   SUNSET   610 PM PDT


-  INDICATES NEGATIVE NUMBERS.
R  INDICATES RECORD WAS SET OR TIED.
MM INDICATES DATA IS MISSING.
T  INDICATES TRACE AMOUNT.




$$
