000
CDUS46 KSEW 310826
CLIBLI


CLIMATE REPORT
NATIONAL WEATHER SERVICE SEATTLE WA
126 AM PDT FRI OCT 31 2014


...................................

...THE BELLINGHAM WA AIRPORT CLIMATE SUMMARY FOR OCTOBER 30 2014...

CLIMATE NORMAL PERIOD 1981 TO 2010
CLIMATE RECORD PERIOD 1949 TO 2014


WEATHER ITEM   OBSERVED TIME   RECORD YEAR NORMAL DEPARTURE LAST
                VALUE   (LST)  VALUE       VALUE  FROM      YEAR
                                                  NORMAL
..................................................................
TEMPERATURE (F)
 YESTERDAY
  MAXIMUM         62    617 PM  74    1958  54      8       53
  MINIMUM         50   1212 AM  23    2002  40     10       32
  AVERAGE         56                        47      9       43

PRECIPITATION (IN)
  YESTERDAY        0.49          1.24 1999   0.16   0.33     0.09
  MONTH TO DATE    5.09                      3.52   1.57     1.89
  SINCE OCT 1      5.09                      3.52   1.57     1.89
  SINCE JAN 1     27.18                     25.65   1.53    22.39

DEGREE DAYS
 HEATING
  YESTERDAY        9                        18     -9       22
  MONTH TO DATE  246                       453   -207      468
  SINCE SEP 1    355                       687   -332      617

 COOLING
  YESTERDAY        0                         0      0        0
  MONTH TO DATE    0                         0      0        0
  SINCE SEP 1      2                         2      0        6
  SINCE JAN 1    117                        42     75       95
..................................................................


WIND (MPH)
  RESULTANT WIND SPEED   4   RESULTANT WIND DIRECTION  NE (40)
  HIGHEST WIND SPEED    21   HIGHEST WIND DIRECTION     S (160)
  HIGHEST GUST SPEED    33   HIGHEST GUST DIRECTION    SE (140)
  AVERAGE WIND SPEED     6.1


SKY COVER
  AVERAGE SKY COVER 1.0


WEATHER CONDITIONS
 THE FOLLOWING WEATHER WAS RECORDED YESTERDAY.
  RAIN
  LIGHT RAIN
  FOG


RELATIVE HUMIDITY (PERCENT)
 HIGHEST    93          1100 AM
 LOWEST     71           300 AM
 AVERAGE    82

..........................................................


THE BELLINGHAM WA AIRPORT CLIMATE NORMALS FOR TODAY
                         NORMAL    RECORD    YEAR
 MAXIMUM TEMPERATURE (F)   54        67      1958
 MINIMUM TEMPERATURE (F)   40        20      1984


SUNRISE AND SUNSET
OCTOBER 31 2014.......SUNRISE   756 AM PDT   SUNSET   551 PM PDT
NOVEMBER  1 2014......SUNRISE   757 AM PDT   SUNSET   550 PM PDT


-  INDICATES NEGATIVE NUMBERS.
R  INDICATES RECORD WAS SET OR TIED.
MM INDICATES DATA IS MISSING.
T  INDICATES TRACE AMOUNT.




$$
