000
CDUS43 KIND 290531
CLIBMG


CLIMATE REPORT
NATIONAL WEATHER SERVICE INDIANAPOLIS IN
131 AM EDT FRI JUL 29 2016


...................................

...THE BLOOMINGTON IN CLIMATE SUMMARY FOR JULY 28 2016...

CLIMATE NORMAL PERIOD 1981 TO 2010
CLIMATE RECORD PERIOD 9999 TO 9999


WEATHER ITEM   OBSERVED TIME   NORMAL DEPARTURE LAST
                VALUE   (LST)  VALUE  FROM      YEAR
                                      NORMAL
......................................................
TEMPERATURE (F)
 YESTERDAY
  MAXIMUM         85    232 PM  84      1       92
  MINIMUM         68   1159 PM  63      5       70
  AVERAGE         77            74      3       81

PRECIPITATION (IN)
  YESTERDAY        1.45          0.09   1.36     0.00
  MONTH TO DATE    6.33          4.60   1.73     6.09
  SINCE JUN 1      9.96          9.49   0.47    16.66
  SINCE JAN 1     28.56         29.38  -0.82    31.22

DEGREE DAYS
 HEATING
  YESTERDAY        0             0      0        0
  MONTH TO DATE    3             0      3        0
  SINCE JUN 1      4            15    -11       17
  SINCE JUL 1      3             0      3        0

 COOLING
  YESTERDAY       12             9      3       16
  MONTH TO DATE  302           252     50      260
  SINCE JUN 1    590           460    130      509
  SINCE JAN 1    680           542    138      636
......................................................


WIND (MPH)
  HIGHEST WIND SPEED    13   HIGHEST WIND DIRECTION     E (110)
  HIGHEST GUST SPEED    17   HIGHEST GUST DIRECTION     E (110)
  AVERAGE WIND SPEED     2.6


SKY COVER
  AVERAGE SKY COVER 0.7


WEATHER CONDITIONS
 THE FOLLOWING WEATHER WAS RECORDED YESTERDAY.
  THUNDERSTORM
  HEAVY RAIN
  RAIN
  LIGHT RAIN
  FOG


RELATIVE HUMIDITY (PERCENT)
 HIGHEST    93          1200 AM
 LOWEST     69          1200 PM
 AVERAGE    81

..........................................................


THE BLOOMINGTON IN CLIMATE NORMALS FOR TODAY
                         NORMAL
 MAXIMUM TEMPERATURE (F)   84
 MINIMUM TEMPERATURE (F)   63


SUNRISE AND SUNSET
JULY 29 2016..........SUNRISE   645 AM EDT   SUNSET   901 PM EDT
JULY 30 2016..........SUNRISE   646 AM EDT   SUNSET   900 PM EDT


-  INDICATES NEGATIVE NUMBERS.
R  INDICATES RECORD WAS SET OR TIED.
MM INDICATES DATA IS MISSING.
T  INDICATES TRACE AMOUNT.




$$
