000
CDUS43 KIND 300531
CLIBMG


CLIMATE REPORT
NATIONAL WEATHER SERVICE INDIANAPOLIS IN
131 AM EDT TUE JUN 30 2015


...................................

...THE BLOOMINGTON IN CLIMATE SUMMARY FOR JUNE 29 2015...

CLIMATE NORMAL PERIOD 1981 TO 2010
CLIMATE RECORD PERIOD 9999 TO 9999


WEATHER ITEM   OBSERVED TIME   NORMAL DEPARTURE LAST
                VALUE   (LST)  VALUE  FROM      YEAR
                                      NORMAL
......................................................
TEMPERATURE (F)
 YESTERDAY
  MAXIMUM         78    504 PM  84     -6       81
  MINIMUM         64    616 AM  63      1       72
  AVERAGE         71            74     -3       77

PRECIPITATION (IN)
  YESTERDAY        1.16          0.16   1.00     0.05
  MONTH TO DATE   10.28          4.74   5.54     4.83
  SINCE JUN 1     10.28          4.74   5.54     4.83
  SINCE JAN 1     24.84         24.63   0.21    23.43

DEGREE DAYS
 HEATING
  YESTERDAY        0             0      0        0
  MONTH TO DATE   17            13      4        3
  SINCE JUN 1     17            13      4        3
  SINCE JUL 1   5706          5264    442     5833

 COOLING
  YESTERDAY        6             9     -3       12
  MONTH TO DATE  241           200     41      259
  SINCE JUN 1    241           200     41      259
  SINCE JAN 1    368           282     86      385
......................................................


WIND (MPH)
  HIGHEST WIND SPEED    15   HIGHEST WIND DIRECTION     W (280)
  HIGHEST GUST SPEED    22   HIGHEST GUST DIRECTION     W (260)
  AVERAGE WIND SPEED     7.0


SKY COVER
  AVERAGE SKY COVER 0.7


WEATHER CONDITIONS
 THE FOLLOWING WEATHER WAS RECORDED YESTERDAY.
  THUNDERSTORM
  HEAVY RAIN
  RAIN
  LIGHT RAIN
  FOG


RELATIVE HUMIDITY (PERCENT)
 HIGHEST   100           700 AM
 LOWEST     64           300 PM
 AVERAGE    82

..........................................................


THE BLOOMINGTON IN CLIMATE NORMALS FOR TODAY
                         NORMAL
 MAXIMUM TEMPERATURE (F)   84
 MINIMUM TEMPERATURE (F)   63


SUNRISE AND SUNSET
JUNE 30 2015..........SUNRISE   624 AM EDT   SUNSET   917 PM EDT
JULY  1 2015..........SUNRISE   624 AM EDT   SUNSET   916 PM EDT


-  INDICATES NEGATIVE NUMBERS.
R  INDICATES RECORD WAS SET OR TIED.
MM INDICATES DATA IS MISSING.
T  INDICATES TRACE AMOUNT.




$$
