000
CDUS43 KIND 210533
CLIBMG


CLIMATE REPORT
NATIONAL WEATHER SERVICE INDIANAPOLIS IN
133 AM EDT FRI JUL 21 2017


...................................

...THE BLOOMINGTON IN CLIMATE SUMMARY FOR JULY 20 2017...

CLIMATE NORMAL PERIOD 1981 TO 2010
CLIMATE RECORD PERIOD 9999 TO 9999


WEATHER ITEM   OBSERVED TIME   NORMAL DEPARTURE LAST
                VALUE   (LST)  VALUE  FROM      YEAR
                                      NORMAL
......................................................
TEMPERATURE (F)
 YESTERDAY
  MAXIMUM         91    325 PM  84      7       88
  MINIMUM         69    337 AM  64      5       71
  AVERAGE         80            74      6       80

PRECIPITATION (IN)
  YESTERDAY        0.00          0.18  -0.18     0.22
  MONTH TO DATE    2.47          3.56  -1.09     4.67
  SINCE JUN 1      5.96          8.45  -2.49     8.30
  SINCE JAN 1     27.76         28.34  -0.58    26.90

DEGREE DAYS
 HEATING
  YESTERDAY        0             0      0        0
  MONTH TO DATE    0             0      0        3
  SINCE JUN 1      8            15     -7        4
  SINCE JUL 1      0             0      0        3

 COOLING
  YESTERDAY       15             9      6       15
  MONTH TO DATE  216           180     36      185
  SINCE JUN 1    438           388     50      473
  SINCE JAN 1    569           470     99      563
......................................................


WIND (MPH)
  HIGHEST WIND SPEED    14   HIGHEST WIND DIRECTION    SW (240)
  HIGHEST GUST SPEED    18   HIGHEST GUST DIRECTION    SW (240)
  AVERAGE WIND SPEED     4.6


SKY COVER
  AVERAGE SKY COVER 0.0


WEATHER CONDITIONS
 THE FOLLOWING WEATHER WAS RECORDED YESTERDAY.
  FOG


RELATIVE HUMIDITY (PERCENT)
 HIGHEST    93          1200 AM
 LOWEST     56           300 PM
 AVERAGE    75

..........................................................


THE BLOOMINGTON IN CLIMATE NORMALS FOR TODAY
                         NORMAL
 MAXIMUM TEMPERATURE (F)   84
 MINIMUM TEMPERATURE (F)   64


SUNRISE AND SUNSET
JULY 21 2017..........SUNRISE   638 AM EDT   SUNSET   908 PM EDT
JULY 22 2017..........SUNRISE   638 AM EDT   SUNSET   907 PM EDT


-  INDICATES NEGATIVE NUMBERS.
R  INDICATES RECORD WAS SET OR TIED.
MM INDICATES DATA IS MISSING.
T  INDICATES TRACE AMOUNT.




$$
