000
CDUS43 KIND 051200
CLIBMG


CLIMATE REPORT
NATIONAL WEATHER SERVICE INDIANAPOLIS IN
659 AM EST MON DEC 5 2016


...................................

...THE BLOOMINGTON IN CLIMATE SUMMARY FOR DECEMBER 4 2016...

CLIMATE NORMAL PERIOD 1981 TO 2010
CLIMATE RECORD PERIOD 9999 TO 9999


WEATHER ITEM   OBSERVED TIME   NORMAL DEPARTURE LAST
                VALUE   (LST)  VALUE  FROM      YEAR
                                      NORMAL
......................................................
TEMPERATURE (F)
 YESTERDAY
  MAXIMUM         43    644 PM  44     -1       38
  MINIMUM         34    252 AM  27      7       22
  AVERAGE         39            36      3       30

PRECIPITATION (IN)
  YESTERDAY        0.22          0.10   0.12     0.00
  MONTH TO DATE    0.22          0.41  -0.19     0.16
  SINCE DEC 1      0.22          0.41  -0.19     0.16
  SINCE JAN 1     48.02         44.42   3.60    43.70

DEGREE DAYS
 HEATING
  YESTERDAY       26            29     -3       35
  MONTH TO DATE  108           115     -7      125
  SINCE DEC 1    108           115     -7      125
  SINCE JUL 1    791          1171   -380      917

 COOLING
  YESTERDAY        0             0      0        0
  MONTH TO DATE    0             0      0        0
  SINCE DEC 1      0             0      0        0
  SINCE JAN 1   1322           927    395     1044
......................................................


WIND (MPH)
  HIGHEST WIND SPEED    16   HIGHEST WIND DIRECTION     W (280)
  HIGHEST GUST SPEED    21   HIGHEST GUST DIRECTION     W (280)
  AVERAGE WIND SPEED     7.5


SKY COVER
  AVERAGE SKY COVER 0.9


WEATHER CONDITIONS
 THE FOLLOWING WEATHER WAS RECORDED YESTERDAY.
  RAIN
  LIGHT RAIN
  FOG
  HAZE


RELATIVE HUMIDITY (PERCENT)
 HIGHEST    93           400 PM
 LOWEST     70          1100 AM
 AVERAGE    82

..........................................................


THE BLOOMINGTON IN CLIMATE NORMALS FOR TODAY
                         NORMAL
 MAXIMUM TEMPERATURE (F)   44
 MINIMUM TEMPERATURE (F)   27


SUNRISE AND SUNSET
DECEMBER  5 2016......SUNRISE   751 AM EST   SUNSET   524 PM EST
DECEMBER  6 2016......SUNRISE   752 AM EST   SUNSET   524 PM EST


-  INDICATES NEGATIVE NUMBERS.
R  INDICATES RECORD WAS SET OR TIED.
MM INDICATES DATA IS MISSING.
T  INDICATES TRACE AMOUNT.




$$
