000
CDUS43 KIND 280532
CLIBMG


CLIMATE REPORT
NATIONAL WEATHER SERVICE INDIANAPOLIS IN
131 AM EDT SAT MAR 28 2015


...................................

...THE BLOOMINGTON IN CLIMATE SUMMARY FOR MARCH 27 2015...

CLIMATE NORMAL PERIOD 1981 TO 2010
CLIMATE RECORD PERIOD 9999 TO 9999


WEATHER ITEM   OBSERVED TIME   NORMAL DEPARTURE LAST
                VALUE   (LST)  VALUE  FROM      YEAR
                                      NORMAL
......................................................
TEMPERATURE (F)
 YESTERDAY
  MAXIMUM         36    218 PM  59    -23       59
  MINIMUM         22   1159 PM  36    -14       33
  AVERAGE         29            47    -18       46

PRECIPITATION (IN)
  YESTERDAY        T             0.16  -0.16     0.12
  MONTH TO DATE    4.55          3.17   1.38     1.02
  SINCE MAR 1      4.55          3.17   1.38     1.02
  SINCE JAN 1      8.12          9.24  -1.12     5.67

DEGREE DAYS
 HEATING
  YESTERDAY       36            18     18       19
  MONTH TO DATE  655           619     36      758
  SINCE MAR 1    655           619     36      758
  SINCE JUL 1   5226          4687    539     5320

 COOLING
  YESTERDAY        0             0      0        0
  MONTH TO DATE    0             0      0        0
  SINCE MAR 1      0             0      0        0
  SINCE JAN 1      0             0      0        0
......................................................


WIND (MPH)
  HIGHEST WIND SPEED    20   HIGHEST WIND DIRECTION     N (10)
  HIGHEST GUST SPEED    23   HIGHEST GUST DIRECTION     N (20)
  AVERAGE WIND SPEED     8.9


SKY COVER
  AVERAGE SKY COVER 0.6


WEATHER CONDITIONS
 THE FOLLOWING WEATHER WAS RECORDED YESTERDAY.
  LIGHT SNOW


RELATIVE HUMIDITY (PERCENT)
 HIGHEST    92           300 AM
 LOWEST     53           800 PM
 AVERAGE    73

..........................................................


THE BLOOMINGTON IN CLIMATE NORMALS FOR TODAY
                         NORMAL
 MAXIMUM TEMPERATURE (F)   59
 MINIMUM TEMPERATURE (F)   36


SUNRISE AND SUNSET
MARCH 28 2015.........SUNRISE   738 AM EDT   SUNSET   806 PM EDT
MARCH 29 2015.........SUNRISE   736 AM EDT   SUNSET   807 PM EDT


-  INDICATES NEGATIVE NUMBERS.
R  INDICATES RECORD WAS SET OR TIED.
MM INDICATES DATA IS MISSING.
T  INDICATES TRACE AMOUNT.




$$
