000
CDUS43 KIND 010535
CLIBMG


CLIMATE REPORT
NATIONAL WEATHER SERVICE INDIANAPOLIS IN
133 AM EDT SAT OCT 1 2016


...................................

...THE BLOOMINGTON IN CLIMATE SUMMARY FOR SEPTEMBER 30 2016...

CLIMATE NORMAL PERIOD 1981 TO 2010
CLIMATE RECORD PERIOD 9999 TO 9999


WEATHER ITEM   OBSERVED TIME   NORMAL DEPARTURE LAST
                VALUE   (LST)  VALUE  FROM      YEAR
                                      NORMAL
......................................................
TEMPERATURE (F)
 YESTERDAY
  MAXIMUM         70    303 PM  73     -3       71
  MINIMUM         51   1159 PM  47      4       58
  AVERAGE         61            60      1       65

PRECIPITATION (IN)
  YESTERDAY        0.06          0.14  -0.08     0.00
  MONTH TO DATE    5.13          3.35   1.78     1.26
  SINCE SEP 1      5.13          3.35   1.78     1.26
  SINCE JAN 1     41.05         36.54   4.51    36.71

DEGREE DAYS
 HEATING
  YESTERDAY        4             7     -3        0
  MONTH TO DATE   16            78    -62       26
  SINCE SEP 1     16            78    -62       26
  SINCE JUL 1     19            85    -66       29

 COOLING
  YESTERDAY        0             1     -1        0
  MONTH TO DATE  188            96     92      154
  SINCE SEP 1    188            96     92      154
  SINCE JAN 1   1263           913    350     1032
......................................................


WIND (MPH)
  HIGHEST WIND SPEED    10   HIGHEST WIND DIRECTION     S (170)
  HIGHEST GUST SPEED    13   HIGHEST GUST DIRECTION     S (180)
  AVERAGE WIND SPEED     4.3


SKY COVER
  AVERAGE SKY COVER 0.7


WEATHER CONDITIONS
 THE FOLLOWING WEATHER WAS RECORDED YESTERDAY.
  LIGHT RAIN
  FOG


RELATIVE HUMIDITY (PERCENT)
 HIGHEST    93           300 AM
 LOWEST     57           300 PM
 AVERAGE    75

..........................................................


THE BLOOMINGTON IN CLIMATE NORMALS FOR TODAY
                         NORMAL
 MAXIMUM TEMPERATURE (F)   72
 MINIMUM TEMPERATURE (F)   47


SUNRISE AND SUNSET
OCTOBER  1 2016.......SUNRISE   743 AM EDT   SUNSET   728 PM EDT
OCTOBER  2 2016.......SUNRISE   744 AM EDT   SUNSET   727 PM EDT


-  INDICATES NEGATIVE NUMBERS.
R  INDICATES RECORD WAS SET OR TIED.
MM INDICATES DATA IS MISSING.
T  INDICATES TRACE AMOUNT.




$$
