000
CDUS43 KIND 030534
CLIBMG


CLIMATE REPORT
NATIONAL WEATHER SERVICE INDIANAPOLIS IN
1233 AM EST TUE MAR 3 2015


...................................

...THE BLOOMINGTON IN CLIMATE SUMMARY FOR MARCH 2 2015...

CLIMATE NORMAL PERIOD 1981 TO 2010
CLIMATE RECORD PERIOD 9999 TO 9999


WEATHER ITEM   OBSERVED TIME   NORMAL DEPARTURE LAST
                VALUE   (LST)  VALUE  FROM      YEAR
                                      NORMAL
......................................................
TEMPERATURE (F)
 YESTERDAY
  MAXIMUM         38    449 PM  48    -10       30
  MINIMUM         13    822 AM  27    -14       15
  AVERAGE         26            38    -12       23

PRECIPITATION (IN)
  YESTERDAY        0.00          0.07  -0.07     0.34
  MONTH TO DATE    0.41          0.15   0.26     0.34
  SINCE MAR 1      0.41          0.15   0.26     0.34
  SINCE JAN 1      3.98          6.22  -2.24     4.99

DEGREE DAYS
 HEATING
  YESTERDAY       39            27     12       42
  MONTH TO DATE   75            55     20       66
  SINCE MAR 1     75            55     20       66
  SINCE JUL 1   4646          4123    523     4628

 COOLING
  YESTERDAY        0             0      0        0
  MONTH TO DATE    0             0      0        0
  SINCE MAR 1      0             0      0        0
  SINCE JAN 1      0             0      0        0
......................................................


WIND (MPH)
  HIGHEST WIND SPEED    12   HIGHEST WIND DIRECTION    NW (300)
  HIGHEST GUST SPEED    15   HIGHEST GUST DIRECTION    NW (310)
  AVERAGE WIND SPEED     4.1


SKY COVER
  AVERAGE SKY COVER 0.1


WEATHER CONDITIONS
 THE FOLLOWING WEATHER WAS RECORDED YESTERDAY.
  FOG
  HAZE


RELATIVE HUMIDITY (PERCENT)
 HIGHEST    96           800 AM
 LOWEST     35           400 PM
 AVERAGE    66

..........................................................


THE BLOOMINGTON IN CLIMATE NORMALS FOR TODAY
                         NORMAL
 MAXIMUM TEMPERATURE (F)   49
 MINIMUM TEMPERATURE (F)   27


SUNRISE AND SUNSET
MARCH  3 2015.........SUNRISE   717 AM EST   SUNSET   641 PM EST
MARCH  4 2015.........SUNRISE   715 AM EST   SUNSET   642 PM EST


-  INDICATES NEGATIVE NUMBERS.
R  INDICATES RECORD WAS SET OR TIED.
MM INDICATES DATA IS MISSING.
T  INDICATES TRACE AMOUNT.




$$
