000
CDUS43 KIND 020531
CLIBMG


CLIMATE REPORT
NATIONAL WEATHER SERVICE INDIANAPOLIS IN
131 AM EDT TUE SEP 2 2014


...................................

...THE BLOOMINGTON IN CLIMATE SUMMARY FOR SEPTEMBER 1 2014...

CLIMATE NORMAL PERIOD 1981 TO 2010
CLIMATE RECORD PERIOD 9999 TO 9999


WEATHER ITEM   OBSERVED TIME   NORMAL DEPARTURE LAST
                VALUE   (LST)  VALUE  FROM      YEAR
                                      NORMAL
......................................................
TEMPERATURE (F)
 YESTERDAY
  MAXIMUM         81    448 PM  83     -2       85
  MINIMUM         71   1201 AM  59     12       67
  AVERAGE         76            71      5       76

PRECIPITATION (IN)
  YESTERDAY        0.02          0.11  -0.09     0.04
  MONTH TO DATE    0.02          0.11  -0.09     0.04
  SINCE SEP 1      0.02          0.11  -0.09     0.04
  SINCE JAN 1     30.65         33.30  -2.65    30.36

DEGREE DAYS
 HEATING
  YESTERDAY        0             0      0        0
  MONTH TO DATE    0             0      0        0
  SINCE SEP 1      0             0      0        0
  SINCE JUL 1      6             7     -1       14

 COOLING
  YESTERDAY       11             6      5       11
  MONTH TO DATE   11             6      5       11
  SINCE SEP 1     11             6      5       11
  SINCE JAN 1    841           823     18      852
......................................................


WIND (MPH)
  HIGHEST WIND SPEED    22   HIGHEST WIND DIRECTION     S (200)
  HIGHEST GUST SPEED    28   HIGHEST GUST DIRECTION    SW (210)
  AVERAGE WIND SPEED     9.6


SKY COVER
  AVERAGE SKY COVER 0.6


WEATHER CONDITIONS
 THE FOLLOWING WEATHER WAS RECORDED YESTERDAY.
  LIGHT RAIN
  FOG


RELATIVE HUMIDITY (PERCENT)
 HIGHEST    93          1200 AM
 LOWEST     74           300 PM
 AVERAGE    84

..........................................................


THE BLOOMINGTON IN CLIMATE NORMALS FOR TODAY
                         NORMAL
 MAXIMUM TEMPERATURE (F)   83
 MINIMUM TEMPERATURE (F)   58


SUNRISE AND SUNSET
SEPTEMBER  2 2014.....SUNRISE   716 AM EDT   SUNSET   815 PM EDT
SEPTEMBER  3 2014.....SUNRISE   717 AM EDT   SUNSET   814 PM EDT


-  INDICATES NEGATIVE NUMBERS.
R  INDICATES RECORD WAS SET OR TIED.
MM INDICATES DATA IS MISSING.
T  INDICATES TRACE AMOUNT.




$$
