000
CDUS43 KIND 170534
CLIBMG


CLIMATE REPORT
NATIONAL WEATHER SERVICE INDIANAPOLIS IN
1234 AM EST WED DEC 17 2014


...................................

...THE BLOOMINGTON IN CLIMATE SUMMARY FOR DECEMBER 16 2014...

CLIMATE NORMAL PERIOD 1981 TO 2010
CLIMATE RECORD PERIOD 9999 TO 9999


WEATHER ITEM   OBSERVED TIME   NORMAL DEPARTURE LAST
                VALUE   (LST)  VALUE  FROM      YEAR
                                      NORMAL
......................................................
TEMPERATURE (F)
 YESTERDAY
  MAXIMUM         50    321 AM  40     10       37
  MINIMUM         31   1159 PM  24      7       27
  AVERAGE         41            32      9       32

PRECIPITATION (IN)
  YESTERDAY        0.23          0.09   0.14     0.01
  MONTH TO DATE    2.53          1.63   0.90     1.39
  SINCE DEC 1      2.53          1.63   0.90     1.39
  SINCE JAN 1     45.17         45.64  -0.47    42.26

DEGREE DAYS
 HEATING
  YESTERDAY       24            33     -9       33
  MONTH TO DATE  448           496    -48      571
  SINCE DEC 1    448           496    -48      571
  SINCE JUL 1   1724          1552    172     1711

 COOLING
  YESTERDAY        0             0      0        0
  MONTH TO DATE    0             0      0        0
  SINCE DEC 1      0             0      0        0
  SINCE JAN 1    904           927    -23     1006
......................................................


WIND (MPH)
  HIGHEST WIND SPEED    21   HIGHEST WIND DIRECTION     W (280)
  HIGHEST GUST SPEED    30   HIGHEST GUST DIRECTION     W (260)
  AVERAGE WIND SPEED    11.5


SKY COVER
  AVERAGE SKY COVER 1.0


WEATHER CONDITIONS
 THE FOLLOWING WEATHER WAS RECORDED YESTERDAY.
  HEAVY RAIN
  RAIN
  LIGHT RAIN
  LIGHT SNOW
  FOG


RELATIVE HUMIDITY (PERCENT)
 HIGHEST   100           700 PM
 LOWEST     85          1100 PM
 AVERAGE    93

..........................................................


THE BLOOMINGTON IN CLIMATE NORMALS FOR TODAY
                         NORMAL
 MAXIMUM TEMPERATURE (F)   40
 MINIMUM TEMPERATURE (F)   23


SUNRISE AND SUNSET
DECEMBER 17 2014......SUNRISE   800 AM EST   SUNSET   525 PM EST
DECEMBER 18 2014......SUNRISE   800 AM EST   SUNSET   526 PM EST


-  INDICATES NEGATIVE NUMBERS.
R  INDICATES RECORD WAS SET OR TIED.
MM INDICATES DATA IS MISSING.
T  INDICATES TRACE AMOUNT.




$$
