000
CDUS43 KIND 230532
CLIBMG


CLIMATE REPORT
NATIONAL WEATHER SERVICE INDIANAPOLIS IN
131 AM EDT WED JUL 23 2014


...................................

...THE BLOOMINGTON IN CLIMATE SUMMARY FOR JULY 22 2014...

CLIMATE NORMAL PERIOD 1981 TO 2010
CLIMATE RECORD PERIOD 9999 TO 9999


WEATHER ITEM   OBSERVED TIME   NORMAL DEPARTURE LAST
                VALUE   (LST)  VALUE  FROM      YEAR
                                      NORMAL
......................................................
TEMPERATURE (F)
 YESTERDAY
  MAXIMUM         88    305 PM  84      4       82
  MINIMUM         60    517 AM  64     -4       69
  AVERAGE         74            74      0       76

PRECIPITATION (IN)
  YESTERDAY        0.00          0.17  -0.17     0.17
  MONTH TO DATE    2.05          3.90  -1.85     3.17
  SINCE JUN 1      7.22          8.79  -1.57     8.74
  SINCE JAN 1     25.82         28.68  -2.86    27.75

DEGREE DAYS
 HEATING
  YESTERDAY        0             0      0        0
  MONTH TO DATE    2             0      2        0
  SINCE JUN 1      5            15    -10        7
  SINCE JUL 1      2             0      2        0

 COOLING
  YESTERDAY        9             9      0       11
  MONTH TO DATE  121           198    -77      218
  SINCE JUN 1    394           406    -12      442
  SINCE JAN 1    520           488     32      561
......................................................


WIND (MPH)
  HIGHEST WIND SPEED    13   HIGHEST WIND DIRECTION    SW (240)
  HIGHEST GUST SPEED    16   HIGHEST GUST DIRECTION    SW (230)
  AVERAGE WIND SPEED     3.3


SKY COVER
  AVERAGE SKY COVER 0.1


WEATHER CONDITIONS
 THE FOLLOWING WEATHER WAS RECORDED YESTERDAY.
  FOG
  FOG W/VISIBILITY <= 1/4 MILE
  HAZE


RELATIVE HUMIDITY (PERCENT)
 HIGHEST   100           200 AM
 LOWEST     51           100 PM
 AVERAGE    76

..........................................................


THE BLOOMINGTON IN CLIMATE NORMALS FOR TODAY
                         NORMAL
 MAXIMUM TEMPERATURE (F)   84
 MINIMUM TEMPERATURE (F)   64


SUNRISE AND SUNSET
JULY 23 2014..........SUNRISE   639 AM EDT   SUNSET   906 PM EDT
JULY 24 2014..........SUNRISE   640 AM EDT   SUNSET   906 PM EDT


-  INDICATES NEGATIVE NUMBERS.
R  INDICATES RECORD WAS SET OR TIED.
MM INDICATES DATA IS MISSING.
T  INDICATES TRACE AMOUNT.




$$
