000
CDUS43 KIND 290531
CLIBMG


CLIMATE REPORT
NATIONAL WEATHER SERVICE INDIANAPOLIS IN
130 AM EDT TUE JUL 29 2014


...................................

...THE BLOOMINGTON IN CLIMATE SUMMARY FOR JULY 28 2014...

CLIMATE NORMAL PERIOD 1981 TO 2010
CLIMATE RECORD PERIOD 9999 TO 9999


WEATHER ITEM   OBSERVED TIME   NORMAL DEPARTURE LAST
                VALUE   (LST)  VALUE  FROM      YEAR
                                      NORMAL
......................................................
TEMPERATURE (F)
 YESTERDAY
  MAXIMUM         75    442 PM  84     -9       73
  MINIMUM         53   1148 PM  63    -10       49
  AVERAGE         64            74    -10       61

PRECIPITATION (IN)
  YESTERDAY        0.00          0.09  -0.09     0.00
  MONTH TO DATE    3.75          4.60  -0.85     4.17
  SINCE JUN 1      8.92          9.49  -0.57     9.74
  SINCE JAN 1     27.52         29.38  -1.86    28.75

DEGREE DAYS
 HEATING
  YESTERDAY        1             0      1        4
  MONTH TO DATE    4             0      4        4
  SINCE JUN 1      7            15     -8       11
  SINCE JUL 1      4             0      4        4

 COOLING
  YESTERDAY        0             9     -9        0
  MONTH TO DATE  149           252   -103      236
  SINCE JUN 1    422           460    -38      460
  SINCE JAN 1    548           542      6      579
......................................................


WIND (MPH)
  HIGHEST WIND SPEED    20   HIGHEST WIND DIRECTION     N (350)
  HIGHEST GUST SPEED    27   HIGHEST GUST DIRECTION     N (360)
  AVERAGE WIND SPEED     7.2


SKY COVER
  AVERAGE SKY COVER 0.5


WEATHER CONDITIONS
 THE FOLLOWING WEATHER WAS RECORDED YESTERDAY.
  NO SIGNIFICANT WEATHER WAS OBSERVED.


RELATIVE HUMIDITY (PERCENT)
 HIGHEST    90           600 AM
 LOWEST     52           800 PM
 AVERAGE    71

..........................................................


THE BLOOMINGTON IN CLIMATE NORMALS FOR TODAY
                         NORMAL
 MAXIMUM TEMPERATURE (F)   84
 MINIMUM TEMPERATURE (F)   63


SUNRISE AND SUNSET
JULY 29 2014..........SUNRISE   644 AM EDT   SUNSET   901 PM EDT
JULY 30 2014..........SUNRISE   645 AM EDT   SUNSET   900 PM EDT


-  INDICATES NEGATIVE NUMBERS.
R  INDICATES RECORD WAS SET OR TIED.
MM INDICATES DATA IS MISSING.
T  INDICATES TRACE AMOUNT.




$$
