000
CDUS44 KOHX 301316
CLIBNA

CLIMATE REPORT
NATIONAL WEATHER SERVICE NASHVILLE TN
800 AM CDT THU JUL 30 2015


...................................

...THE NASHVILLE CLIMATE SUMMARY FOR JULY 29 2015...

CLIMATE NORMAL PERIOD 1981 TO 2010
CLIMATE RECORD PERIOD 1871 TO 2015


WEATHER ITEM   OBSERVED TIME   RECORD YEAR NORMAL DEPARTURE
                VALUE   (LST)  VALUE       VALUE  FROM
                                                  NORMAL
...............................................................
TEMPERATURE (F)
 YESTERDAY
  MAXIMUM         95    348 PM 105    1952  89      6
  MINIMUM         73    515 AM  58    1925  70      3
  AVERAGE         84                        80      4

PRECIPITATION (IN)
  YESTERDAY        T             1.25 1945   0.11  -0.11
  MONTH TO DATE    7.07                      3.43   3.64
  SINCE JUN 1     10.45                      7.57   2.88
  SINCE JAN 1     31.45                     28.87   2.58

SNOWFALL (IN)
  YESTERDAY        0.0           0.0  2002   0.0    0.0
                                      2001
  MONTH TO DATE    0.0                       0.0    0.0
  SINCE JUN 1      0.0                       0.0    0.0
  SINCE JUL 1      0.0                       0.0    0.0
  SNOW DEPTH       0

DEGREE DAYS
 HEATING
  YESTERDAY        0                                0
  MONTH TO DATE    0                                0
  SINCE JUN 1      0                               -3
  SINCE JUL 1      0                                0

 COOLING
  YESTERDAY       19                                4
  MONTH TO DATE  470                               47
  SINCE JUN 1    863                              116
  SINCE JAN 1   1119                              193
...............................................................


WIND (MPH)
  HIGHEST WIND SPEED    14   HIGHEST WIND DIRECTION    NE (40)
  HIGHEST GUST SPEED    25   HIGHEST GUST DIRECTION    SE (130)
  AVERAGE WIND SPEED     3.2




RELATIVE HUMIDITY (PERCENT)
 HIGHEST   100
 LOWEST     56
 AVERAGE    78

..........................................................
LOW SINCE MIDNIGHT......................................77
RAIN SINCE MIDNIGHT...................................0.00

THE NASHVILLE CLIMATE NORMALS FOR TODAY
                         NORMAL    RECORD    YEAR
 MAXIMUM TEMPERATURE (F)   90       101      1999
 MINIMUM TEMPERATURE (F)   70        58      2014
                                             1965


SUNRISE AND SUNSET
JULY 30 2015..........SUNRISE   552 AM CDT   SUNSET   754 PM CDT
JULY 31 2015..........SUNRISE   553 AM CDT   SUNSET   753 PM CDT


-  INDICATES NEGATIVE NUMBERS.
R  INDICATES RECORD WAS SET OR TIED.
MM INDICATES DATA IS MISSING.
T  INDICATES TRACE AMOUNT.




$$
