000
CDUS44 KOHX 181527
CLIBNA


CLIMATE REPORT
NATIONAL WEATHER SERVICE NASHVILLE TN
926 AM CST SUN FEB 18 2018


...................................

...THE NASHVILLE CLIMATE SUMMARY FOR FEBRUARY 18 2018...
VALID AS OF 0900 AM LOCAL TIME.

CLIMATE NORMAL PERIOD 1981 TO 2010
CLIMATE RECORD PERIOD 1871 TO 2018


WEATHER ITEM   OBSERVED TIME   RECORD YEAR NORMAL DEPARTURE
                VALUE   (LST)  VALUE       VALUE  FROM
                                                  NORMAL
...............................................................
TEMPERATURE (F)
 TODAY
  MINIMUM         34    648 AM  -1    1936  32      2

PRECIPITATION (IN)
  TODAY            0.00          2.59 1881   0.13  -0.13
  MONTH TO DATE    7.59                      2.51   5.08
  SINCE JAN 1      9.22                      6.26   2.96

SNOWFALL (IN)
  TODAY            0.0           7.4  1960
  MONTH TO DATE    0.0
  SINCE DEC 1      2.4
  SINCE JUL 1      2.4

DEGREE DAYS
 HEATING
  TODAY           26                                3
  MONTH TO DATE  384                              -59
  SINCE DEC 1   2028                              -26
  SINCE JUL 1   2602                             -126

 COOLING
  TODAY            0                                0
  MONTH TO DATE    5                                5
  SINCE DEC 1      5                                4
  SINCE JAN 1      5                                5
...............................................................


WIND (MPH)
  HIGHEST WIND SPEED     9   HIGHEST WIND DIRECTION     E (80)
  HIGHEST GUST SPEED    12   HIGHEST GUST DIRECTION     N (360)
  AVERAGE WIND SPEED     6.6




RELATIVE HUMIDITY (PERCENT)
 HIGHEST    92
 LOWEST     70
 AVERAGE    81

..........................................................


THE NASHVILLE CLIMATE NORMALS FOR TOMORROW
                         NORMAL    RECORD    YEAR
 MAXIMUM TEMPERATURE (F)   53        75      1986
                                             1917
 MINIMUM TEMPERATURE (F)   33         5      2015
                                             1958
                                             1903


SUNRISE AND SUNSET
FEBRUARY 18 2018......SUNRISE   631 AM CST   SUNSET   531 PM CST
FEBRUARY 19 2018......SUNRISE   629 AM CST   SUNSET   532 PM CST


-  INDICATES NEGATIVE NUMBERS.
R  INDICATES RECORD WAS SET OR TIED.
MM INDICATES DATA IS MISSING.
T  INDICATES TRACE AMOUNT.




$$
