000
CDUS44 KOHX 301224 AAA
CLIBNA

CLIMATE REPORT
NATIONAL WEATHER SERVICE NASHVILLE TN
725 AM CDT SAT MAY 30 2015


......................................

UPDATED FOR MORNING CLIMATE AT BOTTOM

......................................


...THE NASHVILLE CLIMATE SUMMARY FOR MAY 29 2015...

CLIMATE NORMAL PERIOD 1981 TO 2010
CLIMATE RECORD PERIOD 1871 TO 2015


WEATHER ITEM   OBSERVED TIME   RECORD YEAR NORMAL DEPARTURE
                VALUE   (LST)  VALUE       VALUE  FROM
                                                  NORMAL
...............................................................
TEMPERATURE (F)
 YESTERDAY
  MAXIMUM         85    322 PM  95    1941  82      3
                                      1914
                                      1911
  MINIMUM         66    408 AM  42    1984  61      5
  AVERAGE         76                        71      5

PRECIPITATION (IN)
  YESTERDAY        0.03          2.32 1924   0.17  -0.14
  MONTH TO DATE    2.66                      5.17  -2.51
  SINCE MAR 1     13.28                     13.28   0.00
  SINCE JAN 1     20.10                     20.97  -0.87

SNOWFALL (IN)
  YESTERDAY        0.0           0.0  2002   0.0    0.0
                                      2001
  MONTH TO DATE    0.0                       0.0    0.0
  SINCE MAR 1      2.9                       0.9    2.0
  SINCE JUL 1      6.1                       6.3   -0.2
  SNOW DEPTH       0

DEGREE DAYS
 HEATING
  YESTERDAY        0                               -1
  MONTH TO DATE   24                              -32
  SINCE MAR 1    588                             -158
  SINCE JUL 1   3778                               94

 COOLING
  YESTERDAY       11                                4
  MONTH TO DATE  193                               74
  SINCE MAR 1    235                               71
  SINCE JAN 1    235                               71
...............................................................


WIND (MPH)
  HIGHEST WIND SPEED    13   HIGHEST WIND DIRECTION     S (180)
  HIGHEST GUST SPEED    MM   HIGHEST GUST DIRECTION    MM
  AVERAGE WIND SPEED     5.9




RELATIVE HUMIDITY (PERCENT)
 HIGHEST    93
 LOWEST     55
 AVERAGE    74

..........................................................


THE NASHVILLE CLIMATE NORMALS FOR TODAY
                         NORMAL    RECORD    YEAR
 MAXIMUM TEMPERATURE (F)   82        95      1911
 MINIMUM TEMPERATURE (F)   61        38      1984


SUNRISE AND SUNSET
MAY 30 2015...........SUNRISE   532 AM CDT   SUNSET   757 PM CDT
MAY 31 2015...........SUNRISE   531 AM CDT   SUNSET   758 PM CDT


-  INDICATES NEGATIVE NUMBERS.
R  INDICATES RECORD WAS SET OR TIED.
MM INDICATES DATA IS MISSING.
T  INDICATES TRACE AMOUNT.

&&

THE LOW TEMPERATURE SINCE MIDNIGHT HAS BEEN 68 DEGREES.
NO PRECIPITATION HAS OCCURRED SINCE MIDNIGHT.

$$
