000
CDUS44 KOHX 030707
CLIBNA


CLIMATE REPORT
NATIONAL WEATHER SERVICE NASHVILLE TN
206 AM CDT TUE MAY 3 2016


...................................

...THE NASHVILLE CLIMATE SUMMARY FOR MAY 2 2016...

CLIMATE NORMAL PERIOD 1981 TO 2010
CLIMATE RECORD PERIOD 1871 TO 2016


WEATHER ITEM   OBSERVED TIME   RECORD YEAR NORMAL DEPARTURE
                VALUE   (LST)  VALUE       VALUE  FROM
                                                  NORMAL
...............................................................
TEMPERATURE (F)
 YESTERDAY
  MAXIMUM         68    337 PM  90    1901  75     -7
  MINIMUM         57   1042 AM  34    1963  53      4
  AVERAGE         63                        64     -1

PRECIPITATION (IN)
  YESTERDAY        0.40          7.25 2010   0.18   0.22
  MONTH TO DATE    0.40                      0.37   0.03
  SINCE JAN 1     12.48                     16.17  -3.69

SNOWFALL (IN)
  YESTERDAY        0.0           0.0  2002
                                      2001
  MONTH TO DATE    0.0
  SINCE MAR 1      0.0
  SINCE JUL 1     11.3

DEGREE DAYS
 HEATING
  YESTERDAY        2                               -1
  MONTH TO DATE    2                               -5
  SINCE MAR 1    428                             -269
  SINCE JUL 1   2671                             -964

 COOLING
  YESTERDAY        0                               -2
  MONTH TO DATE    8                                4
  SINCE MAR 1     87                               38
  SINCE JAN 1     87                               38
...............................................................


WIND (MPH)
  HIGHEST WIND SPEED    18   HIGHEST WIND DIRECTION    NW (320)
  HIGHEST GUST SPEED    23   HIGHEST GUST DIRECTION    NW (310)
  AVERAGE WIND SPEED     5.3



WEATHER CONDITIONS
 THE FOLLOWING WEATHER WAS RECORDED YESTERDAY.
  THUNDERSTORM
  RAIN
  LIGHT RAIN
  FOG


RELATIVE HUMIDITY (PERCENT)
 HIGHEST    93
 LOWEST     63

..........................................................


THE NASHVILLE CLIMATE NORMALS FOR TODAY
                         NORMAL    RECORD    YEAR
 MAXIMUM TEMPERATURE (F)   75        90      1901
 MINIMUM TEMPERATURE (F)   53        37      2005


SUNRISE AND SUNSET
MAY  3 2016...........SUNRISE   551 AM CDT   SUNSET   736 PM CDT
MAY  4 2016...........SUNRISE   550 AM CDT   SUNSET   737 PM CDT


-  INDICATES NEGATIVE NUMBERS.
R  INDICATES RECORD WAS SET OR TIED.
MM INDICATES DATA IS MISSING.
T  INDICATES TRACE AMOUNT.




$$
