000
CDUS44 KOHX 291405
CLIBNA


CLIMATE REPORT
NATIONAL WEATHER SERVICE NASHVILLE TN
905 AM CDT THU SEP 29 2016


...................................

...THE NASHVILLE CLIMATE SUMMARY FOR SEPTEMBER 29 2016...
VALID AS OF 0900 AM LOCAL TIME.

CLIMATE NORMAL PERIOD 1981 TO 2010
CLIMATE RECORD PERIOD 1871 TO 2016


WEATHER ITEM   OBSERVED TIME   RECORD YEAR NORMAL DEPARTURE
                VALUE   (LST)  VALUE       VALUE  FROM
                                                  NORMAL
...............................................................
TEMPERATURE (F)
 TODAY
  MINIMUM         49    610 AM  37    1942  55     -6

PRECIPITATION (IN)
  TODAY            0.00          2.60 1885   0.12  -0.12
  MONTH TO DATE    1.76                      3.29  -1.53
  SINCE JAN 1     33.38                     35.54  -2.16

SNOWFALL (IN)
  TODAY            0.0           0.0  2002
                                      2001
                                      2000
  MONTH TO DATE    0.0
  SINCE SEP 1      0.0
  SINCE JUL 1      0.0

DEGREE DAYS
 HEATING
  TODAY           12                               10
  MONTH TO DATE   12                               -8
  SINCE SEP 1     12                               -8
  SINCE JUL 1     12                               -8

 COOLING
  TODAY            0                               -4
  MONTH TO DATE  349                              132
  SINCE SEP 1    349                              132
  SINCE JAN 1   2096                              505
...............................................................


WIND (MPH)
  HIGHEST WIND SPEED     9   HIGHEST WIND DIRECTION    NW (310)
  HIGHEST GUST SPEED    18   HIGHEST GUST DIRECTION    NW (310)
  AVERAGE WIND SPEED     5.2



WEATHER CONDITIONS
 THE FOLLOWING WEATHER WAS RECORDED TODAY.
  NO SIGNIFICANT WEATHER WAS OBSERVED.


RELATIVE HUMIDITY (PERCENT)
 HIGHEST    86
 LOWEST     71
 AVERAGE    79

..........................................................


THE NASHVILLE CLIMATE NORMALS FOR TOMORROW
                         NORMAL    RECORD    YEAR
 MAXIMUM TEMPERATURE (F)   77        93      1953
                                             1941
 MINIMUM TEMPERATURE (F)   55        36      1949


SUNRISE AND SUNSET
SEPTEMBER 29 2016.....SUNRISE   641 AM CDT   SUNSET   632 PM CDT
SEPTEMBER 30 2016.....SUNRISE   641 AM CDT   SUNSET   631 PM CDT


-  INDICATES NEGATIVE NUMBERS.
R  INDICATES RECORD WAS SET OR TIED.
MM INDICATES DATA IS MISSING.
T  INDICATES TRACE AMOUNT.




$$
