000
CDUS44 KOHX 311253
CLIBNA

CLIMATE REPORT
NATIONAL WEATHER SERVICE NASHVILLE TN
753 AM CDT MON AUG 31 2015


...................................

...THE NASHVILLE CLIMATE SUMMARY FOR AUGUST 30 2015...

CLIMATE NORMAL PERIOD 1981 TO 2010
CLIMATE RECORD PERIOD 1871 TO 2015


WEATHER ITEM   OBSERVED TIME   RECORD YEAR NORMAL DEPARTURE
                VALUE   (LST)  VALUE       VALUE  FROM
                                                  NORMAL
...............................................................
TEMPERATURE (F)
 YESTERDAY
  MAXIMUM         81   1046 AM 100    1951  88     -7
  MINIMUM         68    309 AM  53    1891  67      1
  AVERAGE         75                        77     -2

PRECIPITATION (IN)
  YESTERDAY        0.00          1.97 2005   0.10  -0.10
  MONTH TO DATE    2.99                      3.08  -0.09
  SINCE JUN 1     13.44                     10.86   2.58
  SINCE JAN 1     34.44                     32.16   2.28

SNOWFALL (IN)
  YESTERDAY        0.0           0.0  2002   0.0    0.0
                                      2001
                                      2000
  MONTH TO DATE    0.0                       0.0    0.0
  SINCE JUN 1      0.0                       0.0    0.0
  SINCE JUL 1      0.0                       0.0    0.0
  SNOW DEPTH       0

DEGREE DAYS
 HEATING
  YESTERDAY        0                                0
  MONTH TO DATE    0                                0
  SINCE JUN 1      0                               -3
  SINCE JUL 1      0                                0

 COOLING
  YESTERDAY       10                               -2
  MONTH TO DATE  375                              -33
  SINCE JUN 1   1267                               89
  SINCE JAN 1   1523                              166
...............................................................


WIND (MPH)
  HIGHEST WIND SPEED    13   HIGHEST WIND DIRECTION     S (180)
  HIGHEST GUST SPEED    15   HIGHEST GUST DIRECTION     S (170)
  AVERAGE WIND SPEED     4.0




RELATIVE HUMIDITY (PERCENT)
 HIGHEST    90
 LOWEST     58
 AVERAGE    74

LOW SINCE MIDNIGHT...................................65
PRECIPITATION SINCE MIDNIGHT.........................0.00

THE NATIONAL HIGH TEMPERATURE YESTERDAY WAS 115 AT DEATH VALLEY, CA.
THE NATIONAL LOW TEMPERATURE YESTERDAY WAS 30 AT STANLEY, ID.

..........................................................


THE NASHVILLE CLIMATE NORMALS FOR TODAY
                         NORMAL    RECORD    YEAR
 MAXIMUM TEMPERATURE (F)   87       101      1951
 MINIMUM TEMPERATURE (F)   66        47      1946


SUNRISE AND SUNSET
AUGUST 31 2015........SUNRISE   617 AM CDT   SUNSET   716 PM CDT
SEPTEMBER  1 2015.....SUNRISE   618 AM CDT   SUNSET   715 PM CDT


-  INDICATES NEGATIVE NUMBERS.
R  INDICATES RECORD WAS SET OR TIED.
MM INDICATES DATA IS MISSING.
T  INDICATES TRACE AMOUNT.




$$
