000
CDUS44 KOHX 160102
CLIBNA

MEMCLIOHX 000
TTAA00 KOHX 160101


CLIMATE REPORT
NATIONAL WEATHER SERVICE NASHVILLE TN
800 PM CDT TUE APR 15 2014


...................................

...THE NASHVILLE CLIMATE SUMMARY FOR APRIL 15 2014...
VALID TODAY AS OF 0700 PM LOCAL TIME.

CLIMATE NORMAL PERIOD 1981 TO 2010
CLIMATE RECORD PERIOD 1871 TO 2014


WEATHER ITEM   OBSERVED TIME   RECORD YEAR NORMAL DEPARTURE LAST
                VALUE   (LST)  VALUE       VALUE  FROM      YEAR
                                                  NORMAL
..................................................................
TEMPERATURE (F)
 TODAY
  MAXIMUM         48    309 PM  87    1936  71    -23       81
  MINIMUM         36    654 AM  28    1950  47    -11       56
  AVERAGE         42                        59    -17       69

PRECIPITATION (IN)
  TODAY            0.21          3.28 1910   0.12   0.09     0.00
  MONTH TO DATE    2.76                      1.81   0.95     2.12
  SINCE MAR 1      7.12                      5.92   1.20     6.44
  SINCE JAN 1     14.82                     13.61   1.21    16.16

SNOWFALL (IN)
  TODAY            T   R         0.0  2002   0.0    0.0      0.0
                                      2001
  MONTH TO DATE    T                         0.1   -0.1      0.0
  SINCE MAR 1      0.2                       1.0   -0.8      0.3
  SINCE JUL 1      1.6                       6.4   -4.8      1.3
  SNOW DEPTH       0

DEGREE DAYS
 HEATING
  TODAY           23                         7     16        0
  MONTH TO DATE   94                       137    -43      116
  SINCE MAR 1    636                       610     26      732
  SINCE JUL 1   3821                      3548    273     3364

 COOLING
  TODAY            0                         1     -1        4
  MONTH TO DATE   24                        15      9       17
  SINCE MAR 1     24                        23      1       18
  SINCE JAN 1     24                        23      1       22
..................................................................


WIND (MPH)
  RESULTANT WIND SPEED  13   RESULTANT WIND DIRECTION   N (340)
  HIGHEST WIND SPEED    22   HIGHEST WIND DIRECTION    NW (330)
  HIGHEST GUST SPEED    28   HIGHEST GUST DIRECTION     N (340)
  AVERAGE WIND SPEED    13.2


SKY COVER
  AVERAGE SKY COVER 0.8


WEATHER CONDITIONS
 THE FOLLOWING WEATHER WAS RECORDED TODAY.
  RAIN
  LIGHT RAIN
  LIGHT SNOW
  FOG

RELATIVE HUMIDITY (PERCENT)
 HIGHEST    92          1200 AM
 LOWEST     37           300 PM
 AVERAGE    65

..........................................................


THE NASHVILLE CLIMATE NORMALS FOR TOMORROW
                         NORMAL    RECORD    YEAR
 MAXIMUM TEMPERATURE (F)   71        88      1955
 MINIMUM TEMPERATURE (F)   48        28      1988


SUNRISE AND SUNSET
APRIL 15 2014.........SUNRISE   614 AM CDT   SUNSET   720 PM CDT
APRIL 16 2014.........SUNRISE   612 AM CDT   SUNSET   721 PM CDT


-  INDICATES NEGATIVE NUMBERS.
R  INDICATES RECORD WAS SET OR TIED.
MM INDICATES DATA IS MISSING.
T  INDICATES TRACE AMOUNT.




$$
