000
CDUS44 KOHX 230756
CLIBNA

CLIMATE REPORT
NATIONAL WEATHER SERVICE NASHVILLE TN
153 AM CST SUN NOV 23 2014


...................................

...THE NASHVILLE CLIMATE SUMMARY FOR NOVEMBER 22 2014...

CLIMATE NORMAL PERIOD 1981 TO 2010
CLIMATE RECORD PERIOD 1871 TO 2014


WEATHER ITEM   OBSERVED TIME   RECORD YEAR NORMAL DEPARTURE
                VALUE   (LST)  VALUE       VALUE  FROM
                                                  NORMAL
...............................................................
TEMPERATURE (F)
 YESTERDAY
  MAXIMUM         66    137 PM  77    1900  58      8
                                      1897
  MINIMUM         43    123 AM  15    1964  37      6
  AVERAGE         55                        47      8

PRECIPITATION (IN)
  YESTERDAY        0.00          1.37 1941   0.16  -0.16
  MONTH TO DATE    2.76                      3.00  -0.24
  SINCE SEP 1     11.40                      9.45   1.95
  SINCE JAN 1     46.80                     41.70   5.10

SNOWFALL (IN)
  YESTERDAY        0.0           5.0  1929   0.0    0.0
  MONTH TO DATE    0.2                       0.0    0.2
  SINCE SEP 1      0.2                       T      0.2
  SINCE JUL 1      0.2                       T      0.2
  SNOW DEPTH       0

DEGREE DAYS
 HEATING
  YESTERDAY       10                               -8
  MONTH TO DATE  474                              168
  SINCE SEP 1    627                              106
  SINCE JUL 1    627                              106

 COOLING
  YESTERDAY        0                                0
  MONTH TO DATE    0                                0
  SINCE SEP 1    314                               48
  SINCE JAN 1   1803                              163
...............................................................


WIND (MPH)
  HIGHEST WIND SPEED    23   HIGHEST WIND DIRECTION     S (180)
  HIGHEST GUST SPEED    29   HIGHEST GUST DIRECTION    SW (210)
  AVERAGE WIND SPEED     9.4




RELATIVE HUMIDITY (PERCENT)
 HIGHEST    60
 LOWEST     30
 AVERAGE    45

..........................................................


THE NASHVILLE CLIMATE NORMALS FOR TODAY
                         NORMAL    RECORD    YEAR
 MAXIMUM TEMPERATURE (F)   57        75      1931
 MINIMUM TEMPERATURE (F)   37        16      1970


SUNRISE AND SUNSET
NOVEMBER 23 2014......SUNRISE   631 AM CST   SUNSET   435 PM CST
NOVEMBER 24 2014......SUNRISE   632 AM CST   SUNSET   434 PM CST


-  INDICATES NEGATIVE NUMBERS.
R  INDICATES RECORD WAS SET OR TIED.
MM INDICATES DATA IS MISSING.
T  INDICATES TRACE AMOUNT.




$$
19
