000
CDUS45 KBOI 010122
CLIBNO


CLIMATE REPORT
NATIONAL WEATHER SERVICE BOISE ID
721 PM MDT TUE SEP 30 2014


...................................

...THE BURNS OR CLIMATE SUMMARY FOR SEPTEMBER 30 2014...
VALID TODAY AS OF 0600 PM LOCAL TIME.

CLIMATE NORMAL PERIOD 1981 TO 2010
CLIMATE RECORD PERIOD 1939 TO 2014


WEATHER ITEM   OBSERVED TIME   RECORD YEAR NORMAL DEPARTURE LAST
                VALUE   (LST)  VALUE       VALUE  FROM      YEAR
                                                  NORMAL
..................................................................
TEMPERATURE (F)
 TODAY
  MAXIMUM         60    300 PM  89    2011  70    -10       58
  MINIMUM         39    451 AM  23    1981  31      8       32
  AVERAGE         50                        50      0       45

PRECIPITATION (IN)
  TODAY            0.00          0.57 1957   0.02  -0.02     0.08
  MONTH TO DATE    0.26                      0.44  -0.18     2.01
  SINCE OCT 1      7.22                     10.92  -3.70     9.83
  SINCE JAN 1      6.25                      7.42  -1.17     5.93

DEGREE DAYS
 HEATING
  TODAY           15                        14      1       20
  MONTH TO DATE  191                       281    -90      256
  SINCE SEP 1    191                       282    -91      256
  SINCE JUL 1    256                       419   -163      292

 COOLING
  TODAY            0                         0      0        0
  MONTH TO DATE    5                         9     -4       21
  SINCE SEP 1      5                         9     -4       21
  SINCE JAN 1    318                       215    103      372
..................................................................


WIND (MPH)
  HIGHEST WIND SPEED    21   HIGHEST WIND DIRECTION    NW (300)
  HIGHEST GUST SPEED    26   HIGHEST GUST DIRECTION    NW (310)
  AVERAGE WIND SPEED    12.5



WEATHER CONDITIONS
 THE FOLLOWING WEATHER WAS RECORDED TODAY.
  NO SIGNIFICANT WEATHER WAS OBSERVED.


RELATIVE HUMIDITY (PERCENT)
 HIGHEST    89           200 AM
 LOWEST     29           100 PM
 AVERAGE    59

..........................................................


THE BURNS OR CLIMATE NORMALS FOR TOMORROW
                         NORMAL    RECORD    YEAR
 MAXIMUM TEMPERATURE (F)   69        91      2010
 MINIMUM TEMPERATURE (F)   31        16      2009


SUNRISE AND SUNSET
SEPTEMBER 30 2014.....SUNRISE   652 AM PDT   SUNSET   638 PM PDT
OCTOBER  1 2014.......SUNRISE   653 AM PDT   SUNSET   637 PM PDT


-  INDICATES NEGATIVE NUMBERS.
R  INDICATES RECORD WAS SET OR TIED.
MM INDICATES DATA IS MISSING.
T  INDICATES TRACE AMOUNT.




$$
