000
CDUS45 KBOI 300933
CLIBNO


CLIMATE REPORT
NATIONAL WEATHER SERVICE BOISE ID
332 AM MDT SAT AUG 30 2014


...................................

...THE BURNS OR CLIMATE SUMMARY FOR AUGUST 29 2014...

CLIMATE NORMAL PERIOD 1981 TO 2010
CLIMATE RECORD PERIOD 1939 TO 2014


WEATHER ITEM   OBSERVED TIME   RECORD YEAR NORMAL DEPARTURE LAST
                VALUE   (LST)  VALUE       VALUE  FROM      YEAR
                                                  NORMAL
..................................................................
TEMPERATURE (F)
 YESTERDAY
  MAXIMUM         86    351 PM  94    2007  81      5       89
                                      1988
  MINIMUM         44    545 AM  28    1980  42      2       44
  AVERAGE         65                        62      3       67

PRECIPITATION (IN)
  YESTERDAY        0.00          0.42 1966   0.01  -0.01     0.00
  MONTH TO DATE    0.19                      0.33  -0.14     0.51
  SINCE OCT 1      6.94                     10.45  -3.51     7.82
  SINCE JAN 1      5.97                      6.95  -0.98     3.92

DEGREE DAYS
 HEATING
  YESTERDAY        0                         4     -4        0
  MONTH TO DATE   37                        68    -31       31
  SINCE JUN 1    234                       344   -110      223
  SINCE JUL 1     49                       126    -77       35

 COOLING
  YESTERDAY        0                         1     -1        2
  MONTH TO DATE   99                        71     28       75
  SINCE JUN 1    313                       200    113      349
  SINCE JAN 1    313                       203    110      350
..................................................................


WIND (MPH)
  HIGHEST WIND SPEED    17   HIGHEST WIND DIRECTION     W (290)
  HIGHEST GUST SPEED    25   HIGHEST GUST DIRECTION     W (290)
  AVERAGE WIND SPEED     7.2


SKY COVER
  POSSIBLE SUNSHINE  MM
  AVERAGE SKY COVER 0.1


WEATHER CONDITIONS
 THE FOLLOWING WEATHER WAS RECORDED YESTERDAY.
  HAZE


RELATIVE HUMIDITY (PERCENT)
 HIGHEST    60           400 AM
 LOWEST     17           300 PM
 AVERAGE    39

..........................................................


THE BURNS OR CLIMATE NORMALS FOR TODAY
                         NORMAL    RECORD    YEAR
 MAXIMUM TEMPERATURE (F)   81        95      1950
 MINIMUM TEMPERATURE (F)   42        31      1999
                                             1951


SUNRISE AND SUNSET
AUGUST 30 2014........SUNRISE   617 AM PDT   SUNSET   735 PM PDT
AUGUST 31 2014........SUNRISE   618 AM PDT   SUNSET   733 PM PDT


-  INDICATES NEGATIVE NUMBERS.
R  INDICATES RECORD WAS SET OR TIED.
MM INDICATES DATA IS MISSING.
T  INDICATES TRACE AMOUNT.




$$
