764
CDUS45 KBOI 010125
CLIBNO


CLIMATE REPORT
NATIONAL WEATHER SERVICE BOISE ID
725 PM MDT WED AUG 31 2016


...................................

...THE BURNS OR CLIMATE SUMMARY FOR AUGUST 31 2016...
VALID TODAY AS OF 0600 PM LOCAL TIME.

CLIMATE NORMAL PERIOD 1981 TO 2010
CLIMATE RECORD PERIOD 1938 TO 2016


WEATHER ITEM   OBSERVED TIME   RECORD YEAR NORMAL DEPARTURE LAST
                VALUE   (LST)  VALUE       VALUE  FROM      YEAR
                                                  NORMAL
..................................................................
TEMPERATURE (F)
 TODAY
  MAXIMUM         86    437 PM  95    1987  81      5       79
  MINIMUM         39    249 AM  22    1999  41     -2       35
  AVERAGE         63                        61      2       57

PRECIPITATION (IN)
  TODAY            0.00          0.44 1964   0.01  -0.01     0.00
  MONTH TO DATE    T                         0.36  -0.36     0.21
  SINCE OCT 1      9.26                     10.48  -1.22     9.28
  SINCE JAN 1      4.39                      6.98  -2.59     4.78

DEGREE DAYS
 HEATING
  TODAY            2                         5     -3        8
  MONTH TO DATE   59                        78    -19       33
  SINCE JUN 1    296                       355    -59      110
  SINCE JUL 1    116                       137    -21       61

 COOLING
  TODAY            0                         1     -1        0
  MONTH TO DATE   90                        74     16       88
  SINCE JUN 1    226                       203     23      310
  SINCE JAN 1    226                       206     20      313
..................................................................


WIND (MPH)
  HIGHEST WIND SPEED    21   HIGHEST WIND DIRECTION    SW (240)
  HIGHEST GUST SPEED    27   HIGHEST GUST DIRECTION     S (200)
  AVERAGE WIND SPEED     6.6



WEATHER CONDITIONS
 THE FOLLOWING WEATHER WAS RECORDED TODAY.
  HAZE


RELATIVE HUMIDITY (PERCENT)
 HIGHEST    54           100 AM
 LOWEST     10           500 PM
 AVERAGE    32

..........................................................


THE BURNS OR CLIMATE NORMALS FOR TOMORROW
                         NORMAL    RECORD    YEAR
 MAXIMUM TEMPERATURE (F)   81        96      1950
 MINIMUM TEMPERATURE (F)   41        28      1999


SUNRISE AND SUNSET
AUGUST 31 2016........SUNRISE   619 AM PDT   SUNSET   732 PM PDT
SEPTEMBER  1 2016.....SUNRISE   620 AM PDT   SUNSET   730 PM PDT


-  INDICATES NEGATIVE NUMBERS.
R  INDICATES RECORD WAS SET OR TIED.
MM INDICATES DATA IS MISSING.
T  INDICATES TRACE AMOUNT.




$$
