000
CDUS45 KBOI 250126
CLIBNO


CLIMATE REPORT
NATIONAL WEATHER SERVICE BOISE ID
723 PM MDT SAT SEP 24 2016


...................................

...THE BURNS OR CLIMATE SUMMARY FOR SEPTEMBER 24 2016...
VALID TODAY AS OF 0600 PM LOCAL TIME.

CLIMATE NORMAL PERIOD 1981 TO 2010
CLIMATE RECORD PERIOD 1938 TO 2016


WEATHER ITEM   OBSERVED TIME   RECORD YEAR NORMAL DEPARTURE LAST
                VALUE   (LST)  VALUE       VALUE  FROM      YEAR
                                                  NORMAL
..................................................................
TEMPERATURE (F)
 TODAY
  MAXIMUM         71    318 PM  91    2011  72     -1       81
  MINIMUM         29    615 AM  21    1984  33     -4       37
  AVERAGE         50                        53     -3       59

PRECIPITATION (IN)
  TODAY            0.00          0.27 1948   0.01  -0.01     0.00
  MONTH TO DATE    0.13                      0.34  -0.21     0.59
  SINCE OCT 1      9.39                     10.82  -1.43     9.87
  SINCE JAN 1      4.52                      7.32  -2.80     5.37

DEGREE DAYS
 HEATING
  TODAY           15                        12      3        6
  MONTH TO DATE  272                       200     72      217
  SINCE SEP 1    272                       200     72      217
  SINCE JUL 1    388                       337     51      278

 COOLING
  TODAY            0                         0      0        0
  MONTH TO DATE    0                         7     -7       17
  SINCE SEP 1      0                         7     -7       17
  SINCE JAN 1    226                       213     13      330
..................................................................


WIND (MPH)
  HIGHEST WIND SPEED    14   HIGHEST WIND DIRECTION     S (200)
  HIGHEST GUST SPEED    17   HIGHEST GUST DIRECTION     S (200)
  AVERAGE WIND SPEED     7.4



WEATHER CONDITIONS
 THE FOLLOWING WEATHER WAS RECORDED TODAY.
  NO SIGNIFICANT WEATHER WAS OBSERVED.


RELATIVE HUMIDITY (PERCENT)
 HIGHEST    96           500 AM
 LOWEST     17           500 PM
 AVERAGE    57

..........................................................


THE BURNS OR CLIMATE NORMALS FOR TOMORROW
                         NORMAL    RECORD    YEAR
 MAXIMUM TEMPERATURE (F)   72        90      2009
 MINIMUM TEMPERATURE (F)   33        17      1984
                                             1972


SUNRISE AND SUNSET
SEPTEMBER 24 2016.....SUNRISE   646 AM PDT   SUNSET   648 PM PDT
SEPTEMBER 25 2016.....SUNRISE   647 AM PDT   SUNSET   647 PM PDT


-  INDICATES NEGATIVE NUMBERS.
R  INDICATES RECORD WAS SET OR TIED.
MM INDICATES DATA IS MISSING.
T  INDICATES TRACE AMOUNT.




$$
