000
CDUS45 KBOI 310121
CLIBNO


CLIMATE REPORT
NATIONAL WEATHER SERVICE BOISE ID
620 PM MST FRI JAN 30 2015


...................................

...THE BURNS OR CLIMATE SUMMARY FOR JANUARY 30 2015...
VALID TODAY AS OF 0600 PM LOCAL TIME.

CLIMATE NORMAL PERIOD 1981 TO 2010
CLIMATE RECORD PERIOD 1939 TO 2015


WEATHER ITEM   OBSERVED TIME   RECORD YEAR NORMAL DEPARTURE LAST
                VALUE   (LST)  VALUE       VALUE  FROM      YEAR
                                                  NORMAL
..................................................................
TEMPERATURE (F)
 TODAY
  MAXIMUM         41    255 PM  56    1971  36      5       43
  MINIMUM         24    628 AM -16    1957  16      8       23
  AVERAGE         33                        26      7       33

PRECIPITATION (IN)
  TODAY            0.00          0.53 1963   0.03  -0.03     0.00
  MONTH TO DATE    0.40                      1.15  -0.75     0.50
  SINCE OCT 1      4.90                      4.65   0.25     1.47
  SINCE JAN 1      0.40                      1.15  -0.75     0.50

DEGREE DAYS
 HEATING
  TODAY           32                        39     -7       32
  MONTH TO DATE 1007                      1206   -199     1040
  SINCE DEC 1   2016                      2472   -456     2450
  SINCE JUL 1   3746                      4473   -727     4373

 COOLING
  TODAY            0                         0      0        0
  MONTH TO DATE    0                         0      0        0
  SINCE DEC 1      0                         0      0        0
  SINCE JAN 1      0                         0      0        0
..................................................................


WIND (MPH)
  HIGHEST WIND SPEED    12   HIGHEST WIND DIRECTION     S (170)
  HIGHEST GUST SPEED    13   HIGHEST GUST DIRECTION     W (250)
  AVERAGE WIND SPEED     6.3



WEATHER CONDITIONS
 THE FOLLOWING WEATHER WAS RECORDED TODAY.
  NO SIGNIFICANT WEATHER WAS OBSERVED.


RELATIVE HUMIDITY (PERCENT)
 HIGHEST    92          1200 AM
 LOWEST     64           200 PM
 AVERAGE    78

..........................................................


THE BURNS OR CLIMATE NORMALS FOR TOMORROW
                         NORMAL    RECORD    YEAR
 MAXIMUM TEMPERATURE (F)   36        58      1971
 MINIMUM TEMPERATURE (F)   16       -20      1950


SUNRISE AND SUNSET
JANUARY 30 2015.......SUNRISE   714 AM PST   SUNSET   504 PM PST
JANUARY 31 2015.......SUNRISE   713 AM PST   SUNSET   506 PM PST


-  INDICATES NEGATIVE NUMBERS.
R  INDICATES RECORD WAS SET OR TIED.
MM INDICATES DATA IS MISSING.
T  INDICATES TRACE AMOUNT.




$$
