000
CDUS45 KBOI 300931
CLIBNO


CLIMATE REPORT
NATIONAL WEATHER SERVICE BOISE ID
331 AM MDT MON MAR 30 2015


...................................

...THE BURNS OR CLIMATE SUMMARY FOR MARCH 29 2015...

CLIMATE NORMAL PERIOD 1981 TO 2010
CLIMATE RECORD PERIOD 1939 TO 2015


WEATHER ITEM   OBSERVED TIME   RECORD YEAR NORMAL DEPARTURE LAST
                VALUE   (LST)  VALUE       VALUE  FROM      YEAR
                                                  NORMAL
..................................................................
TEMPERATURE (F)
 YESTERDAY
  MAXIMUM         67    404 PM  75    1966  53     14       49
  MINIMUM         26    403 AM  13    2008  27     -1       34
  AVERAGE         47                        40      7       42

PRECIPITATION (IN)
  YESTERDAY        0.00          0.49 1974   0.03  -0.03     0.09
  MONTH TO DATE    0.95                      1.03  -0.08     1.31
  SINCE OCT 1      6.60                      6.74  -0.14     4.40
  SINCE JAN 1      2.10                      3.24  -1.14     3.43

DEGREE DAYS
 HEATING
  YESTERDAY       18                        25     -7       23
  MONTH TO DATE  647                       809   -162      734
  SINCE MAR 1    647                       809   -162      734
  SINCE JUL 1   5121                      6337  -1216     6017

 COOLING
  YESTERDAY        0                         0      0        0
  MONTH TO DATE    0                         0      0        0
  SINCE MAR 1      0                         0      0        0
  SINCE JAN 1      0                         0      0        0
..................................................................


WIND (MPH)
  HIGHEST WIND SPEED    10   HIGHEST WIND DIRECTION     W (290)
  HIGHEST GUST SPEED    13   HIGHEST GUST DIRECTION    NE (30)
  AVERAGE WIND SPEED     3.7


SKY COVER
  POSSIBLE SUNSHINE  MM
  AVERAGE SKY COVER 0.0


WEATHER CONDITIONS
 THE FOLLOWING WEATHER WAS RECORDED YESTERDAY.
  NO SIGNIFICANT WEATHER WAS OBSERVED.


RELATIVE HUMIDITY (PERCENT)
 HIGHEST    81           400 AM
 LOWEST     19           200 PM
 AVERAGE    50

..........................................................


THE BURNS OR CLIMATE NORMALS FOR TODAY
                         NORMAL    RECORD    YEAR
 MAXIMUM TEMPERATURE (F)   53        75      1966
 MINIMUM TEMPERATURE (F)   27        16      2008


SUNRISE AND SUNSET
MARCH 30 2015.........SUNRISE   641 AM PDT   SUNSET   720 PM PDT
MARCH 31 2015.........SUNRISE   640 AM PDT   SUNSET   721 PM PDT


-  INDICATES NEGATIVE NUMBERS.
R  INDICATES RECORD WAS SET OR TIED.
MM INDICATES DATA IS MISSING.
T  INDICATES TRACE AMOUNT.




$$
