000
CDUS45 KBOI 110135
CLIBNO


CLIMATE REPORT
NATIONAL WEATHER SERVICE BOISE ID
623 PM MST SAT DEC 10 2016


...................................

...THE BURNS OR CLIMATE SUMMARY FOR DECEMBER 10 2016...
VALID TODAY AS OF 0600 PM LOCAL TIME.

CLIMATE NORMAL PERIOD 1981 TO 2010
CLIMATE RECORD PERIOD 1938 TO 2016


WEATHER ITEM   OBSERVED TIME   RECORD YEAR NORMAL DEPARTURE LAST
                VALUE   (LST)  VALUE       VALUE  FROM      YEAR
                                                  NORMAL
..................................................................
TEMPERATURE (F)
 TODAY
  MAXIMUM         41    319 PM  59    1939  35      6       43
  MINIMUM         33    459 PM -22    1972  14     19       30
  AVERAGE         37                        24     13       37

PRECIPITATION (IN)
  TODAY            0.06          0.52 2015   0.05   0.01     0.52
  MONTH TO DATE    0.47                      0.49  -0.02     1.08
  SINCE OCT 1      2.26                      2.44  -0.18     2.57
  SINCE JAN 1      6.78                      9.86  -3.08     7.94

DEGREE DAYS
 HEATING
  TODAY           28                        41    -13       28
  MONTH TO DATE  401                       394      7      339
  SINCE DEC 1    401                       394      7      339
  SINCE JUL 1   2214                      2395   -181     2200

 COOLING
  TODAY            0                         0      0        0
  MONTH TO DATE    0                         0      0        0
  SINCE DEC 1      0                         0      0        0
  SINCE JAN 1    226                       215     11      330
..................................................................


WIND (MPH)
  HIGHEST WIND SPEED    15   HIGHEST WIND DIRECTION     W (290)
  HIGHEST GUST SPEED    17   HIGHEST GUST DIRECTION    NW (300)
  AVERAGE WIND SPEED     5.0



WEATHER CONDITIONS
 THE FOLLOWING WEATHER WAS RECORDED TODAY.
  LIGHT RAIN
  FOG


RELATIVE HUMIDITY (PERCENT)
 HIGHEST   100           300 AM
 LOWEST     64           300 PM
 AVERAGE    82

..........................................................


THE BURNS OR CLIMATE NORMALS FOR TOMORROW
                         NORMAL    RECORD    YEAR
 MAXIMUM TEMPERATURE (F)   34        57      1958
 MINIMUM TEMPERATURE (F)   14       -19      1972


SUNRISE AND SUNSET
DECEMBER 10 2016......SUNRISE   719 AM PST   SUNSET   419 PM PST
DECEMBER 11 2016......SUNRISE   719 AM PST   SUNSET   419 PM PST


-  INDICATES NEGATIVE NUMBERS.
R  INDICATES RECORD WAS SET OR TIED.
MM INDICATES DATA IS MISSING.
T  INDICATES TRACE AMOUNT.




$$
