000
CDUS45 KBOI 020934
CLIBNO


CLIMATE REPORT
NATIONAL WEATHER SERVICE BOISE ID
333 AM MDT MON MAY 2 2016


...................................

...THE BURNS OR CLIMATE SUMMARY FOR MAY 1 2016...

CLIMATE NORMAL PERIOD 1981 TO 2010
CLIMATE RECORD PERIOD 1938 TO 2016


WEATHER ITEM   OBSERVED TIME   RECORD YEAR NORMAL DEPARTURE LAST
                VALUE   (LST)  VALUE       VALUE  FROM      YEAR
                                                  NORMAL
..................................................................
TEMPERATURE (F)
 YESTERDAY
  MAXIMUM         68    345 PM  86    1947  62      6       76
  MINIMUM         29    408 AM  13    2008  33     -4       24
  AVERAGE         49                        47      2       50

PRECIPITATION (IN)
  YESTERDAY        0.00          0.85 1995   0.03  -0.03     0.00
  MONTH TO DATE    0.00                      0.03  -0.03     0.00
  SINCE OCT 1      8.03                      7.76   0.27     6.75
  SINCE JAN 1      3.16                      4.26  -1.10     2.25

DEGREE DAYS
 HEATING
  YESTERDAY       16                        18     -2       15
  MONTH TO DATE   16                        18     -2       15
  SINCE MAR 1   1232                      1530   -298     1376
  SINCE JUL 1   6393                      7058   -665     5850

 COOLING
  YESTERDAY        0                         0      0        0
  MONTH TO DATE    0                         0      0        0
  SINCE MAR 1      0                         0      0        0
  SINCE JAN 1      0                         0      0        0
..................................................................


WIND (MPH)
  HIGHEST WIND SPEED    18   HIGHEST WIND DIRECTION    NE (40)
  HIGHEST GUST SPEED    25   HIGHEST GUST DIRECTION    NE (50)
  AVERAGE WIND SPEED     8.2


SKY COVER
  POSSIBLE SUNSHINE  MM
  AVERAGE SKY COVER 0.2


WEATHER CONDITIONS
 THE FOLLOWING WEATHER WAS RECORDED YESTERDAY.
  NO SIGNIFICANT WEATHER WAS OBSERVED.


RELATIVE HUMIDITY (PERCENT)
 HIGHEST    85           300 AM
 LOWEST     24           500 PM
 AVERAGE    55

..........................................................


THE BURNS OR CLIMATE NORMALS FOR TODAY
                         NORMAL    RECORD    YEAR
 MAXIMUM TEMPERATURE (F)   62        85      1947
 MINIMUM TEMPERATURE (F)   33        20      1997
                                             1964


SUNRISE AND SUNSET
MAY  2 2016...........SUNRISE   546 AM PDT   SUNSET   800 PM PDT
MAY  3 2016...........SUNRISE   545 AM PDT   SUNSET   801 PM PDT


-  INDICATES NEGATIVE NUMBERS.
R  INDICATES RECORD WAS SET OR TIED.
MM INDICATES DATA IS MISSING.
T  INDICATES TRACE AMOUNT.




$$
