000
CDUS45 KBOI 070931
CLIBNO


CLIMATE REPORT
NATIONAL WEATHER SERVICE BOISE ID
231 AM MST SUN FEB 7 2016


...................................

...THE BURNS OR CLIMATE SUMMARY FOR FEBRUARY 6 2016...

CLIMATE NORMAL PERIOD 1981 TO 2010
CLIMATE RECORD PERIOD 1938 TO 2016


WEATHER ITEM   OBSERVED TIME   RECORD YEAR NORMAL DEPARTURE LAST
                VALUE   (LST)  VALUE       VALUE  FROM      YEAR
                                                  NORMAL
..................................................................
TEMPERATURE (F)
 YESTERDAY
  MAXIMUM         41    200 PM  57    2015  37      4       57
                                      1963
  MINIMUM         20    810 AM -25    1989  16      4       36
  AVERAGE         31                        27      4       47

PRECIPITATION (IN)
  YESTERDAY        0.00          0.32 1942   0.04  -0.04     0.12
  MONTH TO DATE    0.12                      0.21  -0.09     0.47
  SINCE OCT 1      6.47                      4.90   1.57     5.37
  SINCE JAN 1      1.60                      1.40   0.20     0.87

DEGREE DAYS
 HEATING
  YESTERDAY       34                        38     -4       18
  MONTH TO DATE  159                       232    -73      138
  SINCE DEC 1   2558                      2744   -186     2185
  SINCE JUL 1   4419                      4745   -326     3915

 COOLING
  YESTERDAY        0                         0      0        0
  MONTH TO DATE    0                         0      0        0
  SINCE DEC 1      0                         0      0        0
  SINCE JAN 1      0                         0      0        0
..................................................................


WIND (MPH)
  HIGHEST WIND SPEED     8   HIGHEST WIND DIRECTION    NE (30)
  HIGHEST GUST SPEED    10   HIGHEST GUST DIRECTION     N (20)
  AVERAGE WIND SPEED     2.5


SKY COVER
  POSSIBLE SUNSHINE  MM
  AVERAGE SKY COVER 0.6


WEATHER CONDITIONS
 THE FOLLOWING WEATHER WAS RECORDED YESTERDAY.
  NO SIGNIFICANT WEATHER WAS OBSERVED.


RELATIVE HUMIDITY (PERCENT)
 HIGHEST    92           800 AM
 LOWEST     59           200 PM
 AVERAGE    76

..........................................................


THE BURNS OR CLIMATE NORMALS FOR TODAY
                         NORMAL    RECORD    YEAR
 MAXIMUM TEMPERATURE (F)   37        58      1963
 MINIMUM TEMPERATURE (F)   17       -22      1989


SUNRISE AND SUNSET
FEBRUARY  7 2016......SUNRISE   706 AM PST   SUNSET   515 PM PST
FEBRUARY  8 2016......SUNRISE   704 AM PST   SUNSET   516 PM PST


-  INDICATES NEGATIVE NUMBERS.
R  INDICATES RECORD WAS SET OR TIED.
MM INDICATES DATA IS MISSING.
T  INDICATES TRACE AMOUNT.




$$
