000
CDUS45 KBOI 300930
CLIBNO


CLIMATE REPORT
NATIONAL WEATHER SERVICE BOISE ID
330 AM MDT TUE MAY 30 2017


...................................

...THE BURNS OR CLIMATE SUMMARY FOR MAY 29 2017...

CLIMATE NORMAL PERIOD 1981 TO 2010
CLIMATE RECORD PERIOD 1938 TO 2017


WEATHER ITEM   OBSERVED TIME   RECORD YEAR NORMAL DEPARTURE LAST
                VALUE   (LST)  VALUE       VALUE  FROM      YEAR
                                                  NORMAL
..................................................................
TEMPERATURE (F)
 YESTERDAY
  MAXIMUM         83    405 PM  92    1986  70     13       76
  MINIMUM         38    359 AM  23    2014  39     -1       32
  AVERAGE         61                        54      7       54

PRECIPITATION (IN)
  YESTERDAY        0.00          0.38 2005   0.05  -0.05     0.00
  MONTH TO DATE    0.36                      1.15  -0.79     0.69
  SINCE OCT 1     11.75                      8.88   2.87     8.72
  SINCE JAN 1      8.24                      5.38   2.86     3.85

DEGREE DAYS
 HEATING
  YESTERDAY        4                        11     -7       11
  MONTH TO DATE  414                       408      6      385
  SINCE MAR 1   1904                      1920    -16     1601
  SINCE JUL 1   7778                      7448    330     6762

 COOLING
  YESTERDAY        0                         0      0        0
  MONTH TO DATE    0                         0      0        0
  SINCE MAR 1      0                         0      0        0
  SINCE JAN 1      0                         0      0        0
..................................................................


WIND (MPH)
  HIGHEST WIND SPEED    15   HIGHEST WIND DIRECTION    NE (50)
  HIGHEST GUST SPEED    20   HIGHEST GUST DIRECTION    NE (40)
  AVERAGE WIND SPEED     7.3


SKY COVER
  POSSIBLE SUNSHINE  MM
  AVERAGE SKY COVER 0.0


WEATHER CONDITIONS
 THE FOLLOWING WEATHER WAS RECORDED YESTERDAY.
  NO SIGNIFICANT WEATHER WAS OBSERVED.


RELATIVE HUMIDITY (PERCENT)
 HIGHEST    79           200 AM
 LOWEST     10           300 PM
 AVERAGE    45

..........................................................


THE BURNS OR CLIMATE NORMALS FOR TODAY
                         NORMAL    RECORD    YEAR
 MAXIMUM TEMPERATURE (F)   70        94      1986
 MINIMUM TEMPERATURE (F)   39        26      2014
                                             1985


SUNRISE AND SUNSET
MAY 30 2017...........SUNRISE   518 AM PDT   SUNSET   829 PM PDT
MAY 31 2017...........SUNRISE   518 AM PDT   SUNSET   830 PM PDT


-  INDICATES NEGATIVE NUMBERS.
R  INDICATES RECORD WAS SET OR TIED.
MM INDICATES DATA IS MISSING.
T  INDICATES TRACE AMOUNT.




$$
