000
CDUS45 KBOI 180122
CLIBNO


CLIMATE REPORT
NATIONAL WEATHER SERVICE BOISE ID
621 PM MST WED DEC 17 2014


...................................

...THE BURNS OR CLIMATE SUMMARY FOR DECEMBER 17 2014...
VALID TODAY AS OF 0600 PM LOCAL TIME.

CLIMATE NORMAL PERIOD 1981 TO 2010
CLIMATE RECORD PERIOD 1939 TO 2014


WEATHER ITEM   OBSERVED TIME   RECORD YEAR NORMAL DEPARTURE LAST
                VALUE   (LST)  VALUE       VALUE  FROM      YEAR
                                                  NORMAL
..................................................................
TEMPERATURE (F)
 TODAY
  MAXIMUM         40    305 PM  53    1958  34      6       40
  MINIMUM         23    259 AM -22    2008  13     10        6
  AVERAGE         32                        23      9       23

PRECIPITATION (IN)
  TODAY            0.00          0.61 1972   0.05  -0.05     0.00
  MONTH TO DATE    0.80                      0.84  -0.04     0.17
  SINCE OCT 1      3.01                      2.79   0.22     0.93
  SINCE JAN 1      9.26                     10.21  -0.95     6.86

DEGREE DAYS
 HEATING
  TODAY           33                        42     -9       42
  MONTH TO DATE  492                       682   -190      869
  SINCE DEC 1    492                       682   -190      869
  SINCE JUL 1   2222                      2683   -461     2792

 COOLING
  TODAY            0                         0      0        0
  MONTH TO DATE    0                         0      0        0
  SINCE DEC 1      0                         0      0        0
  SINCE JAN 1    318                       215    103      372
..................................................................


WIND (MPH)
  HIGHEST WIND SPEED     9   HIGHEST WIND DIRECTION    NE (60)
  HIGHEST GUST SPEED    11   HIGHEST GUST DIRECTION    NE (60)
  AVERAGE WIND SPEED     2.7



WEATHER CONDITIONS
 THE FOLLOWING WEATHER WAS RECORDED TODAY.
  FOG


RELATIVE HUMIDITY (PERCENT)
 HIGHEST    92          1200 AM
 LOWEST     70           300 PM
 AVERAGE    81

..........................................................


THE BURNS OR CLIMATE NORMALS FOR TOMORROW
                         NORMAL    RECORD    YEAR
 MAXIMUM TEMPERATURE (F)   34        50      1979
 MINIMUM TEMPERATURE (F)   13        -9      2012


SUNRISE AND SUNSET
DECEMBER 17 2014......SUNRISE   724 AM PST   SUNSET   420 PM PST
DECEMBER 18 2014......SUNRISE   724 AM PST   SUNSET   421 PM PST


-  INDICATES NEGATIVE NUMBERS.
R  INDICATES RECORD WAS SET OR TIED.
MM INDICATES DATA IS MISSING.
T  INDICATES TRACE AMOUNT.




$$
