000
CDUS45 KBOI 140124
CLIBOI


CLIMATE REPORT
NATIONAL WEATHER SERVICE BOISE ID
721 PM MDT SUN JUL 13 2014


...................................

...THE BOISE ID CLIMATE SUMMARY FOR JULY 13 2014...
VALID TODAY AS OF 0600 PM LOCAL TIME.

CLIMATE NORMAL PERIOD 1981 TO 2010
CLIMATE RECORD PERIOD 1878 TO 2014


WEATHER ITEM   OBSERVED TIME   RECORD YEAR NORMAL DEPARTURE LAST
                VALUE   (LST)  VALUE       VALUE  FROM      YEAR
                                                  NORMAL
..................................................................
TEMPERATURE (F)
 TODAY
  MAXIMUM        104    502 PM 110    2002  91     13       87
  MINIMUM         70    431 AM  43    1993  60     10       59
                                      1892
                                      1888
  AVERAGE         87                        76     11       73

PRECIPITATION (IN)
  TODAY            0.00          0.71 1932   0.01  -0.01     0.00
  MONTH TO DATE    0.00                      0.16  -0.16      T
  SINCE OCT 1     11.28                     10.74   0.54     6.98
  SINCE JAN 1      8.37                      7.09   1.28     4.33

DEGREE DAYS
 HEATING
  TODAY            0                         0      0        0
  MONTH TO DATE    0                         4     -4        0
  SINCE JUN 1     36                        68    -32       35
  SINCE JUL 1      0                         4     -4        0

 COOLING
  TODAY           22                        11     11        8
  MONTH TO DATE  231                       122    109      219
  SINCE JUN 1    343                       261     82      410
  SINCE JAN 1    367                       305     62      457
..................................................................


WIND (MPH)
  HIGHEST WIND SPEED    12   HIGHEST WIND DIRECTION    NW (330)
  HIGHEST GUST SPEED    16   HIGHEST GUST DIRECTION    NW (330)
  AVERAGE WIND SPEED    MM



WEATHER CONDITIONS
 THE FOLLOWING WEATHER WAS RECORDED TODAY.
  NO SIGNIFICANT WEATHER WAS OBSERVED.


RELATIVE HUMIDITY (PERCENT)
 HIGHEST    MM
 LOWEST     MM
 AVERAGE    MM

..........................................................


THE BOISE ID CLIMATE NORMALS FOR TOMORROW
                         NORMAL    RECORD    YEAR
 MAXIMUM TEMPERATURE (F)   91       107      1898
 MINIMUM TEMPERATURE (F)   61        42      1913


SUNRISE AND SUNSET
JULY 13 2014..........SUNRISE   616 AM MDT   SUNSET   925 PM MDT
JULY 14 2014..........SUNRISE   617 AM MDT   SUNSET   924 PM MDT


-  INDICATES NEGATIVE NUMBERS.
R  INDICATES RECORD WAS SET OR TIED.
MM INDICATES DATA IS MISSING.
T  INDICATES TRACE AMOUNT.




$$
