000
CDUS45 KBOI 260122
CLIBOI


CLIMATE REPORT
NATIONAL WEATHER SERVICE BOISE ID
622 PM MST THU DEC 25 2014


...................................

...THE BOISE ID CLIMATE SUMMARY FOR DECEMBER 25 2014...
VALID TODAY AS OF 0600 PM LOCAL TIME.

CLIMATE NORMAL PERIOD 1981 TO 2010
CLIMATE RECORD PERIOD 1878 TO 2014


WEATHER ITEM   OBSERVED TIME   RECORD YEAR NORMAL DEPARTURE LAST
                VALUE   (LST)  VALUE       VALUE  FROM      YEAR
                                                  NORMAL
..................................................................
TEMPERATURE (F)
 TODAY
  MAXIMUM         37    334 PM  60    1885  36      1       37
  MINIMUM         29   1015 AM -20    1990  23      6       18
  AVERAGE         33                        30      3       28

PRECIPITATION (IN)
  TODAY            0.00          0.96 1883   0.05  -0.05     0.00
  MONTH TO DATE    3.16                      1.25   1.91     0.66
  SINCE OCT 1      5.73                      3.35   2.38     2.91
  SINCE JAN 1     15.26                     11.43   3.83     9.57

DEGREE DAYS
 HEATING
  TODAY           32                        35     -3       37
  MONTH TO DATE  609                       848   -239     1038
  SINCE DEC 1    609                       848   -239     1038
  SINCE JUL 1   1748                      2102   -354     2332

 COOLING
  TODAY            0                         0      0        0
  MONTH TO DATE    0                         0      0        0
  SINCE DEC 1      0                         0      0        0
  SINCE JAN 1   1129                       942    187     1320
..................................................................


WIND (MPH)
  HIGHEST WIND SPEED    28   HIGHEST WIND DIRECTION    NW (320)
  HIGHEST GUST SPEED    36   HIGHEST GUST DIRECTION    NW (320)
  AVERAGE WIND SPEED    18.3



WEATHER CONDITIONS
 THE FOLLOWING WEATHER WAS RECORDED TODAY.
  NO SIGNIFICANT WEATHER WAS OBSERVED.


RELATIVE HUMIDITY (PERCENT)
 HIGHEST    82          1200 AM
 LOWEST     59           200 PM
 AVERAGE    71

..........................................................


THE BOISE ID CLIMATE NORMALS FOR TOMORROW
                         NORMAL    RECORD    YEAR
 MAXIMUM TEMPERATURE (F)   36        58      1892
 MINIMUM TEMPERATURE (F)   23       -18      1924


SUNRISE AND SUNSET
DECEMBER 25 2014......SUNRISE   817 AM MST   SUNSET   514 PM MST
DECEMBER 26 2014......SUNRISE   817 AM MST   SUNSET   514 PM MST


-  INDICATES NEGATIVE NUMBERS.
R  INDICATES RECORD WAS SET OR TIED.
MM INDICATES DATA IS MISSING.
T  INDICATES TRACE AMOUNT.




$$
