000
CDUS45 KBOI 300932
CLIBOI


CLIMATE REPORT
NATIONAL WEATHER SERVICE BOISE ID
331 AM MDT WED JUL 30 2014


...................................

...THE BOISE ID CLIMATE SUMMARY FOR JULY 29 2014...

CLIMATE NORMAL PERIOD 1981 TO 2010
CLIMATE RECORD PERIOD 1878 TO 2014


WEATHER ITEM   OBSERVED TIME   RECORD YEAR NORMAL DEPARTURE LAST
                VALUE   (LST)  VALUE       VALUE  FROM      YEAR
                                                  NORMAL
..................................................................
TEMPERATURE (F)
 YESTERDAY
  MAXIMUM         98    521 PM 104    1934  93      5       93
  MINIMUM         74    554 AM  44    1950  62     12       59
  AVERAGE         86                        78      8       76

PRECIPITATION (IN)
  YESTERDAY        T             0.35 1964   0.01  -0.01     0.00
  MONTH TO DATE    0.08                      0.31  -0.23     0.13
  SINCE OCT 1     11.36                     10.89   0.47     7.11
  SINCE JAN 1      8.45                      7.24   1.21     4.46

SNOWFALL (IN)
  YESTERDAY        0.0           0.0  2006   0.0    0.0      0.0
  MONTH TO DATE    0.0                       0.0    0.0      0.0
  SINCE OCT 1     14.4                      19.2   -4.8     16.0
  SINCE JUL 1      0.0                       0.0    0.0      0.0
  SNOW DEPTH       0

DEGREE DAYS
 HEATING
  YESTERDAY        0                         0      0        0
  MONTH TO DATE    0                         4     -4        0
  SINCE JUN 1     36                        68    -32       35
  SINCE JUL 1      0                         4     -4        0

 COOLING
  YESTERDAY       21                        13      8       11
  MONTH TO DATE  467                       317    150      486
  SINCE JUN 1    579                       456    123      677
  SINCE JAN 1    603                       500    103      724
..................................................................


WIND (MPH)
  HIGHEST WIND SPEED    29   HIGHEST WIND DIRECTION    NW (320)
  HIGHEST GUST SPEED    38   HIGHEST GUST DIRECTION    NW (310)
  AVERAGE WIND SPEED     8.1


SKY COVER
  POSSIBLE SUNSHINE  MM
  AVERAGE SKY COVER 0.0


WEATHER CONDITIONS
 THE FOLLOWING WEATHER WAS RECORDED YESTERDAY.
  THUNDERSTORM
  LIGHT RAIN
  HAZE


RELATIVE HUMIDITY (PERCENT)
 HIGHEST    46           600 AM
 LOWEST     17           500 PM
 AVERAGE    32

..........................................................


THE BOISE ID CLIMATE NORMALS FOR TODAY
                         NORMAL    RECORD    YEAR
 MAXIMUM TEMPERATURE (F)   93       106      2003
 MINIMUM TEMPERATURE (F)   62        46      1950
                                             1890
                                             1877


SUNRISE AND SUNSET
JULY 30 2014..........SUNRISE   632 AM MDT   SUNSET   910 PM MDT
JULY 31 2014..........SUNRISE   633 AM MDT   SUNSET   909 PM MDT


-  INDICATES NEGATIVE NUMBERS.
R  INDICATES RECORD WAS SET OR TIED.
MM INDICATES DATA IS MISSING.
T  INDICATES TRACE AMOUNT.




$$
