000
CDUS45 KBOI 180948
CLIBOI


CLIMATE REPORT
NATIONAL WEATHER SERVICE BOISE ID
248 AM MST THU JAN 18 2018


...................................

...THE BOISE ID CLIMATE SUMMARY FOR JANUARY 17 2018...

CLIMATE NORMAL PERIOD 1981 TO 2010
CLIMATE RECORD PERIOD 1875 TO 2018


WEATHER ITEM   OBSERVED TIME   RECORD YEAR NORMAL DEPARTURE LAST
                VALUE   (LST)  VALUE       VALUE  FROM      YEAR
                                                  NORMAL
..................................................................
TEMPERATURE (F)
 YESTERDAY
  MAXIMUM         50    426 PM  58    1923  38     12       16
  MINIMUM         29    822 AM -20    1883  25      4       -1
  AVERAGE         40                        31      9        8

PRECIPITATION (IN)
  YESTERDAY        0.00          0.84 1953   0.04  -0.04     0.00
  MONTH TO DATE    0.71                      0.74  -0.03     2.13
  SINCE OCT 1      4.10                      4.39  -0.29     5.63
  SINCE JAN 1      0.71                      0.74  -0.03     2.13

SNOWFALL (IN)
  YESTERDAY        0.0           5.4  1922   0.1   -0.1      0.0
  MONTH TO DATE    T                         3.1   -3.1     15.9
  SINCE OCT 1      9.8                      12.8   -3.0     29.9
  SINCE JUL 1      9.8                      12.8   -3.0     29.9
  SNOW DEPTH       0

DEGREE DAYS
 HEATING
  YESTERDAY       25                        34     -9       57
  MONTH TO DATE  488                       588   -100      803
  SINCE DEC 1   1608                      1649    -41     2087
  SINCE JUL 1   2832                      2903    -71     2992

 COOLING
  YESTERDAY        0                         0      0        0
  MONTH TO DATE    0                         0      0        0
  SINCE DEC 1      0                         0      0        0
  SINCE JAN 1      0                         0      0        0
..................................................................


WIND (MPH)
  HIGHEST WIND SPEED    18   HIGHEST WIND DIRECTION     S (170)
  HIGHEST GUST SPEED    27   HIGHEST GUST DIRECTION     S (170)
  AVERAGE WIND SPEED     8.2


SKY COVER
  POSSIBLE SUNSHINE  MM
  AVERAGE SKY COVER 0.4


WEATHER CONDITIONS
 THE FOLLOWING WEATHER WAS RECORDED YESTERDAY.
  FOG
  FOG W/VISIBILITY <= 1/4 MILE


RELATIVE HUMIDITY (PERCENT)
 HIGHEST   100          1200 AM
 LOWEST     52           400 PM
 AVERAGE    76

..........................................................


THE BOISE ID CLIMATE NORMALS FOR TODAY
                         NORMAL    RECORD    YEAR
 MAXIMUM TEMPERATURE (F)   38        57      1998
 MINIMUM TEMPERATURE (F)   25       -27      1883


SUNRISE AND SUNSET
JANUARY 18 2018.......SUNRISE   813 AM MST   SUNSET   538 PM MST
JANUARY 19 2018.......SUNRISE   813 AM MST   SUNSET   539 PM MST


-  INDICATES NEGATIVE NUMBERS.
R  INDICATES RECORD WAS SET OR TIED.
MM INDICATES DATA IS MISSING.
T  INDICATES TRACE AMOUNT.




$$
