000
CDUS45 KBOI 250932
CLIBOI


CLIMATE REPORT
NATIONAL WEATHER SERVICE BOISE ID
331 AM MDT SAT OCT 25 2014


...................................

...THE BOISE ID CLIMATE SUMMARY FOR OCTOBER 24 2014...

CLIMATE NORMAL PERIOD 1981 TO 2010
CLIMATE RECORD PERIOD 1878 TO 2014


WEATHER ITEM   OBSERVED TIME   RECORD YEAR NORMAL DEPARTURE LAST
                VALUE   (LST)  VALUE       VALUE  FROM      YEAR
                                                  NORMAL
..................................................................
TEMPERATURE (F)
 YESTERDAY
  MAXIMUM         67    350 PM  78    1891  61      6       69
  MINIMUM         48   1152 PM  16    1887  39      9       43
  AVERAGE         58                        50      8       56

PRECIPITATION (IN)
  YESTERDAY        0.03          0.62 1940   0.03   0.00     0.00
  MONTH TO DATE    0.40                      0.54  -0.14     0.02
  SINCE OCT 1      0.40                      0.54  -0.14     0.02
  SINCE JAN 1      9.93                      8.62   1.31     6.68

SNOWFALL (IN)
  YESTERDAY        0.0           0.0  2006   0.0    0.0      0.0
  MONTH TO DATE    0.0                       0.0    0.0      0.0
  SINCE OCT 1      0.0                       0.0    0.0      0.0
  SINCE JUL 1      0.0                       0.0    0.0      0.0
  SNOW DEPTH       0

DEGREE DAYS
 HEATING
  YESTERDAY        7                        15     -8        9
  MONTH TO DATE  130                       265   -135      339
  SINCE SEP 1    182                       368   -186      430
  SINCE JUL 1    186                       386   -200      430

 COOLING
  YESTERDAY        0                         0      0        0
  MONTH TO DATE   10                         7      3        0
  SINCE SEP 1    146                       107     39      148
  SINCE JAN 1   1129                       941    188     1320
..................................................................


WIND (MPH)
  HIGHEST WIND SPEED    10   HIGHEST WIND DIRECTION    NW (300)
  HIGHEST GUST SPEED    12   HIGHEST GUST DIRECTION    NW (310)
  AVERAGE WIND SPEED     2.3


SKY COVER
  POSSIBLE SUNSHINE  MM
  AVERAGE SKY COVER 0.5


WEATHER CONDITIONS
 THE FOLLOWING WEATHER WAS RECORDED YESTERDAY.
  LIGHT RAIN
  FOG


RELATIVE HUMIDITY (PERCENT)
 HIGHEST    93          1000 PM
 LOWEST     48           300 PM
 AVERAGE    71

..........................................................


THE BOISE ID CLIMATE NORMALS FOR TODAY
                         NORMAL    RECORD    YEAR
 MAXIMUM TEMPERATURE (F)   60        81      1990
 MINIMUM TEMPERATURE (F)   38        21      1919


SUNRISE AND SUNSET
OCTOBER 25 2014.......SUNRISE   812 AM MDT   SUNSET   646 PM MDT
OCTOBER 26 2014.......SUNRISE   813 AM MDT   SUNSET   644 PM MDT


-  INDICATES NEGATIVE NUMBERS.
R  INDICATES RECORD WAS SET OR TIED.
MM INDICATES DATA IS MISSING.
T  INDICATES TRACE AMOUNT.




$$
