000
CDUS45 KBOI 050931
CLIBOI


CLIMATE REPORT
NATIONAL WEATHER SERVICE BOISE ID
231 AM MST THU MAR 5 2015


...................................

...THE BOISE ID CLIMATE SUMMARY FOR MARCH 4 2015...

CLIMATE NORMAL PERIOD 1981 TO 2010
CLIMATE RECORD PERIOD 1878 TO 2015


WEATHER ITEM   OBSERVED TIME   RECORD YEAR NORMAL DEPARTURE LAST
                VALUE   (LST)  VALUE       VALUE  FROM      YEAR
                                                  NORMAL
..................................................................
TEMPERATURE (F)
 YESTERDAY
  MAXIMUM         45    519 PM  70    1987  51     -6       57
  MINIMUM         20    754 AM  11    1976  32    -12       40
  AVERAGE         33                        41     -8       49

PRECIPITATION (IN)
  YESTERDAY        0.00          0.84 1890   0.05  -0.05     0.00
  MONTH TO DATE    0.01                      0.17  -0.16     0.77
  SINCE OCT 1      8.10                      6.05   2.05     6.69
  SINCE JAN 1      2.19                      2.40  -0.21     3.78

SNOWFALL (IN)
  YESTERDAY        0.0           2.2  1951   0.0    0.0      0.0
  MONTH TO DATE    T                         0.2   -0.2      0.0
  SINCE OCT 1     13.3                      17.8   -4.5     14.4
  SINCE JUL 1     13.3                      17.8   -4.5     14.4
  SNOW DEPTH       0

DEGREE DAYS
 HEATING
  YESTERDAY       32                        24      8       16
  MONTH TO DATE  115                        96     19       73
  SINCE MAR 1    115                        96     19       73
  SINCE JUL 1   3710                      4255   -545     4413

 COOLING
  YESTERDAY        0                         0      0        0
  MONTH TO DATE    0                         0      0        0
  SINCE MAR 1      0                         0      0        0
  SINCE JAN 1      0                         0      0        0
..................................................................


WIND (MPH)
  HIGHEST WIND SPEED    12   HIGHEST WIND DIRECTION    NW (300)
  HIGHEST GUST SPEED    16   HIGHEST GUST DIRECTION    NW (330)
  AVERAGE WIND SPEED     3.5


SKY COVER
  POSSIBLE SUNSHINE  MM
  AVERAGE SKY COVER 0.0


WEATHER CONDITIONS
 THE FOLLOWING WEATHER WAS RECORDED YESTERDAY.
  NO SIGNIFICANT WEATHER WAS OBSERVED.


RELATIVE HUMIDITY (PERCENT)
 HIGHEST    73           700 AM
 LOWEST     22           500 PM
 AVERAGE    48

..........................................................


THE BOISE ID CLIMATE NORMALS FOR TODAY
                         NORMAL    RECORD    YEAR
 MAXIMUM TEMPERATURE (F)   51        67      1986
                                             1889
 MINIMUM TEMPERATURE (F)   32        10      1955


SUNRISE AND SUNSET
MARCH  5 2015.........SUNRISE   715 AM MST   SUNSET   639 PM MST
MARCH  6 2015.........SUNRISE   713 AM MST   SUNSET   640 PM MST


-  INDICATES NEGATIVE NUMBERS.
R  INDICATES RECORD WAS SET OR TIED.
MM INDICATES DATA IS MISSING.
T  INDICATES TRACE AMOUNT.




$$
