019
CDUS41 KBOX 250540
CLIBOS


CLIMATE REPORT
NATIONAL WEATHER SERVICE TAUNTON MA
136 AM EDT MON SEP 25 2017


...................................

...THE BOSTON MA CLIMATE SUMMARY FOR SEPTEMBER 24 2017...

CLIMATE NORMAL PERIOD 1981 TO 2010
CLIMATE RECORD PERIOD 1872 TO 2017


WEATHER ITEM   OBSERVED TIME   RECORD YEAR NORMAL DEPARTURE LAST
                VALUE   (LST)  VALUE       VALUE  FROM      YEAR
                                                  NORMAL
..................................................................
TEMPERATURE (F)
 YESTERDAY
  MAXIMUM         79    111 PM  90    1959  70      9       67
  MINIMUM         61    454 AM  39    1974  54      7       54
                                      1963
                                      1885
  AVERAGE         70                        62      8       61

PRECIPITATION (IN)
  YESTERDAY        0.00          1.25 1955   0.13  -0.13      T
  MONTH TO DATE    2.18                      2.69  -0.51     1.03
  SINCE SEP 1      2.18                      2.69  -0.51     1.03
  SINCE JAN 1     33.47                     31.31   2.16    21.29

SNOWFALL (IN)
  YESTERDAY        0.0           0.0  2002   0.0    0.0      0.0
                                      2001
                                      2000
  MONTH TO DATE    0.0                       0.0    0.0      0.0
  SINCE SEP 1      0.0                       0.0    0.0      0.0
  SINCE JUL 1      0.0                       0.0    0.0      0.0
  SNOW DEPTH      MM

DEGREE DAYS
 HEATING
  YESTERDAY        0                         4     -4        4
  MONTH TO DATE   22                        51    -29       10
  SINCE SEP 1     22                        51    -29       10
  SINCE JUL 1     34                        64    -30       17

 COOLING
  YESTERDAY        5                         1      4        0
  MONTH TO DATE   84                        74     10      127
  SINCE SEP 1     84                        74     10      127
  SINCE JAN 1    813                       733     80     1021
..................................................................


WIND (MPH)
  RESULTANT WIND SPEED   2   RESULTANT WIND DIRECTION   E (100)
  HIGHEST WIND SPEED    13   HIGHEST WIND DIRECTION     E (110)
  HIGHEST GUST SPEED    16   HIGHEST GUST DIRECTION    SE (140)
  AVERAGE WIND SPEED     3.2


SKY COVER
  POSSIBLE SUNSHINE  MM
  AVERAGE SKY COVER 0.1


WEATHER CONDITIONS
 THE FOLLOWING WEATHER WAS RECORDED YESTERDAY.
  NO SIGNIFICANT WEATHER WAS OBSERVED.


RELATIVE HUMIDITY (PERCENT)
 HIGHEST   100           200 AM
 LOWEST     60           900 AM
 AVERAGE    80

..........................................................


THE BOSTON MA CLIMATE NORMALS FOR TODAY
                         NORMAL    RECORD    YEAR
 MAXIMUM TEMPERATURE (F)   69        89      1926
 MINIMUM TEMPERATURE (F)   54        38      1950


SUNRISE AND SUNSET
SEPTEMBER 25 2017.....SUNRISE   635 AM EDT   SUNSET   636 PM EDT
SEPTEMBER 26 2017.....SUNRISE   636 AM EDT   SUNSET   634 PM EDT


-  INDICATES NEGATIVE NUMBERS.
R  INDICATES RECORD WAS SET OR TIED.
MM INDICATES DATA IS MISSING.
T  INDICATES TRACE AMOUNT.




$$
