000
CDUS41 KBOX 230527
CLIBOS


CLIMATE REPORT
NATIONAL WEATHER SERVICE TAUNTON MA
127 AM EDT SUN APR 23 2017


...................................

...THE BOSTON MA CLIMATE SUMMARY FOR APRIL 22 2017...

CLIMATE NORMAL PERIOD 1981 TO 2010
CLIMATE RECORD PERIOD 1872 TO 2017


WEATHER ITEM   OBSERVED TIME   RECORD YEAR NORMAL DEPARTURE LAST
                VALUE   (LST)  VALUE       VALUE  FROM      YEAR
                                                  NORMAL
..................................................................
TEMPERATURE (F)
 YESTERDAY
  MAXIMUM         45    516 PM  88    1977  58    -13       78
  MINIMUM         43   1159 PM  26    1875  43      0       58
  AVERAGE         44                        50     -6       68

PRECIPITATION (IN)
  YESTERDAY        0.05          1.89 1937   0.12  -0.07      T
  MONTH TO DATE    4.26                      2.84   1.42     2.55
  SINCE MAR 1      8.44                      7.16   1.28     5.71
  SINCE JAN 1     15.91                     13.77   2.14    13.15

SNOWFALL (IN)
  YESTERDAY        0.0           1.3  1940   0.0    0.0      0.0
  MONTH TO DATE    1.2                       1.8   -0.6      6.6
  SINCE MAR 1     11.3                       9.6    1.7     10.7
  SINCE JUL 1     47.6                      43.7    3.9     36.1
  SNOW DEPTH      MM

DEGREE DAYS
 HEATING
  YESTERDAY       21                        15      6        0
  MONTH TO DATE  337                       403    -66      405
  SINCE MAR 1   1288                      1232     56     1093
  SINCE JUL 1   4827                      5274   -447     4423

 COOLING
  YESTERDAY        0                         0      0        3
  MONTH TO DATE   10                         0     10        3
  SINCE MAR 1     10                         0     10        3
  SINCE JAN 1     10                         0     10        3
..................................................................


WIND (MPH)
  RESULTANT WIND SPEED   9   RESULTANT WIND DIRECTION   N (20)
  HIGHEST WIND SPEED    16   HIGHEST WIND DIRECTION    NE (30)
  HIGHEST GUST SPEED    19   HIGHEST GUST DIRECTION    NE (30)
  AVERAGE WIND SPEED     9.0


SKY COVER
  POSSIBLE SUNSHINE  MM
  AVERAGE SKY COVER 1.0


WEATHER CONDITIONS
 THE FOLLOWING WEATHER WAS RECORDED YESTERDAY.
  LIGHT RAIN
  FOG


RELATIVE HUMIDITY (PERCENT)
 HIGHEST   100          1200 AM
 LOWEST     92           800 AM
 AVERAGE    96

..........................................................


THE BOSTON MA CLIMATE NORMALS FOR TODAY
                         NORMAL    RECORD    YEAR
 MAXIMUM TEMPERATURE (F)   58        86      2007
 MINIMUM TEMPERATURE (F)   43        29      1933


SUNRISE AND SUNSET
APRIL 23 2017.........SUNRISE   550 AM EDT   SUNSET   735 PM EDT
APRIL 24 2017.........SUNRISE   549 AM EDT   SUNSET   736 PM EDT


-  INDICATES NEGATIVE NUMBERS.
R  INDICATES RECORD WAS SET OR TIED.
MM INDICATES DATA IS MISSING.
T  INDICATES TRACE AMOUNT.




$$
