000
CDUS41 KBOX 250527
CLIBOS


CLIMATE REPORT
NATIONAL WEATHER SERVICE TAUNTON MA
127 AM EDT TUE JUL 25 2017


...................................

...THE BOSTON MA CLIMATE SUMMARY FOR JULY 24 2017...

CLIMATE NORMAL PERIOD 1981 TO 2010
CLIMATE RECORD PERIOD 1872 TO 2017


WEATHER ITEM   OBSERVED TIME   RECORD YEAR NORMAL DEPARTURE LAST
                VALUE   (LST)  VALUE       VALUE  FROM      YEAR
                                                  NORMAL
..................................................................
TEMPERATURE (F)
 YESTERDAY
  MAXIMUM         65    453 AM  98    1933  82    -17       91
  MINIMUM         57    350 PM  54    1893  66     -9       68
  AVERAGE         61                        74    -13       80

PRECIPITATION (IN)
  YESTERDAY        1.41          2.40 1988   0.11   1.30     0.00
  MONTH TO DATE    3.98                      2.56   1.42     0.66
  SINCE JUN 1      8.83                      6.24   2.59     1.99
  SINCE JAN 1     29.66                     24.40   5.26    18.33

SNOWFALL (IN)
  YESTERDAY        0.0           0.0  2002   0.0    0.0      0.0
                                      2001
                                      2000
  MONTH TO DATE    0.0                       0.0    0.0      0.0
  SINCE JUN 1      0.0                       0.0    0.0      0.0
  SINCE JUL 1      0.0                       0.0    0.0      0.0
  SNOW DEPTH      MM

DEGREE DAYS
 HEATING
  YESTERDAY        4                         0      4        0
  MONTH TO DATE    6                         0      6        7
  SINCE JUN 1     56                        55      1       24
  SINCE JUL 1      6                         0      6        7

 COOLING
  YESTERDAY        0                         9     -9       15
  MONTH TO DATE  225                       205     20      262
  SINCE JUN 1    416                       341     75      391
  SINCE JAN 1    476                       371    105      436
..................................................................


WIND (MPH)
  RESULTANT WIND SPEED  12   RESULTANT WIND DIRECTION  NE (60)
  HIGHEST WIND SPEED    25   HIGHEST WIND DIRECTION     E (90)
  HIGHEST GUST SPEED    30   HIGHEST GUST DIRECTION    NE (40)
  AVERAGE WIND SPEED    13.7


SKY COVER
  POSSIBLE SUNSHINE  MM
  AVERAGE SKY COVER 0.8


WEATHER CONDITIONS
 THE FOLLOWING WEATHER WAS RECORDED YESTERDAY.
  HEAVY RAIN
  RAIN
  LIGHT RAIN
  FOG


RELATIVE HUMIDITY (PERCENT)
 HIGHEST   100           100 PM
 LOWEST     78          1200 AM
 AVERAGE    89

..........................................................


THE BOSTON MA CLIMATE NORMALS FOR TODAY
                         NORMAL    RECORD    YEAR
 MAXIMUM TEMPERATURE (F)   82        96      1882
 MINIMUM TEMPERATURE (F)   66        53      1901


SUNRISE AND SUNSET
JULY 25 2017..........SUNRISE   530 AM EDT   SUNSET   811 PM EDT
JULY 26 2017..........SUNRISE   531 AM EDT   SUNSET   810 PM EDT


-  INDICATES NEGATIVE NUMBERS.
R  INDICATES RECORD WAS SET OR TIED.
MM INDICATES DATA IS MISSING.
T  INDICATES TRACE AMOUNT.




$$
