000
CDUS41 KBOX 230548
CLIBOS


CLIMATE REPORT
NATIONAL WEATHER SERVICE TAUNTON MA
1248 AM EST THU NOV 23 2017


...................................

...THE BOSTON MA CLIMATE SUMMARY FOR NOVEMBER 22 2017...

CLIMATE NORMAL PERIOD 1981 TO 2010
CLIMATE RECORD PERIOD 1872 TO 2017


WEATHER ITEM   OBSERVED TIME   RECORD YEAR NORMAL DEPARTURE LAST
                VALUE   (LST)  VALUE       VALUE  FROM      YEAR
                                                  NORMAL
..................................................................
TEMPERATURE (F)
 YESTERDAY
  MAXIMUM         52   1130 AM  74    1931  49      3       43
  MINIMUM         38   1159 PM   9    1879  36      2       32
  AVERAGE         45                        43      2       38

PRECIPITATION (IN)
  YESTERDAY        0.89          2.18 1878   0.14   0.75     0.00
  MONTH TO DATE    1.80                      2.90  -1.10     1.28
  SINCE SEP 1      9.67                     10.28  -0.61     8.12
  SINCE JAN 1     40.96                     38.90   2.06    28.38

SNOWFALL (IN)
  YESTERDAY        0.0           1.0  1939   0.1   -0.1      0.0
  MONTH TO DATE    T                         0.6   -0.6       T
  SINCE SEP 1      T                         0.6   -0.6       T
  SINCE JUL 1      T                         0.6   -0.6       T
  SNOW DEPTH      MM

DEGREE DAYS
 HEATING
  YESTERDAY       20                        22     -2       27
  MONTH TO DATE  444                       419     25      376
  SINCE SEP 1    626                       853   -227      727
  SINCE JUL 1    638                       866   -228      734

 COOLING
  YESTERDAY        0                         0      0        0
  MONTH TO DATE    0                         0      0        0
  SINCE SEP 1    151                        88     63      141
  SINCE JAN 1    880                       747    133     1035
..................................................................


WIND (MPH)
  RESULTANT WIND SPEED   4   RESULTANT WIND DIRECTION   W (290)
  HIGHEST WIND SPEED    28   HIGHEST WIND DIRECTION    NW (310)
  HIGHEST GUST SPEED    40   HIGHEST GUST DIRECTION    NW (320)
  AVERAGE WIND SPEED    11.2


SKY COVER
  POSSIBLE SUNSHINE  MM
  AVERAGE SKY COVER 0.9


WEATHER CONDITIONS
 THE FOLLOWING WEATHER WAS RECORDED YESTERDAY.
  HEAVY RAIN
  RAIN
  LIGHT RAIN
  FOG


RELATIVE HUMIDITY (PERCENT)
 HIGHEST   100           800 AM
 LOWEST     59          1100 PM
 AVERAGE    80

..........................................................


THE BOSTON MA CLIMATE NORMALS FOR TODAY
                         NORMAL    RECORD    YEAR
 MAXIMUM TEMPERATURE (F)   49        77      1931
 MINIMUM TEMPERATURE (F)   36        11      1880


SUNRISE AND SUNSET
NOVEMBER 23 2017......SUNRISE   645 AM EST   SUNSET   416 PM EST
NOVEMBER 24 2017......SUNRISE   646 AM EST   SUNSET   415 PM EST


-  INDICATES NEGATIVE NUMBERS.
R  INDICATES RECORD WAS SET OR TIED.
MM INDICATES DATA IS MISSING.
T  INDICATES TRACE AMOUNT.




$$
