000
CDUS45 KRIW 200738
CLIBPI


CLIMATE REPORT
NATIONAL WEATHER SERVICE RIVERTON WY
1238 AM MST SAT JAN 20 2018


...................................

...THE BIG PINEY WY CLIMATE SUMMARY FOR JANUARY 19 2018...

CLIMATE NORMAL PERIOD 1981 TO 2010
CLIMATE RECORD PERIOD 1976 TO 2018


WEATHER ITEM   OBSERVED TIME   RECORD YEAR NORMAL DEPARTURE LAST
                VALUE   (LST)  VALUE       VALUE  FROM      YEAR
                                                  NORMAL
..................................................................
TEMPERATURE (F)
 YESTERDAY
  MAXIMUM         45   1259 PM  46    1994  26     19       15
                                      1977
  MINIMUM         14    133 AM -43    1984  -4     18       -6
  AVERAGE         30                        11     19        5

PRECIPITATION (IN)
  YESTERDAY        T             0.15 1998   0.01  -0.01      T
  MONTH TO DATE    0.05                      0.20  -0.15     0.53
  SINCE DEC 1      0.12                      0.50  -0.38     1.08
  SINCE JAN 1      0.05                      0.20  -0.15     0.53

DEGREE DAYS
 HEATING
  YESTERDAY       35                        54    -19       60
  MONTH TO DATE  801                      1026   -225     1236
  SINCE DEC 1   2125                      2650   -525     2964
  SINCE JUL 1   4681                      5465   -784     5413

 COOLING
  YESTERDAY        0                         0      0        0
  MONTH TO DATE    0                         0      0        0
  SINCE DEC 1      0                         0      0        0
  SINCE JAN 1      0                         0      0        0
..................................................................


WIND (MPH)
  HIGHEST WIND SPEED    24   HIGHEST WIND DIRECTION     W (280)
  HIGHEST GUST SPEED    33   HIGHEST GUST DIRECTION     W (280)
  AVERAGE WIND SPEED     7.5


SKY COVER
  POSSIBLE SUNSHINE  MM
  AVERAGE SKY COVER 0.5


WEATHER CONDITIONS
 THE FOLLOWING WEATHER WAS RECORDED YESTERDAY.
  LIGHT SNOW
  FOG
  HAZE


RELATIVE HUMIDITY (PERCENT)
 HIGHEST    92           200 AM
 LOWEST     58           100 PM
 AVERAGE    75

..........................................................


THE BIG PINEY WY CLIMATE NORMALS FOR TODAY
                         NORMAL    RECORD    YEAR
 MAXIMUM TEMPERATURE (F)   26        46      1994
 MINIMUM TEMPERATURE (F)   -4       -37      1984


SUNRISE AND SUNSET
JANUARY 20 2018.......SUNRISE   745 AM MST   SUNSET   519 PM MST
JANUARY 21 2018.......SUNRISE   744 AM MST   SUNSET   520 PM MST


-  INDICATES NEGATIVE NUMBERS.
R  INDICATES RECORD WAS SET OR TIED.
MM INDICATES DATA IS MISSING.
T  INDICATES TRACE AMOUNT.




$$
