000
CDUS45 KRIW 300825
CLIBPI


CLIMATE REPORT
NATIONAL WEATHER SERVICE RIVERTON WY
156 AM MDT TUE MAY 30 2017


...................................

...THE BIG PINEY WY CLIMATE SUMMARY FOR MAY 29 2017...

CLIMATE NORMAL PERIOD 1981 TO 2010
CLIMATE RECORD PERIOD 1976 TO 2017


WEATHER ITEM   OBSERVED TIME   RECORD YEAR NORMAL DEPARTURE LAST
                VALUE   (LST)  VALUE       VALUE  FROM      YEAR
                                                  NORMAL
..................................................................
TEMPERATURE (F)
 YESTERDAY
  MAXIMUM         68    425 PM  85    2003  66      2       67
  MINIMUM         33    504 AM  10    1984  34     -1       28
  AVERAGE         51                        50      1       48

PRECIPITATION (IN)
  YESTERDAY        0.00          0.47 2005   0.03  -0.03     0.03
  MONTH TO DATE    1.10                      0.78   0.32     3.99
  SINCE MAR 1      3.72                      1.75   1.97     5.88
  SINCE JAN 1      5.46                      2.41   3.05     6.05

DEGREE DAYS
 HEATING
  YESTERDAY       14                        15     -1       17
  MONTH TO DATE  548                       566    -18      574
  SINCE MAR 1   2511                      2574    -63     2382
  SINCE JUL 1   9941                     10097   -156     9236

 COOLING
  YESTERDAY        0                         0      0        0
  MONTH TO DATE    0                         0      0        0
  SINCE MAR 1      0                         0      0        0
  SINCE JAN 1      0                         0      0        0
..................................................................


WIND (MPH)
  HIGHEST WIND SPEED    17   HIGHEST WIND DIRECTION     W (250)
  HIGHEST GUST SPEED    21   HIGHEST GUST DIRECTION     W (250)
  AVERAGE WIND SPEED     6.5


SKY COVER
  POSSIBLE SUNSHINE  MM
  AVERAGE SKY COVER 0.1


WEATHER CONDITIONS
 THE FOLLOWING WEATHER WAS RECORDED YESTERDAY.
  NO SIGNIFICANT WEATHER WAS OBSERVED.


RELATIVE HUMIDITY (PERCENT)
 HIGHEST    89           400 AM
 LOWEST     26           600 PM
 AVERAGE    58

..........................................................


THE BIG PINEY WY CLIMATE NORMALS FOR TODAY
                         NORMAL    RECORD    YEAR
 MAXIMUM TEMPERATURE (F)   66        82      2002
 MINIMUM TEMPERATURE (F)   34        17      1977


SUNRISE AND SUNSET
MAY 30 2017...........SUNRISE   546 AM MDT   SUNSET   850 PM MDT
MAY 31 2017...........SUNRISE   546 AM MDT   SUNSET   851 PM MDT


-  INDICATES NEGATIVE NUMBERS.
R  INDICATES RECORD WAS SET OR TIED.
MM INDICATES DATA IS MISSING.
T  INDICATES TRACE AMOUNT.




$$
