000
CDUS45 KRIW 240728
CLIBPI


CLIMATE REPORT
NATIONAL WEATHER SERVICE RIVERTON WY
127 AM MDT MON APR 24 2017


...................................

...THE BIG PINEY WY CLIMATE SUMMARY FOR APRIL 23 2017...

CLIMATE NORMAL PERIOD 1981 TO 2010
CLIMATE RECORD PERIOD 1976 TO 2017


WEATHER ITEM   OBSERVED TIME   RECORD YEAR NORMAL DEPARTURE LAST
                VALUE   (LST)  VALUE       VALUE  FROM      YEAR
                                                  NORMAL
..................................................................
TEMPERATURE (F)
 YESTERDAY
  MAXIMUM         61    114 PM  77    2012  55      6       54
  MINIMUM         22    550 AM  -5    2013  24     -2       35
  AVERAGE         42                        39      3       45

PRECIPITATION (IN)
  YESTERDAY        0.00          0.10 1999   0.02  -0.02     0.02
  MONTH TO DATE    0.84                      0.37   0.47     0.88
  SINCE MAR 1      2.29                      0.81   1.48     1.70
  SINCE JAN 1      4.03                      1.47   2.56     1.87

DEGREE DAYS
 HEATING
  YESTERDAY       23                        26     -3       20
  MONTH TO DATE  640                       662    -22      560
  SINCE MAR 1   1751                      1834    -83     1624
  SINCE JUL 1   9181                      9357   -176     8478

 COOLING
  YESTERDAY        0                         0      0        0
  MONTH TO DATE    0                         0      0        0
  SINCE MAR 1      0                         0      0        0
  SINCE JAN 1      0                         0      0        0
..................................................................


WIND (MPH)
  HIGHEST WIND SPEED    29   HIGHEST WIND DIRECTION     W (280)
  HIGHEST GUST SPEED    35   HIGHEST GUST DIRECTION     W (280)
  AVERAGE WIND SPEED     7.7


SKY COVER
  POSSIBLE SUNSHINE  MM
  AVERAGE SKY COVER 0.3


WEATHER CONDITIONS
 THE FOLLOWING WEATHER WAS RECORDED YESTERDAY.
  NO SIGNIFICANT WEATHER WAS OBSERVED.


RELATIVE HUMIDITY (PERCENT)
 HIGHEST    96           600 AM
 LOWEST     25           100 PM
 AVERAGE    61

..........................................................


THE BIG PINEY WY CLIMATE NORMALS FOR TODAY
                         NORMAL    RECORD    YEAR
 MAXIMUM TEMPERATURE (F)   55        76      2012
 MINIMUM TEMPERATURE (F)   24        12      2011


SUNRISE AND SUNSET
APRIL 24 2017.........SUNRISE   625 AM MDT   SUNSET   813 PM MDT
APRIL 25 2017.........SUNRISE   623 AM MDT   SUNSET   814 PM MDT


-  INDICATES NEGATIVE NUMBERS.
R  INDICATES RECORD WAS SET OR TIED.
MM INDICATES DATA IS MISSING.
T  INDICATES TRACE AMOUNT.




$$
