000
CDUS45 KRIW 030735
CLIBPI


CLIMATE REPORT
NATIONAL WEATHER SERVICE RIVERTON WY
133 AM MDT MON AUG 3 2015


...................................

...THE BIG PINEY WY CLIMATE SUMMARY FOR AUGUST 2 2015...

CLIMATE NORMAL PERIOD 1981 TO 2010
CLIMATE RECORD PERIOD 1976 TO 2015


WEATHER ITEM   OBSERVED TIME   RECORD YEAR NORMAL DEPARTURE LAST
                VALUE   (LST)  VALUE       VALUE  FROM      YEAR
                                                  NORMAL
..................................................................
TEMPERATURE (F)
 YESTERDAY
  MAXIMUM         88    232 PM  89    2003  82      6       83
                                      2001
  MINIMUM         44    352 AM  34    1990  43      1       46
  AVERAGE         66                        62      4       65

PRECIPITATION (IN)
  YESTERDAY        0.00          0.12 2007   0.02  -0.02     0.00
  MONTH TO DATE    0.00                      0.04  -0.04      T
  SINCE JUN 1      1.96                      1.54   0.42     0.62
  SINCE JAN 1      4.94                      4.01   0.93     1.77

DEGREE DAYS
 HEATING
  YESTERDAY        0                         3     -3        0
  MONTH TO DATE    0                         6     -6        1
  SINCE JUN 1    293                       428   -135      402
  SINCE JUL 1    158                       123     35       55

 COOLING
  YESTERDAY        1                         1      0        0
  MONTH TO DATE    2                         2      0        0
  SINCE JUN 1     44                        26     18       26
  SINCE JAN 1     44                        26     18       26
..................................................................


WIND (MPH)
  HIGHEST WIND SPEED    16   HIGHEST WIND DIRECTION     E (100)
  HIGHEST GUST SPEED    19   HIGHEST GUST DIRECTION     E (100)
  AVERAGE WIND SPEED     4.6


SKY COVER
  POSSIBLE SUNSHINE  MM
  AVERAGE SKY COVER 0.0


WEATHER CONDITIONS
 THE FOLLOWING WEATHER WAS RECORDED YESTERDAY.
  NO SIGNIFICANT WEATHER WAS OBSERVED.


RELATIVE HUMIDITY (PERCENT)
 HIGHEST    54           300 AM
 LOWEST     10           200 PM
 AVERAGE    32

..........................................................


THE BIG PINEY WY CLIMATE NORMALS FOR TODAY
                         NORMAL    RECORD    YEAR
 MAXIMUM TEMPERATURE (F)   82        88      2009
 MINIMUM TEMPERATURE (F)   43        28      1987


SUNRISE AND SUNSET
AUGUST  3 2015........SUNRISE   614 AM MDT   SUNSET   838 PM MDT
AUGUST  4 2015........SUNRISE   615 AM MDT   SUNSET   837 PM MDT


-  INDICATES NEGATIVE NUMBERS.
R  INDICATES RECORD WAS SET OR TIED.
MM INDICATES DATA IS MISSING.
T  INDICATES TRACE AMOUNT.




$$
