625
CDUS45 KRIW 010730
CLIBPI


CLIMATE REPORT
NATIONAL WEATHER SERVICE RIVERTON WY
1229 AM MST WED MAR 1 2017


...................................

...THE BIG PINEY WY CLIMATE SUMMARY FOR FEBRUARY 28 2017...

CLIMATE NORMAL PERIOD 1981 TO 2010
CLIMATE RECORD PERIOD 1976 TO 2017


WEATHER ITEM   OBSERVED TIME   RECORD YEAR NORMAL DEPARTURE LAST
                VALUE   (LST)  VALUE       VALUE  FROM      YEAR
                                                  NORMAL
..................................................................
TEMPERATURE (F)
 YESTERDAY
  MAXIMUM         15    652 PM  47    2016  34    -19       47
  MINIMUM        -20    554 AM -31    1993   6    -26       15
  AVERAGE         -2                        20    -22       31

PRECIPITATION (IN)
  YESTERDAY        T             0.19 2004   0.01  -0.01     0.00
  MONTH TO DATE    0.75                      0.35   0.40     0.13
  SINCE DEC 1      2.29                      0.96   1.33     0.28
  SINCE JAN 1      1.74                      0.66   1.08     0.17

DEGREE DAYS
 HEATING
  YESTERDAY       67                        45     22       34
  MONTH TO DATE 1329                      1410    -81     1093
  SINCE DEC 1   4981                      4708    273     4337
  SINCE JUL 1   7430                      7523    -93     6818

 COOLING
  YESTERDAY        0                         0      0        0
  MONTH TO DATE    0                         0      0        0
  SINCE DEC 1      0                         0      0        0
  SINCE JAN 1      0                         0      0        0
..................................................................


WIND (MPH)
  HIGHEST WIND SPEED    17   HIGHEST WIND DIRECTION    NW (310)
  HIGHEST GUST SPEED    22   HIGHEST GUST DIRECTION    NW (310)
  AVERAGE WIND SPEED     5.4


SKY COVER
  POSSIBLE SUNSHINE  MM
  AVERAGE SKY COVER 0.5


WEATHER CONDITIONS
 THE FOLLOWING WEATHER WAS RECORDED YESTERDAY.
  LIGHT SNOW


RELATIVE HUMIDITY (PERCENT)
 HIGHEST   100           600 AM
 LOWEST     73           300 PM
 AVERAGE    87

..........................................................


THE BIG PINEY WY CLIMATE NORMALS FOR TODAY
                         NORMAL    RECORD    YEAR
 MAXIMUM TEMPERATURE (F)   34        49      1994
 MINIMUM TEMPERATURE (F)    6       -29      1993


SUNRISE AND SUNSET
MARCH  1 2017.........SUNRISE   655 AM MST   SUNSET   611 PM MST
MARCH  2 2017.........SUNRISE   654 AM MST   SUNSET   612 PM MST


-  INDICATES NEGATIVE NUMBERS.
R  INDICATES RECORD WAS SET OR TIED.
MM INDICATES DATA IS MISSING.
T  INDICATES TRACE AMOUNT.




$$
