000
CDUS45 KRIW 270733
CLIBPI


CLIMATE REPORT
NATIONAL WEATHER SERVICE RIVERTON WY
133 AM MDT SAT AUG 27 2016


...................................

...THE BIG PINEY WY CLIMATE SUMMARY FOR AUGUST 26 2016...

CLIMATE NORMAL PERIOD 1981 TO 2010
CLIMATE RECORD PERIOD 1976 TO 2016


WEATHER ITEM   OBSERVED TIME   RECORD YEAR NORMAL DEPARTURE LAST
                VALUE   (LST)  VALUE       VALUE  FROM      YEAR
                                                  NORMAL
..................................................................
TEMPERATURE (F)
 YESTERDAY
  MAXIMUM         72    347 PM  88    2010  76     -4       76
  MINIMUM         29    548 AM  19    1992  38     -9       54
  AVERAGE         51                        57     -6       65

PRECIPITATION (IN)
  YESTERDAY        T             0.25 1998   0.01  -0.01      T
  MONTH TO DATE    0.45                      0.57  -0.12     0.39
  SINCE JUN 1      1.43                      2.07  -0.64     2.35
  SINCE JAN 1      7.48                      4.54   2.94     5.33

DEGREE DAYS
 HEATING
  YESTERDAY       14                         8      6        0
  MONTH TO DATE  147                       132     15      102
  SINCE JUN 1    429                       554   -125      395
  SINCE JUL 1    251                       249      2      260

 COOLING
  YESTERDAY        0                         0      0        0
  MONTH TO DATE    2                        12    -10       10
  SINCE JUN 1     23                        36    -13       52
  SINCE JAN 1     23                        36    -13       52
..................................................................


WIND (MPH)
  HIGHEST WIND SPEED    21   HIGHEST WIND DIRECTION    NE (50)
  HIGHEST GUST SPEED    27   HIGHEST GUST DIRECTION    NW (320)
  AVERAGE WIND SPEED     5.8


SKY COVER
  POSSIBLE SUNSHINE  MM
  AVERAGE SKY COVER 0.2


WEATHER CONDITIONS
 THE FOLLOWING WEATHER WAS RECORDED YESTERDAY.
  THUNDERSTORM


RELATIVE HUMIDITY (PERCENT)
 HIGHEST    92          1200 AM
 LOWEST     22           300 PM
 AVERAGE    57

..........................................................


THE BIG PINEY WY CLIMATE NORMALS FOR TODAY
                         NORMAL    RECORD    YEAR
 MAXIMUM TEMPERATURE (F)   76        87      2001
 MINIMUM TEMPERATURE (F)   38        19      1992


SUNRISE AND SUNSET
AUGUST 27 2016........SUNRISE   641 AM MDT   SUNSET   802 PM MDT
AUGUST 28 2016........SUNRISE   642 AM MDT   SUNSET   800 PM MDT


-  INDICATES NEGATIVE NUMBERS.
R  INDICATES RECORD WAS SET OR TIED.
MM INDICATES DATA IS MISSING.
T  INDICATES TRACE AMOUNT.




$$
