000
CDUS45 KRIW 060732
CLIBPI


CLIMATE REPORT
NATIONAL WEATHER SERVICE RIVERTON WY
1230 AM MST TUE DEC 6 2016


...................................

...THE BIG PINEY WY CLIMATE SUMMARY FOR DECEMBER 5 2016...

CLIMATE NORMAL PERIOD 1981 TO 2010
CLIMATE RECORD PERIOD 1976 TO 2016


WEATHER ITEM   OBSERVED TIME   RECORD YEAR NORMAL DEPARTURE LAST
                VALUE   (LST)  VALUE       VALUE  FROM      YEAR
                                                  NORMAL
..................................................................
TEMPERATURE (F)
 YESTERDAY
  MAXIMUM         28   1253 AM  45    2014  28      0       27
  MINIMUM        -13   1037 PM -33    1992   1    -14       -4
  AVERAGE          8                        15     -7       12

PRECIPITATION (IN)
  YESTERDAY        0.01          0.50 1978   0.01   0.00     0.00
  MONTH TO DATE    0.02                      0.05  -0.03     0.00
  SINCE DEC 1      0.02                      0.05  -0.03     0.00
  SINCE JAN 1     12.06                      6.23   5.83     6.76

DEGREE DAYS
 HEATING
  YESTERDAY       57                        50      7       53
  MONTH TO DATE  249                       248      1      274
  SINCE DEC 1    249                       248      1      274
  SINCE JUL 1   2698                      3063   -365     2755

 COOLING
  YESTERDAY        0                         0      0        0
  MONTH TO DATE    0                         0      0        0
  SINCE DEC 1      0                         0      0        0
  SINCE JAN 1     23                        35    -12       53
..................................................................


WIND (MPH)
  HIGHEST WIND SPEED    35   HIGHEST WIND DIRECTION    NW (300)
  HIGHEST GUST SPEED    48   HIGHEST GUST DIRECTION    NW (300)
  AVERAGE WIND SPEED    13.1


SKY COVER
  POSSIBLE SUNSHINE  MM
  AVERAGE SKY COVER 0.3


WEATHER CONDITIONS
 THE FOLLOWING WEATHER WAS RECORDED YESTERDAY.
  LIGHT SNOW
  FOG


RELATIVE HUMIDITY (PERCENT)
 HIGHEST   100          1200 AM
 LOWEST     33           200 PM
 AVERAGE    67

..........................................................


THE BIG PINEY WY CLIMATE NORMALS FOR TODAY
                         NORMAL    RECORD    YEAR
 MAXIMUM TEMPERATURE (F)   28        47      2008
 MINIMUM TEMPERATURE (F)    1       -28      1978


SUNRISE AND SUNSET
DECEMBER  6 2016......SUNRISE   736 AM MST   SUNSET   447 PM MST
DECEMBER  7 2016......SUNRISE   737 AM MST   SUNSET   447 PM MST


-  INDICATES NEGATIVE NUMBERS.
R  INDICATES RECORD WAS SET OR TIED.
MM INDICATES DATA IS MISSING.
T  INDICATES TRACE AMOUNT.




$$
