000
CDUS44 KLCH 112207
CLIBPT


CLIMATE REPORT
NATIONAL WEATHER SERVICE LAKE CHARLES, LA
407 PM CST MON DEC 11 2017


...................................

...THE BEAUMONT PORT ARTHUR CLIMATE SUMMARY FOR DECEMBER 11 2017...
VALID TODAY AS OF 0400 PM LOCAL TIME.

CLIMATE NORMAL PERIOD 1981 TO 2010
CLIMATE RECORD PERIOD 1901 TO 2017


WEATHER ITEM   OBSERVED TIME   RECORD YEAR NORMAL DEPARTURE LAST
                VALUE   (LST)  VALUE       VALUE  FROM      YEAR
                                                  NORMAL
..................................................................
TEMPERATURE (F)
 TODAY
  MAXIMUM         74    231 PM  85    1918  64     10       76
  MINIMUM         36    617 AM  28    1958  45     -9       52
                                      1957
  AVERAGE         55                        55      0       64

PRECIPITATION (IN)
  TODAY            0.00          1.87 1909   0.16  -0.16     0.00
  MONTH TO DATE    4.09                      1.77   2.32     8.41
  SINCE DEC 1      4.09                      1.77   2.32     8.41
  SINCE JAN 1    102.78                     56.95  45.83    73.39

SNOWFALL (IN)
  TODAY            0.0           T    1945   0.0    0.0      0.0
  MONTH TO DATE    3.0                       0.0    3.0      0.0
  SINCE DEC 1      3.0                       0.0    3.0      0.0
  SINCE JUL 1      3.0                       0.0    3.0      0.0
  SNOW DEPTH       0

DEGREE DAYS
 HEATING
  TODAY           10                        11     -1        1
  MONTH TO DATE  128                       110     18      115
  SINCE DEC 1    128                       110     18      115
  SINCE JUL 1    258                       305    -47      185

 COOLING
  TODAY            0                         1     -1        0
  MONTH TO DATE    9                        11     -2        0
  SINCE DEC 1      9                        11     -2        0
  SINCE JAN 1   3115                      2866    249     3401
..................................................................


WIND (MPH)
  HIGHEST WIND SPEED    12   HIGHEST WIND DIRECTION    SW (220)
  HIGHEST GUST SPEED    27   HIGHEST GUST DIRECTION    NW (310)
  AVERAGE WIND SPEED     4.6


SKY COVER
  POSSIBLE SUNSHINE  MM
  AVERAGE SKY COVER 0.0


WEATHER CONDITIONS
 THE FOLLOWING WEATHER WAS RECORDED TODAY.
  FOG


RELATIVE HUMIDITY (PERCENT)
 HIGHEST    93           800 AM
 LOWEST     23           300 PM
 AVERAGE    58

..........................................................


THE BEAUMONT PORT ARTHUR CLIMATE NORMALS FOR TOMORROW
                         NORMAL    RECORD    YEAR
 MAXIMUM TEMPERATURE (F)   64        85      1918
 MINIMUM TEMPERATURE (F)   45        25      1962
                                             1957


SUNRISE AND SUNSET
DECEMBER 11 2017......SUNRISE   702 AM CST   SUNSET   517 PM CST
DECEMBER 12 2017......SUNRISE   702 AM CST   SUNSET   517 PM CST


-  INDICATES NEGATIVE NUMBERS.
R  INDICATES RECORD WAS SET OR TIED.
MM INDICATES DATA IS MISSING.
T  INDICATES TRACE AMOUNT.




$$
