000
CDUS44 KLCH 040831
CLIBPT


CLIMATE REPORT
NATIONAL WEATHER SERVICE LAKE CHARLES, LA
229 AM CST WED MAR 4 2015


...................................

...THE BEAUMONT PORT ARTHUR CLIMATE SUMMARY FOR MARCH 3 2015...

CLIMATE NORMAL PERIOD 1981 TO 2010
CLIMATE RECORD PERIOD 1901 TO 2015


WEATHER ITEM   OBSERVED TIME   RECORD YEAR NORMAL DEPARTURE LAST
                VALUE   (LST)  VALUE       VALUE  FROM      YEAR
                                                  NORMAL
..................................................................
TEMPERATURE (F)
 YESTERDAY
  MAXIMUM         80   1253 PM  89    1905  69     11       47
  MINIMUM         57    414 AM  20    1922  50      7       32
  AVERAGE         69                        59     10       40

PRECIPITATION (IN)
  YESTERDAY        T             1.20 1986   0.12  -0.12      T
  MONTH TO DATE    0.60                      0.36   0.24     0.06
  SINCE MAR 1      0.60                      0.36   0.24     0.06
  SINCE JAN 1      7.58                      9.20  -1.62     6.78

SNOWFALL (IN)
  YESTERDAY        0.0           T    1965   0.0    0.0      0.0
  MONTH TO DATE    0.0                       0.0    0.0      0.0
  SINCE MAR 1      0.0                       0.0    0.0      0.0
  SINCE JUL 1      0.0                       T      0.0      0.3
  SNOW DEPTH       0

DEGREE DAYS
 HEATING
  YESTERDAY        0                         7     -7       25
  MONTH TO DATE    5                        21    -16       30
  SINCE MAR 1      5                        21    -16       30
  SINCE JUL 1   1262                      1234     28     1499

 COOLING
  YESTERDAY        4                         1      3        0
  MONTH TO DATE    4                         3      1        5
  SINCE MAR 1      4                         3      1        5
  SINCE JAN 1     12                        29    -17       29
..................................................................


WIND (MPH)
  HIGHEST WIND SPEED    24   HIGHEST WIND DIRECTION     S (180)
  HIGHEST GUST SPEED    32   HIGHEST GUST DIRECTION     S (180)
  AVERAGE WIND SPEED    10.4


SKY COVER
  POSSIBLE SUNSHINE  MM
  AVERAGE SKY COVER 0.9


WEATHER CONDITIONS
 THE FOLLOWING WEATHER WAS RECORDED YESTERDAY.
  LIGHT RAIN
  FOG
  FOG W/VISIBILITY <= 1/4 MILE


RELATIVE HUMIDITY (PERCENT)
 HIGHEST   100          1200 AM
 LOWEST     62           100 PM
 AVERAGE    81

..........................................................


THE BEAUMONT PORT ARTHUR CLIMATE NORMALS FOR TODAY
                         NORMAL    RECORD    YEAR
 MAXIMUM TEMPERATURE (F)   69        86      1905
 MINIMUM TEMPERATURE (F)   50        23      2002


SUNRISE AND SUNSET
MARCH  4 2015.........SUNRISE   639 AM CST   SUNSET   617 PM CST
MARCH  5 2015.........SUNRISE   638 AM CST   SUNSET   618 PM CST


-  INDICATES NEGATIVE NUMBERS.
R  INDICATES RECORD WAS SET OR TIED.
MM INDICATES DATA IS MISSING.
T  INDICATES TRACE AMOUNT.




$$
