000
CDUS44 KLCH 012241
CLIBPT


CLIMATE REPORT
NATIONAL WEATHER SERVICE LAKE CHARLES, LA
440 PM CST SUN FEB 1 2015


...................................

...THE BEAUMONT PORT ARTHUR CLIMATE SUMMARY FOR FEBRUARY 1 2015...
VALID TODAY AS OF 0400 PM LOCAL TIME.

CLIMATE NORMAL PERIOD 1981 TO 2010
CLIMATE RECORD PERIOD 1901 TO 2015


WEATHER ITEM   OBSERVED TIME   RECORD YEAR NORMAL DEPARTURE LAST
                VALUE   (LST)  VALUE       VALUE  FROM      YEAR
                                                  NORMAL
..................................................................
TEMPERATURE (F)
 TODAY
  MAXIMUM         79R   130 PM  79    1923  63     16       75
  MINIMUM         60    437 AM  14    1951  44     16       57
  AVERAGE         70                        54     16       66

PRECIPITATION (IN)
  TODAY            0.02          9.41 1952   0.15  -0.13      T
  MONTH TO DATE    0.02                      0.15  -0.13      T
  SINCE DEC 1      9.15                     10.70  -1.55     2.56
  SINCE JAN 1      6.01                      5.41   0.60     1.27

SNOWFALL (IN)
  TODAY            0.0           T    1994   0.0    0.0      0.0
                                      1951
  MONTH TO DATE    0.0                       0.0    0.0      0.0
  SINCE DEC 1      0.0                       T      0.0      0.3
  SINCE JUL 1      0.0                       T      0.0      0.3
  SNOW DEPTH       0

DEGREE DAYS
 HEATING
  TODAY            0                        12    -12        0
  MONTH TO DATE    0                        12    -12        0
  SINCE DEC 1    689                       760    -71      914
  SINCE JUL 1    926                       955    -29     1156

 COOLING
  TODAY            5                         0      5        1
  MONTH TO DATE    5                         0      5        1
  SINCE DEC 1     25                        33     -8       25
  SINCE JAN 1      5                        11     -6        1
..................................................................


WIND (MPH)
  HIGHEST WIND SPEED    22   HIGHEST WIND DIRECTION    SW (210)
  HIGHEST GUST SPEED    30   HIGHEST GUST DIRECTION    SW (220)
  AVERAGE WIND SPEED    10.3


SKY COVER
  POSSIBLE SUNSHINE  MM
  AVERAGE SKY COVER 0.8


WEATHER CONDITIONS
 THE FOLLOWING WEATHER WAS RECORDED TODAY.
  FOG


RELATIVE HUMIDITY (PERCENT)
 HIGHEST   100           500 AM
 LOWEST     56           100 PM
 AVERAGE    78

..........................................................


THE BEAUMONT PORT ARTHUR CLIMATE NORMALS FOR TOMORROW
                         NORMAL    RECORD    YEAR
 MAXIMUM TEMPERATURE (F)   63        80      2006
                                             1995
                                             1963
 MINIMUM TEMPERATURE (F)   44        13      1951


SUNRISE AND SUNSET
FEBRUARY  1 2015......SUNRISE   706 AM CST   SUNSET   553 PM CST
FEBRUARY  2 2015......SUNRISE   706 AM CST   SUNSET   554 PM CST


-  INDICATES NEGATIVE NUMBERS.
R  INDICATES RECORD WAS SET OR TIED.
MM INDICATES DATA IS MISSING.
T  INDICATES TRACE AMOUNT.




$$
