000
CDUS44 KLCH 290827
CLIBPT


CLIMATE REPORT
NATIONAL WEATHER SERVICE LAKE CHARLES, LA
327 AM CDT SUN MAR 29 2015


...................................

...THE BEAUMONT PORT ARTHUR CLIMATE SUMMARY FOR MARCH 28 2015...

CLIMATE NORMAL PERIOD 1981 TO 2010
CLIMATE RECORD PERIOD 1901 TO 2015


WEATHER ITEM   OBSERVED TIME   RECORD YEAR NORMAL DEPARTURE LAST
                VALUE   (LST)  VALUE       VALUE  FROM      YEAR
                                                  NORMAL
..................................................................
TEMPERATURE (F)
 YESTERDAY
  MAXIMUM         80    230 PM  85    1944  75      5       80
  MINIMUM         50    616 AM  30    1906  55     -5       59
  AVERAGE         65                        64      1       70

PRECIPITATION (IN)
  YESTERDAY        0.00          2.25 1992   0.12  -0.12     0.21
  MONTH TO DATE    8.12                      3.20   4.92     2.29
  SINCE MAR 1      8.12                      3.20   4.92     2.29
  SINCE JAN 1     15.10                     12.04   3.06     9.01

SNOWFALL (IN)
  YESTERDAY        0.0           0.0    MM   0.0    0.0      0.0
  MONTH TO DATE    T                         0.0    0.0      0.0
  SINCE MAR 1      T                         0.0    0.0      0.0
  SINCE JUL 1      T                         T      0.0      0.3
  SNOW DEPTH       0

DEGREE DAYS
 HEATING
  YESTERDAY        0                         3     -3        0
  MONTH TO DATE  103                       139    -36      200
  SINCE MAR 1    103                       139    -36      200
  SINCE JUL 1   1360                      1352      8     1669

 COOLING
  YESTERDAY        0                         3     -3        5
  MONTH TO DATE   52                        46      6       22
  SINCE MAR 1     52                        46      6       22
  SINCE JAN 1     60                        72    -12       46
..................................................................


WIND (MPH)
  HIGHEST WIND SPEED    16   HIGHEST WIND DIRECTION    SE (150)
  HIGHEST GUST SPEED    22   HIGHEST GUST DIRECTION    SE (150)
  AVERAGE WIND SPEED     7.8


SKY COVER
  POSSIBLE SUNSHINE  MM
  AVERAGE SKY COVER 0.0


WEATHER CONDITIONS
 THE FOLLOWING WEATHER WAS RECORDED YESTERDAY.
  FOG


RELATIVE HUMIDITY (PERCENT)
 HIGHEST    97          1100 PM
 LOWEST     42           200 PM
 AVERAGE    70

..........................................................


THE BEAUMONT PORT ARTHUR CLIMATE NORMALS FOR TODAY
                         NORMAL    RECORD    YEAR
 MAXIMUM TEMPERATURE (F)   75        87      1974
                                             1946
 MINIMUM TEMPERATURE (F)   55        35      1955
                                             1906


SUNRISE AND SUNSET
MARCH 29 2015.........SUNRISE   709 AM CDT   SUNSET   733 PM CDT
MARCH 30 2015.........SUNRISE   708 AM CDT   SUNSET   733 PM CDT


-  INDICATES NEGATIVE NUMBERS.
R  INDICATES RECORD WAS SET OR TIED.
MM INDICATES DATA IS MISSING.
T  INDICATES TRACE AMOUNT.




$$
