000
CDUS43 KDVN 232127
CLIBRL


CLIMATE REPORT
NATIONAL WEATHER SERVICE QUAD CITIES IA IL
422 PM CDT WED APR 23 2014


...................................

...THE BURLINGTON IA CLIMATE SUMMARY FOR APRIL 23 2014...
VALID TODAY AS OF 0400 PM LOCAL TIME.

CLIMATE NORMAL PERIOD 1981 TO 2010
CLIMATE RECORD PERIOD 1897 TO 2014


WEATHER ITEM   OBSERVED TIME   RECORD YEAR NORMAL DEPARTURE LAST
                VALUE   (LST)  VALUE       VALUE  FROM      YEAR
                                                  NORMAL
..................................................................
TEMPERATURE (F)
 TODAY
  MAXIMUM         56    259 PM  84    1960  67    -11       55
  MINIMUM         40    449 AM  24    1910  45     -5       38
  AVERAGE         48                        56     -8       47

PRECIPITATION (IN)
  TODAY            T            MM      MM   0.13  -0.13     0.36
  MONTH TO DATE    2.32                      2.71  -0.39     5.66
  SINCE MAR 1      3.49                      5.50  -2.01     7.61
  SINCE JAN 1      7.86                      8.36  -0.50    11.58

DEGREE DAYS
 HEATING
  TODAY           17                         9      8       18
  MONTH TO DATE  340                       299     41      380
  SINCE MAR 1   1305                      1027    278     1335
  SINCE JUL 1   6628                      5405   1223     5706

 COOLING
  TODAY            0                         1     -1        0
  MONTH TO DATE    8                        13     -5        0
  SINCE MAR 1      8                        15     -7        0
  SINCE JAN 1      8                        15     -7        0
..................................................................


WIND (MPH)
  HIGHEST WIND SPEED    18   HIGHEST WIND DIRECTION    SE (120)
  HIGHEST GUST SPEED    22   HIGHEST GUST DIRECTION    SE (120)
  AVERAGE WIND SPEED    10.3


SKY COVER
  POSSIBLE SUNSHINE  MM
  AVERAGE SKY COVER 0.5


WEATHER CONDITIONS
 THE FOLLOWING WEATHER WAS RECORDED TODAY.
  LIGHT RAIN


RELATIVE HUMIDITY (PERCENT)
 HIGHEST    70           300 AM
 LOWEST     38           100 PM
 AVERAGE    54

..........................................................


THE BURLINGTON IA CLIMATE NORMALS FOR TOMORROW
                         NORMAL    RECORD    YEAR
 MAXIMUM TEMPERATURE (F)   68        85      1954
 MINIMUM TEMPERATURE (F)   46        22      1956


SUNRISE AND SUNSET
APRIL 23 2014.........SUNRISE   614 AM CDT   SUNSET   752 PM CDT
APRIL 24 2014.........SUNRISE   612 AM CDT   SUNSET   753 PM CDT


-  INDICATES NEGATIVE NUMBERS.
R  INDICATES RECORD WAS SET OR TIED.
MM INDICATES DATA IS MISSING.
T  INDICATES TRACE AMOUNT.




$$
