000
CDUS43 KDVN 142220
CLIBRL


CLIMATE REPORT
NATIONAL WEATHER SERVICE QUAD CITIES IA IL
420 PM CST THU DEC 14 2017


...................................

...THE BURLINGTON IA CLIMATE SUMMARY FOR DECEMBER 14 2017...
VALID TODAY AS OF 0400 PM LOCAL TIME.

CLIMATE NORMAL PERIOD 1981 TO 2010
CLIMATE RECORD PERIOD 1897 TO 2017


WEATHER ITEM   OBSERVED TIME   RECORD YEAR NORMAL DEPARTURE LAST
                VALUE   (LST)  VALUE       VALUE  FROM      YEAR
                                                  NORMAL
..................................................................
TEMPERATURE (F)
 TODAY
  MAXIMUM         30    305 PM  62    2008  37     -7       25
                                      1908
  MINIMUM         20    741 AM -12    1901  21     -1        9
  AVERAGE         25                        29     -4       17

PRECIPITATION (IN)
  TODAY            0.00         MM      MM   0.06  -0.06     0.00
  MONTH TO DATE    0.02                      1.04  -1.02     0.60
  SINCE DEC 1      0.02                      1.04  -1.02     0.60
  SINCE JAN 1     31.48                     37.43  -5.95    32.22

DEGREE DAYS
 HEATING
  TODAY           40                        36      4       48
  MONTH TO DATE  428                       470    -42      515
  SINCE DEC 1    428                       470    -42      515
  SINCE JUL 1   1479                      1543    -64     1271

 COOLING
  TODAY            0                         0      0        0
  MONTH TO DATE    0                         0      0        0
  SINCE DEC 1      0                         0      0        0
  SINCE JAN 1   1068                      1207   -139     1276
..................................................................


WIND (MPH)
  HIGHEST WIND SPEED    15   HIGHEST WIND DIRECTION     N (10)
  HIGHEST GUST SPEED    20   HIGHEST GUST DIRECTION     N (340)
  AVERAGE WIND SPEED     5.6


SKY COVER
  POSSIBLE SUNSHINE  MM
  AVERAGE SKY COVER 0.7


WEATHER CONDITIONS
 THE FOLLOWING WEATHER WAS RECORDED TODAY.
  NO SIGNIFICANT WEATHER WAS OBSERVED.


RELATIVE HUMIDITY (PERCENT)
 HIGHEST    84           700 AM
 LOWEST     58           300 PM
 AVERAGE    71

..........................................................


THE BURLINGTON IA CLIMATE NORMALS FOR TOMORROW
                         NORMAL    RECORD    YEAR
 MAXIMUM TEMPERATURE (F)   37        61      1971
 MINIMUM TEMPERATURE (F)   21       -16      1989


SUNRISE AND SUNSET
DECEMBER 14 2017......SUNRISE   721 AM CST   SUNSET   438 PM CST
DECEMBER 15 2017......SUNRISE   722 AM CST   SUNSET   438 PM CST


-  INDICATES NEGATIVE NUMBERS.
R  INDICATES RECORD WAS SET OR TIED.
MM INDICATES DATA IS MISSING.
T  INDICATES TRACE AMOUNT.




$$
