000
CDUS43 KDVN 260920
CLIBRL


CLIMATE REPORT
NATIONAL WEATHER SERVICE QUAD CITIES IA IL
419 AM CDT TUE MAY 26 2015


...................................

...THE BURLINGTON IA CLIMATE SUMMARY FOR MAY 25 2015...

CLIMATE NORMAL PERIOD 1981 TO 2010
CLIMATE RECORD PERIOD 1897 TO 2015


WEATHER ITEM   OBSERVED TIME   RECORD YEAR NORMAL DEPARTURE LAST
                VALUE   (LST)  VALUE       VALUE  FROM      YEAR
                                                  NORMAL
..................................................................
TEMPERATURE (F)
 YESTERDAY
  MAXIMUM         79    444 PM  95    1911  77      2       80
  MINIMUM         64    710 AM  35    1925  56      8       61
  AVERAGE         72                        66      6       71

PRECIPITATION (IN)
  YESTERDAY        0.35         MM      MM   0.15   0.20      T
  MONTH TO DATE    3.13                      3.96  -0.83     1.27
  SINCE MAR 1      5.03                     10.51  -5.48     6.48
  SINCE JAN 1      7.45                     13.37  -5.92    10.85

DEGREE DAYS
 HEATING
  YESTERDAY        0                         2     -2        0
  MONTH TO DATE   90                       114    -24      143
  SINCE MAR 1   1154                      1198    -44     1501
  SINCE JUL 1   6085                      5576    509     6824

 COOLING
  YESTERDAY        7                         4      3        6
  MONTH TO DATE   65                        56      9       67
  SINCE MAR 1     68                        76     -8       75
  SINCE JAN 1     68                        76     -8       75
..................................................................


WIND (MPH)
  HIGHEST WIND SPEED    25   HIGHEST WIND DIRECTION    SW (220)
  HIGHEST GUST SPEED    30   HIGHEST GUST DIRECTION    SW (220)
  AVERAGE WIND SPEED    11.5


SKY COVER
  POSSIBLE SUNSHINE  MM
  AVERAGE SKY COVER 0.6


WEATHER CONDITIONS
 THE FOLLOWING WEATHER WAS RECORDED YESTERDAY.
  HEAVY RAIN
  RAIN
  LIGHT RAIN
  FOG


RELATIVE HUMIDITY (PERCENT)
 HIGHEST   100          1200 AM
 LOWEST     62           200 PM
 AVERAGE    81

..........................................................


THE BURLINGTON IA CLIMATE NORMALS FOR TODAY
                         NORMAL    RECORD    YEAR
 MAXIMUM TEMPERATURE (F)   78        96      1926
 MINIMUM TEMPERATURE (F)   56        37      1901


SUNRISE AND SUNSET
MAY 26 2015...........SUNRISE   539 AM CDT   SUNSET   825 PM CDT
MAY 27 2015...........SUNRISE   538 AM CDT   SUNSET   826 PM CDT


-  INDICATES NEGATIVE NUMBERS.
R  INDICATES RECORD WAS SET OR TIED.
MM INDICATES DATA IS MISSING.
T  INDICATES TRACE AMOUNT.




$$
