000
CDUS43 KDVN 112228
CLIBRL


CLIMATE REPORT
NATIONAL WEATHER SERVICE QUAD CITIES IA IL
427 PM CST THU FEB 11 2016


...................................

...THE BURLINGTON IA CLIMATE SUMMARY FOR FEBRUARY 11 2016...
VALID TODAY AS OF 0400 PM LOCAL TIME.

CLIMATE NORMAL PERIOD 1981 TO 2010
CLIMATE RECORD PERIOD 1897 TO 2016


WEATHER ITEM   OBSERVED TIME   RECORD YEAR NORMAL DEPARTURE LAST
                VALUE   (LST)  VALUE       VALUE  FROM      YEAR
                                                  NORMAL
..................................................................
TEMPERATURE (F)
 TODAY
  MAXIMUM         24    359 PM  70    1999  38    -14       36
  MINIMUM          7    648 AM -16    1899  20    -13       19
  AVERAGE         16                        29    -13       28

PRECIPITATION (IN)
  TODAY            0.00         MM      MM   0.06  -0.06     0.00
  MONTH TO DATE    0.71                      0.54   0.17     0.50
  SINCE DEC 1      5.76                      3.87   1.89     2.70
  SINCE JAN 1      1.25                      1.78  -0.53     2.04

DEGREE DAYS
 HEATING
  TODAY           49                        36     13       37
  MONTH TO DATE  418                       410      8      470
  SINCE DEC 1   2437                      2738   -301     2693
  SINCE JUL 1   3354                      3811   -457     4070

 COOLING
  TODAY            0                         0      0        0
  MONTH TO DATE    0                         0      0        0
  SINCE DEC 1      0                         0      0        0
  SINCE JAN 1      0                         0      0        0
..................................................................


WIND (MPH)
  HIGHEST WIND SPEED    13   HIGHEST WIND DIRECTION     N (20)
  HIGHEST GUST SPEED    15   HIGHEST GUST DIRECTION    NE (30)
  AVERAGE WIND SPEED     5.2


SKY COVER
  POSSIBLE SUNSHINE  MM
  AVERAGE SKY COVER 0.2


WEATHER CONDITIONS
 THE FOLLOWING WEATHER WAS RECORDED TODAY.
  NO SIGNIFICANT WEATHER WAS OBSERVED.


RELATIVE HUMIDITY (PERCENT)
 HIGHEST    80           600 AM
 LOWEST     46           400 PM
 AVERAGE    63

..........................................................


THE BURLINGTON IA CLIMATE NORMALS FOR TOMORROW
                         NORMAL    RECORD    YEAR
 MAXIMUM TEMPERATURE (F)   38        70      1990
 MINIMUM TEMPERATURE (F)   20       -21      1899


SUNRISE AND SUNSET
FEBRUARY 11 2016......SUNRISE   704 AM CST   SUNSET   534 PM CST
FEBRUARY 12 2016......SUNRISE   703 AM CST   SUNSET   535 PM CST


-  INDICATES NEGATIVE NUMBERS.
R  INDICATES RECORD WAS SET OR TIED.
MM INDICATES DATA IS MISSING.
T  INDICATES TRACE AMOUNT.




$$
