000
CDUS43 KDVN 250932
CLIBRL


CLIMATE REPORT
NATIONAL WEATHER SERVICE QUAD CITIES IA IL
431 AM CDT THU MAY 25 2017


...................................

...THE BURLINGTON IA CLIMATE SUMMARY FOR MAY 24 2017...

CLIMATE NORMAL PERIOD 1981 TO 2010
CLIMATE RECORD PERIOD 1897 TO 2017


WEATHER ITEM   OBSERVED TIME   RECORD YEAR NORMAL DEPARTURE LAST
                VALUE   (LST)  VALUE       VALUE  FROM      YEAR
                                                  NORMAL
..................................................................
TEMPERATURE (F)
 YESTERDAY
  MAXIMUM         66    518 PM  95    1939  77    -11       85
  MINIMUM         47    527 AM  38    1925  56     -9       60
  AVERAGE         57                        66     -9       73

PRECIPITATION (IN)
  YESTERDAY        0.09         MM      MM   0.15  -0.06     0.00
  MONTH TO DATE    3.02                      3.81  -0.79     1.49
  SINCE MAR 1     11.99                     10.36   1.63     7.96
  SINCE JAN 1     13.85                     13.22   0.63     9.34

DEGREE DAYS
 HEATING
  YESTERDAY        8                         3      5        0
  MONTH TO DATE  129                       112     17      158
  SINCE MAR 1   1107                      1196    -89     1114
  SINCE JUL 1   4801                      5574   -773     4996

 COOLING
  YESTERDAY        0                         4     -4        8
  MONTH TO DATE   48                        52     -4       25
  SINCE MAR 1     68                        72     -4       43
  SINCE JAN 1     68                        72     -4       43
..................................................................


WIND (MPH)
  HIGHEST WIND SPEED    22   HIGHEST WIND DIRECTION     N (360)
  HIGHEST GUST SPEED    28   HIGHEST GUST DIRECTION     N (360)
  AVERAGE WIND SPEED     8.6


SKY COVER
  POSSIBLE SUNSHINE  MM
  AVERAGE SKY COVER 0.4


WEATHER CONDITIONS
 THE FOLLOWING WEATHER WAS RECORDED YESTERDAY.
  HEAVY RAIN
  LIGHT RAIN
  FOG
  HAZE


RELATIVE HUMIDITY (PERCENT)
 HIGHEST   100          1200 AM
 LOWEST     63           400 PM
 AVERAGE    82

..........................................................


THE BURLINGTON IA CLIMATE NORMALS FOR TODAY
                         NORMAL    RECORD    YEAR
 MAXIMUM TEMPERATURE (F)   77        95      1911
 MINIMUM TEMPERATURE (F)   56        35      1925


SUNRISE AND SUNSET
MAY 25 2017...........SUNRISE   539 AM CDT   SUNSET   824 PM CDT
MAY 26 2017...........SUNRISE   538 AM CDT   SUNSET   825 PM CDT


-  INDICATES NEGATIVE NUMBERS.
R  INDICATES RECORD WAS SET OR TIED.
MM INDICATES DATA IS MISSING.
T  INDICATES TRACE AMOUNT.




$$
