000
CDUS43 KDVN 210935
CLIBRL


CLIMATE REPORT
NATIONAL WEATHER SERVICE QUAD CITIES IA IL
433 AM CDT FRI JUL 21 2017


...................................

...THE BURLINGTON IA CLIMATE SUMMARY FOR JULY 20 2017...

CLIMATE NORMAL PERIOD 1981 TO 2010
CLIMATE RECORD PERIOD 1897 TO 2017


WEATHER ITEM   OBSERVED TIME   RECORD YEAR NORMAL DEPARTURE LAST
                VALUE   (LST)  VALUE       VALUE  FROM      YEAR
                                                  NORMAL
..................................................................
TEMPERATURE (F)
 YESTERDAY
  MAXIMUM         95    332 PM 107    1934  87      8       83
  MINIMUM         77   1152 PM  53    2009  67     10       69
  AVERAGE         86                        77      9       76

PRECIPITATION (IN)
  YESTERDAY        0.00         MM      MM   0.13  -0.13     0.12
  MONTH TO DATE    4.37                      2.81   1.56     6.42
  SINCE JUN 1      5.48                      7.28  -1.80     7.48
  SINCE JAN 1     19.63                     21.54  -1.91    18.33

DEGREE DAYS
 HEATING
  YESTERDAY        0                         0      0        0
  MONTH TO DATE    0                         0      0        6
  SINCE JUN 1      8                        13     -5        6
  SINCE JUL 1      0                         0      0        6

 COOLING
  YESTERDAY       21                        12      9       11
  MONTH TO DATE  250                       240     10      171
  SINCE JUN 1    521                       500     21      482
  SINCE JAN 1    597                       603     -6      581
..................................................................


WIND (MPH)
  HIGHEST WIND SPEED    15   HIGHEST WIND DIRECTION    SW (230)
  HIGHEST GUST SPEED    20   HIGHEST GUST DIRECTION    SW (240)
  AVERAGE WIND SPEED     7.1


SKY COVER
  POSSIBLE SUNSHINE  MM
  AVERAGE SKY COVER 0.2


WEATHER CONDITIONS
 THE FOLLOWING WEATHER WAS RECORDED YESTERDAY.
  THUNDERSTORM
  HAZE


RELATIVE HUMIDITY (PERCENT)
 HIGHEST    97          1200 AM
 LOWEST     62           100 PM
 AVERAGE    80

..........................................................


THE BURLINGTON IA CLIMATE NORMALS FOR TODAY
                         NORMAL    RECORD    YEAR
 MAXIMUM TEMPERATURE (F)   87       108      1934
 MINIMUM TEMPERATURE (F)   67        51      1970


SUNRISE AND SUNSET
JULY 21 2017..........SUNRISE   551 AM CDT   SUNSET   830 PM CDT
JULY 22 2017..........SUNRISE   552 AM CDT   SUNSET   829 PM CDT


-  INDICATES NEGATIVE NUMBERS.
R  INDICATES RECORD WAS SET OR TIED.
MM INDICATES DATA IS MISSING.
T  INDICATES TRACE AMOUNT.




$$
